124.64.66.222 - - [09/Sep/2022:09:35:02 -0700] "GET /princeton/wilson11b.jpg HTTP/1.1" 200 34463 "https://cn.bing.com/" "Mozilla/5.0 (Windows NT 10.0; Win64; x64) AppleWebKit/537.36 (KHTML, like Gecko) Chrome/90.0.4430.85 Safari/537.36 Edg/90.0.818.49" "ysfine.com"
40.77.167.27 - - [09/Sep/2022:09:35:24 -0700] "GET /maga/phil/tao07.jpg HTTP/1.1" 200 63473 "-" "Mozilla/5.0 (compatible; bingbot/2.0; +http://www.bing.com/bingbot.htm)" "ysfine.com"
18.207.2.38 - - [09/Sep/2022:09:38:08 -0700] "GET /sitemap.xml HTTP/1.1" 304 - "https://www.google.com/" "Mozilla/5.0 (Macintosh; Intel Mac OS X 10_15_2) AppleWebKit/537.36 (KHTML, like Gecko) Chrome/79.0.3945.130 Safari/537.36" "ysfine.com"
40.77.167.33 - - [09/Sep/2022:09:38:27 -0700] "GET /world/russ/arbat25.jpg HTTP/1.1" 200 107303 "-" "Mozilla/5.0 (compatible; bingbot/2.0; +http://www.bing.com/bingbot.htm)" "ysfine.com"
51.222.253.17 - - [09/Sep/2022:09:39:23 -0700] "GET / HTTP/1.1" 200 5283 "-" "Mozilla/5.0 (compatible; AhrefsBot/7.0; +http://ahrefs.com/robot/)" "www.ysfine.com"
114.119.145.205 - - [09/Sep/2022:09:39:42 -0700] "GET /robots.txt HTTP/1.1" 404 88 "-" "Mozilla/5.0 (compatible;PetalBot;+https://webmaster.petalsearch.com/site/petalbot)" "ysfine.com"
45.176.179.203 - - [09/Sep/2022:09:39:53 -0700] "GET /wigner/neum/vnc01.jpg HTTP/1.1" 200 133641 "https://www.google.com/" "Mozilla/5.0 (Windows NT 10.0; Win64; x64) AppleWebKit/537.36 (KHTML, like Gecko) Chrome/104.0.5112.102 Safari/537.36 OPR/90.0.4480.86" "ysfine.com"
40.77.167.27 - - [09/Sep/2022:09:41:25 -0700] "GET /world/germany/oktf05.jpg HTTP/1.1" 200 89155 "-" "Mozilla/5.0 (compatible; bingbot/2.0; +http://www.bing.com/bingbot.htm)" "www.ysfine.com"
40.77.167.27 - - [09/Sep/2022:09:41:25 -0700] "GET /dirac/dirpoems.html HTTP/1.1" 200 5773 "-" "Mozilla/5.0 (compatible; bingbot/2.0; +http://www.bing.com/bingbot.htm)" "www.ysfine.com"
40.77.167.27 - - [09/Sep/2022:09:41:25 -0700] "GET /dirac/dirheisen.html HTTP/1.1" 200 4650 "-" "Mozilla/5.0 (compatible; bingbot/2.0; +http://www.bing.com/bingbot.htm)" "www.ysfine.com"
40.77.167.27 - - [09/Sep/2022:09:41:25 -0700] "GET /world/tdrome.html HTTP/1.1" 200 5611 "-" "Mozilla/5.0 (compatible; bingbot/2.0; +http://www.bing.com/bingbot.htm)" "www.ysfine.com"
40.77.167.27 - - [09/Sep/2022:09:41:26 -0700] "GET /einstein/eincurie.html HTTP/1.1" 200 895 "-" "Mozilla/5.0 (compatible; bingbot/2.0; +http://www.bing.com/bingbot.htm)" "www.ysfine.com"
40.77.167.35 - - [09/Sep/2022:09:41:29 -0700] "GET /maga/maxedin.html HTTP/1.1" 200 6756 "-" "Mozilla/5.0 (compatible; bingbot/2.0; +http://www.bing.com/bingbot.htm)" "www.ysfine.com"
40.77.167.35 - - [09/Sep/2022:09:41:30 -0700] "GET /class54/emailed.html HTTP/1.1" 200 8184 "-" "Mozilla/5.0 (compatible; bingbot/2.0; +http://www.bing.com/bingbot.htm)" "www.ysfine.com"
40.77.167.28 - - [09/Sep/2022:09:41:34 -0700] "GET /world/spb.html HTTP/1.1" 200 16118 "-" "Mozilla/5.0 (compatible; bingbot/2.0; +http://www.bing.com/bingbot.htm)" "www.ysfine.com"
157.55.39.146 - - [09/Sep/2022:09:41:35 -0700] "GET /maga/fermi.html HTTP/1.1" 200 3387 "-" "Mozilla/5.0 (compatible; bingbot/2.0; +http://www.bing.com/bingbot.htm)" "www.ysfine.com"
157.55.39.146 - - [09/Sep/2022:09:41:35 -0700] "GET /princeton/prade.html HTTP/1.1" 200 9863 "-" "Mozilla/5.0 (compatible; bingbot/2.0; +http://www.bing.com/bingbot.htm)" "www.ysfine.com"
173.73.80.118 - - [09/Sep/2022:09:41:36 -0700] "GET /favicon.ico HTTP/1.1" 404 88 "https://ysfine.com/home/bio44.html?fbclid=IwAR3sGe6canRr_Yqckrvj2AnpYLBZs0UbJKpeJ_TCIhF9gOGglgzul2HWq_E" "Mozilla/5.0 (Linux; Android 5.1.1; KFSUWI) AppleWebKit/537.36 (KHTML, like Gecko) Silk/102.4.13 like Chrome/102.0.5005.171 Safari/537.36" "ysfine.com"
40.77.167.28 - - [09/Sep/2022:09:41:44 -0700] "GET /style/mushalls.html HTTP/1.1" 200 21398 "-" "Mozilla/5.0 (compatible; bingbot/2.0; +http://www.bing.com/bingbot.htm)" "www.ysfine.com"
40.77.167.28 - - [09/Sep/2022:09:41:45 -0700] "GET /kobak/1919.html HTTP/1.1" 200 6884 "-" "Mozilla/5.0 (compatible; bingbot/2.0; +http://www.bing.com/bingbot.htm)" "www.ysfine.com"
77.240.183.232 - - [09/Sep/2022:09:41:54 -0700] "GET /maga/poincare.html HTTP/1.1" 200 21402 "-" "Mozilla/5.0 (compatible; SpiderLing (a SPIDER for LINGustic research); +http://nlp.fi.muni.cz/projects/biwec/)" "ysfine.com"
173.73.80.118 - - [09/Sep/2022:09:42:03 -0700] "GET /home/pgh/gateway01.jpg HTTP/1.1" 200 81761 "https://ysfine.com/home/bio44.html?fbclid=IwAR3sGe6canRr_Yqckrvj2AnpYLBZs0UbJKpeJ_TCIhF9gOGglgzul2HWq_E" "Mozilla/5.0 (Linux; Android 5.1.1; KFSUWI) AppleWebKit/537.36 (KHTML, like Gecko) Silk/102.4.13 like Chrome/102.0.5005.171 Safari/537.36" "ysfine.com"
40.77.167.28 - - [09/Sep/2022:09:42:04 -0700] "GET /newyork/stpaul44.jpg HTTP/1.1" 200 216165 "-" "Mozilla/5.0 (compatible; bingbot/2.0; +http://www.bing.com/bingbot.htm)" "ysfine.com"
40.77.167.33 - - [09/Sep/2022:09:42:38 -0700] "GET /wdc/lincoln05.jpg HTTP/1.1" 200 125799 "-" "Mozilla/5.0 (compatible; bingbot/2.0; +http://www.bing.com/bingbot.htm)" "www.ysfine.com"
173.73.80.118 - - [09/Sep/2022:09:42:43 -0700] "GET /home/pgh/steelm01.jpg HTTP/1.1" 200 36650 "https://ysfine.com/home/bio44.html?fbclid=IwAR3sGe6canRr_Yqckrvj2AnpYLBZs0UbJKpeJ_TCIhF9gOGglgzul2HWq_E" "Mozilla/5.0 (Linux; Android 5.1.1; KFSUWI) AppleWebKit/537.36 (KHTML, like Gecko) Silk/102.4.13 like Chrome/102.0.5005.171 Safari/537.36" "ysfine.com"
173.73.80.118 - - [09/Sep/2022:09:43:37 -0700] "GET /home/pgh/fortpitt02.jpg HTTP/1.1" 200 69515 "https://ysfine.com/home/bio44.html?fbclid=IwAR3sGe6canRr_Yqckrvj2AnpYLBZs0UbJKpeJ_TCIhF9gOGglgzul2HWq_E" "Mozilla/5.0 (Linux; Android 5.1.1; KFSUWI) AppleWebKit/537.36 (KHTML, like Gecko) Silk/102.4.13 like Chrome/102.0.5005.171 Safari/537.36" "ysfine.com"
86.189.216.13 - - [09/Sep/2022:09:43:40 -0700] "GET /maga/faraday.html HTTP/1.1" 200 6233 "https://www.google.com/" "Mozilla/5.0 (Linux; Android 12; SM-G998B) AppleWebKit/537.36 (KHTML, like Gecko) Chrome/105.0.0.0 Mobile Safari/537.36" "ysfine.com"
86.189.216.13 - - [09/Sep/2022:09:43:40 -0700] "GET /world/brit/eton15b.jpg HTTP/1.1" 200 39688 "https://ysfine.com/maga/faraday.html" "Mozilla/5.0 (Linux; Android 12; SM-G998B) AppleWebKit/537.36 (KHTML, like Gecko) Chrome/105.0.0.0 Mobile Safari/537.36" "ysfine.com"
86.189.216.13 - - [09/Sep/2022:09:43:40 -0700] "GET /maga/phys/faradm01b.jpg HTTP/1.1" 200 44946 "https://ysfine.com/maga/faraday.html" "Mozilla/5.0 (Linux; Android 12; SM-G998B) AppleWebKit/537.36 (KHTML, like Gecko) Chrome/105.0.0.0 Mobile Safari/537.36" "ysfine.com"
86.189.216.13 - - [09/Sep/2022:09:43:40 -0700] "GET /wigner/tollwig11b.jpg HTTP/1.1" 200 31891 "https://ysfine.com/maga/faraday.html" "Mozilla/5.0 (Linux; Android 12; SM-G998B) AppleWebKit/537.36 (KHTML, like Gecko) Chrome/105.0.0.0 Mobile Safari/537.36" "ysfine.com"
86.189.216.13 - - [09/Sep/2022:09:43:40 -0700] "GET /maga/phys/farad27b.jpg HTTP/1.1" 200 36986 "https://ysfine.com/maga/faraday.html" "Mozilla/5.0 (Linux; Android 12; SM-G998B) AppleWebKit/537.36 (KHTML, like Gecko) Chrome/105.0.0.0 Mobile Safari/537.36" "ysfine.com"
86.189.216.13 - - [09/Sep/2022:09:43:40 -0700] "GET /maga/phys/aec46b.jpg HTTP/1.1" 200 33288 "https://ysfine.com/maga/faraday.html" "Mozilla/5.0 (Linux; Android 12; SM-G998B) AppleWebKit/537.36 (KHTML, like Gecko) Chrome/105.0.0.0 Mobile Safari/537.36" "ysfine.com"
86.189.216.13 - - [09/Sep/2022:09:43:40 -0700] "GET /maga/phys/faradm03a.jpg HTTP/1.1" 200 34500 "https://ysfine.com/maga/faraday.html" "Mozilla/5.0 (Linux; Android 12; SM-G998B) AppleWebKit/537.36 (KHTML, like Gecko) Chrome/105.0.0.0 Mobile Safari/537.36" "ysfine.com"
86.189.216.13 - - [09/Sep/2022:09:43:40 -0700] "GET /einstein/einbohr22b.jpg HTTP/1.1" 200 42030 "https://ysfine.com/maga/faraday.html" "Mozilla/5.0 (Linux; Android 12; SM-G998B) AppleWebKit/537.36 (KHTML, like Gecko) Chrome/105.0.0.0 Mobile Safari/537.36" "ysfine.com"
86.189.216.13 - - [09/Sep/2022:09:43:40 -0700] "GET /maga/phys/farad21b.jpg HTTP/1.1" 200 34047 "https://ysfine.com/maga/faraday.html" "Mozilla/5.0 (Linux; Android 12; SM-G998B) AppleWebKit/537.36 (KHTML, like Gecko) Chrome/105.0.0.0 Mobile Safari/537.36" "ysfine.com"
86.189.216.13 - - [09/Sep/2022:09:43:41 -0700] "GET /maga/phys/farad05b.jpg HTTP/1.1" 200 37345 "https://ysfine.com/maga/faraday.html" "Mozilla/5.0 (Linux; Android 12; SM-G998B) AppleWebKit/537.36 (KHTML, like Gecko) Chrome/105.0.0.0 Mobile Safari/537.36" "ysfine.com"
86.189.216.13 - - [09/Sep/2022:09:43:41 -0700] "GET /maga/phys/farad06b.jpg HTTP/1.1" 200 37553 "https://ysfine.com/maga/faraday.html" "Mozilla/5.0 (Linux; Android 12; SM-G998B) AppleWebKit/537.36 (KHTML, like Gecko) Chrome/105.0.0.0 Mobile Safari/537.36" "ysfine.com"
86.189.216.13 - - [09/Sep/2022:09:43:41 -0700] "GET /maga/phys/farad15b.jpg HTTP/1.1" 200 30917 "https://ysfine.com/maga/faraday.html" "Mozilla/5.0 (Linux; Android 12; SM-G998B) AppleWebKit/537.36 (KHTML, like Gecko) Chrome/105.0.0.0 Mobile Safari/537.36" "ysfine.com"
86.189.216.13 - - [09/Sep/2022:09:43:41 -0700] "GET /maga/phys/farad11b.jpg HTTP/1.1" 200 41560 "https://ysfine.com/maga/faraday.html" "Mozilla/5.0 (Linux; Android 12; SM-G998B) AppleWebKit/537.36 (KHTML, like Gecko) Chrome/105.0.0.0 Mobile Safari/537.36" "ysfine.com"
86.189.216.13 - - [09/Sep/2022:09:43:41 -0700] "GET /maga/phys/farad01b.jpg HTTP/1.1" 200 49737 "https://ysfine.com/maga/faraday.html" "Mozilla/5.0 (Linux; Android 12; SM-G998B) AppleWebKit/537.36 (KHTML, like Gecko) Chrome/105.0.0.0 Mobile Safari/537.36" "ysfine.com"
86.189.216.13 - - [09/Sep/2022:09:43:41 -0700] "GET /maga/phys/faradm05b.jpg HTTP/1.1" 200 56788 "https://ysfine.com/maga/faraday.html" "Mozilla/5.0 (Linux; Android 12; SM-G998B) AppleWebKit/537.36 (KHTML, like Gecko) Chrome/105.0.0.0 Mobile Safari/537.36" "ysfine.com"
86.189.216.13 - - [09/Sep/2022:09:43:41 -0700] "GET /world/brit/bond02b.jpg HTTP/1.1" 200 38608 "https://ysfine.com/maga/faraday.html" "Mozilla/5.0 (Linux; Android 12; SM-G998B) AppleWebKit/537.36 (KHTML, like Gecko) Chrome/105.0.0.0 Mobile Safari/537.36" "ysfine.com"
86.189.216.13 - - [09/Sep/2022:09:43:41 -0700] "GET /world/brit/sebiro01b.jpg HTTP/1.1" 200 46756 "https://ysfine.com/maga/faraday.html" "Mozilla/5.0 (Linux; Android 12; SM-G998B) AppleWebKit/537.36 (KHTML, like Gecko) Chrome/105.0.0.0 Mobile Safari/537.36" "ysfine.com"
86.189.216.13 - - [09/Sep/2022:09:43:41 -0700] "GET /princeton/wilson11b.jpg HTTP/1.1" 200 34463 "https://ysfine.com/maga/faraday.html" "Mozilla/5.0 (Linux; Android 12; SM-G998B) AppleWebKit/537.36 (KHTML, like Gecko) Chrome/105.0.0.0 Mobile Safari/537.36" "ysfine.com"
86.189.216.13 - - [09/Sep/2022:09:43:41 -0700] "GET /einstein/eins20b.jpg HTTP/1.1" 200 34424 "https://ysfine.com/maga/faraday.html" "Mozilla/5.0 (Linux; Android 12; SM-G998B) AppleWebKit/537.36 (KHTML, like Gecko) Chrome/105.0.0.0 Mobile Safari/537.36" "ysfine.com"
86.189.216.13 - - [09/Sep/2022:09:43:41 -0700] "GET /eink/eink61c.jpg HTTP/1.1" 200 34119 "https://ysfine.com/maga/faraday.html" "Mozilla/5.0 (Linux; Android 12; SM-G998B) AppleWebKit/537.36 (KHTML, like Gecko) Chrome/105.0.0.0 Mobile Safari/537.36" "ysfine.com"
86.189.216.13 - - [09/Sep/2022:09:43:41 -0700] "GET /favicon.ico HTTP/1.1" 404 88 "https://ysfine.com/maga/faraday.html" "Mozilla/5.0 (Linux; Android 12; SM-G998B) AppleWebKit/537.36 (KHTML, like Gecko) Chrome/105.0.0.0 Mobile Safari/537.36" "ysfine.com"
40.77.167.33 - - [09/Sep/2022:09:44:37 -0700] "GET /dongio/aline/airlingus11.jpg HTTP/1.1" 404 88 "-" "Mozilla/5.0 (compatible; bingbot/2.0; +http://www.bing.com/bingbot.htm)" "ysfine.com"
66.249.70.3 - - [09/Sep/2022:09:46:24 -0700] "GET /world/france/stras53.jpg HTTP/1.1" 200 78694 "-" "Googlebot-Image/1.0" "ysfine.com"
207.195.79.243 - - [09/Sep/2022:09:46:26 -0700] "GET /houses/house10.jpg HTTP/1.1" 200 76259 "https://www.google.com/" "Mozilla/5.0 (Windows NT 10.0; Win64; x64) AppleWebKit/537.36 (KHTML, like Gecko) Chrome/105.0.0.0 Safari/537.36" "ysfine.com"
51.222.253.13 - - [09/Sep/2022:09:47:22 -0700] "GET /class54/class5470/total_data/sub_602.htm HTTP/1.1" 200 3192 "-" "Mozilla/5.0 (compatible; AhrefsBot/7.0; +http://ahrefs.com/robot/)" "ysfine.com"
51.222.253.5 - - [09/Sep/2022:09:47:25 -0700] "GET /class54/class5470/total_data/photo_img/6-2.jpg HTTP/1.1" 200 195562 "-" "Mozilla/5.0 (compatible; AhrefsBot/7.0; +http://ahrefs.com/robot/)" "ysfine.com"
185.191.171.16 - - [09/Sep/2022:09:48:32 -0700] "GET /robots.txt HTTP/1.1" 404 88 "-" "Mozilla/5.0 (compatible; SemrushBot/7~bl; +http://www.semrush.com/bot.html)" "ysfine.com"
185.191.171.10 - - [09/Sep/2022:09:48:32 -0700] "GET /class54/class5470/total_data/sub_409.htm HTTP/1.1" 200 3204 "-" "Mozilla/5.0 (compatible; SemrushBot/7~bl; +http://www.semrush.com/bot.html)" "ysfine.com"
40.77.167.35 - - [09/Sep/2022:09:49:06 -0700] "GET /beau/malay06.jpg HTTP/1.1" 404 88 "-" "Mozilla/5.0 (compatible; bingbot/2.0; +http://www.bing.com/bingbot.htm)" "ysfine.com"
66.249.70.3 - - [09/Sep/2022:09:49:32 -0700] "GET /world/france/metz20.jpg HTTP/1.1" 200 88264 "-" "Googlebot-Image/1.0" "ysfine.com"
116.179.32.151 - - [09/Sep/2022:09:50:04 -0700] "GET /wigner/wigheisen.html HTTP/1.1" 304 - "-" "Mozilla/5.0 (compatible; Baiduspider/2.0; +http://www.baidu.com/search/spider.html)" "www.ysfine.com"
157.55.39.146 - - [09/Sep/2022:09:50:43 -0700] "GET /style/shcampus11.jpg HTTP/1.1" 200 107981 "-" "Mozilla/5.0 (compatible; bingbot/2.0; +http://www.bing.com/bingbot.htm)" "ysfine.com"
34.202.158.109 - - [09/Sep/2022:09:51:22 -0700] "GET /style/musee/louvre02.jpg HTTP/1.1" 200 78451 "-" "Mozilla/5.0 (Macintosh; Intel Mac OS X 10_11_6) AppleWebKit/601.7.7 (KHTML, like Gecko) Version/9.1.2 Safari/601.7.7" "ysfine.com"
51.222.253.15 - - [09/Sep/2022:09:51:26 -0700] "GET /class54/class5470/total_data/sub_607.htm HTTP/1.1" 200 3192 "-" "Mozilla/5.0 (compatible; AhrefsBot/7.0; +http://ahrefs.com/robot/)" "ysfine.com"
185.191.171.36 - - [09/Sep/2022:09:52:50 -0700] "GET /sbk/sbkrome.html HTTP/1.1" 200 306 "-" "Mozilla/5.0 (compatible; SemrushBot/7~bl; +http://www.semrush.com/bot.html)" "ysfine.com"
40.77.167.28 - - [09/Sep/2022:09:53:27 -0700] "GET /style/schonbr22b.jpg HTTP/1.1" 200 45463 "-" "Mozilla/5.0 (compatible; bingbot/2.0; +http://www.bing.com/bingbot.htm)" "ysfine.com"
40.77.167.35 - - [09/Sep/2022:09:54:57 -0700] "GET /style/music/johannstra44.jpg HTTP/1.1" 200 116375 "-" "Mozilla/5.0 (compatible; bingbot/2.0; +http://www.bing.com/bingbot.htm)" "ysfine.com"
34.202.158.109 - - [09/Sep/2022:09:55:08 -0700] "GET /style/musee/louvre02.jpg HTTP/1.1" 200 78451 "-" "Mozilla/5.0 (Macintosh; Intel Mac OS X 10.11; rv:45.0) Gecko/20100101 Firefox/45.0" "ysfine.com"
44.202.15.211 - - [09/Sep/2022:09:55:11 -0700] "HEAD /style/musee/louvre02.jpg HTTP/1.1" 200 - "-" "Mozilla/5.0 (Windows NT 10.0; Win64; x64) AppleWebKit/537.36 (KHTML, like Gecko) Chrome/80.0.3987.132 Safari/537.36" "ysfine.com"
51.222.253.7 - - [09/Sep/2022:09:56:00 -0700] "GET /class54/class5470/total_data/sub_608.htm HTTP/1.1" 200 3192 "-" "Mozilla/5.0 (compatible; AhrefsBot/7.0; +http://ahrefs.com/robot/)" "ysfine.com"
51.222.253.3 - - [09/Sep/2022:09:56:02 -0700] "GET /class54/class5470/total_data/photo_img/6-8.jpg HTTP/1.1" 200 196026 "-" "Mozilla/5.0 (compatible; AhrefsBot/7.0; +http://ahrefs.com/robot/)" "ysfine.com"
66.249.64.172 - - [09/Sep/2022:09:57:10 -0700] "GET /friends/fdbot.html HTTP/1.1" 404 88 "-" "Mozilla/5.0 (compatible; Googlebot/2.1; +http://www.google.com/bot.html)" "www.ysfine.com"
173.73.80.118 - - [09/Sep/2022:09:58:13 -0700] "GET /favicon.ico HTTP/1.1" 404 88 "https://ysfine.com/home/bio44.html?fbclid=IwAR3sGe6canRr_Yqckrvj2AnpYLBZs0UbJKpeJ_TCIhF9gOGglgzul2HWq_E" "Mozilla/5.0 (Linux; Android 5.1.1; KFSUWI) AppleWebKit/537.36 (KHTML, like Gecko) Silk/102.4.13 like Chrome/102.0.5005.171 Safari/537.36" "ysfine.com"
66.249.70.30 - - [09/Sep/2022:09:59:32 -0700] "GET /world/france/champ01.jpg HTTP/1.1" 200 194776 "-" "Googlebot-Image/1.0" "ysfine.com"
173.73.80.118 - - [09/Sep/2022:09:59:46 -0700] "GET /people/baran.jpg HTTP/1.1" 200 57735 "https://ysfine.com/home/bio44.html?fbclid=IwAR3sGe6canRr_Yqckrvj2AnpYLBZs0UbJKpeJ_TCIhF9gOGglgzul2HWq_E" "Mozilla/5.0 (Linux; Android 5.1.1; KFSUWI) AppleWebKit/537.36 (KHTML, like Gecko) Silk/102.4.13 like Chrome/102.0.5005.171 Safari/537.36" "ysfine.com"
77.240.183.232 - - [09/Sep/2022:09:59:49 -0700] "GET /maga/tesla.html HTTP/1.1" 200 11060 "-" "Mozilla/5.0 (compatible; SpiderLing (a SPIDER for LINGustic research); +http://nlp.fi.muni.cz/projects/biwec/)" "ysfine.com"
173.73.80.118 - - [09/Sep/2022:09:59:56 -0700] "GET /dirac/diracpol.html HTTP/1.1" 200 3380 "https://ysfine.com/home/bio44.html?fbclid=IwAR3sGe6canRr_Yqckrvj2AnpYLBZs0UbJKpeJ_TCIhF9gOGglgzul2HWq_E" "Mozilla/5.0 (Linux; Android 5.1.1; KFSUWI) AppleWebKit/537.36 (KHTML, like Gecko) Silk/102.4.13 like Chrome/102.0.5005.171 Safari/537.36" "ysfine.com"
173.73.80.118 - - [09/Sep/2022:09:59:56 -0700] "GET /dirac/goldhaber2.jpg HTTP/1.1" 200 37078 "https://ysfine.com/dirac/diracpol.html" "Mozilla/5.0 (Linux; Android 5.1.1; KFSUWI) AppleWebKit/537.36 (KHTML, like Gecko) Silk/102.4.13 like Chrome/102.0.5005.171 Safari/537.36" "ysfine.com"
173.73.80.118 - - [09/Sep/2022:09:59:56 -0700] "GET /dirac/aspects2.jpg HTTP/1.1" 200 27429 "https://ysfine.com/dirac/diracpol.html" "Mozilla/5.0 (Linux; Android 5.1.1; KFSUWI) AppleWebKit/537.36 (KHTML, like Gecko) Silk/102.4.13 like Chrome/102.0.5005.171 Safari/537.36" "ysfine.com"
173.73.80.118 - - [09/Sep/2022:09:59:56 -0700] "GET /dirac/dirwig240.jpg HTTP/1.1" 200 35198 "https://ysfine.com/dirac/diracpol.html" "Mozilla/5.0 (Linux; Android 5.1.1; KFSUWI) AppleWebKit/537.36 (KHTML, like Gecko) Silk/102.4.13 like Chrome/102.0.5005.171 Safari/537.36" "ysfine.com"
40.77.167.27 - - [09/Sep/2022:09:59:57 -0700] "GET /wdc/whouse01b.jpg HTTP/1.1" 200 41985 "-" "Mozilla/5.0 (compatible; bingbot/2.0; +http://www.bing.com/bingbot.htm)" "ysfine.com"
66.249.70.30 - - [09/Sep/2022:10:00:23 -0700] "GET /world/france/stras17.jpg HTTP/1.1" 200 145827 "-" "Googlebot-Image/1.0" "ysfine.com"
51.222.253.1 - - [09/Sep/2022:10:00:37 -0700] "GET /class54/class5470/total_data/sub_609.htm HTTP/1.1" 200 3192 "-" "Mozilla/5.0 (compatible; AhrefsBot/7.0; +http://ahrefs.com/robot/)" "ysfine.com"
157.55.39.146 - - [09/Sep/2022:10:00:46 -0700] "GET /world/baltic/kantruss2.jpg HTTP/1.1" 200 49309 "-" "Mozilla/5.0 (compatible; bingbot/2.0; +http://www.bing.com/bingbot.htm)" "ysfine.com"
34.202.158.109 - - [09/Sep/2022:10:01:22 -0700] "GET /world/france/louvre02.jpg HTTP/1.1" 200 78451 "-" "Mozilla/5.0 (Macintosh; Intel Mac OS X 10_10_5) AppleWebKit/603.3.8 (KHTML, like Gecko) Version/10.1.2 Safari/603.3.8" "www.ysfine.com"
34.202.158.109 - - [09/Sep/2022:10:01:22 -0700] "GET /world/france/louvre02.jpg HTTP/1.1" 200 78451 "-" "Mozilla/5.0 (Macintosh; Intel Mac OS X 10_10; rv:33.0) Gecko/20100101 Firefox/33.0" "www.ysfine.com"
34.229.122.200 - - [09/Sep/2022:10:01:42 -0700] "GET /world/france/louvre02.jpg HTTP/1.1" 200 78451 "-" "Mozilla/5.0 (Windows NT 10.0; Win64; x64) AppleWebKit/537.36 (KHTML, like Gecko) Chrome/80.0.3987.132 Safari/537.36" "www.ysfine.com"
40.77.167.35 - - [09/Sep/2022:10:01:49 -0700] "GET /kobak/sorae01b.jpg HTTP/1.1" 200 31668 "-" "Mozilla/5.0 (compatible; bingbot/2.0; +http://www.bing.com/bingbot.htm)" "ysfine.com"
66.249.70.30 - - [09/Sep/2022:10:02:31 -0700] "GET /world/france/stras42.jpg HTTP/1.1" 200 93074 "-" "Googlebot-Image/1.0" "ysfine.com"
40.77.167.35 - - [09/Sep/2022:10:03:09 -0700] "GET /world/france/pmetro18b.jpg HTTP/1.1" 200 49896 "-" "Mozilla/5.0 (compatible; bingbot/2.0; +http://www.bing.com/bingbot.htm)" "www.ysfine.com"
114.119.128.162 - - [09/Sep/2022:10:03:27 -0700] "GET /archives/proceedings/boston/mizrahi.pdf HTTP/1.1" 200 186322 "https://ysfine.com/archives/proceedings/boston/mizrah.html" "Mozilla/5.0 (Linux; Android 7.0;) AppleWebKit/537.36 (KHTML, like Gecko) Mobile Safari/537.36 (compatible; PetalBot;+https://webmaster.petalsearch.com/site/petalbot)" "ysfine.com"
189.37.71.73 - - [09/Sep/2022:10:03:30 -0700] "GET /wigner/neum/vnc01.jpg HTTP/1.1" 200 133641 "https://sites.google.com/" "Mozilla/5.0 (Windows NT 10.0; Win64; x64) AppleWebKit/537.36 (KHTML, like Gecko) Chrome/104.0.0.0 Safari/537.36" "ysfine.com"
66.249.70.4 - - [09/Sep/2022:10:04:56 -0700] "GET /world/germany/aachen11b.jpg HTTP/1.1" 304 - "-" "Googlebot-Image/1.0" "ysfine.com"
51.222.253.19 - - [09/Sep/2022:10:05:13 -0700] "GET /class54/class5470/total_data/sub_610.htm HTTP/1.1" 200 3183 "-" "Mozilla/5.0 (compatible; AhrefsBot/7.0; +http://ahrefs.com/robot/)" "ysfine.com"
42.105.88.15 - - [09/Sep/2022:10:06:01 -0700] "GET /feynman/ppic/parton88a.jpg HTTP/1.1" 200 55506 "https://www.google.com/" "Mozilla/5.0 (Linux; Android 11; SM-F415F Build/RP1A.200720.012; wv) AppleWebKit/537.36 (KHTML, like Gecko) Version/4.0 Chrome/87.0.4280.141 Mobile Safari/537.36 GSA/12.18.11.23.arm64" "ysfine.com"
40.77.167.28 - - [09/Sep/2022:10:07:31 -0700] "GET /trips/itiner.html HTTP/1.1" 401 90 "-" "Mozilla/5.0 (compatible; bingbot/2.0; +http://www.bing.com/bingbot.htm)" "www.ysfine.com"
77.240.183.232 - - [09/Sep/2022:10:07:56 -0700] "GET /home/wcartoon.html HTTP/1.1" 200 16820 "-" "Mozilla/5.0 (compatible; SpiderLing (a SPIDER for LINGustic research); +http://nlp.fi.muni.cz/projects/biwec/)" "ysfine.com"
40.77.167.33 - - [09/Sep/2022:10:08:19 -0700] "GET /wigner/wigsharp2.jpg HTTP/1.1" 200 34860 "-" "Mozilla/5.0 (compatible; bingbot/2.0; +http://www.bing.com/bingbot.htm)" "www.ysfine.com"
93.158.161.30 - - [09/Sep/2022:10:09:40 -0700] "GET /robots.txt HTTP/1.1" 404 73 "-" "Mozilla/5.0 (compatible; YandexBot/3.0; +http://yandex.com/bots)" "www.ysfine.com"
51.222.253.6 - - [09/Sep/2022:10:09:42 -0700] "GET /class54/class5470/total_data/sub_611.htm HTTP/1.1" 200 3186 "-" "Mozilla/5.0 (compatible; AhrefsBot/7.0; +http://ahrefs.com/robot/)" "ysfine.com"
93.158.161.74 - - [09/Sep/2022:10:09:44 -0700] "GET /dongio/index.html HTTP/1.1" 404 88 "-" "Mozilla/5.0 (compatible; YandexBot/3.0; +http://yandex.com/bots)" "www.ysfine.com"
51.222.253.17 - - [09/Sep/2022:10:09:44 -0700] "GET /class54/class5470/total_data/photo_img/6-11.jpg HTTP/1.1" 200 411494 "-" "Mozilla/5.0 (compatible; AhrefsBot/7.0; +http://ahrefs.com/robot/)" "ysfine.com"
40.77.167.35 - - [09/Sep/2022:10:10:12 -0700] "GET /home/ysnr11d.jpg HTTP/1.1" 200 61140 "-" "Mozilla/5.0 (compatible; bingbot/2.0; +http://www.bing.com/bingbot.htm)" "www.ysfine.com"
51.104.180.47 - - [09/Sep/2022:10:10:28 -0700] "GET /dirac/dirheisen.jpg HTTP/1.1" 200 75452 "-" "DuckDuckBot/1.1; (+http://duckduckgo.com/duckduckbot.html)" "www.ysfine.com"
193.49.161.184 - - [09/Sep/2022:10:10:33 -0700] "GET /maga/bohr.html HTTP/1.1" 200 5125 "https://duckduckgo.com/" "Mozilla/5.0 (Windows NT 10.0; Win64; x64; rv:91.0) Gecko/20100101 Firefox/91.0" "www.ysfine.com"
193.49.161.184 - - [09/Sep/2022:10:10:33 -0700] "GET /maga/phys/hydrogen01b.jpg HTTP/1.1" 200 39399 "https://www.ysfine.com/maga/bohr.html" "Mozilla/5.0 (Windows NT 10.0; Win64; x64; rv:91.0) Gecko/20100101 Firefox/91.0" "www.ysfine.com"
193.49.161.184 - - [09/Sep/2022:10:10:33 -0700] "GET /maga/phil/kierke11b.jpg HTTP/1.1" 200 32163 "https://www.ysfine.com/maga/bohr.html" "Mozilla/5.0 (Windows NT 10.0; Win64; x64; rv:91.0) Gecko/20100101 Firefox/91.0" "www.ysfine.com"
193.49.161.184 - - [09/Sep/2022:10:10:33 -0700] "GET /maga/phys/bohrheisen11b.jpg HTTP/1.1" 200 47511 "https://www.ysfine.com/maga/bohr.html" "Mozilla/5.0 (Windows NT 10.0; Win64; x64; rv:91.0) Gecko/20100101 Firefox/91.0" "www.ysfine.com"
193.49.161.184 - - [09/Sep/2022:10:10:33 -0700] "GET /einstein/einbohr22b.jpg HTTP/1.1" 200 42030 "https://www.ysfine.com/maga/bohr.html" "Mozilla/5.0 (Windows NT 10.0; Win64; x64; rv:91.0) Gecko/20100101 Firefox/91.0" "www.ysfine.com"
193.49.161.184 - - [09/Sep/2022:10:10:33 -0700] "GET /world/ital/rome124b.jpg HTTP/1.1" 200 43581 "https://www.ysfine.com/maga/bohr.html" "Mozilla/5.0 (Windows NT 10.0; Win64; x64; rv:91.0) Gecko/20100101 Firefox/91.0" "www.ysfine.com"
193.49.161.184 - - [09/Sep/2022:10:10:33 -0700] "GET /world/ital/rome125b.jpg HTTP/1.1" 200 41076 "https://www.ysfine.com/maga/bohr.html" "Mozilla/5.0 (Windows NT 10.0; Win64; x64; rv:91.0) Gecko/20100101 Firefox/91.0" "www.ysfine.com"
193.49.161.184 - - [09/Sep/2022:10:10:33 -0700] "GET /dirac/dirheisen2.jpg HTTP/1.1" 200 44710 "https://www.ysfine.com/maga/bohr.html" "Mozilla/5.0 (Windows NT 10.0; Win64; x64; rv:91.0) Gecko/20100101 Firefox/91.0" "www.ysfine.com"
193.49.161.184 - - [09/Sep/2022:10:10:33 -0700] "GET /einstein/evol22b.jpg HTTP/1.1" 200 29614 "https://www.ysfine.com/maga/bohr.html" "Mozilla/5.0 (Windows NT 10.0; Win64; x64; rv:91.0) Gecko/20100101 Firefox/91.0" "www.ysfine.com"
193.49.161.184 - - [09/Sep/2022:10:10:34 -0700] "GET /dirac/dirackn33b.jpg HTTP/1.1" 200 48200 "https://www.ysfine.com/maga/bohr.html" "Mozilla/5.0 (Windows NT 10.0; Win64; x64; rv:91.0) Gecko/20100101 Firefox/91.0" "www.ysfine.com"
193.49.161.184 - - [09/Sep/2022:10:10:34 -0700] "GET /eink/eink61c.jpg HTTP/1.1" 200 34119 "https://www.ysfine.com/maga/bohr.html" "Mozilla/5.0 (Windows NT 10.0; Win64; x64; rv:91.0) Gecko/20100101 Firefox/91.0" "www.ysfine.com"
193.49.161.184 - - [09/Sep/2022:10:10:34 -0700] "GET /home/comet55b.jpg HTTP/1.1" 200 63835 "https://www.ysfine.com/maga/bohr.html" "Mozilla/5.0 (Windows NT 10.0; Win64; x64; rv:91.0) Gecko/20100101 Firefox/91.0" "www.ysfine.com"
193.49.161.184 - - [09/Sep/2022:10:10:34 -0700] "GET /maga/phys/ellipse09b.jpg HTTP/1.1" 200 45517 "https://www.ysfine.com/maga/bohr.html" "Mozilla/5.0 (Windows NT 10.0; Win64; x64; rv:91.0) Gecko/20100101 Firefox/91.0" "www.ysfine.com"
193.49.161.184 - - [09/Sep/2022:10:10:34 -0700] "GET /favicon.ico HTTP/1.1" 404 88 "https://www.ysfine.com/maga/bohr.html" "Mozilla/5.0 (Windows NT 10.0; Win64; x64; rv:91.0) Gecko/20100101 Firefox/91.0" "www.ysfine.com"
40.77.167.35 - - [09/Sep/2022:10:10:39 -0700] "GET /class54/emailed.html HTTP/1.1" 304 - "-" "Mozilla/5.0 (compatible; bingbot/2.0; +http://www.bing.com/bingbot.htm)" "www.ysfine.com"
40.77.167.35 - - [09/Sep/2022:10:10:59 -0700] "GET /dongio/turkstu06.jpg HTTP/1.1" 404 88 "-" "Mozilla/5.0 (compatible; bingbot/2.0; +http://www.bing.com/bingbot.htm)" "ysfine.com"
77.240.183.232 - - [09/Sep/2022:10:11:09 -0700] "GET /dirac/dirfeyn.html HTTP/1.1" 200 18448 "-" "Mozilla/5.0 (compatible; SpiderLing (a SPIDER for LINGustic research); +http://nlp.fi.muni.cz/projects/biwec/)" "ysfine.com"
40.77.167.35 - - [09/Sep/2022:10:12:40 -0700] "GET /kobak/yoonhm2.jpg HTTP/1.1" 200 40988 "-" "Mozilla/5.0 (compatible; bingbot/2.0; +http://www.bing.com/bingbot.htm)" "ysfine.com"
51.222.253.10 - - [09/Sep/2022:10:14:15 -0700] "GET /home/feyn70.html HTTP/1.1" 404 88 "-" "Mozilla/5.0 (compatible; AhrefsBot/7.0; +http://ahrefs.com/robot/)" "ysfine.com"
103.238.104.165 - - [09/Sep/2022:10:14:54 -0700] "GET /einstein/places/einmu17.jpg HTTP/1.1" 200 67347 "https://www.google.com/" "Mozilla/5.0 (Windows NT 10.0; Win64; x64) AppleWebKit/537.36 (KHTML, like Gecko) Chrome/104.0.0.0 Safari/537.36" "ysfine.com"
40.77.167.35 - - [09/Sep/2022:10:15:30 -0700] "GET /kobak/democr.html HTTP/1.1" 200 2199 "-" "Mozilla/5.0 (compatible; bingbot/2.0; +http://www.bing.com/bingbot.htm)" "www.ysfine.com"
37.170.101.24 - - [09/Sep/2022:10:17:13 -0700] "GET /world/france/champ9603.jpg HTTP/1.1" 200 107203 "https://www.google.com/" "Mozilla/5.0 (Linux; Android 12; SM-A515F Build/SP1A.210812.016; wv) AppleWebKit/537.36 (KHTML, like Gecko) Version/4.0 Chrome/105.0.5195.79 Mobile Safari/537.36 GoogleApp/13.34.12.26.arm64" "ysfine.com"
173.73.80.118 - - [09/Sep/2022:10:18:20 -0700] "GET /usca/pitt/cmu80.jpg HTTP/1.1" 200 114252 "https://ysfine.com/usca/pgh22.html" "Mozilla/5.0 (Linux; Android 5.1.1; KFSUWI) AppleWebKit/537.36 (KHTML, like Gecko) Silk/102.4.13 like Chrome/102.0.5005.171 Safari/537.36" "ysfine.com"
40.77.167.28 - - [09/Sep/2022:10:18:53 -0700] "GET /dongio/amkor/amcalver11.jpg HTTP/1.1" 404 88 "-" "Mozilla/5.0 (compatible; bingbot/2.0; +http://www.bing.com/bingbot.htm)" "ysfine.com"
207.148.16.66 - - [09/Sep/2022:10:18:54 -0700] "GET /yspapers/aipproc2006.pdf HTTP/1.1" 200 173023 "-" "Mozilla/5.0 (Windows NT x.y; Win64; x64; rv:10.0) Gecko/20100101 Firefox/10.0" "ysfine.com"
51.222.253.4 - - [09/Sep/2022:10:19:13 -0700] "GET /dirac/dirackim62.html HTTP/1.1" 200 2970 "-" "Mozilla/5.0 (compatible; AhrefsBot/7.0; +http://ahrefs.com/robot/)" "www.ysfine.com"
40.77.167.35 - - [09/Sep/2022:10:19:20 -0700] "GET /sbk/1995orleans55.jpg HTTP/1.1" 200 140318 "-" "Mozilla/5.0 (compatible; bingbot/2.0; +http://www.bing.com/bingbot.htm)" "www.ysfine.com"
51.222.253.8 - - [09/Sep/2022:10:19:21 -0700] "GET /feynman/feydirak11b.jpg HTTP/1.1" 200 38821 "-" "Mozilla/5.0 (compatible; AhrefsBot/7.0; +http://ahrefs.com/robot/)" "www.ysfine.com"
51.222.253.18 - - [09/Sep/2022:10:19:21 -0700] "GET /dirac/dirk6202.jpg HTTP/1.1" 200 62459 "-" "Mozilla/5.0 (compatible; AhrefsBot/7.0; +http://ahrefs.com/robot/)" "www.ysfine.com"
51.222.253.12 - - [09/Sep/2022:10:19:22 -0700] "GET /feynman/feydirac270.jpg HTTP/1.1" 200 59000 "-" "Mozilla/5.0 (compatible; AhrefsBot/7.0; +http://ahrefs.com/robot/)" "www.ysfine.com"
51.222.253.16 - - [09/Sep/2022:10:19:22 -0700] "GET /dirac/hyperell2.jpg HTTP/1.1" 200 29858 "-" "Mozilla/5.0 (compatible; AhrefsBot/7.0; +http://ahrefs.com/robot/)" "www.ysfine.com"
51.222.253.14 - - [09/Sep/2022:10:19:22 -0700] "GET /dirac/dirackn33b.jpg HTTP/1.1" 200 48200 "-" "Mozilla/5.0 (compatible; AhrefsBot/7.0; +http://ahrefs.com/robot/)" "www.ysfine.com"
49.146.142.245 - - [09/Sep/2022:10:20:18 -0700] "GET /wigner/wigheis11c.jpg HTTP/1.1" 200 41279 "https://www.bing.com/" "Mozilla/5.0 (Windows NT 10.0; Win64; x64) AppleWebKit/537.36 (KHTML, like Gecko) Chrome/105.0.0.0 Safari/537.36 Edg/105.0.1343.27" "ysfine.com"
173.73.80.118 - - [09/Sep/2022:10:23:17 -0700] "GET /home/bio44 HTTP/1.1" 200 14089 "-" "Mozilla/5.0 (Windows NT 10.0; Win64; x64) AppleWebKit/537.36 (KHTML, like Gecko) Chrome/105.0.0.0 Safari/537.36" "ysfine.com"
173.73.80.118 - - [09/Sep/2022:10:23:18 -0700] "GET /favicon.ico HTTP/1.1" 404 88 "https://ysfine.com/home/bio44" "Mozilla/5.0 (Windows NT 10.0; Win64; x64) AppleWebKit/537.36 (KHTML, like Gecko) Chrome/105.0.0.0 Safari/537.36" "ysfine.com"
173.73.80.118 - - [09/Sep/2022:10:23:19 -0700] "GET /home/ys5458.jpg HTTP/1.1" 200 157567 "https://ysfine.com/home/bio44" "Mozilla/5.0 (Windows NT 10.0; Win64; x64) AppleWebKit/537.36 (KHTML, like Gecko) Chrome/105.0.0.0 Safari/537.36" "ysfine.com"
51.222.253.10 - - [09/Sep/2022:10:23:44 -0700] "GET /einstein/hidden.html HTTP/1.1" 200 4821 "-" "Mozilla/5.0 (compatible; AhrefsBot/7.0; +http://ahrefs.com/robot/)" "www.ysfine.com"
40.77.167.35 - - [09/Sep/2022:10:24:30 -0700] "GET /style/chopingr11b.jpg HTTP/1.1" 200 68030 "-" "Mozilla/5.0 (compatible; bingbot/2.0; +http://www.bing.com/bingbot.htm)" "ysfine.com"
185.191.171.40 - - [09/Sep/2022:10:25:18 -0700] "GET /robots.txt HTTP/1.1" 404 88 "-" "Mozilla/5.0 (compatible; SemrushBot/7~bl; +http://www.semrush.com/bot.html)" "www.ysfine.com"
185.191.171.4 - - [09/Sep/2022:10:25:18 -0700] "GET /maga/landau.html HTTP/1.1" 200 6658 "-" "Mozilla/5.0 (compatible; SemrushBot/7~bl; +http://www.semrush.com/bot.html)" "www.ysfine.com"
40.77.167.27 - - [09/Sep/2022:10:25:39 -0700] "GET /world/russ/gatf04.jpg HTTP/1.1" 200 84406 "-" "Mozilla/5.0 (compatible; bingbot/2.0; +http://www.bing.com/bingbot.htm)" "ysfine.com"
47.176.128.138 - - [09/Sep/2022:10:26:03 -0700] "GET /dirac/wigsis11.jpg HTTP/1.1" 200 71741 "https://www.google.com/" "Mozilla/5.0 (Macintosh; Intel Mac OS X 10_15_7) AppleWebKit/537.36 (KHTML, like Gecko) Chrome/104.0.0.0 Safari/537.36" "ysfine.com"
122.42.129.16 - - [09/Sep/2022:10:26:59 -0700] "GET /kobak/rheetr11.jpg HTTP/1.1" 200 184635 "https://www.google.com/" "Mozilla/5.0 (Windows NT 10.0; Win64; x64) AppleWebKit/537.36 (KHTML, like Gecko) Chrome/104.0.0.0 Safari/537.36" "ysfine.com"
107.122.225.90 - - [09/Sep/2022:10:27:33 -0700] "GET /maga/phys/schrod11.jpg HTTP/1.1" 200 107958 "-" "Mozilla/5.0 (Macintosh; Intel Mac OS X 10_15_6) AppleWebKit/605.1.15 (KHTML, like Gecko) Version/14.0.3 Safari/605.1.15" "ysfine.com"
40.77.167.28 - - [09/Sep/2022:10:27:45 -0700] "GET /world/germany/leipzig27.jpg HTTP/1.1" 200 201611 "-" "Mozilla/5.0 (compatible; bingbot/2.0; +http://www.bing.com/bingbot.htm)" "ysfine.com"
51.222.253.8 - - [09/Sep/2022:10:27:49 -0700] "GET /wigner/index.html HTTP/1.1" 200 124 "-" "Mozilla/5.0 (compatible; AhrefsBot/7.0; +http://ahrefs.com/robot/)" "www.ysfine.com"
152.57.101.124 - - [09/Sep/2022:10:28:24 -0700] "GET /feynman/feydirac.jpg HTTP/1.1" 200 98378 "https://www.google.com/" "Mozilla/5.0 (Windows NT 10.0; Win64; x64) AppleWebKit/537.36 (KHTML, like Gecko) Chrome/104.0.0.0 Safari/537.36" "ysfine.com"
66.249.70.30 - - [09/Sep/2022:10:28:43 -0700] "GET /world/france/metz05.jpg HTTP/1.1" 200 96397 "-" "Googlebot-Image/1.0" "ysfine.com"
40.77.167.27 - - [09/Sep/2022:10:28:50 -0700] "GET /maga/phys/poinsf/slide-55.jpg HTTP/1.1" 404 88 "-" "Mozilla/5.0 (compatible; bingbot/2.0; +http://www.bing.com/bingbot.htm)" "ysfine.com"
185.191.171.12 - - [09/Sep/2022:10:29:00 -0700] "GET /class54/class5470/total_data/sub_615.htm HTTP/1.1" 200 3196 "-" "Mozilla/5.0 (compatible; SemrushBot/7~bl; +http://www.semrush.com/bot.html)" "www.ysfine.com"
40.77.167.33 - - [09/Sep/2022:10:29:22 -0700] "GET /world/ital/verona19b.jpg HTTP/1.1" 200 47863 "-" "Mozilla/5.0 (compatible; bingbot/2.0; +http://www.bing.com/bingbot.htm)" "ysfine.com"
173.73.80.118 - - [09/Sep/2022:10:29:46 -0700] "GET /favicon.ico HTTP/1.1" 404 88 "https://ysfine.com/home/bio44.html?fbclid=IwAR3sGe6canRr_Yqckrvj2AnpYLBZs0UbJKpeJ_TCIhF9gOGglgzul2HWq_E" "Mozilla/5.0 (Linux; Android 5.1.1; KFSUWI) AppleWebKit/537.36 (KHTML, like Gecko) Silk/102.4.13 like Chrome/102.0.5005.171 Safari/537.36" "ysfine.com"
93.158.161.37 - - [09/Sep/2022:10:29:57 -0700] "GET /robots.txt HTTP/1.1" 404 73 "-" "Mozilla/5.0 (compatible; YandexBot/3.0; +http://yandex.com/bots)" "ysfine.com"
93.158.161.2 - - [09/Sep/2022:10:30:01 -0700] "GET /robots.txt HTTP/1.1" 404 73 "-" "Mozilla/5.0 (compatible; YandexBot/3.0; +http://yandex.com/bots)" "ysfine.com"
77.88.5.131 - - [09/Sep/2022:10:30:05 -0700] "GET /feynman/feygell22b.jpg HTTP/1.1" 200 32331 "-" "Mozilla/5.0 (compatible; YandexImages/3.0; +http://yandex.com/bots)" "ysfine.com"
77.88.5.230 - - [09/Sep/2022:10:30:14 -0700] "GET /style/cameras/contax.html HTTP/1.1" 200 3773 "-" "Mozilla/5.0 (compatible; YandexBot/3.0; +http://yandex.com/bots)" "www.ysfine.com"
173.73.80.118 - - [09/Sep/2022:10:30:50 -0700] "GET /usca/pgh22.html HTTP/1.1" 200 11386 "-" "Mozilla/5.0 (Linux; Android 5.1.1; KFSUWI) AppleWebKit/537.36 (KHTML, like Gecko) Silk/102.4.13 like Chrome/102.0.5005.171 Safari/537.36" "ysfine.com"
66.249.70.3 - - [09/Sep/2022:10:31:40 -0700] "GET /world/france/metz02.jpg HTTP/1.1" 200 92309 "-" "Googlebot-Image/1.0" "ysfine.com"
66.249.70.30 - - [09/Sep/2022:10:31:47 -0700] "GET /world/france/stras23.jpg HTTP/1.1" 200 147192 "-" "Googlebot-Image/1.0" "ysfine.com"
66.249.70.3 - - [09/Sep/2022:10:32:30 -0700] "GET /world/france/stras53.jpg HTTP/1.1" 200 78694 "-" "Googlebot-Image/1.0" "ysfine.com"
66.249.70.3 - - [09/Sep/2022:10:32:55 -0700] "GET /world/france/notre01b.jpg HTTP/1.1" 200 35673 "-" "Googlebot-Image/1.0" "ysfine.com"
66.249.70.4 - - [09/Sep/2022:10:33:29 -0700] "GET /world/france/stras07.jpg HTTP/1.1" 200 148821 "-" "Googlebot-Image/1.0" "ysfine.com"
77.240.183.232 - - [09/Sep/2022:10:34:17 -0700] "GET /world/bologna.html HTTP/1.1" 200 19336 "-" "Mozilla/5.0 (compatible; SpiderLing (a SPIDER for LINGustic research); +http://nlp.fi.muni.cz/projects/biwec/)" "ysfine.com"
168.174.252.36 - - [09/Sep/2022:10:34:27 -0700] "GET /world/germany/johannstra11.jpg HTTP/1.1" 200 147737 "https://www.google.com/" "Mozilla/5.0 (Windows NT 10.0; Win64; x64) AppleWebKit/537.36 (KHTML, like Gecko) Chrome/104.0.0.0 Safari/537.36" "ysfine.com"
173.73.80.118 - - [09/Sep/2022:10:34:42 -0700] "GET /home/pgh/sliderule.jpg HTTP/1.1" 200 73500 "https://ysfine.com/home/bio44.html?fbclid=IwAR3sGe6canRr_Yqckrvj2AnpYLBZs0UbJKpeJ_TCIhF9gOGglgzul2HWq_E" "Mozilla/5.0 (Linux; Android 5.1.1; KFSUWI) AppleWebKit/537.36 (KHTML, like Gecko) Silk/102.4.13 like Chrome/102.0.5005.171 Safari/537.36" "ysfine.com"
185.191.171.2 - - [09/Sep/2022:10:35:24 -0700] "GET /class54/class5470/total_data/sub_366.htm HTTP/1.1" 200 3306 "-" "Mozilla/5.0 (compatible; SemrushBot/7~bl; +http://www.semrush.com/bot.html)" "ysfine.com"
17.121.114.179 - - [09/Sep/2022:10:35:28 -0700] "GET / HTTP/1.1" 200 5283 "-" "Mozilla/5.0 (Macintosh; Intel Mac OS X 10_15_5) AppleWebKit/605.1.15 (KHTML, like Gecko) Version/13.1.1 Safari/605.1.15 (Applebot/0.1; +http://www.apple.com/go/applebot)" "ysfine.com"
51.222.253.5 - - [09/Sep/2022:10:35:57 -0700] "GET /maga/index.html HTTP/1.1" 200 6127 "-" "Mozilla/5.0 (compatible; AhrefsBot/7.0; +http://ahrefs.com/robot/)" "www.ysfine.com"
173.73.80.118 - - [09/Sep/2022:10:36:15 -0700] "GET /class54 HTTP/1.1" 301 1407 "-" "Mozilla/5.0 (Linux; Android 5.1.1; KFSUWI) AppleWebKit/537.36 (KHTML, like Gecko) Silk/102.4.13 like Chrome/102.0.5005.171 Safari/537.36" "ysfine.com"
173.73.80.118 - - [09/Sep/2022:10:36:15 -0700] "GET /class54/ HTTP/1.1" 200 2553 "-" "Mozilla/5.0 (Linux; Android 5.1.1; KFSUWI) AppleWebKit/537.36 (KHTML, like Gecko) Silk/102.4.13 like Chrome/102.0.5005.171 Safari/537.36" "ysfine.com"
173.73.80.118 - - [09/Sep/2022:10:36:15 -0700] "GET /class54/tallm02b.jpg HTTP/1.1" 200 46210 "https://ysfine.com/class54/" "Mozilla/5.0 (Linux; Android 5.1.1; KFSUWI) AppleWebKit/537.36 (KHTML, like Gecko) Silk/102.4.13 like Chrome/102.0.5005.171 Safari/537.36" "ysfine.com"
173.73.80.118 - - [09/Sep/2022:10:36:15 -0700] "GET /class54/tallm06b.jpg HTTP/1.1" 200 55344 "https://ysfine.com/class54/" "Mozilla/5.0 (Linux; Android 5.1.1; KFSUWI) AppleWebKit/537.36 (KHTML, like Gecko) Silk/102.4.13 like Chrome/102.0.5005.171 Safari/537.36" "ysfine.com"
173.73.80.118 - - [09/Sep/2022:10:36:15 -0700] "GET /class54/tallm08b.jpg HTTP/1.1" 200 43331 "https://ysfine.com/class54/" "Mozilla/5.0 (Linux; Android 5.1.1; KFSUWI) AppleWebKit/537.36 (KHTML, like Gecko) Silk/102.4.13 like Chrome/102.0.5005.171 Safari/537.36" "ysfine.com"
173.73.80.118 - - [09/Sep/2022:10:36:15 -0700] "GET /class54/tallm09b.jpg HTTP/1.1" 200 43676 "https://ysfine.com/class54/" "Mozilla/5.0 (Linux; Android 5.1.1; KFSUWI) AppleWebKit/537.36 (KHTML, like Gecko) Silk/102.4.13 like Chrome/102.0.5005.171 Safari/537.36" "ysfine.com"
173.73.80.118 - - [09/Sep/2022:10:36:15 -0700] "GET /eink/pwk19c.jpg HTTP/1.1" 200 57759 "https://ysfine.com/class54/" "Mozilla/5.0 (Linux; Android 5.1.1; KFSUWI) AppleWebKit/537.36 (KHTML, like Gecko) Silk/102.4.13 like Chrome/102.0.5005.171 Safari/537.36" "ysfine.com"
173.73.80.118 - - [09/Sep/2022:10:36:15 -0700] "GET /class54/tallm03b.jpg HTTP/1.1" 200 41459 "https://ysfine.com/class54/" "Mozilla/5.0 (Linux; Android 5.1.1; KFSUWI) AppleWebKit/537.36 (KHTML, like Gecko) Silk/102.4.13 like Chrome/102.0.5005.171 Safari/537.36" "ysfine.com"
173.73.80.118 - - [09/Sep/2022:10:36:15 -0700] "GET /kobak/taylor33c.jpg HTTP/1.1" 200 39951 "https://ysfine.com/class54/" "Mozilla/5.0 (Linux; Android 5.1.1; KFSUWI) AppleWebKit/537.36 (KHTML, like Gecko) Silk/102.4.13 like Chrome/102.0.5005.171 Safari/537.36" "ysfine.com"
173.73.80.118 - - [09/Sep/2022:10:36:15 -0700] "GET /eink/ewk86a.jpg HTTP/1.1" 200 70895 "https://ysfine.com/class54/" "Mozilla/5.0 (Linux; Android 5.1.1; KFSUWI) AppleWebKit/537.36 (KHTML, like Gecko) Silk/102.4.13 like Chrome/102.0.5005.171 Safari/537.36" "ysfine.com"
188.36.245.108 - - [09/Sep/2022:10:36:31 -0700] "GET /feynman/feyn86b.jpg HTTP/1.1" 200 26190 "https://www.google.com/" "Mozilla/5.0 (Linux; Android 12; SM-A226B) AppleWebKit/537.36 (KHTML, like Gecko) Chrome/105.0.0.0 Mobile Safari/537.36" "ysfine.com"
18.221.93.73 - - [09/Sep/2022:10:37:08 -0700] "GET /world/germany/hegel03.jpg HTTP/1.1" 200 211480 "-" "Go-http-client/1.1" "ysfine.com"
188.36.245.108 - - [09/Sep/2022:10:37:21 -0700] "GET /feynman/feybial.jpg HTTP/1.1" 200 56284 "https://www.google.com/" "Mozilla/5.0 (Linux; Android 12; SM-A226B) AppleWebKit/537.36 (KHTML, like Gecko) Chrome/105.0.0.0 Mobile Safari/537.36" "ysfine.com"
188.36.245.108 - - [09/Sep/2022:10:37:26 -0700] "GET /feynman/fphoto.html HTTP/1.1" 200 3714 "https://www.google.com/" "Mozilla/5.0 (Linux; Android 12; SM-A226B) AppleWebKit/537.36 (KHTML, like Gecko) Chrome/105.0.0.0 Mobile Safari/537.36" "ysfine.com"
188.36.245.108 - - [09/Sep/2022:10:37:26 -0700] "GET /feynman/feynma2.jpg HTTP/1.1" 200 41543 "https://ysfine.com/feynman/fphoto.html" "Mozilla/5.0 (Linux; Android 12; SM-A226B) AppleWebKit/537.36 (KHTML, like Gecko) Chrome/105.0.0.0 Mobile Safari/537.36" "ysfine.com"
188.36.245.108 - - [09/Sep/2022:10:37:26 -0700] "GET /feynman/feyn86b.jpg HTTP/1.1" 200 26190 "https://ysfine.com/feynman/fphoto.html" "Mozilla/5.0 (Linux; Android 12; SM-A226B) AppleWebKit/537.36 (KHTML, like Gecko) Chrome/105.0.0.0 Mobile Safari/537.36" "ysfine.com"
188.36.245.108 - - [09/Sep/2022:10:37:26 -0700] "GET /feynman/chapline2.jpg HTTP/1.1" 200 36026 "https://ysfine.com/feynman/fphoto.html" "Mozilla/5.0 (Linux; Android 12; SM-A226B) AppleWebKit/537.36 (KHTML, like Gecko) Chrome/105.0.0.0 Mobile Safari/537.36" "ysfine.com"
188.36.245.108 - - [09/Sep/2022:10:37:26 -0700] "GET /feynman/feyprince2.jpg HTTP/1.1" 200 49143 "https://ysfine.com/feynman/fphoto.html" "Mozilla/5.0 (Linux; Android 12; SM-A226B) AppleWebKit/537.36 (KHTML, like Gecko) Chrome/105.0.0.0 Mobile Safari/537.36" "ysfine.com"
188.36.245.108 - - [09/Sep/2022:10:37:27 -0700] "GET /feynman/feybongo55b.jpg HTTP/1.1" 200 41455 "https://ysfine.com/feynman/fphoto.html" "Mozilla/5.0 (Linux; Android 12; SM-A226B) AppleWebKit/537.36 (KHTML, like Gecko) Chrome/105.0.0.0 Mobile Safari/537.36" "ysfine.com"
188.36.245.108 - - [09/Sep/2022:10:37:27 -0700] "GET /world/latina/rio025b.jpg HTTP/1.1" 200 39082 "https://ysfine.com/feynman/fphoto.html" "Mozilla/5.0 (Linux; Android 12; SM-A226B) AppleWebKit/537.36 (KHTML, like Gecko) Chrome/105.0.0.0 Mobile Safari/537.36" "ysfine.com"
188.36.245.108 - - [09/Sep/2022:10:37:27 -0700] "GET /favicon.ico HTTP/1.1" 404 88 "https://ysfine.com/feynman/fphoto.html" "Mozilla/5.0 (Linux; Android 12; SM-A226B) AppleWebKit/537.36 (KHTML, like Gecko) Chrome/105.0.0.0 Mobile Safari/537.36" "ysfine.com"
173.73.80.118 - - [09/Sep/2022:10:37:41 -0700] "GET /home/bio22.html HTTP/1.1" 200 12014 "https://ysfine.com/class54/" "Mozilla/5.0 (Linux; Android 5.1.1; KFSUWI) AppleWebKit/537.36 (KHTML, like Gecko) Silk/102.4.13 like Chrome/102.0.5005.171 Safari/537.36" "ysfine.com"
173.73.80.118 - - [09/Sep/2022:10:37:41 -0700] "GET /home/fig22/taylor54d.jpg HTTP/1.1" 200 77792 "https://ysfine.com/home/bio22.html" "Mozilla/5.0 (Linux; Android 5.1.1; KFSUWI) AppleWebKit/537.36 (KHTML, like Gecko) Silk/102.4.13 like Chrome/102.0.5005.171 Safari/537.36" "ysfine.com"
173.73.80.118 - - [09/Sep/2022:10:37:41 -0700] "GET /home/fotos/flor14d.jpg HTTP/1.1" 200 95073 "https://ysfine.com/home/bio22.html" "Mozilla/5.0 (Linux; Android 5.1.1; KFSUWI) AppleWebKit/537.36 (KHTML, like Gecko) Silk/102.4.13 like Chrome/102.0.5005.171 Safari/537.36" "ysfine.com"
173.73.80.118 - - [09/Sep/2022:10:37:41 -0700] "GET /home/fig22/acs22f.jpg HTTP/1.1" 200 107067 "https://ysfine.com/home/bio22.html" "Mozilla/5.0 (Linux; Android 5.1.1; KFSUWI) AppleWebKit/537.36 (KHTML, like Gecko) Silk/102.4.13 like Chrome/102.0.5005.171 Safari/537.36" "ysfine.com"
173.73.80.118 - - [09/Sep/2022:10:37:41 -0700] "GET /home/fotos/boy11f.jpg HTTP/1.1" 200 135177 "https://ysfine.com/home/bio22.html" "Mozilla/5.0 (Linux; Android 5.1.1; KFSUWI) AppleWebKit/537.36 (KHTML, like Gecko) Silk/102.4.13 like Chrome/102.0.5005.171 Safari/537.36" "ysfine.com"
173.73.80.118 - - [09/Sep/2022:10:37:41 -0700] "GET /home/fig22/acs96f.jpg HTTP/1.1" 200 118636 "https://ysfine.com/home/bio22.html" "Mozilla/5.0 (Linux; Android 5.1.1; KFSUWI) AppleWebKit/537.36 (KHTML, like Gecko) Silk/102.4.13 like Chrome/102.0.5005.171 Safari/537.36" "ysfine.com"
173.73.80.118 - - [09/Sep/2022:10:37:41 -0700] "GET /home/fig22/acs73f.jpg HTTP/1.1" 200 284573 "https://ysfine.com/home/bio22.html" "Mozilla/5.0 (Linux; Android 5.1.1; KFSUWI) AppleWebKit/537.36 (KHTML, like Gecko) Silk/102.4.13 like Chrome/102.0.5005.171 Safari/537.36" "ysfine.com"
173.73.80.118 - - [09/Sep/2022:10:37:41 -0700] "GET /home/fig22/cafe33f.jpg HTTP/1.1" 200 147078 "https://ysfine.com/home/bio22.html" "Mozilla/5.0 (Linux; Android 5.1.1; KFSUWI) AppleWebKit/537.36 (KHTML, like Gecko) Silk/102.4.13 like Chrome/102.0.5005.171 Safari/537.36" "ysfine.com"
173.73.80.118 - - [09/Sep/2022:10:37:41 -0700] "GET /home/fotos/tank05d.jpg HTTP/1.1" 200 52601 "https://ysfine.com/home/bio22.html" "Mozilla/5.0 (Linux; Android 5.1.1; KFSUWI) AppleWebKit/537.36 (KHTML, like Gecko) Silk/102.4.13 like Chrome/102.0.5005.171 Safari/537.36" "ysfine.com"
173.73.80.118 - - [09/Sep/2022:10:37:41 -0700] "GET /home/fotos/tank03d.jpg HTTP/1.1" 200 73123 "https://ysfine.com/home/bio22.html" "Mozilla/5.0 (Linux; Android 5.1.1; KFSUWI) AppleWebKit/537.36 (KHTML, like Gecko) Silk/102.4.13 like Chrome/102.0.5005.171 Safari/537.36" "ysfine.com"
173.73.80.118 - - [09/Sep/2022:10:37:41 -0700] "GET /home/mac05f.jpg HTTP/1.1" 200 98400 "https://ysfine.com/home/bio22.html" "Mozilla/5.0 (Linux; Android 5.1.1; KFSUWI) AppleWebKit/537.36 (KHTML, like Gecko) Silk/102.4.13 like Chrome/102.0.5005.171 Safari/537.36" "ysfine.com"
173.73.80.118 - - [09/Sep/2022:10:37:41 -0700] "GET /home/fig22/busan22d.jpg HTTP/1.1" 200 35419 "https://ysfine.com/home/bio22.html" "Mozilla/5.0 (Linux; Android 5.1.1; KFSUWI) AppleWebKit/537.36 (KHTML, like Gecko) Silk/102.4.13 like Chrome/102.0.5005.171 Safari/537.36" "ysfine.com"
173.73.80.118 - - [09/Sep/2022:10:37:41 -0700] "GET /home/tallm53f.jpg HTTP/1.1" 200 132310 "https://ysfine.com/home/bio22.html" "Mozilla/5.0 (Linux; Android 5.1.1; KFSUWI) AppleWebKit/537.36 (KHTML, like Gecko) Silk/102.4.13 like Chrome/102.0.5005.171 Safari/537.36" "ysfine.com"
173.73.80.118 - - [09/Sep/2022:10:37:41 -0700] "GET /home/fig22/ys53d.jpg HTTP/1.1" 200 47161 "https://ysfine.com/home/bio22.html" "Mozilla/5.0 (Linux; Android 5.1.1; KFSUWI) AppleWebKit/537.36 (KHTML, like Gecko) Silk/102.4.13 like Chrome/102.0.5005.171 Safari/537.36" "ysfine.com"
173.73.80.118 - - [09/Sep/2022:10:37:41 -0700] "GET /home/fig22/tallm11d.jpg HTTP/1.1" 200 32321 "https://ysfine.com/home/bio22.html" "Mozilla/5.0 (Linux; Android 5.1.1; KFSUWI) AppleWebKit/537.36 (KHTML, like Gecko) Silk/102.4.13 like Chrome/102.0.5005.171 Safari/537.36" "ysfine.com"
173.73.80.118 - - [09/Sep/2022:10:37:41 -0700] "GET /home/fotos/photo04d.jpg HTTP/1.1" 200 61007 "https://ysfine.com/home/bio22.html" "Mozilla/5.0 (Linux; Android 5.1.1; KFSUWI) AppleWebKit/537.36 (KHTML, like Gecko) Silk/102.4.13 like Chrome/102.0.5005.171 Safari/537.36" "ysfine.com"
173.73.80.118 - - [09/Sep/2022:10:37:41 -0700] "GET /home/fotos/wigner62d.jpg HTTP/1.1" 200 82402 "https://ysfine.com/home/bio22.html" "Mozilla/5.0 (Linux; Android 5.1.1; KFSUWI) AppleWebKit/537.36 (KHTML, like Gecko) Silk/102.4.13 like Chrome/102.0.5005.171 Safari/537.36" "ysfine.com"
173.73.80.118 - - [09/Sep/2022:10:37:41 -0700] "GET /home/fotos/photo03d.jpg HTTP/1.1" 200 33647 "https://ysfine.com/home/bio22.html" "Mozilla/5.0 (Linux; Android 5.1.1; KFSUWI) AppleWebKit/537.36 (KHTML, like Gecko) Silk/102.4.13 like Chrome/102.0.5005.171 Safari/537.36" "ysfine.com"
173.73.80.118 - - [09/Sep/2022:10:37:41 -0700] "GET /home/fotos/photo05d.jpg HTTP/1.1" 200 61216 "https://ysfine.com/home/bio22.html" "Mozilla/5.0 (Linux; Android 5.1.1; KFSUWI) AppleWebKit/537.36 (KHTML, like Gecko) Silk/102.4.13 like Chrome/102.0.5005.171 Safari/537.36" "ysfine.com"
173.73.80.118 - - [09/Sep/2022:10:37:41 -0700] "GET /home/figs/gtown47d.jpg HTTP/1.1" 200 46996 "https://ysfine.com/home/bio22.html" "Mozilla/5.0 (Linux; Android 5.1.1; KFSUWI) AppleWebKit/537.36 (KHTML, like Gecko) Silk/102.4.13 like Chrome/102.0.5005.171 Safari/537.36" "ysfine.com"
173.73.80.118 - - [09/Sep/2022:10:37:41 -0700] "GET /home/pungsin11f.jpg HTTP/1.1" 200 68536 "https://ysfine.com/home/bio22.html" "Mozilla/5.0 (Linux; Android 5.1.1; KFSUWI) AppleWebKit/537.36 (KHTML, like Gecko) Silk/102.4.13 like Chrome/102.0.5005.171 Safari/537.36" "ysfine.com"
173.73.80.118 - - [09/Sep/2022:10:37:41 -0700] "GET /home/figs/waskor042d.jpg HTTP/1.1" 200 43502 "https://ysfine.com/home/bio22.html" "Mozilla/5.0 (Linux; Android 5.1.1; KFSUWI) AppleWebKit/537.36 (KHTML, like Gecko) Silk/102.4.13 like Chrome/102.0.5005.171 Safari/537.36" "ysfine.com"
173.73.80.118 - - [09/Sep/2022:10:37:41 -0700] "GET /home/kiwi86f.jpg HTTP/1.1" 200 91790 "https://ysfine.com/home/bio22.html" "Mozilla/5.0 (Linux; Android 5.1.1; KFSUWI) AppleWebKit/537.36 (KHTML, like Gecko) Silk/102.4.13 like Chrome/102.0.5005.171 Safari/537.36" "ysfine.com"
173.73.80.118 - - [09/Sep/2022:10:37:41 -0700] "GET /einstein/einbohr11c.jpg HTTP/1.1" 200 40181 "https://ysfine.com/home/bio22.html" "Mozilla/5.0 (Linux; Android 5.1.1; KFSUWI) AppleWebKit/537.36 (KHTML, like Gecko) Silk/102.4.13 like Chrome/102.0.5005.171 Safari/537.36" "ysfine.com"
173.73.80.118 - - [09/Sep/2022:10:37:41 -0700] "GET /home/top21c.jpg HTTP/1.1" 200 53120 "https://ysfine.com/home/bio22.html" "Mozilla/5.0 (Linux; Android 5.1.1; KFSUWI) AppleWebKit/537.36 (KHTML, like Gecko) Silk/102.4.13 like Chrome/102.0.5005.171 Safari/537.36" "ysfine.com"
173.73.80.118 - - [09/Sep/2022:10:37:41 -0700] "GET /awards/wsj450.jpg HTTP/1.1" 200 67847 "https://ysfine.com/home/bio22.html" "Mozilla/5.0 (Linux; Android 5.1.1; KFSUWI) AppleWebKit/537.36 (KHTML, like Gecko) Silk/102.4.13 like Chrome/102.0.5005.171 Safari/537.36" "ysfine.com"
173.73.80.118 - - [09/Sep/2022:10:37:41 -0700] "GET /home/eward33f.jpg HTTP/1.1" 200 86617 "https://ysfine.com/home/bio22.html" "Mozilla/5.0 (Linux; Android 5.1.1; KFSUWI) AppleWebKit/537.36 (KHTML, like Gecko) Silk/102.4.13 like Chrome/102.0.5005.171 Safari/537.36" "ysfine.com"
