173.73.80.118 - - [09/Sep/2022:12:14:40 -0700] "GET /home/pgh/sliderule2.jpg HTTP/1.1" 200 26399 "https://ysfine.com/home/bio44" "Mozilla/5.0 (Windows NT 10.0; Win64; x64) AppleWebKit/537.36 (KHTML, like Gecko) Chrome/104.0.5112.102 Safari/537.36" "ysfine.com"
173.73.80.118 - - [09/Sep/2022:12:14:40 -0700] "GET /kobak/samsung11b.jpg HTTP/1.1" 200 29084 "https://ysfine.com/home/bio44" "Mozilla/5.0 (Windows NT 10.0; Win64; x64) AppleWebKit/537.36 (KHTML, like Gecko) Chrome/104.0.5112.102 Safari/537.36" "ysfine.com"
173.73.80.118 - - [09/Sep/2022:12:14:40 -0700] "GET /home/pgh/tririver01b.jpg HTTP/1.1" 200 33477 "https://ysfine.com/home/bio44" "Mozilla/5.0 (Windows NT 10.0; Win64; x64) AppleWebKit/537.36 (KHTML, like Gecko) Chrome/104.0.5112.102 Safari/537.36" "ysfine.com"
173.73.80.118 - - [09/Sep/2022:12:14:40 -0700] "GET /home/pgh/fortpitt07b.jpg HTTP/1.1" 200 54745 "https://ysfine.com/home/bio44" "Mozilla/5.0 (Windows NT 10.0; Win64; x64) AppleWebKit/537.36 (KHTML, like Gecko) Chrome/104.0.5112.102 Safari/537.36" "ysfine.com"
173.73.80.118 - - [09/Sep/2022:12:14:40 -0700] "GET /home/pgh/fortpitt02b.jpg HTTP/1.1" 200 33944 "https://ysfine.com/home/bio44" "Mozilla/5.0 (Windows NT 10.0; Win64; x64) AppleWebKit/537.36 (KHTML, like Gecko) Chrome/104.0.5112.102 Safari/537.36" "ysfine.com"
173.73.80.118 - - [09/Sep/2022:12:14:40 -0700] "GET /home/pgh/mtwash02b.jpg HTTP/1.1" 200 24526 "https://ysfine.com/home/bio44" "Mozilla/5.0 (Windows NT 10.0; Win64; x64) AppleWebKit/537.36 (KHTML, like Gecko) Chrome/104.0.5112.102 Safari/537.36" "ysfine.com"
173.73.80.118 - - [09/Sep/2022:12:14:40 -0700] "GET /home/pgh/pitbridge01b.jpg HTTP/1.1" 200 40959 "https://ysfine.com/home/bio44" "Mozilla/5.0 (Windows NT 10.0; Win64; x64) AppleWebKit/537.36 (KHTML, like Gecko) Chrome/104.0.5112.102 Safari/537.36" "ysfine.com"
173.73.80.118 - - [09/Sep/2022:12:14:40 -0700] "GET /home/pgh/highland03b.jpg HTTP/1.1" 200 25113 "https://ysfine.com/home/bio44" "Mozilla/5.0 (Windows NT 10.0; Win64; x64) AppleWebKit/537.36 (KHTML, like Gecko) Chrome/104.0.5112.102 Safari/537.36" "ysfine.com"
173.73.80.118 - - [09/Sep/2022:12:14:41 -0700] "GET /home/pgh/pitmap03b.jpg HTTP/1.1" 200 56177 "https://ysfine.com/home/bio44" "Mozilla/5.0 (Windows NT 10.0; Win64; x64) AppleWebKit/537.36 (KHTML, like Gecko) Chrome/104.0.5112.102 Safari/537.36" "ysfine.com"
173.73.80.118 - - [09/Sep/2022:12:14:41 -0700] "GET /home/pgh/donner03b.jpg HTTP/1.1" 200 44291 "https://ysfine.com/home/bio44" "Mozilla/5.0 (Windows NT 10.0; Win64; x64) AppleWebKit/537.36 (KHTML, like Gecko) Chrome/104.0.5112.102 Safari/537.36" "ysfine.com"
173.73.80.118 - - [09/Sep/2022:12:14:41 -0700] "GET /home/pgh/heinzfld03b.jpg HTTP/1.1" 200 604034 "https://ysfine.com/home/bio44" "Mozilla/5.0 (Windows NT 10.0; Win64; x64) AppleWebKit/537.36 (KHTML, like Gecko) Chrome/104.0.5112.102 Safari/537.36" "ysfine.com"
173.73.80.118 - - [09/Sep/2022:12:14:41 -0700] "GET /home/pgh/donner07b.jpg HTTP/1.1" 200 49625 "https://ysfine.com/home/bio44" "Mozilla/5.0 (Windows NT 10.0; Win64; x64) AppleWebKit/537.36 (KHTML, like Gecko) Chrome/104.0.5112.102 Safari/537.36" "ysfine.com"
173.73.80.118 - - [09/Sep/2022:12:14:41 -0700] "GET /home/pgh/pitcn02b.jpg HTTP/1.1" 200 34422 "https://ysfine.com/home/bio44" "Mozilla/5.0 (Windows NT 10.0; Win64; x64) AppleWebKit/537.36 (KHTML, like Gecko) Chrome/104.0.5112.102 Safari/537.36" "ysfine.com"
173.73.80.118 - - [09/Sep/2022:12:14:41 -0700] "GET /home/pgh/poli55b.jpg HTTP/1.1" 200 39961 "https://ysfine.com/home/bio44" "Mozilla/5.0 (Windows NT 10.0; Win64; x64) AppleWebKit/537.36 (KHTML, like Gecko) Chrome/104.0.5112.102 Safari/537.36" "ysfine.com"
173.73.80.118 - - [09/Sep/2022:12:14:41 -0700] "GET /home/pgh/pitcn01b.jpg HTTP/1.1" 200 45484 "https://ysfine.com/home/bio44" "Mozilla/5.0 (Windows NT 10.0; Win64; x64) AppleWebKit/537.36 (KHTML, like Gecko) Chrome/104.0.5112.102 Safari/537.36" "ysfine.com"
173.73.80.118 - - [09/Sep/2022:12:14:41 -0700] "GET /home/pgh/poli33b.jpg HTTP/1.1" 200 26807 "https://ysfine.com/home/bio44" "Mozilla/5.0 (Windows NT 10.0; Win64; x64) AppleWebKit/537.36 (KHTML, like Gecko) Chrome/104.0.5112.102 Safari/537.36" "ysfine.com"
173.73.80.118 - - [09/Sep/2022:12:14:41 -0700] "GET /home/pgh/scotam2.jpg HTTP/1.1" 200 46187 "https://ysfine.com/home/bio44" "Mozilla/5.0 (Windows NT 10.0; Win64; x64) AppleWebKit/537.36 (KHTML, like Gecko) Chrome/104.0.5112.102 Safari/537.36" "ysfine.com"
173.73.80.118 - - [09/Sep/2022:12:14:41 -0700] "GET /home/pgh/giants55b.jpg HTTP/1.1" 200 44448 "https://ysfine.com/home/bio44" "Mozilla/5.0 (Windows NT 10.0; Win64; x64) AppleWebKit/537.36 (KHTML, like Gecko) Chrome/104.0.5112.102 Safari/537.36" "ysfine.com"
40.77.167.35 - - [09/Sep/2022:12:16:00 -0700] "GET /newyork/plazahotel01b.jpg HTTP/1.1" 200 45922 "-" "Mozilla/5.0 (compatible; bingbot/2.0; +http://www.bing.com/bingbot.htm)" "ysfine.com"
173.73.80.118 - - [09/Sep/2022:12:16:37 -0700] "GET /home/bio44 HTTP/1.1" 200 14094 "-" "Mozilla/5.0 (Windows NT 10.0; Win64; x64; rv:104.0) Gecko/20100101 Firefox/104.0" "ysfine.com"
173.73.80.118 - - [09/Sep/2022:12:16:37 -0700] "GET /home/ys5458g.jpg HTTP/1.1" 200 109717 "https://ysfine.com/home/bio44" "Mozilla/5.0 (Windows NT 10.0; Win64; x64; rv:104.0) Gecko/20100101 Firefox/104.0" "ysfine.com"
173.73.80.118 - - [09/Sep/2022:12:16:37 -0700] "GET /home/pgh/giants55d.jpg HTTP/1.1" 404 88 "https://ysfine.com/home/bio44" "Mozilla/5.0 (Windows NT 10.0; Win64; x64; rv:104.0) Gecko/20100101 Firefox/104.0" "ysfine.com"
51.222.253.19 - - [09/Sep/2022:12:16:43 -0700] "GET /wdc/was69kor.html HTTP/1.1" 200 304 "-" "Mozilla/5.0 (compatible; AhrefsBot/7.0; +http://ahrefs.com/robot/)" "www.ysfine.com"
66.249.70.30 - - [09/Sep/2022:12:17:10 -0700] "GET /home/covar.html HTTP/1.1" 404 88 "-" "Mozilla/5.0 (Linux; Android 6.0.1; Nexus 5X Build/MMB29P) AppleWebKit/537.36 (KHTML, like Gecko) Chrome/104.0.5112.101 Mobile Safari/537.36 (compatible; Googlebot/2.1; +http://www.google.com/bot.html)" "ysfine.com"
40.77.167.33 - - [09/Sep/2022:12:17:32 -0700] "GET /feynman/ppic/quantum01c.jpg HTTP/1.1" 200 24878 "-" "Mozilla/5.0 (compatible; bingbot/2.0; +http://www.bing.com/bingbot.htm)" "www.ysfine.com"
173.73.80.118 - - [09/Sep/2022:12:17:49 -0700] "GET /home/bio44 HTTP/1.1" 304 - "-" "Mozilla/5.0 (Windows NT 10.0; Win64; x64; rv:104.0) Gecko/20100101 Firefox/104.0" "ysfine.com"
173.73.80.118 - - [09/Sep/2022:12:17:49 -0700] "GET /home/pgh/giants55d.jpg HTTP/1.1" 200 63685 "https://ysfine.com/home/bio44" "Mozilla/5.0 (Windows NT 10.0; Win64; x64; rv:104.0) Gecko/20100101 Firefox/104.0" "ysfine.com"
199.60.119.202 - - [09/Sep/2022:12:17:51 -0700] "GET /kobak/sl628.jpg HTTP/1.1" 200 225100 "https://www.google.ca/" "Mozilla/5.0 (Windows NT 10.0; Win64; x64) AppleWebKit/537.36 (KHTML, like Gecko) Chrome/105.0.0.0 Safari/537.36 Edg/105.0.1343.27" "ysfine.com"
92.3.179.148 - - [09/Sep/2022:12:18:11 -0700] "GET /feynman/fphoto.html HTTP/1.1" 200 3714 "https://www.google.com/" "Mozilla/5.0 (Linux; Android 12; SAMSUNG SM-A426B) AppleWebKit/537.36 (KHTML, like Gecko) SamsungBrowser/18.0 Chrome/99.0.4844.88 Mobile Safari/537.36" "ysfine.com"
92.3.179.148 - - [09/Sep/2022:12:18:14 -0700] "GET /feynman/feynma2.jpg HTTP/1.1" 200 41543 "https://ysfine.com/feynman/fphoto.html" "Mozilla/5.0 (Linux; Android 12; SAMSUNG SM-A426B) AppleWebKit/537.36 (KHTML, like Gecko) SamsungBrowser/18.0 Chrome/99.0.4844.88 Mobile Safari/537.36" "ysfine.com"
92.3.179.148 - - [09/Sep/2022:12:18:14 -0700] "GET /feynman/feyn86b.jpg HTTP/1.1" 200 26190 "https://ysfine.com/feynman/fphoto.html" "Mozilla/5.0 (Linux; Android 12; SAMSUNG SM-A426B) AppleWebKit/537.36 (KHTML, like Gecko) SamsungBrowser/18.0 Chrome/99.0.4844.88 Mobile Safari/537.36" "ysfine.com"
92.3.179.148 - - [09/Sep/2022:12:18:14 -0700] "GET /feynman/chapline2.jpg HTTP/1.1" 200 36026 "https://ysfine.com/feynman/fphoto.html" "Mozilla/5.0 (Linux; Android 12; SAMSUNG SM-A426B) AppleWebKit/537.36 (KHTML, like Gecko) SamsungBrowser/18.0 Chrome/99.0.4844.88 Mobile Safari/537.36" "ysfine.com"
92.3.179.148 - - [09/Sep/2022:12:18:14 -0700] "GET /feynman/feyprince2.jpg HTTP/1.1" 200 49143 "https://ysfine.com/feynman/fphoto.html" "Mozilla/5.0 (Linux; Android 12; SAMSUNG SM-A426B) AppleWebKit/537.36 (KHTML, like Gecko) SamsungBrowser/18.0 Chrome/99.0.4844.88 Mobile Safari/537.36" "ysfine.com"
92.3.179.148 - - [09/Sep/2022:12:18:14 -0700] "GET /feynman/feybongo55b.jpg HTTP/1.1" 200 41455 "https://ysfine.com/feynman/fphoto.html" "Mozilla/5.0 (Linux; Android 12; SAMSUNG SM-A426B) AppleWebKit/537.36 (KHTML, like Gecko) SamsungBrowser/18.0 Chrome/99.0.4844.88 Mobile Safari/537.36" "ysfine.com"
92.3.179.148 - - [09/Sep/2022:12:18:14 -0700] "GET /world/latina/rio025b.jpg HTTP/1.1" 200 39082 "https://ysfine.com/feynman/fphoto.html" "Mozilla/5.0 (Linux; Android 12; SAMSUNG SM-A426B) AppleWebKit/537.36 (KHTML, like Gecko) SamsungBrowser/18.0 Chrome/99.0.4844.88 Mobile Safari/537.36" "ysfine.com"
199.60.119.202 - - [09/Sep/2022:12:18:16 -0700] "GET /world/kor/sel803.jpg HTTP/1.1" 200 195155 "https://www.google.ca/" "Mozilla/5.0 (Windows NT 10.0; Win64; x64) AppleWebKit/537.36 (KHTML, like Gecko) Chrome/105.0.0.0 Safari/537.36 Edg/105.0.1343.27" "ysfine.com"
199.60.119.202 - - [09/Sep/2022:12:18:19 -0700] "GET /world/kor/sel803.jpg HTTP/1.1" 200 195155 "https://www.google.ca/" "Mozilla/5.0 (Windows NT 10.0; Win64; x64) AppleWebKit/537.36 (KHTML, like Gecko) Chrome/105.0.0.0 Safari/537.36 Edg/105.0.1343.27" "ysfine.com"
66.249.70.3 - - [09/Sep/2022:12:19:49 -0700] "GET /world/brit/2014lon01b.jpg HTTP/1.1" 200 47261 "-" "Googlebot-Image/1.0" "ysfine.com"
173.73.80.118 - - [09/Sep/2022:12:20:10 -0700] "GET /home/bio44 HTTP/1.1" 200 14094 "-" "Mozilla/5.0 (Windows NT 10.0; Win64; x64; rv:104.0) Gecko/20100101 Firefox/104.0" "ysfine.com"
164.58.0.94 - - [09/Sep/2022:12:20:43 -0700] "GET /kobak/rhee28.jpg HTTP/1.1" 200 216656 "https://www.google.com/" "Mozilla/5.0 (Windows NT 6.1) AppleWebKit/537.36 (KHTML, like Gecko) Chrome/105.0.0.0 Safari/537.36" "ysfine.com"
213.166.157.19 - - [09/Sep/2022:12:20:53 -0700] "GET /wigner/supper650.jpg HTTP/1.1" 200 60839 "https://www.google.com/" "Mozilla/5.0 (iPhone; CPU iPhone OS 15_5 like Mac OS X) AppleWebKit/605.1.15 (KHTML, like Gecko) Version/15.5 Mobile/15E148 Safari/604.1" "ysfine.com"
40.77.167.33 - - [09/Sep/2022:12:21:43 -0700] "GET /newyork/wtc04.jpg HTTP/1.1" 200 174067 "-" "Mozilla/5.0 (compatible; bingbot/2.0; +http://www.bing.com/bingbot.htm)" "ysfine.com"
173.73.80.118 - - [09/Sep/2022:12:21:53 -0700] "GET /home/bio44 HTTP/1.1" 200 14101 "-" "Mozilla/5.0 (Windows NT 10.0; Win64; x64; rv:104.0) Gecko/20100101 Firefox/104.0" "ysfine.com"
173.73.80.118 - - [09/Sep/2022:12:22:17 -0700] "GET /home/pgh/scotam.jpg HTTP/1.1" 200 152247 "https://ysfine.com/home/bio44" "Mozilla/5.0 (Windows NT 10.0; Win64; x64; rv:104.0) Gecko/20100101 Firefox/104.0" "ysfine.com"
173.73.80.118 - - [09/Sep/2022:12:22:24 -0700] "GET /home/pgh/kiltie.jpg HTTP/1.1" 200 83355 "https://ysfine.com/home/bio44" "Mozilla/5.0 (Windows NT 10.0; Win64; x64; rv:104.0) Gecko/20100101 Firefox/104.0" "ysfine.com"
173.73.80.118 - - [09/Sep/2022:12:22:29 -0700] "GET /home/pgh/emblem01.jpg HTTP/1.1" 200 134378 "https://ysfine.com/home/bio44" "Mozilla/5.0 (Windows NT 10.0; Win64; x64; rv:104.0) Gecko/20100101 Firefox/104.0" "ysfine.com"
58.250.125.161 - - [09/Sep/2022:12:22:31 -0700] "GET / HTTP/1.1" 200 5283 "-" "Sogou web spider/4.0(+http://www.sogou.com/docs/help/webmasters.htm#07)" "ysfine.com"
66.249.70.4 - - [09/Sep/2022:12:22:34 -0700] "GET /maga/ewk.html HTTP/1.1" 404 88 "-" "Mozilla/5.0 (Linux; Android 6.0.1; Nexus 5X Build/MMB29P) AppleWebKit/537.36 (KHTML, like Gecko) Chrome/104.0.5112.101 Mobile Safari/537.36 (compatible; Googlebot/2.1; +http://www.google.com/bot.html)" "ysfine.com"
173.73.80.118 - - [09/Sep/2022:12:23:36 -0700] "GET /home/bio44 HTTP/1.1" 200 14102 "-" "Mozilla/5.0 (Windows NT 10.0; Win64; x64; rv:104.0) Gecko/20100101 Firefox/104.0" "ysfine.com"
173.73.80.118 - - [09/Sep/2022:12:24:01 -0700] "GET /home/pgh/scotkrk.jpg HTTP/1.1" 200 101142 "https://ysfine.com/home/bio44" "Mozilla/5.0 (Windows NT 10.0; Win64; x64; rv:104.0) Gecko/20100101 Firefox/104.0" "ysfine.com"
173.73.80.118 - - [09/Sep/2022:12:24:15 -0700] "GET /people/sbt11b.jpg HTTP/1.1" 200 29397 "https://ysfine.com/people/pimage.html" "Mozilla/5.0 (Windows NT 10.0; Win64; x64; rv:104.0) Gecko/20100101 Firefox/104.0" "ysfine.com"
173.73.80.118 - - [09/Sep/2022:12:24:16 -0700] "GET /princeton/nphd2.jpg HTTP/1.1" 200 42916 "https://ysfine.com/people/pimage.html" "Mozilla/5.0 (Windows NT 10.0; Win64; x64; rv:104.0) Gecko/20100101 Firefox/104.0" "ysfine.com"
173.73.80.118 - - [09/Sep/2022:12:24:16 -0700] "GET /princeton/pcomm01b.jpg HTTP/1.1" 200 46796 "https://ysfine.com/people/pimage.html" "Mozilla/5.0 (Windows NT 10.0; Win64; x64; rv:104.0) Gecko/20100101 Firefox/104.0" "ysfine.com"
173.73.80.118 - - [09/Sep/2022:12:24:16 -0700] "GET /wigner/neum/pvn05b.jpg HTTP/1.1" 200 45464 "https://ysfine.com/people/pimage.html" "Mozilla/5.0 (Windows NT 10.0; Win64; x64; rv:104.0) Gecko/20100101 Firefox/104.0" "ysfine.com"
173.73.80.118 - - [09/Sep/2022:12:24:16 -0700] "GET /wigner/fitch02b.jpg HTTP/1.1" 200 33167 "https://ysfine.com/people/pimage.html" "Mozilla/5.0 (Windows NT 10.0; Win64; x64; rv:104.0) Gecko/20100101 Firefox/104.0" "ysfine.com"
173.73.80.118 - - [09/Sep/2022:12:24:16 -0700] "GET /feynman/feyjad33b.jpg HTTP/1.1" 200 32306 "https://ysfine.com/people/pimage.html" "Mozilla/5.0 (Windows NT 10.0; Win64; x64; rv:104.0) Gecko/20100101 Firefox/104.0" "ysfine.com"
173.73.80.118 - - [09/Sep/2022:12:24:16 -0700] "GET /people/wheemaine2.jpg HTTP/1.1" 200 34617 "https://ysfine.com/people/pimage.html" "Mozilla/5.0 (Windows NT 10.0; Win64; x64; rv:104.0) Gecko/20100101 Firefox/104.0" "ysfine.com"
173.73.80.118 - - [09/Sep/2022:12:24:16 -0700] "GET /people/redgreen2.jpg HTTP/1.1" 200 54064 "https://ysfine.com/people/pimage.html" "Mozilla/5.0 (Windows NT 10.0; Win64; x64; rv:104.0) Gecko/20100101 Firefox/104.0" "ysfine.com"
173.73.80.118 - - [09/Sep/2022:12:24:16 -0700] "GET /people/carnation61b.jpg HTTP/1.1" 200 48369 "https://ysfine.com/people/pimage.html" "Mozilla/5.0 (Windows NT 10.0; Win64; x64; rv:104.0) Gecko/20100101 Firefox/104.0" "ysfine.com"
173.73.80.118 - - [09/Sep/2022:12:24:16 -0700] "GET /beau/amkor/princelon01b.jpg HTTP/1.1" 404 88 "https://ysfine.com/people/pimage.html" "Mozilla/5.0 (Windows NT 10.0; Win64; x64; rv:104.0) Gecko/20100101 Firefox/104.0" "ysfine.com"
173.73.80.118 - - [09/Sep/2022:12:24:16 -0700] "GET /class54/taylor54d.jpg HTTP/1.1" 200 65653 "https://ysfine.com/people/pimage.html" "Mozilla/5.0 (Windows NT 10.0; Win64; x64; rv:104.0) Gecko/20100101 Firefox/104.0" "ysfine.com"
157.55.39.146 - - [09/Sep/2022:12:24:29 -0700] "GET /world/russ/minsk002b.jpg HTTP/1.1" 200 28977 "-" "Mozilla/5.0 (compatible; bingbot/2.0; +http://www.bing.com/bingbot.htm)" "ysfine.com"
173.73.80.118 - - [09/Sep/2022:12:25:18 -0700] "GET /home/bio44 HTTP/1.1" 200 14104 "-" "Mozilla/5.0 (Windows NT 10.0; Win64; x64; rv:104.0) Gecko/20100101 Firefox/104.0" "ysfine.com"
51.222.253.8 - - [09/Sep/2022:12:25:27 -0700] "GET /wdc/waskor.html HTTP/1.1" 200 7729 "-" "Mozilla/5.0 (compatible; AhrefsBot/7.0; +http://ahrefs.com/robot/)" "www.ysfine.com"
177.79.125.9 - - [09/Sep/2022:12:25:33 -0700] "GET /wigner/neum/vnc01.jpg HTTP/1.1" 200 133641 "-" "Mozilla/5.0 (Linux; Android 4.4.2; P40 Pro) AppleWebKit/537.36 (KHTML, like Gecko) Chrome/81.0.4044.138 Mobile Safari/537.36" "ysfine.com"
34.235.48.77 - - [09/Sep/2022:12:26:12 -0700] "GET /wisdom/wk01.html HTTP/1.1" 200 244605 "-" "Mozilla/5.0 (compatible)" "ysfine.com"
95.163.255.62 - - [09/Sep/2022:12:26:49 -0700] "GET /maga/phil/mao20.jpg HTTP/1.1" 200 96316 "-" "Mozilla/5.0 (compatible; Linux x86_64; Mail.RU_Bot/2.0; +https://help.mail.ru/webmaster/indexing/robots)" "ysfine.com"
77.88.5.221 - - [09/Sep/2022:12:29:44 -0700] "GET /feynman/feyprince.html HTTP/1.1" 200 440 "-" "Mozilla/5.0 (compatible; YandexBot/3.0; +http://yandex.com/bots)" "www.ysfine.com"
40.77.167.35 - - [09/Sep/2022:12:29:53 -0700] "GET /world/russ/kazan029.jpg HTTP/1.1" 200 101203 "-" "Mozilla/5.0 (compatible; bingbot/2.0; +http://www.bing.com/bingbot.htm)" "www.ysfine.com"
40.77.167.35 - - [09/Sep/2022:12:30:02 -0700] "GET /ffriends/amkor/koparis05.jpg HTTP/1.1" 200 118192 "-" "Mozilla/5.0 (compatible; bingbot/2.0; +http://www.bing.com/bingbot.htm)" "www.ysfine.com"
99.225.144.39 - - [09/Sep/2022:12:30:14 -0700] "GET /kobak/1014b.jpg HTTP/1.1" 200 42115 "https://www.bing.com/" "Mozilla/5.0 (Windows NT 10.0; Win64; x64) AppleWebKit/537.36 (KHTML, like Gecko) Chrome/105.0.0.0 Safari/537.36 Edg/105.0.1343.27" "www.ysfine.com"
95.163.255.64 - - [09/Sep/2022:12:30:16 -0700] "GET /world/ital/arno.jpg HTTP/1.1" 200 36626 "-" "Mozilla/5.0 (compatible; Linux x86_64; Mail.RU_Bot/2.0; +https://help.mail.ru/webmaster/indexing/robots)" "www.ysfine.com"
99.225.144.39 - - [09/Sep/2022:12:30:32 -0700] "GET /kobak/kohist.html HTTP/1.1" 200 6039 "https://www.bing.com/" "Mozilla/5.0 (Windows NT 10.0; Win64; x64) AppleWebKit/537.36 (KHTML, like Gecko) Chrome/105.0.0.0 Safari/537.36 Edg/105.0.1343.27" "www.ysfine.com"
99.225.144.39 - - [09/Sep/2022:12:30:32 -0700] "GET /kobak/rhee28b.jpg HTTP/1.1" 200 58445 "https://www.ysfine.com/kobak/kohist.html" "Mozilla/5.0 (Windows NT 10.0; Win64; x64) AppleWebKit/537.36 (KHTML, like Gecko) Chrome/105.0.0.0 Safari/537.36 Edg/105.0.1343.27" "www.ysfine.com"
99.225.144.39 - - [09/Sep/2022:12:30:32 -0700] "GET /kobak/rhee10b.jpg HTTP/1.1" 200 29337 "https://www.ysfine.com/kobak/kohist.html" "Mozilla/5.0 (Windows NT 10.0; Win64; x64) AppleWebKit/537.36 (KHTML, like Gecko) Chrome/105.0.0.0 Safari/537.36 Edg/105.0.1343.27" "www.ysfine.com"
99.225.144.39 - - [09/Sep/2022:12:30:32 -0700] "GET /kobak/yalta22b.jpg HTTP/1.1" 200 51369 "https://www.ysfine.com/kobak/kohist.html" "Mozilla/5.0 (Windows NT 10.0; Win64; x64) AppleWebKit/537.36 (KHTML, like Gecko) Chrome/105.0.0.0 Safari/537.36 Edg/105.0.1343.27" "www.ysfine.com"
99.225.144.39 - - [09/Sep/2022:12:30:32 -0700] "GET /kobak/yalta33b.jpg HTTP/1.1" 200 33354 "https://www.ysfine.com/kobak/kohist.html" "Mozilla/5.0 (Windows NT 10.0; Win64; x64) AppleWebKit/537.36 (KHTML, like Gecko) Chrome/105.0.0.0 Safari/537.36 Edg/105.0.1343.27" "www.ysfine.com"
99.225.144.39 - - [09/Sep/2022:12:30:32 -0700] "GET /world/russ/roskei10b.jpg HTTP/1.1" 200 36598 "https://www.ysfine.com/kobak/kohist.html" "Mozilla/5.0 (Windows NT 10.0; Win64; x64) AppleWebKit/537.36 (KHTML, like Gecko) Chrome/105.0.0.0 Safari/537.36 Edg/105.0.1343.27" "www.ysfine.com"
99.225.144.39 - - [09/Sep/2022:12:30:32 -0700] "GET /world/russ/roskei90b.jpg HTTP/1.1" 200 50111 "https://www.ysfine.com/kobak/kohist.html" "Mozilla/5.0 (Windows NT 10.0; Win64; x64) AppleWebKit/537.36 (KHTML, like Gecko) Chrome/105.0.0.0 Safari/537.36 Edg/105.0.1343.27" "www.ysfine.com"
99.225.144.39 - - [09/Sep/2022:12:30:32 -0700] "GET /kobak/rok48b.jpg HTTP/1.1" 200 66570 "https://www.ysfine.com/kobak/kohist.html" "Mozilla/5.0 (Windows NT 10.0; Win64; x64) AppleWebKit/537.36 (KHTML, like Gecko) Chrome/105.0.0.0 Safari/537.36 Edg/105.0.1343.27" "www.ysfine.com"
99.225.144.39 - - [09/Sep/2022:12:30:32 -0700] "GET /kobak/rheetr2.jpg HTTP/1.1" 200 43503 "https://www.ysfine.com/kobak/kohist.html" "Mozilla/5.0 (Windows NT 10.0; Win64; x64) AppleWebKit/537.36 (KHTML, like Gecko) Chrome/105.0.0.0 Safari/537.36 Edg/105.0.1343.27" "www.ysfine.com"
99.225.144.39 - - [09/Sep/2022:12:30:32 -0700] "GET /kobak/kimjap11b.jpg HTTP/1.1" 200 63075 "https://www.ysfine.com/kobak/kohist.html" "Mozilla/5.0 (Windows NT 10.0; Win64; x64) AppleWebKit/537.36 (KHTML, like Gecko) Chrome/105.0.0.0 Safari/537.36 Edg/105.0.1343.27" "www.ysfine.com"
99.225.144.39 - - [09/Sep/2022:12:30:32 -0700] "GET /kobak/1014b.jpg HTTP/1.1" 200 42115 "https://www.ysfine.com/kobak/kohist.html" "Mozilla/5.0 (Windows NT 10.0; Win64; x64) AppleWebKit/537.36 (KHTML, like Gecko) Chrome/105.0.0.0 Safari/537.36 Edg/105.0.1343.27" "www.ysfine.com"
99.225.144.39 - - [09/Sep/2022:12:30:33 -0700] "GET /favicon.ico HTTP/1.1" 404 88 "https://www.ysfine.com/kobak/kohist.html" "Mozilla/5.0 (Windows NT 10.0; Win64; x64) AppleWebKit/537.36 (KHTML, like Gecko) Chrome/105.0.0.0 Safari/537.36 Edg/105.0.1343.27" "www.ysfine.com"
40.77.167.27 - - [09/Sep/2022:12:30:51 -0700] "GET /yspapers/o33.pdf HTTP/1.1" 200 103038 "-" "Mozilla/5.0 (compatible; bingbot/2.0; +http://www.bing.com/bingbot.htm)" "www.ysfine.com"
40.77.167.35 - - [09/Sep/2022:12:30:52 -0700] "GET /dongio/belgistu01.jpg HTTP/1.1" 404 88 "-" "Mozilla/5.0 (compatible; bingbot/2.0; +http://www.bing.com/bingbot.htm)" "ysfine.com"
66.249.70.30 - - [09/Sep/2022:12:31:14 -0700] "GET /eink/eink51.jpg HTTP/1.1" 304 - "-" "Googlebot-Image/1.0" "ysfine.com"
173.73.80.118 - - [09/Sep/2022:12:31:20 -0700] "GET /usca/pgh22.html HTTP/1.1" 304 - "https://ysfine.com/home/bio44" "Mozilla/5.0 (Windows NT 10.0; Win64; x64; rv:104.0) Gecko/20100101 Firefox/104.0" "ysfine.com"
95.163.255.68 - - [09/Sep/2022:12:31:24 -0700] "GET /world/brit/cam12.jpg HTTP/1.1" 200 130855 "-" "Mozilla/5.0 (compatible; Linux x86_64; Mail.RU_Bot/2.0; +https://help.mail.ru/webmaster/indexing/robots)" "www.ysfine.com"
51.222.253.6 - - [09/Sep/2022:12:31:55 -0700] "GET /einstein/places/einmu17.jpg HTTP/1.1" 200 67347 "-" "Mozilla/5.0 (compatible; AhrefsBot/7.0; +http://ahrefs.com/robot/)" "ysfine.com"
66.249.70.30 - - [09/Sep/2022:12:32:01 -0700] "GET /dongio/aline/northwes03.jpg HTTP/1.1" 404 88 "-" "Googlebot-Image/1.0" "ysfine.com"
185.191.171.8 - - [09/Sep/2022:12:32:01 -0700] "GET /robots.txt HTTP/1.1" 404 88 "-" "Mozilla/5.0 (compatible; SemrushBot/7~bl; +http://www.semrush.com/bot.html)" "ysfine.com"
185.191.171.38 - - [09/Sep/2022:12:32:02 -0700] "GET /ffriends/asian.html HTTP/1.1" 200 6987 "-" "Mozilla/5.0 (compatible; SemrushBot/7~bl; +http://www.semrush.com/bot.html)" "ysfine.com"
66.249.70.30 - - [09/Sep/2022:12:32:34 -0700] "GET /einstein/eins47b.jpg HTTP/1.1" 304 - "-" "Googlebot-Image/1.0" "ysfine.com"
66.249.70.30 - - [09/Sep/2022:12:32:56 -0700] "GET /princeton/ias11.jpg HTTP/1.1" 304 - "-" "Googlebot-Image/1.0" "ysfine.com"
51.222.253.19 - - [09/Sep/2022:12:34:03 -0700] "GET /world/balkan/inophoto.html HTTP/1.1" 200 549 "-" "Mozilla/5.0 (compatible; AhrefsBot/7.0; +http://ahrefs.com/robot/)" "ysfine.com"
173.73.80.118 - - [09/Sep/2022:12:34:37 -0700] "GET /usca/pitt/giants55.jpg HTTP/1.1" 200 107276 "https://ysfine.com/usca/pgh22.html" "Mozilla/5.0 (Windows NT 10.0; Win64; x64; rv:104.0) Gecko/20100101 Firefox/104.0" "ysfine.com"
157.55.39.146 - - [09/Sep/2022:12:34:39 -0700] "GET /wisdom/quovadis22b.jpg HTTP/1.1" 200 49600 "-" "Mozilla/5.0 (compatible; bingbot/2.0; +http://www.bing.com/bingbot.htm)" "ysfine.com"
40.77.167.35 - - [09/Sep/2022:12:34:43 -0700] "GET /dongio/french.html HTTP/1.1" 404 88 "-" "Mozilla/5.0 (compatible; bingbot/2.0; +http://www.bing.com/bingbot.htm)" "www.ysfine.com"
40.77.167.33 - - [09/Sep/2022:12:34:48 -0700] "GET /maga/galileo.html HTTP/1.1" 200 4725 "-" "Mozilla/5.0 (compatible; bingbot/2.0; +http://www.bing.com/bingbot.htm)" "www.ysfine.com"
40.77.167.33 - - [09/Sep/2022:12:34:48 -0700] "GET /class54/index.html HTTP/1.1" 200 2553 "-" "Mozilla/5.0 (compatible; bingbot/2.0; +http://www.bing.com/bingbot.htm)" "www.ysfine.com"
40.77.167.27 - - [09/Sep/2022:12:34:52 -0700] "GET /world/istanbul.html HTTP/1.1" 200 11361 "-" "Mozilla/5.0 (compatible; bingbot/2.0; +http://www.bing.com/bingbot.htm)" "www.ysfine.com"
40.77.167.28 - - [09/Sep/2022:12:34:52 -0700] "GET /houses/myhouse.html HTTP/1.1" 200 1473 "-" "Mozilla/5.0 (compatible; bingbot/2.0; +http://www.bing.com/bingbot.htm)" "www.ysfine.com"
40.77.167.35 - - [09/Sep/2022:12:34:53 -0700] "GET /world/jeru.html HTTP/1.1" 200 6991 "-" "Mozilla/5.0 (compatible; bingbot/2.0; +http://www.bing.com/bingbot.htm)" "www.ysfine.com"
157.55.39.146 - - [09/Sep/2022:12:34:53 -0700] "GET /wigner/wigpoinc.html HTTP/1.1" 200 6586 "-" "Mozilla/5.0 (compatible; bingbot/2.0; +http://www.bing.com/bingbot.htm)" "www.ysfine.com"
157.55.39.146 - - [09/Sep/2022:12:34:53 -0700] "GET /maga/poincare.html HTTP/1.1" 200 7726 "-" "Mozilla/5.0 AppleWebKit/537.36 (KHTML, like Gecko; compatible; bingbot/2.0; +http://www.bing.com/bingbot.htm) Chrome/103.0.5060.134 Safari/537.36" "www.ysfine.com"
157.55.39.146 - - [09/Sep/2022:12:34:53 -0700] "GET /maga/galtime.html HTTP/1.1" 200 1944 "-" "Mozilla/5.0 (compatible; bingbot/2.0; +http://www.bing.com/bingbot.htm)" "www.ysfine.com"
173.73.80.118 - - [09/Sep/2022:12:34:54 -0700] "GET /usca/pgh22.html HTTP/1.1" 304 - "https://ysfine.com/home/bio44" "Mozilla/5.0 (Windows NT 10.0; Win64; x64; rv:104.0) Gecko/20100101 Firefox/104.0" "ysfine.com"
40.77.167.27 - - [09/Sep/2022:12:35:03 -0700] "GET /wdc/pershing11.jpg HTTP/1.1" 200 112062 "-" "Mozilla/5.0 (compatible; bingbot/2.0; +http://www.bing.com/bingbot.htm)" "www.ysfine.com"
40.77.167.27 - - [09/Sep/2022:12:35:03 -0700] "GET /yspapers/index.html HTTP/1.1" 200 21306 "-" "Mozilla/5.0 (compatible; bingbot/2.0; +http://www.bing.com/bingbot.htm)" "www.ysfine.com"
40.77.167.28 - - [09/Sep/2022:12:35:09 -0700] "GET /einstein/maxein.html HTTP/1.1" 200 2651 "-" "Mozilla/5.0 (compatible; bingbot/2.0; +http://www.bing.com/bingbot.htm)" "www.ysfine.com"
95.163.255.81 - - [09/Sep/2022:12:35:14 -0700] "GET /robots.txt HTTP/1.1" 404 73 "-" "Mozilla/5.0 (compatible; Linux x86_64; Mail.RU_Bot/Img/2.0; +https://help.mail.ru/webmaster/indexing/robots)" "ysfine.com"
114.119.128.143 - - [09/Sep/2022:12:35:41 -0700] "GET /class54/class5470/total_data/sub_313.htm HTTP/1.1" 200 3303 "https://ysfine.com/class54/class5470/total_data/sub_315.htm" "Mozilla/5.0 (Linux; Android 7.0;) AppleWebKit/537.36 (KHTML, like Gecko) Mobile Safari/537.36 (compatible; PetalBot;+https://webmaster.petalsearch.com/site/petalbot)" "ysfine.com"
40.77.167.27 - - [09/Sep/2022:12:35:52 -0700] "GET /dongio/ukital.jpg HTTP/1.1" 404 88 "-" "Mozilla/5.0 (compatible; bingbot/2.0; +http://www.bing.com/bingbot.htm)" "ysfine.com"
173.73.80.118 - - [09/Sep/2022:12:36:45 -0700] "GET /usca/pgh22.html HTTP/1.1" 304 - "https://ysfine.com/home/bio44" "Mozilla/5.0 (Windows NT 10.0; Win64; x64; rv:104.0) Gecko/20100101 Firefox/104.0" "ysfine.com"
173.73.80.118 - - [09/Sep/2022:12:38:11 -0700] "GET /usca/pgh22.html HTTP/1.1" 200 11392 "https://ysfine.com/home/bio44" "Mozilla/5.0 (Windows NT 10.0; Win64; x64; rv:104.0) Gecko/20100101 Firefox/104.0" "ysfine.com"
17.121.113.114 - - [09/Sep/2022:12:38:11 -0700] "GET /dirac/wigsis.html HTTP/1.1" 200 10275 "-" "Mozilla/5.0 (Macintosh; Intel Mac OS X 10_15_5) AppleWebKit/605.1.15 (KHTML, like Gecko) Version/13.1.1 Safari/605.1.15 (Applebot/0.1; +http://www.apple.com/go/applebot)" "ysfine.com"
173.73.80.118 - - [09/Sep/2022:12:38:11 -0700] "GET /usca/pitt/giants55d.jpg HTTP/1.1" 200 63693 "https://ysfine.com/usca/pgh22.html" "Mozilla/5.0 (Windows NT 10.0; Win64; x64; rv:104.0) Gecko/20100101 Firefox/104.0" "ysfine.com"
114.119.128.154 - - [09/Sep/2022:12:38:22 -0700] "GET /class54/class5470/total_data/photo_img/5-1.jpg HTTP/1.1" 200 225397 "https://ysfine.com/class54/class5470/total_data/sub_501.htm" "Mozilla/5.0 (Linux; Android 7.0;) AppleWebKit/537.36 (KHTML, like Gecko) Mobile Safari/537.36 (compatible; PetalBot;+https://webmaster.petalsearch.com/site/petalbot)" "ysfine.com"
185.191.171.7 - - [09/Sep/2022:12:38:29 -0700] "GET /dongio/twosist.html HTTP/1.1" 404 88 "-" "Mozilla/5.0 (compatible; SemrushBot/7~bl; +http://www.semrush.com/bot.html)" "www.ysfine.com"
40.77.167.27 - - [09/Sep/2022:12:39:13 -0700] "GET /maga/invent/inductmo2.jpg HTTP/1.1" 200 40426 "-" "Mozilla/5.0 (compatible; bingbot/2.0; +http://www.bing.com/bingbot.htm)" "www.ysfine.com"
95.163.255.80 - - [09/Sep/2022:12:39:16 -0700] "GET /world/china/china021.jpg HTTP/1.1" 200 140010 "http://go.mail.ru/search_images" "Mozilla/5.0 (compatible; Linux x86_64; Mail.RU_Bot/Img/2.0; +https://help.mail.ru/webmaster/indexing/robots)" "ysfine.com"
173.73.80.118 - - [09/Sep/2022:12:39:31 -0700] "GET /usca/pgh22.html HTTP/1.1" 200 11391 "https://ysfine.com/home/bio44" "Mozilla/5.0 (Windows NT 10.0; Win64; x64; rv:104.0) Gecko/20100101 Firefox/104.0" "ysfine.com"
157.55.39.146 - - [09/Sep/2022:12:39:41 -0700] "GET /style/musee/orsaym17.jpg HTTP/1.1" 200 158378 "-" "Mozilla/5.0 (compatible; bingbot/2.0; +http://www.bing.com/bingbot.htm)" "www.ysfine.com"
185.191.171.6 - - [09/Sep/2022:12:40:06 -0700] "GET /usca/pitt/westifn.html HTTP/1.1" 200 1525 "-" "Mozilla/5.0 (compatible; SemrushBot/7~bl; +http://www.semrush.com/bot.html)" "www.ysfine.com"
114.119.128.162 - - [09/Sep/2022:12:40:19 -0700] "GET /confer/newsgr.html HTTP/1.1" 200 944 "https://www.ysfine.com/confer/inbot.html" "Mozilla/5.0 (Linux; Android 7.0;) AppleWebKit/537.36 (KHTML, like Gecko) Mobile Safari/537.36 (compatible; PetalBot;+https://webmaster.petalsearch.com/site/petalbot)" "www.ysfine.com"
40.77.167.35 - - [09/Sep/2022:12:40:34 -0700] "GET /wigner/neum/ararat.jpg HTTP/1.1" 200 26256 "-" "Mozilla/5.0 (compatible; bingbot/2.0; +http://www.bing.com/bingbot.htm)" "www.ysfine.com"
54.236.1.11 - - [09/Sep/2022:12:40:35 -0700] "GET /robots.txt HTTP/1.1" 404 88 "-" "Mozilla/5.0 (compatible; Pinterestbot/1.0; +http://www.pinterest.com/bot.html)" "ysfine.com"
54.236.1.11 - - [09/Sep/2022:12:40:35 -0700] "GET / HTTP/1.1" 200 5283 "-" "Mozilla/5.0 (compatible; Pinterestbot/1.0; +http://www.pinterest.com/bot.html)" "ysfine.com"
40.77.167.33 - - [09/Sep/2022:12:40:38 -0700] "GET /world/france/stras30c.jpg HTTP/1.1" 200 34002 "-" "Mozilla/5.0 (compatible; bingbot/2.0; +http://www.bing.com/bingbot.htm)" "www.ysfine.com"
173.73.80.118 - - [09/Sep/2022:12:40:41 -0700] "GET /home/bio44.html?fbclid=IwAR0ry_q5eWTCfg8IDIQqtu9ebjKeIWomKvsvyEq-Ivu7KKF9on7EiaF1-UI HTTP/1.1" 200 14104 "https://l.facebook.com/" "Mozilla/5.0 (Windows NT 10.0; Win64; x64) AppleWebKit/537.36 (KHTML, like Gecko) Chrome/105.0.0.0 Safari/537.36" "ysfine.com"
173.73.80.118 - - [09/Sep/2022:12:40:41 -0700] "GET /home/pgh/giants55d.jpg HTTP/1.1" 200 63685 "https://ysfine.com/home/bio44.html?fbclid=IwAR0ry_q5eWTCfg8IDIQqtu9ebjKeIWomKvsvyEq-Ivu7KKF9on7EiaF1-UI" "Mozilla/5.0 (Windows NT 10.0; Win64; x64) AppleWebKit/537.36 (KHTML, like Gecko) Chrome/105.0.0.0 Safari/537.36" "ysfine.com"
51.222.253.7 - - [09/Sep/2022:12:41:37 -0700] "GET /class54/class5470/total_data/sub_2110.htm HTTP/1.1" 200 3396 "-" "Mozilla/5.0 (compatible; AhrefsBot/7.0; +http://ahrefs.com/robot/)" "ysfine.com"
51.222.253.6 - - [09/Sep/2022:12:41:39 -0700] "GET /class54/class5470/total_data/refer_img/2-111_f.jpg HTTP/1.1" 200 30927 "-" "Mozilla/5.0 (compatible; AhrefsBot/7.0; +http://ahrefs.com/robot/)" "ysfine.com"
51.222.253.8 - - [09/Sep/2022:12:41:40 -0700] "GET /class54/class5470/total_data/refer_img/2-108_f.jpg HTTP/1.1" 200 26886 "-" "Mozilla/5.0 (compatible; AhrefsBot/7.0; +http://ahrefs.com/robot/)" "ysfine.com"
51.222.253.18 - - [09/Sep/2022:12:41:40 -0700] "GET /class54/class5470/total_data/refer_img/2-116_f.jpg HTTP/1.1" 200 28335 "-" "Mozilla/5.0 (compatible; AhrefsBot/7.0; +http://ahrefs.com/robot/)" "ysfine.com"
51.222.253.7 - - [09/Sep/2022:12:41:41 -0700] "GET /class54/class5470/total_data/refer_img/2-124_f.jpg HTTP/1.1" 200 24494 "-" "Mozilla/5.0 (compatible; AhrefsBot/7.0; +http://ahrefs.com/robot/)" "ysfine.com"
51.222.253.6 - - [09/Sep/2022:12:41:41 -0700] "GET /class54/class5470/total_data/refer_img/2-105_f.jpg HTTP/1.1" 200 38971 "-" "Mozilla/5.0 (compatible; AhrefsBot/7.0; +http://ahrefs.com/robot/)" "ysfine.com"
51.222.253.16 - - [09/Sep/2022:12:41:42 -0700] "GET /class54/class5470/total_data/refer_img/2-110_f.jpg HTTP/1.1" 200 46637 "-" "Mozilla/5.0 (compatible; AhrefsBot/7.0; +http://ahrefs.com/robot/)" "ysfine.com"
51.222.253.5 - - [09/Sep/2022:12:41:42 -0700] "GET /class54/class5470/total_data/refer_img/2-123_f.jpg HTTP/1.1" 200 43997 "-" "Mozilla/5.0 (compatible; AhrefsBot/7.0; +http://ahrefs.com/robot/)" "ysfine.com"
51.222.253.13 - - [09/Sep/2022:12:41:43 -0700] "GET /class54/class5470/total_data/refer_img/2-119_f.jpg HTTP/1.1" 200 32788 "-" "Mozilla/5.0 (compatible; AhrefsBot/7.0; +http://ahrefs.com/robot/)" "ysfine.com"
51.222.253.5 - - [09/Sep/2022:12:41:44 -0700] "GET /class54/class5470/total_data/refer_img/2-117_f.jpg HTTP/1.1" 200 39146 "-" "Mozilla/5.0 (compatible; AhrefsBot/7.0; +http://ahrefs.com/robot/)" "ysfine.com"
51.222.253.14 - - [09/Sep/2022:12:41:45 -0700] "GET /class54/class5470/total_data/refer_img/2-112_f.jpg HTTP/1.1" 200 26477 "-" "Mozilla/5.0 (compatible; AhrefsBot/7.0; +http://ahrefs.com/robot/)" "ysfine.com"
51.222.253.1 - - [09/Sep/2022:12:41:45 -0700] "GET /class54/class5470/total_data/img/sm05_off.gif HTTP/1.1" 200 542 "-" "Mozilla/5.0 (compatible; AhrefsBot/7.0; +http://ahrefs.com/robot/)" "ysfine.com"
51.222.253.18 - - [09/Sep/2022:12:41:46 -0700] "GET /class54/class5470/total_data/img/02_title.gif HTTP/1.1" 200 4864 "-" "Mozilla/5.0 (compatible; AhrefsBot/7.0; +http://ahrefs.com/robot/)" "ysfine.com"
51.222.253.5 - - [09/Sep/2022:12:41:46 -0700] "GET /class54/class5470/total_data/refer_img/2-103_f.jpg HTTP/1.1" 200 29992 "-" "Mozilla/5.0 (compatible; AhrefsBot/7.0; +http://ahrefs.com/robot/)" "ysfine.com"
51.222.253.1 - - [09/Sep/2022:12:41:47 -0700] "GET /class54/class5470/total_data/img/sm01_on.gif HTTP/1.1" 200 382 "-" "Mozilla/5.0 (compatible; AhrefsBot/7.0; +http://ahrefs.com/robot/)" "ysfine.com"
51.222.253.7 - - [09/Sep/2022:12:41:48 -0700] "GET /class54/class5470/total_data/refer_img/2-109_f.jpg HTTP/1.1" 200 29094 "-" "Mozilla/5.0 (compatible; AhrefsBot/7.0; +http://ahrefs.com/robot/)" "ysfine.com"
51.222.253.8 - - [09/Sep/2022:12:41:49 -0700] "GET /class54/class5470/total_data/img/02_smtitle110.gif HTTP/1.1" 200 786 "-" "Mozilla/5.0 (compatible; AhrefsBot/7.0; +http://ahrefs.com/robot/)" "ysfine.com"
51.222.253.17 - - [09/Sep/2022:12:41:49 -0700] "GET /class54/class5470/total_data/refer_img/2-104_f.jpg HTTP/1.1" 200 29498 "-" "Mozilla/5.0 (compatible; AhrefsBot/7.0; +http://ahrefs.com/robot/)" "ysfine.com"
51.222.253.13 - - [09/Sep/2022:12:41:50 -0700] "GET /class54/class5470/total_data/refer_img/2-122_f.jpg HTTP/1.1" 200 33725 "-" "Mozilla/5.0 (compatible; AhrefsBot/7.0; +http://ahrefs.com/robot/)" "ysfine.com"
51.222.253.14 - - [09/Sep/2022:12:41:51 -0700] "GET /class54/class5470/total_data/refer_img/2-118_f.jpg HTTP/1.1" 200 26111 "-" "Mozilla/5.0 (compatible; AhrefsBot/7.0; +http://ahrefs.com/robot/)" "ysfine.com"
51.222.253.12 - - [09/Sep/2022:12:41:52 -0700] "GET /class54/class5470/total_data/refer_img/2-115_f.jpg HTTP/1.1" 200 29218 "-" "Mozilla/5.0 (compatible; AhrefsBot/7.0; +http://ahrefs.com/robot/)" "ysfine.com"
51.222.253.8 - - [09/Sep/2022:12:41:52 -0700] "GET /class54/class5470/total_data/refer_img/2-120_f.jpg HTTP/1.1" 200 32623 "-" "Mozilla/5.0 (compatible; AhrefsBot/7.0; +http://ahrefs.com/robot/)" "ysfine.com"
51.222.253.13 - - [09/Sep/2022:12:41:52 -0700] "GET /class54/class5470/total_data/refer_img/2-101_f.jpg HTTP/1.1" 200 44986 "-" "Mozilla/5.0 (compatible; AhrefsBot/7.0; +http://ahrefs.com/robot/)" "ysfine.com"
51.222.253.12 - - [09/Sep/2022:12:41:53 -0700] "GET /class54/class5470/total_data/refer_img/2-102_f.jpg HTTP/1.1" 200 41609 "-" "Mozilla/5.0 (compatible; AhrefsBot/7.0; +http://ahrefs.com/robot/)" "ysfine.com"
51.222.253.14 - - [09/Sep/2022:12:41:53 -0700] "GET /class54/class5470/total_data/photo_img/2-110.jpg HTTP/1.1" 200 464846 "-" "Mozilla/5.0 (compatible; AhrefsBot/7.0; +http://ahrefs.com/robot/)" "ysfine.com"
51.222.253.7 - - [09/Sep/2022:12:41:54 -0700] "GET /class54/class5470/total_data/img/02_smline.gif HTTP/1.1" 200 2437 "-" "Mozilla/5.0 (compatible; AhrefsBot/7.0; +http://ahrefs.com/robot/)" "ysfine.com"
51.222.253.3 - - [09/Sep/2022:12:41:54 -0700] "GET /class54/class5470/total_data/refer_img/2-121_f.jpg HTTP/1.1" 200 35514 "-" "Mozilla/5.0 (compatible; AhrefsBot/7.0; +http://ahrefs.com/robot/)" "ysfine.com"
51.222.253.20 - - [09/Sep/2022:12:41:55 -0700] "GET /class54/class5470/total_data/refer_img/2-113_f.jpg HTTP/1.1" 200 25761 "-" "Mozilla/5.0 (compatible; AhrefsBot/7.0; +http://ahrefs.com/robot/)" "ysfine.com"
51.222.253.12 - - [09/Sep/2022:12:41:56 -0700] "GET /class54/class5470/total_data/img/sm04_on.gif HTTP/1.1" 200 392 "-" "Mozilla/5.0 (compatible; AhrefsBot/7.0; +http://ahrefs.com/robot/)" "ysfine.com"
51.222.253.16 - - [09/Sep/2022:12:41:56 -0700] "GET /class54/class5470/total_data/refer_img/2-100_f.jpg HTTP/1.1" 200 30216 "-" "Mozilla/5.0 (compatible; AhrefsBot/7.0; +http://ahrefs.com/robot/)" "ysfine.com"
51.222.253.18 - - [09/Sep/2022:12:41:56 -0700] "GET /class54/class5470/total_data/refer_img/2-114_f.jpg HTTP/1.1" 200 29358 "-" "Mozilla/5.0 (compatible; AhrefsBot/7.0; +http://ahrefs.com/robot/)" "ysfine.com"
51.222.253.1 - - [09/Sep/2022:12:41:57 -0700] "GET /class54/class5470/total_data/refer_img/2-107_f.jpg HTTP/1.1" 200 28394 "-" "Mozilla/5.0 (compatible; AhrefsBot/7.0; +http://ahrefs.com/robot/)" "ysfine.com"
185.191.171.17 - - [09/Sep/2022:12:42:23 -0700] "GET /wdc/capitol01.jpgg HTTP/1.1" 404 88 "-" "Mozilla/5.0 (compatible; SemrushBot/7~bl; +http://www.semrush.com/bot.html)" "ysfine.com"
222.75.12.78 - - [09/Sep/2022:12:42:27 -0700] "GET / HTTP/1.1" 200 5283 "-" "Mozilla/5.0 (Windows NT 10.0; Win64; x64) AppleWebKit/537.36 (KHTML, like Gecko) Chrome/85.0.4183.121 Safari/537.36" "ysfine.com"
40.77.167.28 - - [09/Sep/2022:12:42:44 -0700] "GET /world/wdleft.html HTTP/1.1" 200 610 "-" "Mozilla/5.0 (compatible; bingbot/2.0; +http://www.bing.com/bingbot.htm)" "ysfine.com"
95.163.255.70 - - [09/Sep/2022:12:42:44 -0700] "GET /kowar/mil/gmc01.jpg HTTP/1.1" 404 88 "http://go.mail.ru/search_images" "Mozilla/5.0 (compatible; Linux x86_64; Mail.RU_Bot/Img/2.0; +https://help.mail.ru/webmaster/indexing/robots)" "ysfine.com"
40.77.167.35 - - [09/Sep/2022:12:43:03 -0700] "GET /kowar/tanks/tank05c.jpg HTTP/1.1" 200 33583 "-" "Mozilla/5.0 (compatible; bingbot/2.0; +http://www.bing.com/bingbot.htm)" "www.ysfine.com"
40.77.167.33 - - [09/Sep/2022:12:44:25 -0700] "GET /world/germany/oktf11.jpg HTTP/1.1" 200 114734 "-" "Mozilla/5.0 (compatible; bingbot/2.0; +http://www.bing.com/bingbot.htm)" "www.ysfine.com"
114.119.128.14 - - [09/Sep/2022:12:44:52 -0700] "GET /home/hmrigh.html HTTP/1.1" 200 4212 "http://www.jewage.org/wiki/ru/Article:Eugene_Wigner_-_Biography" "Mozilla/5.0 (Linux; Android 7.0;) AppleWebKit/537.36 (KHTML, like Gecko) Mobile Safari/537.36 (compatible; PetalBot;+https://webmaster.petalsearch.com/site/petalbot)" "ysfine.com"
40.77.167.35 - - [09/Sep/2022:12:45:03 -0700] "GET /world/germany/hofbrau66.jpg HTTP/1.1" 200 115336 "-" "Mozilla/5.0 (compatible; bingbot/2.0; +http://www.bing.com/bingbot.htm)" "ysfine.com"
114.119.128.14 - - [09/Sep/2022:12:45:30 -0700] "GET /dirac/dirbot.html HTTP/1.1" 200 130 "-" "Mozilla/5.0 (Linux; Android 7.0;) AppleWebKit/537.36 (KHTML, like Gecko) Mobile Safari/537.36 (compatible; PetalBot;+https://webmaster.petalsearch.com/site/petalbot)" "www.ysfine.com"
114.119.128.14 - - [09/Sep/2022:12:45:31 -0700] "GET /dirac/dirleft.html HTTP/1.1" 200 716 "https://www.ysfine.com/dirac/dirbot.html" "Mozilla/5.0 (Linux; Android 7.0;) AppleWebKit/537.36 (KHTML, like Gecko) Mobile Safari/537.36 (compatible; PetalBot;+https://webmaster.petalsearch.com/site/petalbot)" "www.ysfine.com"
114.119.128.14 - - [09/Sep/2022:12:45:31 -0700] "GET /dirac/dirkim.html HTTP/1.1" 200 3690 "https://www.ysfine.com/dirac/dirbot.html" "Mozilla/5.0 (Linux; Android 7.0;) AppleWebKit/537.36 (KHTML, like Gecko) Mobile Safari/537.36 (compatible; PetalBot;+https://webmaster.petalsearch.com/site/petalbot)" "www.ysfine.com"
37.160.129.168 - - [09/Sep/2022:12:46:03 -0700] "GET /style/bstring33.jpg HTTP/1.1" 200 105412 "https://www.google.com/" "Mozilla/5.0 (Linux; Android 10; M2003J15SC) AppleWebKit/537.36 (KHTML, like Gecko) Chrome/105.0.0.0 Mobile Safari/537.36" "ysfine.com"
95.163.255.90 - - [09/Sep/2022:12:46:17 -0700] "GET /wigner/neum/pvn01.jpg HTTP/1.1" 200 74196 "http://go.mail.ru/search_images" "Mozilla/5.0 (compatible; Linux x86_64; Mail.RU_Bot/Img/2.0; +https://help.mail.ru/webmaster/indexing/robots)" "ysfine.com"
189.154.205.22 - - [09/Sep/2022:12:46:25 -0700] "GET /kobak/seoul75.jpg HTTP/1.1" 404 88 "https://www.skyscrapercity.com/" "Mozilla/5.0 (Linux; Android 11; SM-A505G) AppleWebKit/537.36 (KHTML, like Gecko) Chrome/105.0.0.0 Mobile Safari/537.36" "ysfine.com"
40.77.167.35 - - [09/Sep/2022:12:46:33 -0700] "GET /world/kalinin.html HTTP/1.1" 304 - "-" "Mozilla/5.0 (compatible; bingbot/2.0; +http://www.bing.com/bingbot.htm)" "www.ysfine.com"
114.119.128.14 - - [09/Sep/2022:12:46:40 -0700] "GET /class54/class5470/total_data/photo_img/8-13.jpg HTTP/1.1" 200 208724 "https://ysfine.com/class54/class5470/total_data/sub_813.htm" "Mozilla/5.0 (Linux; Android 7.0;) AppleWebKit/537.36 (KHTML, like Gecko) Mobile Safari/537.36 (compatible; PetalBot;+https://webmaster.petalsearch.com/site/petalbot)" "ysfine.com"
5.188.210.87 - - [09/Sep/2022:12:46:42 -0700] "GET /world/travel.html HTTP/1.1" 200 5186 "https://www.ysfine.com/world/travel.html" "Mozilla/5.0 (Windows NT 6.3; Win64; x64) AppleWebKit/537.36 (KHTML, like Gecko) Chrome/90.0.4430.85 Safari/537.36" "www.ysfine.com"
5.188.210.87 - - [09/Sep/2022:12:46:42 -0700] "GET / HTTP/1.1" 200 15910 "https://www.ysfine.com/" "Mozilla/5.0 (Windows NT 6.3; Win64; x64) AppleWebKit/537.36 (KHTML, like Gecko) Chrome/90.0.4430.85 Safari/537.36" "www.ysfine.com"
86.20.76.93 - - [09/Sep/2022:12:46:44 -0700] "GET /dirac/wigsis.html HTTP/1.1" 200 10275 "https://www.google.com/" "Mozilla/5.0 (Windows NT 10.0; Win64; x64) AppleWebKit/537.36 (KHTML, like Gecko) Chrome/105.0.0.0 Safari/537.36" "ysfine.com"
86.20.76.93 - - [09/Sep/2022:12:46:44 -0700] "GET /dirac/wigsis22.jpg HTTP/1.1" 200 39975 "https://ysfine.com/dirac/wigsis.html" "Mozilla/5.0 (Windows NT 10.0; Win64; x64) AppleWebKit/537.36 (KHTML, like Gecko) Chrome/105.0.0.0 Safari/537.36" "ysfine.com"
86.20.76.93 - - [09/Sep/2022:12:46:44 -0700] "GET /dirac/dirac63b.jpg HTTP/1.1" 200 41617 "https://ysfine.com/dirac/wigsis.html" "Mozilla/5.0 (Windows NT 10.0; Win64; x64) AppleWebKit/537.36 (KHTML, like Gecko) Chrome/105.0.0.0 Safari/537.36" "ysfine.com"
86.20.76.93 - - [09/Sep/2022:12:46:45 -0700] "GET /princeton/annex11b.jpg HTTP/1.1" 200 39639 "https://ysfine.com/dirac/wigsis.html" "Mozilla/5.0 (Windows NT 10.0; Win64; x64) AppleWebKit/537.36 (KHTML, like Gecko) Chrome/105.0.0.0 Safari/537.36" "ysfine.com"
86.20.76.93 - - [09/Sep/2022:12:46:45 -0700] "GET /dirac/dirwig33b.jpg HTTP/1.1" 200 11663 "https://ysfine.com/dirac/wigsis.html" "Mozilla/5.0 (Windows NT 10.0; Win64; x64) AppleWebKit/537.36 (KHTML, like Gecko) Chrome/105.0.0.0 Safari/537.36" "ysfine.com"
86.20.76.93 - - [09/Sep/2022:12:46:45 -0700] "GET /dirac/michaels22.jpg HTTP/1.1" 200 47473 "https://ysfine.com/dirac/wigsis.html" "Mozilla/5.0 (Windows NT 10.0; Win64; x64) AppleWebKit/537.36 (KHTML, like Gecko) Chrome/105.0.0.0 Safari/537.36" "ysfine.com"
86.20.76.93 - - [09/Sep/2022:12:46:45 -0700] "GET /dirac/hazi22.jpg HTTP/1.1" 200 37344 "https://ysfine.com/dirac/wigsis.html" "Mozilla/5.0 (Windows NT 10.0; Win64; x64) AppleWebKit/537.36 (KHTML, like Gecko) Chrome/105.0.0.0 Safari/537.36" "ysfine.com"
86.20.76.93 - - [09/Sep/2022:12:46:45 -0700] "GET /dirac/dirac84b.jpg HTTP/1.1" 200 42763 "https://ysfine.com/dirac/wigsis.html" "Mozilla/5.0 (Windows NT 10.0; Win64; x64) AppleWebKit/537.36 (KHTML, like Gecko) Chrome/105.0.0.0 Safari/537.36" "ysfine.com"
86.20.76.93 - - [09/Sep/2022:12:46:45 -0700] "GET /feynman/feydirac270.jpg HTTP/1.1" 200 59000 "https://ysfine.com/dirac/wigsis.html" "Mozilla/5.0 (Windows NT 10.0; Win64; x64) AppleWebKit/537.36 (KHTML, like Gecko) Chrome/105.0.0.0 Safari/537.36" "ysfine.com"
86.20.76.93 - - [09/Sep/2022:12:46:45 -0700] "GET /world/poland/jablo01b.jpg HTTP/1.1" 200 39801 "https://ysfine.com/dirac/wigsis.html" "Mozilla/5.0 (Windows NT 10.0; Win64; x64) AppleWebKit/537.36 (KHTML, like Gecko) Chrome/105.0.0.0 Safari/537.36" "ysfine.com"
86.20.76.93 - - [09/Sep/2022:12:46:45 -0700] "GET /world/poland/jablo08b.jpg HTTP/1.1" 200 42070 "https://ysfine.com/dirac/wigsis.html" "Mozilla/5.0 (Windows NT 10.0; Win64; x64) AppleWebKit/537.36 (KHTML, like Gecko) Chrome/105.0.0.0 Safari/537.36" "ysfine.com"
86.20.76.93 - - [09/Sep/2022:12:46:45 -0700] "GET /world/poland/jablo19b.jpg HTTP/1.1" 200 49913 "https://ysfine.com/dirac/wigsis.html" "Mozilla/5.0 (Windows NT 10.0; Win64; x64) AppleWebKit/537.36 (KHTML, like Gecko) Chrome/105.0.0.0 Safari/537.36" "ysfine.com"
86.20.76.93 - - [09/Sep/2022:12:46:45 -0700] "GET /world/poland/jablo20b.jpg HTTP/1.1" 200 41339 "https://ysfine.com/dirac/wigsis.html" "Mozilla/5.0 (Windows NT 10.0; Win64; x64) AppleWebKit/537.36 (KHTML, like Gecko) Chrome/105.0.0.0 Safari/537.36" "ysfine.com"
86.20.76.93 - - [09/Sep/2022:12:46:46 -0700] "GET /dirac/jablo62b.jpg HTTP/1.1" 200 42817 "https://ysfine.com/dirac/wigsis.html" "Mozilla/5.0 (Windows NT 10.0; Win64; x64) AppleWebKit/537.36 (KHTML, like Gecko) Chrome/105.0.0.0 Safari/537.36" "ysfine.com"
86.20.76.93 - - [09/Sep/2022:12:46:46 -0700] "GET /kobak/nicodem11b.jpg HTTP/1.1" 200 79065 "https://ysfine.com/dirac/wigsis.html" "Mozilla/5.0 (Windows NT 10.0; Win64; x64) AppleWebKit/537.36 (KHTML, like Gecko) Chrome/105.0.0.0 Safari/537.36" "ysfine.com"
86.20.76.93 - - [09/Sep/2022:12:46:46 -0700] "GET /dirac/dirackim6201.jpg HTTP/1.1" 200 51283 "https://ysfine.com/dirac/wigsis.html" "Mozilla/5.0 (Windows NT 10.0; Win64; x64) AppleWebKit/537.36 (KHTML, like Gecko) Chrome/105.0.0.0 Safari/537.36" "ysfine.com"
86.20.76.93 - - [09/Sep/2022:12:46:46 -0700] "GET /dirac/dirackim6202.jpg HTTP/1.1" 200 51465 "https://ysfine.com/dirac/wigsis.html" "Mozilla/5.0 (Windows NT 10.0; Win64; x64) AppleWebKit/537.36 (KHTML, like Gecko) Chrome/105.0.0.0 Safari/537.36" "ysfine.com"
86.20.76.93 - - [09/Sep/2022:12:46:46 -0700] "GET /dirac/hyperell2.jpg HTTP/1.1" 200 29858 "https://ysfine.com/dirac/wigsis.html" "Mozilla/5.0 (Windows NT 10.0; Win64; x64) AppleWebKit/537.36 (KHTML, like Gecko) Chrome/105.0.0.0 Safari/537.36" "ysfine.com"
86.20.76.93 - - [09/Sep/2022:12:46:46 -0700] "GET /dirac/dirackn33b.jpg HTTP/1.1" 200 48200 "https://ysfine.com/dirac/wigsis.html" "Mozilla/5.0 (Windows NT 10.0; Win64; x64) AppleWebKit/537.36 (KHTML, like Gecko) Chrome/105.0.0.0 Safari/537.36" "ysfine.com"
86.20.76.93 - - [09/Sep/2022:12:46:46 -0700] "GET /eink/eink61c.jpg HTTP/1.1" 200 34119 "https://ysfine.com/dirac/wigsis.html" "Mozilla/5.0 (Windows NT 10.0; Win64; x64) AppleWebKit/537.36 (KHTML, like Gecko) Chrome/105.0.0.0 Safari/537.36" "ysfine.com"
86.20.76.93 - - [09/Sep/2022:12:46:46 -0700] "GET /favicon.ico HTTP/1.1" 404 88 "https://ysfine.com/dirac/wigsis.html" "Mozilla/5.0 (Windows NT 10.0; Win64; x64) AppleWebKit/537.36 (KHTML, like Gecko) Chrome/105.0.0.0 Safari/537.36" "ysfine.com"
98.42.137.53 - - [09/Sep/2022:12:47:00 -0700] "GET /world/kor/sel803.jpg HTTP/1.1" 200 195155 "https://www.google.com/" "Mozilla/5.0 (Linux; Android 12; SM-S906U1) AppleWebKit/537.36 (KHTML, like Gecko) Chrome/105.0.0.0 Mobile Safari/537.36" "ysfine.com"
40.77.167.33 - - [09/Sep/2022:12:47:16 -0700] "GET /sbk/2007verein.jpg HTTP/1.1" 200 114552 "-" "Mozilla/5.0 (compatible; bingbot/2.0; +http://www.bing.com/bingbot.htm)" "ysfine.com"
114.119.128.14 - - [09/Sep/2022:12:48:29 -0700] "GET /newyork/gwbr77c.jpg HTTP/1.1" 200 23925 "https://ysfine.com/newyork/nyc.html" "Mozilla/5.0 (Linux; Android 7.0;) AppleWebKit/537.36 (KHTML, like Gecko) Mobile Safari/537.36 (compatible; PetalBot;+https://webmaster.petalsearch.com/site/petalbot)" "ysfine.com"
185.191.171.3 - - [09/Sep/2022:12:48:38 -0700] "GET /class54/class5470/total_data/sub_414.htm HTTP/1.1" 200 3204 "-" "Mozilla/5.0 (compatible; SemrushBot/7~bl; +http://www.semrush.com/bot.html)" "ysfine.com"
80.0.11.118 - - [09/Sep/2022:12:49:33 -0700] "GET /kobak/1014c.jpg HTTP/1.1" 200 164928 "https://www.google.com/" "Mozilla/5.0 (Linux; Android 12; SM-A135F Build/SP1A.210812.016; wv) AppleWebKit/537.36 (KHTML, like Gecko) Version/4.0 Chrome/104.0.5112.97 Mobile Safari/537.36 GoogleApp/13.34.12.26.arm" "ysfine.com"
51.222.253.12 - - [09/Sep/2022:12:49:44 -0700] "GET /home/marq.html HTTP/1.1" 200 3268 "-" "Mozilla/5.0 (compatible; AhrefsBot/7.0; +http://ahrefs.com/robot/)" "ysfine.com"
51.222.253.19 - - [09/Sep/2022:12:49:47 -0700] "GET /home/fotos/einhaus450.jpg HTTP/1.1" 200 65369 "-" "Mozilla/5.0 (compatible; AhrefsBot/7.0; +http://ahrefs.com/robot/)" "ysfine.com"
51.222.253.7 - - [09/Sep/2022:12:49:47 -0700] "GET /home/family18d.jpg HTTP/1.1" 200 69135 "-" "Mozilla/5.0 (compatible; AhrefsBot/7.0; +http://ahrefs.com/robot/)" "ysfine.com"
51.222.253.12 - - [09/Sep/2022:12:49:48 -0700] "GET /home/fotos/bridge11d.jpg HTTP/1.1" 200 55851 "-" "Mozilla/5.0 (compatible; AhrefsBot/7.0; +http://ahrefs.com/robot/)" "ysfine.com"
51.222.253.7 - - [09/Sep/2022:12:49:48 -0700] "GET /kobak/swr51c.jpg HTTP/1.1" 200 35677 "-" "Mozilla/5.0 (compatible; AhrefsBot/7.0; +http://ahrefs.com/robot/)" "ysfine.com"
51.222.253.17 - - [09/Sep/2022:12:49:49 -0700] "GET /home/handsome22f.jpg HTTP/1.1" 200 122334 "-" "Mozilla/5.0 (compatible; AhrefsBot/7.0; +http://ahrefs.com/robot/)" "ysfine.com"
51.222.253.4 - - [09/Sep/2022:12:49:50 -0700] "GET /home/fotos/bohr11d.jpg HTTP/1.1" 200 28973 "-" "Mozilla/5.0 (compatible; AhrefsBot/7.0; +http://ahrefs.com/robot/)" "ysfine.com"
40.77.167.35 - - [09/Sep/2022:12:50:04 -0700] "GET /dirac/dirk6202.jpg HTTP/1.1" 200 62459 "-" "Mozilla/5.0 (compatible; bingbot/2.0; +http://www.bing.com/bingbot.htm)" "ysfine.com"
114.119.128.158 - - [09/Sep/2022:12:50:18 -0700] "GET /home/tables%5Ctab33f.jpg HTTP/1.1" 404 88 "https://ysfine.com/home/bio33a.html" "Mozilla/5.0 (Linux; Android 7.0;) AppleWebKit/537.36 (KHTML, like Gecko) Mobile Safari/537.36 (compatible; PetalBot;+https://webmaster.petalsearch.com/site/petalbot)" "ysfine.com"
