51.222.253.1 - - [09/Sep/2022:17:44:35 -0700] "GET /feynman/feybongo77c.jpg HTTP/1.1" 200 25947 "-" "Mozilla/5.0 (compatible; AhrefsBot/7.0; +http://ahrefs.com/robot/)" "www.ysfine.com"
51.222.253.8 - - [09/Sep/2022:17:44:35 -0700] "GET /yspapers/hosc2by2c.jpg HTTP/1.1" 200 34523 "-" "Mozilla/5.0 (compatible; AhrefsBot/7.0; +http://ahrefs.com/robot/)" "www.ysfine.com"
51.222.253.16 - - [09/Sep/2022:17:44:36 -0700] "GET /yspapers/restof05c.jpg HTTP/1.1" 200 21825 "-" "Mozilla/5.0 (compatible; AhrefsBot/7.0; +http://ahrefs.com/robot/)" "www.ysfine.com"
51.222.253.1 - - [09/Sep/2022:17:44:36 -0700] "GET /yspapers/eintao77c.jpg HTTP/1.1" 200 45084 "-" "Mozilla/5.0 (compatible; AhrefsBot/7.0; +http://ahrefs.com/robot/)" "www.ysfine.com"
51.222.253.8 - - [09/Sep/2022:17:44:36 -0700] "GET /yspapers/cover22c.jpg HTTP/1.1" 200 27008 "-" "Mozilla/5.0 (compatible; AhrefsBot/7.0; +http://ahrefs.com/robot/)" "www.ysfine.com"
51.222.253.14 - - [09/Sep/2022:17:44:37 -0700] "GET /yspapers/ortho66c.jpg HTTP/1.1" 200 27511 "-" "Mozilla/5.0 (compatible; AhrefsBot/7.0; +http://ahrefs.com/robot/)" "www.ysfine.com"
51.222.253.2 - - [09/Sep/2022:17:44:37 -0700] "GET /yspapers/goodbad11c.jpg HTTP/1.1" 200 18689 "-" "Mozilla/5.0 (compatible; AhrefsBot/7.0; +http://ahrefs.com/robot/)" "www.ysfine.com"
51.222.253.18 - - [09/Sep/2022:17:44:38 -0700] "GET /yspapers/feynrio55c.jpg HTTP/1.1" 200 55222 "-" "Mozilla/5.0 (compatible; AhrefsBot/7.0; +http://ahrefs.com/robot/)" "www.ysfine.com"
51.222.253.10 - - [09/Sep/2022:17:44:38 -0700] "GET /yspapers/parton66f.jpg HTTP/1.1" 200 85165 "-" "Mozilla/5.0 (compatible; AhrefsBot/7.0; +http://ahrefs.com/robot/)" "www.ysfine.com"
51.222.253.1 - - [09/Sep/2022:17:44:39 -0700] "GET /yspapers/isomor88f.jpg HTTP/1.1" 200 87213 "-" "Mozilla/5.0 (compatible; AhrefsBot/7.0; +http://ahrefs.com/robot/)" "www.ysfine.com"
51.222.253.14 - - [09/Sep/2022:17:44:39 -0700] "GET /home/canal11c.jpg HTTP/1.1" 200 31848 "-" "Mozilla/5.0 (compatible; AhrefsBot/7.0; +http://ahrefs.com/robot/)" "www.ysfine.com"
51.222.253.9 - - [09/Sep/2022:17:44:40 -0700] "GET /yspapers/iop21c.jpg HTTP/1.1" 200 30227 "-" "Mozilla/5.0 (compatible; AhrefsBot/7.0; +http://ahrefs.com/robot/)" "www.ysfine.com"
51.222.253.12 - - [09/Sep/2022:17:44:47 -0700] "GET /yspapers/sq73c.jpg HTTP/1.1" 200 38604 "-" "Mozilla/5.0 (compatible; AhrefsBot/7.0; +http://ahrefs.com/robot/)" "www.ysfine.com"
51.222.253.15 - - [09/Sep/2022:17:44:48 -0700] "GET /yspapers/neupol01c.jpg HTTP/1.1" 200 27087 "-" "Mozilla/5.0 (compatible; AhrefsBot/7.0; +http://ahrefs.com/robot/)" "www.ysfine.com"
51.222.253.5 - - [09/Sep/2022:17:44:49 -0700] "GET /yspapers/shear11c.jpg HTTP/1.1" 200 27291 "-" "Mozilla/5.0 (compatible; AhrefsBot/7.0; +http://ahrefs.com/robot/)" "www.ysfine.com"
51.222.253.11 - - [09/Sep/2022:17:44:50 -0700] "GET /yspapers/evol77c.jpg HTTP/1.1" 200 52015 "-" "Mozilla/5.0 (compatible; AhrefsBot/7.0; +http://ahrefs.com/robot/)" "www.ysfine.com"
51.222.253.13 - - [09/Sep/2022:17:44:51 -0700] "GET /yspapers/fortune21f.jpg HTTP/1.1" 200 131858 "-" "Mozilla/5.0 (compatible; AhrefsBot/7.0; +http://ahrefs.com/robot/)" "www.ysfine.com"
51.222.253.8 - - [09/Sep/2022:17:44:51 -0700] "GET /yspapers/comet30f.jpg HTTP/1.1" 200 93087 "-" "Mozilla/5.0 (compatible; AhrefsBot/7.0; +http://ahrefs.com/robot/)" "www.ysfine.com"
51.222.253.12 - - [09/Sep/2022:17:44:52 -0700] "GET /yspapers/qboil17f.jpg HTTP/1.1" 200 39480 "-" "Mozilla/5.0 (compatible; AhrefsBot/7.0; +http://ahrefs.com/robot/)" "www.ysfine.com"
51.222.253.14 - - [09/Sep/2022:17:44:53 -0700] "GET /yspapers/tollwig11c.jpg HTTP/1.1" 200 28195 "-" "Mozilla/5.0 (compatible; AhrefsBot/7.0; +http://ahrefs.com/robot/)" "www.ysfine.com"
51.222.253.1 - - [09/Sep/2022:17:44:54 -0700] "GET /dirac/dirac63c.jpg HTTP/1.1" 200 29237 "-" "Mozilla/5.0 (compatible; AhrefsBot/7.0; +http://ahrefs.com/robot/)" "www.ysfine.com"
51.222.253.3 - - [09/Sep/2022:17:44:54 -0700] "GET /yspapers/emcbirth77c.jpg HTTP/1.1" 200 27922 "-" "Mozilla/5.0 (compatible; AhrefsBot/7.0; +http://ahrefs.com/robot/)" "www.ysfine.com"
51.222.253.11 - - [09/Sep/2022:17:44:54 -0700] "GET /yspapers/sp2c.jpg HTTP/1.1" 200 29079 "-" "Mozilla/5.0 (compatible; AhrefsBot/7.0; +http://ahrefs.com/robot/)" "www.ysfine.com"
51.222.253.20 - - [09/Sep/2022:17:44:55 -0700] "GET /dirac/2osc22c.jpg HTTP/1.1" 200 28929 "-" "Mozilla/5.0 (compatible; AhrefsBot/7.0; +http://ahrefs.com/robot/)" "www.ysfine.com"
5.102.173.71 - - [09/Sep/2022:17:45:04 -0700] "GET /robots.txt HTTP/1.1" 404 88 "-" "Mozilla/5.0 (compatible; MojeekBot/0.11; +https://www.mojeek.com/bot.html)" "ysfine.com"
5.102.173.71 - - [09/Sep/2022:17:45:04 -0700] "GET /wigner/wigheiden.html HTTP/1.1" 404 88 "-" "Mozilla/5.0 (compatible; MojeekBot/0.11; +https://www.mojeek.com/bot.html)" "ysfine.com"
40.77.167.33 - - [09/Sep/2022:17:45:43 -0700] "GET /world/russ/kiev061.jpg HTTP/1.1" 200 103322 "-" "Mozilla/5.0 (compatible; bingbot/2.0; +http://www.bing.com/bingbot.htm)" "ysfine.com"
65.109.48.141 - - [09/Sep/2022:17:46:58 -0700] "HEAD /adminer.php HTTP/1.1" 404 - "-" "curl/7.68.0" "ysfine.com"
65.109.48.141 - - [09/Sep/2022:17:46:59 -0700] "GET /adminer.php HTTP/1.1" 404 73 "-" "curl/7.68.0" "ysfine.com"
51.222.253.11 - - [09/Sep/2022:17:47:03 -0700] "GET /houses/myhouse.html HTTP/1.1" 200 1473 "-" "Mozilla/5.0 (compatible; AhrefsBot/7.0; +http://ahrefs.com/robot/)" "ysfine.com"
51.222.253.17 - - [09/Sep/2022:17:47:05 -0700] "GET /houses/house12c.jpg HTTP/1.1" 200 29087 "-" "Mozilla/5.0 (compatible; AhrefsBot/7.0; +http://ahrefs.com/robot/)" "ysfine.com"
51.222.253.18 - - [09/Sep/2022:17:47:06 -0700] "GET /houses/capitol33c.jpg HTTP/1.1" 200 32326 "-" "Mozilla/5.0 (compatible; AhrefsBot/7.0; +http://ahrefs.com/robot/)" "ysfine.com"
51.222.253.5 - - [09/Sep/2022:17:47:07 -0700] "GET /houses/house44c.jpg HTTP/1.1" 200 36128 "-" "Mozilla/5.0 (compatible; AhrefsBot/7.0; +http://ahrefs.com/robot/)" "ysfine.com"
51.222.253.15 - - [09/Sep/2022:17:47:07 -0700] "GET /houses/house11c.jpg HTTP/1.1" 200 30925 "-" "Mozilla/5.0 (compatible; AhrefsBot/7.0; +http://ahrefs.com/robot/)" "ysfine.com"
185.128.25.244 - - [09/Sep/2022:17:50:20 -0700] "GET /jobs/koreaj.html HTTP/1.1" 200 10214 "-" "Mozilla/5.0 (Macintosh; Intel Mac OS X 10_15_7) AppleWebKit/537.36 (KHTML, like Gecko) Chrome/104.0.0.0 Safari/537.36" "ysfine.com"
185.128.25.244 - - [09/Sep/2022:17:50:20 -0700] "GET /jobs/koreaj11b.jpg HTTP/1.1" 200 67543 "https://ysfine.com/jobs/koreaj.html" "Mozilla/5.0 (Macintosh; Intel Mac OS X 10_15_7) AppleWebKit/537.36 (KHTML, like Gecko) Chrome/104.0.0.0 Safari/537.36" "ysfine.com"
185.128.25.244 - - [09/Sep/2022:17:50:21 -0700] "GET /favicon.ico HTTP/1.1" 404 88 "https://ysfine.com/jobs/koreaj.html" "Mozilla/5.0 (Macintosh; Intel Mac OS X 10_15_7) AppleWebKit/537.36 (KHTML, like Gecko) Chrome/104.0.0.0 Safari/537.36" "ysfine.com"
152.130.7.198 - - [09/Sep/2022:17:52:11 -0700] "GET /usca/pitt/cmall04.jpg HTTP/1.1" 200 70991 "https://images.search.yahoo.com/search/images;_ylt=AwrFEIp73xtjaP4aGP5XNyoA;_ylu=Y29sbwNiZjEEcG9zAzEEdnRpZANMT0NVSTA1NV8xBHNlYwNwaXZz?p=Carnegie+Mellon+University&fr2=piv-web&fr=yfp-t-m-s" "Mozilla/5.0 (Windows NT 10.0; Win64; x64) AppleWebKit/537.36 (KHTML, like Gecko) Chrome/104.0.5112.81 Safari/537.36 Edg/104.0.1293.47" "ysfine.com"
52.151.95.67 - - [09/Sep/2022:17:53:18 -0700] "GET /wp-admin/css/ HTTP/1.1" 404 88 "binance.com" "Mozilla/5.0 (Windows NT 10.0; Win64; x64) AppleWebKit/537.36 (KHTML, like Gecko) Chrome/90.0.4430.85 Safari/537.36" "ysfine.com"
52.151.95.67 - - [09/Sep/2022:17:53:27 -0700] "GET /sites/default/files/ HTTP/1.1" 404 88 "binance.com" "Mozilla/5.0 (Windows NT 10.0; Win64; x64) AppleWebKit/537.36 (KHTML, like Gecko) Chrome/90.0.4430.85 Safari/537.36" "ysfine.com"
52.151.95.67 - - [09/Sep/2022:17:53:31 -0700] "GET /admin/controller/extension/extension/ HTTP/1.1" 404 88 "binance.com" "Mozilla/5.0 (Windows NT 10.0; Win64; x64) AppleWebKit/537.36 (KHTML, like Gecko) Chrome/90.0.4430.85 Safari/537.36" "ysfine.com"
52.151.95.67 - - [09/Sep/2022:17:53:34 -0700] "GET /uploads/ HTTP/1.1" 404 88 "binance.com" "Mozilla/5.0 (Windows NT 10.0; Win64; x64) AppleWebKit/537.36 (KHTML, like Gecko) Chrome/90.0.4430.85 Safari/537.36" "ysfine.com"
52.151.95.67 - - [09/Sep/2022:17:53:49 -0700] "GET /images/ HTTP/1.1" 404 88 "binance.com" "Mozilla/5.0 (Windows NT 10.0; Win64; x64) AppleWebKit/537.36 (KHTML, like Gecko) Chrome/90.0.4430.85 Safari/537.36" "ysfine.com"
52.151.95.67 - - [09/Sep/2022:17:53:53 -0700] "GET /files/ HTTP/1.1" 404 88 "binance.com" "Mozilla/5.0 (Windows NT 10.0; Win64; x64) AppleWebKit/537.36 (KHTML, like Gecko) Chrome/90.0.4430.85 Safari/537.36" "ysfine.com"
40.77.167.33 - - [09/Sep/2022:17:54:15 -0700] "GET /world/china/china015b.jpg HTTP/1.1" 200 61732 "-" "Mozilla/5.0 (compatible; bingbot/2.0; +http://www.bing.com/bingbot.htm)" "ysfine.com"
174.193.133.234 - - [09/Sep/2022:17:55:30 -0700] "GET /maga/phil/herod11b.jpg HTTP/1.1" 200 152001 "https://chongsoonkim.blogspot.com/" "Mozilla/5.0 (iPhone; CPU iPhone OS 15_6_1 like Mac OS X) AppleWebKit/605.1.15 (KHTML, like Gecko) Version/15.6.1 Mobile/15E148 Safari/604.1" "ysfine.com"
66.249.70.30 - - [09/Sep/2022:17:56:41 -0700] "GET /robots.txt HTTP/1.1" 404 88 "-" "Mozilla/5.0 (compatible; Googlebot/2.1; +http://www.google.com/bot.html)" "ysfine.com"
40.77.167.27 - - [09/Sep/2022:17:58:03 -0700] "GET /sbk/2006vien11.jpg HTTP/1.1" 200 207352 "-" "Mozilla/5.0 (compatible; bingbot/2.0; +http://www.bing.com/bingbot.htm)" "www.ysfine.com"
34.215.30.6 - - [09/Sep/2022:17:58:38 -0700] "GET /style/cameras/contax.html HTTP/1.1" 200 9794 "-" "Mozilla/5.0 (Windows NT 6.1; Win64; x64) AppleWebKit/537.36 (KHTML, like Gecko) Chrome/72.0.3626.109 Safari/537.36" "ysfine.com"
40.77.167.28 - - [09/Sep/2022:17:58:45 -0700] "GET /usca/pitt/fortpitt08.jpg HTTP/1.1" 200 160240 "-" "Mozilla/5.0 (compatible; bingbot/2.0; +http://www.bing.com/bingbot.htm)" "ysfine.com"
192.99.7.191 - - [09/Sep/2022:18:00:14 -0700] "GET /robots.txt HTTP/1.1" 404 73 "-" "Mozilla/5.0 (compatible; MJ12bot/v1.4.8; http://mj12bot.com/)" "www.ysfine.com"
192.99.7.191 - - [09/Sep/2022:18:00:15 -0700] "GET /wdc/cherryb.jpg HTTP/1.1" 404 88 "-" "Mozilla/5.0 (compatible; MJ12bot/v1.4.8; http://mj12bot.com/)" "www.ysfine.com"
192.99.7.191 - - [09/Sep/2022:18:00:17 -0700] "GET /wdc/jeffmemo.jpg HTTP/1.1" 404 88 "-" "Mozilla/5.0 (compatible; MJ12bot/v1.4.8; http://mj12bot.com/)" "www.ysfine.com"
192.99.7.191 - - [09/Sep/2022:18:00:18 -0700] "GET /wdc/kennedyc.jpg HTTP/1.1" 404 88 "-" "Mozilla/5.0 (compatible; MJ12bot/v1.4.8; http://mj12bot.com/)" "www.ysfine.com"
114.119.128.162 - - [09/Sep/2022:18:00:19 -0700] "GET /friends/lithulon05.jpg HTTP/1.1" 404 88 "-" "Mozilla/5.0 (Linux; Android 7.0;) AppleWebKit/537.36 (KHTML, like Gecko) Mobile Safari/537.36 (compatible; PetalBot;+https://webmaster.petalsearch.com/site/petalbot)" "ysfine.com"
192.99.7.191 - - [09/Sep/2022:18:00:24 -0700] "GET /wdc/restau.html HTTP/1.1" 404 88 "-" "Mozilla/5.0 (compatible; MJ12bot/v1.4.8; http://mj12bot.com/)" "www.ysfine.com"
192.99.7.191 - - [09/Sep/2022:18:00:25 -0700] "GET /wdc/washmo.jpg HTTP/1.1" 404 88 "-" "Mozilla/5.0 (compatible; MJ12bot/v1.4.8; http://mj12bot.com/)" "www.ysfine.com"
114.119.128.162 - - [09/Sep/2022:18:02:11 -0700] "GET /awards/wsj21f.jpg HTTP/1.1" 200 172238 "-" "Mozilla/5.0 (Linux; Android 7.0;) AppleWebKit/537.36 (KHTML, like Gecko) Mobile Safari/537.36 (compatible; PetalBot;+https://webmaster.petalsearch.com/site/petalbot)" "ysfine.com"
40.77.167.33 - - [09/Sep/2022:18:02:35 -0700] "GET /style/russdance11.jpg HTTP/1.1" 200 117906 "-" "Mozilla/5.0 (compatible; bingbot/2.0; +http://www.bing.com/bingbot.htm)" "www.ysfine.com"
35.210.155.100 - - [09/Sep/2022:18:03:24 -0700] "GET /robots.txt HTTP/1.1" 404 88 "http://ysfine.com/robots.txt" "Go-http-client/1.1" "ysfine.com"
35.210.155.100 - - [09/Sep/2022:18:03:27 -0700] "GET /jobs/koreaj.html HTTP/1.1" 200 10214 "http://ysfine.com/jobs/koreaj.html" "Mozilla/5.0 (compatible; VelenPublicWebCrawler/1.0; +https://velen.io)" "ysfine.com"
157.55.39.146 - - [09/Sep/2022:18:03:52 -0700] "GET /world/china/beijing019.jpg HTTP/1.1" 200 83664 "-" "Mozilla/5.0 (compatible; bingbot/2.0; +http://www.bing.com/bingbot.htm)" "ysfine.com"
114.119.128.154 - - [09/Sep/2022:18:04:01 -0700] "GET /world/brit/tower09.jpg HTTP/1.1" 404 88 "-" "Mozilla/5.0 (Linux; Android 7.0;) AppleWebKit/537.36 (KHTML, like Gecko) Mobile Safari/537.36 (compatible; PetalBot;+https://webmaster.petalsearch.com/site/petalbot)" "ysfine.com"
108.240.41.104 - - [09/Sep/2022:18:04:13 -0700] "GET /world/scandi/wignob02b.jpg HTTP/1.1" 200 31825 "https://www.bing.com/" "Mozilla/5.0 (Windows NT 10.0; Win64; x64) AppleWebKit/537.36 (KHTML, like Gecko) Chrome/105.0.0.0 Safari/537.36 Edg/105.0.1343.27" "www.ysfine.com"
198.235.24.167 - - [09/Sep/2022:18:05:22 -0700] "GET / HTTP/1.1" 200 15910 "-" "Expanse, a Palo Alto Networks company, searches across the global IPv4 space multiple times per day to identify customers&#39; presences on the Internet. If you would like to be excluded from our scans, please send IP addresses/domains to: scaninfo@paloaltonetworks.com" "ysfine.com"
40.77.167.27 - - [09/Sep/2022:18:05:54 -0700] "GET /princeton/nassinf33.jpg HTTP/1.1" 200 182244 "-" "Mozilla/5.0 (compatible; bingbot/2.0; +http://www.bing.com/bingbot.htm)" "www.ysfine.com"
54.85.3.246 - - [09/Sep/2022:18:06:29 -0700] "GET /sitemap.xml HTTP/1.1" 304 - "https://www.google.com/" "Mozilla/5.0 (X11; Ubuntu; Linux x86_64; rv:72.0) Gecko/20100101 Firefox/72.0" "www.ysfine.com"
114.119.128.14 - - [09/Sep/2022:18:06:48 -0700] "GET /ffriends/sibelbas11b.jpg HTTP/1.1" 200 51886 "-" "Mozilla/5.0 (Linux; Android 7.0;) AppleWebKit/537.36 (KHTML, like Gecko) Mobile Safari/537.36 (compatible; PetalBot;+https://webmaster.petalsearch.com/site/petalbot)" "ysfine.com"
40.77.167.28 - - [09/Sep/2022:18:07:00 -0700] "GET /einstein/further.html HTTP/1.1" 200 4338 "-" "Mozilla/5.0 (compatible; bingbot/2.0; +http://www.bing.com/bingbot.htm)" "www.ysfine.com"
40.77.167.35 - - [09/Sep/2022:18:07:04 -0700] "GET /usca/neworl.html HTTP/1.1" 200 14308 "-" "Mozilla/5.0 (compatible; bingbot/2.0; +http://www.bing.com/bingbot.htm)" "www.ysfine.com"
157.55.39.146 - - [09/Sep/2022:18:07:04 -0700] "GET /ys11/index.html HTTP/1.1" 200 3377 "-" "Mozilla/5.0 (compatible; bingbot/2.0; +http://www.bing.com/bingbot.htm)" "www.ysfine.com"
40.77.167.35 - - [09/Sep/2022:18:07:05 -0700] "GET /wigner/neum/compu.html HTTP/1.1" 200 2267 "-" "Mozilla/5.0 (compatible; bingbot/2.0; +http://www.bing.com/bingbot.htm)" "www.ysfine.com"
40.77.167.33 - - [09/Sep/2022:18:07:09 -0700] "GET /usca/pgh22.html HTTP/1.1" 200 11391 "-" "Mozilla/5.0 (compatible; bingbot/2.0; +http://www.bing.com/bingbot.htm)" "www.ysfine.com"
40.77.167.35 - - [09/Sep/2022:18:07:14 -0700] "GET /princeton/campus.html HTTP/1.1" 200 15142 "-" "Mozilla/5.0 (compatible; bingbot/2.0; +http://www.bing.com/bingbot.htm)" "www.ysfine.com"
77.88.5.173 - - [09/Sep/2022:18:07:21 -0700] "GET /robots.txt HTTP/1.1" 404 73 "-" "Mozilla/5.0 (compatible; YandexBot/3.0; +http://yandex.com/bots)" "www.ysfine.com"
40.77.167.35 - - [09/Sep/2022:18:07:25 -0700] "GET /style/artlove.html HTTP/1.1" 200 16005 "-" "Mozilla/5.0 (compatible; bingbot/2.0; +http://www.bing.com/bingbot.htm)" "www.ysfine.com"
77.88.5.242 - - [09/Sep/2022:18:07:25 -0700] "GET / HTTP/1.1" 200 5283 "-" "Mozilla/5.0 (compatible; YandexBot/3.0; +http://yandex.com/bots)" "www.ysfine.com"
40.77.167.27 - - [09/Sep/2022:18:07:44 -0700] "GET /world/russ/spbpi11.jpg HTTP/1.1" 200 113843 "-" "Mozilla/5.0 (compatible; bingbot/2.0; +http://www.bing.com/bingbot.htm)" "ysfine.com"
114.119.128.142 - - [09/Sep/2022:18:08:42 -0700] "GET /world/germany/berlimus36.jpg HTTP/1.1" 404 88 "-" "Mozilla/5.0 (Linux; Android 7.0;) AppleWebKit/537.36 (KHTML, like Gecko) Mobile Safari/537.36 (compatible; PetalBot;+https://webmaster.petalsearch.com/site/petalbot)" "ysfine.com"
95.91.109.15 - - [09/Sep/2022:18:09:18 -0700] "GET /robots.txt HTTP/1.1" 404 73 "-" "Mozilla/5.0 (compatible; MJ12bot/v1.4.8; http://mj12bot.com/)" "ysfine.com"
95.91.109.15 - - [09/Sep/2022:18:10:11 -0700] "GET /dirac/dircanal.html HTTP/1.1" 200 3795 "-" "Mozilla/5.0 (compatible; MJ12bot/v1.4.8; http://mj12bot.com/)" "ysfine.com"
95.91.109.15 - - [09/Sep/2022:18:10:30 -0700] "GET /dirac/dirheisen.html HTTP/1.1" 200 4650 "-" "Mozilla/5.0 (compatible; MJ12bot/v1.4.8; http://mj12bot.com/)" "ysfine.com"
95.91.109.15 - - [09/Sep/2022:18:10:34 -0700] "GET /dirac/dirheisen.html HTTP/1.1" 200 4650 "-" "Mozilla/5.0 (compatible; MJ12bot/v1.4.8; http://mj12bot.com/)" "ysfine.com"
114.119.128.158 - - [09/Sep/2022:18:10:40 -0700] "GET /friends/aline/airfr16c.jpg HTTP/1.1" 404 88 "-" "Mozilla/5.0 (Linux; Android 7.0;) AppleWebKit/537.36 (KHTML, like Gecko) Mobile Safari/537.36 (compatible; PetalBot;+https://webmaster.petalsearch.com/site/petalbot)" "ysfine.com"
95.91.109.15 - - [09/Sep/2022:18:10:55 -0700] "GET /dirac/dirleft.html HTTP/1.1" 200 716 "-" "Mozilla/5.0 (compatible; MJ12bot/v1.4.8; http://mj12bot.com/)" "ysfine.com"
95.91.109.15 - - [09/Sep/2022:18:11:03 -0700] "GET /dirac/dirleft.html HTTP/1.1" 200 716 "-" "Mozilla/5.0 (compatible; MJ12bot/v1.4.8; http://mj12bot.com/)" "ysfine.com"
95.91.109.15 - - [09/Sep/2022:18:11:14 -0700] "GET /einstein/eindcmap.html HTTP/1.1" 200 1176 "-" "Mozilla/5.0 (compatible; MJ12bot/v1.4.8; http://mj12bot.com/)" "ysfine.com"
95.91.109.15 - - [09/Sep/2022:18:11:21 -0700] "GET /einstein/eindcmap.html HTTP/1.1" 200 1176 "-" "Mozilla/5.0 (compatible; MJ12bot/v1.4.8; http://mj12bot.com/)" "ysfine.com"
40.77.167.27 - - [09/Sep/2022:18:11:35 -0700] "GET /maga/phys/maxwell02.jpg HTTP/1.1" 200 109879 "-" "Mozilla/5.0 AppleWebKit/537.36 (KHTML, like Gecko; compatible; bingbot/2.0; +http://www.bing.com/bingbot.htm) Chrome/103.0.5060.134 Safari/537.36" "www.ysfine.com"
95.91.109.15 - - [09/Sep/2022:18:11:38 -0700] "GET /einstein/eindirac.html HTTP/1.1" 200 3193 "-" "Mozilla/5.0 (compatible; MJ12bot/v1.4.8; http://mj12bot.com/)" "ysfine.com"
95.91.109.15 - - [09/Sep/2022:18:11:42 -0700] "GET /einstein/eindirac.html HTTP/1.1" 200 3193 "-" "Mozilla/5.0 (compatible; MJ12bot/v1.4.8; http://mj12bot.com/)" "ysfine.com"
95.91.109.15 - - [09/Sep/2022:18:11:57 -0700] "GET /einstein/einfine.html HTTP/1.1" 200 554 "-" "Mozilla/5.0 (compatible; MJ12bot/v1.4.8; http://mj12bot.com/)" "ysfine.com"
95.91.109.15 - - [09/Sep/2022:18:12:04 -0700] "GET /einstein/einfine.html HTTP/1.1" 200 554 "-" "Mozilla/5.0 (compatible; MJ12bot/v1.4.8; http://mj12bot.com/)" "ysfine.com"
95.91.109.15 - - [09/Sep/2022:18:12:15 -0700] "GET /einstein/eingali.html HTTP/1.1" 200 2762 "-" "Mozilla/5.0 (compatible; MJ12bot/v1.4.8; http://mj12bot.com/)" "ysfine.com"
40.77.167.35 - - [09/Sep/2022:18:12:16 -0700] "GET /einstein/standingw.html HTTP/1.1" 200 2754 "-" "Mozilla/5.0 (compatible; bingbot/2.0; +http://www.bing.com/bingbot.htm)" "www.ysfine.com"
95.91.109.15 - - [09/Sep/2022:18:12:23 -0700] "GET /einstein/eingali.html HTTP/1.1" 200 2762 "-" "Mozilla/5.0 (compatible; MJ12bot/v1.4.8; http://mj12bot.com/)" "ysfine.com"
114.119.128.14 - - [09/Sep/2022:18:12:29 -0700] "GET /friends/bulgastu01b.jpg HTTP/1.1" 404 88 "-" "Mozilla/5.0 (Linux; Android 7.0;) AppleWebKit/537.36 (KHTML, like Gecko) Mobile Safari/537.36 (compatible; PetalBot;+https://webmaster.petalsearch.com/site/petalbot)" "ysfine.com"
95.91.109.15 - - [09/Sep/2022:18:12:44 -0700] "GET /einstein/einharmo.html HTTP/1.1" 200 1137 "-" "Mozilla/5.0 (compatible; MJ12bot/v1.4.8; http://mj12bot.com/)" "ysfine.com"
95.91.109.15 - - [09/Sep/2022:18:13:17 -0700] "GET /einstein/einheisen.html HTTP/1.1" 404 88 "-" "Mozilla/5.0 (compatible; MJ12bot/v1.4.8; http://mj12bot.com/)" "ysfine.com"
40.77.167.33 - - [09/Sep/2022:18:13:26 -0700] "GET /world/israel/jeru26.jpg HTTP/1.1" 200 242747 "-" "Mozilla/5.0 (compatible; bingbot/2.0; +http://www.bing.com/bingbot.htm)" "ysfine.com"
95.91.109.15 - - [09/Sep/2022:18:13:30 -0700] "GET /einstein/eink22.html HTTP/1.1" 404 88 "-" "Mozilla/5.0 (compatible; MJ12bot/v1.4.8; http://mj12bot.com/)" "ysfine.com"
95.91.109.15 - - [09/Sep/2022:18:13:51 -0700] "GET /einstein/einkant.html HTTP/1.1" 200 1812 "-" "Mozilla/5.0 (compatible; MJ12bot/v1.4.8; http://mj12bot.com/)" "ysfine.com"
95.91.109.15 - - [09/Sep/2022:18:13:59 -0700] "GET /einstein/einkant.html HTTP/1.1" 200 1812 "-" "Mozilla/5.0 (compatible; MJ12bot/v1.4.8; http://mj12bot.com/)" "ysfine.com"
95.91.109.15 - - [09/Sep/2022:18:14:21 -0700] "GET /einstein/einkim.html HTTP/1.1" 200 3731 "-" "Mozilla/5.0 (compatible; MJ12bot/v1.4.8; http://mj12bot.com/)" "ysfine.com"
95.163.255.62 - - [09/Sep/2022:18:14:23 -0700] "GET /robots.txt HTTP/1.1" 404 73 "-" "Mozilla/5.0 (compatible; Linux x86_64; Mail.RU_Bot/2.0; +https://help.mail.ru/webmaster/indexing/robots)" "www.ysfine.com"
95.91.109.15 - - [09/Sep/2022:18:14:25 -0700] "GET /einstein/einkim.html HTTP/1.1" 200 3731 "-" "Mozilla/5.0 (compatible; MJ12bot/v1.4.8; http://mj12bot.com/)" "ysfine.com"
95.91.109.15 - - [09/Sep/2022:18:14:45 -0700] "GET /feynman/feynleft.html HTTP/1.1" 200 523 "-" "Mozilla/5.0 (compatible; MJ12bot/v1.4.8; http://mj12bot.com/)" "ysfine.com"
95.91.109.15 - - [09/Sep/2022:18:14:54 -0700] "GET /feynman/feynleft.html HTTP/1.1" 200 523 "-" "Mozilla/5.0 (compatible; MJ12bot/v1.4.8; http://mj12bot.com/)" "ysfine.com"
40.77.167.33 - - [09/Sep/2022:18:14:57 -0700] "GET /princeton/brooke87.jpg HTTP/1.1" 200 174753 "-" "Mozilla/5.0 (compatible; bingbot/2.0; +http://www.bing.com/bingbot.htm)" "www.ysfine.com"
114.119.128.154 - - [09/Sep/2022:18:14:59 -0700] "GET /kowar/mil/tank21.jpg HTTP/1.1" 404 88 "-" "Mozilla/5.0 (Linux; Android 7.0;) AppleWebKit/537.36 (KHTML, like Gecko) Mobile Safari/537.36 (compatible; PetalBot;+https://webmaster.petalsearch.com/site/petalbot)" "ysfine.com"
95.91.109.15 - - [09/Sep/2022:18:15:08 -0700] "GET /feynman/feynrigh.html HTTP/1.1" 200 2183 "-" "Mozilla/5.0 (compatible; MJ12bot/v1.4.8; http://mj12bot.com/)" "ysfine.com"
95.91.109.15 - - [09/Sep/2022:18:15:18 -0700] "GET /feynman/feynrigh.html HTTP/1.1" 200 2183 "-" "Mozilla/5.0 (compatible; MJ12bot/v1.4.8; http://mj12bot.com/)" "ysfine.com"
95.91.109.15 - - [09/Sep/2022:18:15:32 -0700] "GET /feynman/feyntop.html HTTP/1.1" 200 435 "-" "Mozilla/5.0 (compatible; MJ12bot/v1.4.8; http://mj12bot.com/)" "ysfine.com"
95.91.109.15 - - [09/Sep/2022:18:15:39 -0700] "GET /feynman/feyntop.html HTTP/1.1" 200 435 "-" "Mozilla/5.0 (compatible; MJ12bot/v1.4.8; http://mj12bot.com/)" "ysfine.com"
95.91.109.15 - - [09/Sep/2022:18:15:58 -0700] "GET /feynman/feyphil.html HTTP/1.1" 200 3324 "-" "Mozilla/5.0 (compatible; MJ12bot/v1.4.8; http://mj12bot.com/)" "ysfine.com"
49.7.21.114 - - [09/Sep/2022:18:16:04 -0700] "GET / HTTP/1.1" 200 5283 "-" "Sogou web spider/4.0(+http://www.sogou.com/docs/help/webmasters.htm#07)" "ysfine.com"
95.91.109.15 - - [09/Sep/2022:18:16:06 -0700] "GET /feynman/feyphil.html HTTP/1.1" 200 3324 "-" "Mozilla/5.0 (compatible; MJ12bot/v1.4.8; http://mj12bot.com/)" "ysfine.com"
95.91.109.15 - - [09/Sep/2022:18:16:20 -0700] "GET /feynman/feypic.html HTTP/1.1" 404 88 "-" "Mozilla/5.0 (compatible; MJ12bot/v1.4.8; http://mj12bot.com/)" "ysfine.com"
95.91.109.15 - - [09/Sep/2022:18:16:32 -0700] "GET /feynman/feyprince.html HTTP/1.1" 200 440 "-" "Mozilla/5.0 (compatible; MJ12bot/v1.4.8; http://mj12bot.com/)" "ysfine.com"
114.119.128.143 - - [09/Sep/2022:18:16:39 -0700] "GET /home/einhaus.jpg HTTP/1.1" 404 88 "-" "Mozilla/5.0 (Linux; Android 7.0;) AppleWebKit/537.36 (KHTML, like Gecko) Mobile Safari/537.36 (compatible; PetalBot;+https://webmaster.petalsearch.com/site/petalbot)" "ysfine.com"
95.91.109.15 - - [09/Sep/2022:18:16:39 -0700] "GET /feynman/feyprince.html HTTP/1.1" 200 440 "-" "Mozilla/5.0 (compatible; MJ12bot/v1.4.8; http://mj12bot.com/)" "ysfine.com"
40.77.167.33 - - [09/Sep/2022:18:16:57 -0700] "GET /world/russ/gum10.jpg HTTP/1.1" 200 137554 "-" "Mozilla/5.0 (compatible; bingbot/2.0; +http://www.bing.com/bingbot.htm)" "ysfine.com"
95.91.109.15 - - [09/Sep/2022:18:16:57 -0700] "GET /feynman/fthesis.html HTTP/1.1" 200 144 "-" "Mozilla/5.0 (compatible; MJ12bot/v1.4.8; http://mj12bot.com/)" "ysfine.com"
95.91.109.15 - - [09/Sep/2022:18:17:05 -0700] "GET /feynman/fthesis.html HTTP/1.1" 200 144 "-" "Mozilla/5.0 (compatible; MJ12bot/v1.4.8; http://mj12bot.com/)" "ysfine.com"
40.77.167.33 - - [09/Sep/2022:18:17:17 -0700] "GET /wigner/isomor66c.jpg HTTP/1.1" 200 47632 "-" "Mozilla/5.0 (compatible; bingbot/2.0; +http://www.bing.com/bingbot.htm)" "ysfine.com"
95.91.109.15 - - [09/Sep/2022:18:17:25 -0700] "GET /friends/european.html HTTP/1.1" 404 88 "-" "Mozilla/5.0 (compatible; MJ12bot/v1.4.8; http://mj12bot.com/)" "ysfine.com"
40.77.167.28 - - [09/Sep/2022:18:17:33 -0700] "GET /world/ital/vatican17.jpg HTTP/1.1" 200 110897 "-" "Mozilla/5.0 (compatible; bingbot/2.0; +http://www.bing.com/bingbot.htm)" "ysfine.com"
95.91.109.15 - - [09/Sep/2022:18:17:45 -0700] "GET /home/backgr.html HTTP/1.1" 200 4414 "-" "Mozilla/5.0 (compatible; MJ12bot/v1.4.8; http://mj12bot.com/)" "ysfine.com"
95.91.109.15 - - [09/Sep/2022:18:17:54 -0700] "GET /home/backgr.html HTTP/1.1" 200 4414 "-" "Mozilla/5.0 (compatible; MJ12bot/v1.4.8; http://mj12bot.com/)" "ysfine.com"
95.91.109.15 - - [09/Sep/2022:18:18:13 -0700] "GET /kobak/namdae.html HTTP/1.1" 200 5295 "-" "Mozilla/5.0 (compatible; MJ12bot/v1.4.8; http://mj12bot.com/)" "ysfine.com"
114.119.128.154 - - [09/Sep/2022:18:18:18 -0700] "GET /friends/vilnius08.jpg HTTP/1.1" 404 88 "-" "Mozilla/5.0 (Linux; Android 7.0;) AppleWebKit/537.36 (KHTML, like Gecko) Mobile Safari/537.36 (compatible; PetalBot;+https://webmaster.petalsearch.com/site/petalbot)" "ysfine.com"
51.222.253.10 - - [09/Sep/2022:18:18:32 -0700] "GET / HTTP/1.1" 200 5283 "-" "Mozilla/5.0 (compatible; AhrefsBot/7.0; +http://ahrefs.com/robot/)" "www.ysfine.com"
40.77.167.35 - - [09/Sep/2022:18:18:56 -0700] "GET /kobak/rok48b.jpg HTTP/1.1" 200 66570 "-" "Mozilla/5.0 (compatible; bingbot/2.0; +http://www.bing.com/bingbot.htm)" "ysfine.com"
173.73.80.118 - - [09/Sep/2022:18:19:48 -0700] "GET /favicon.ico HTTP/1.1" 404 88 "-" "Mozilla/5.0 (Linux; Android 5.1.1; KFSUWI) AppleWebKit/537.36 (KHTML, like Gecko) Silk/102.4.13 like Chrome/102.0.5005.171 Safari/537.36" "www.ysfine.com"
114.119.128.143 - - [09/Sep/2022:18:20:28 -0700] "GET /sbk/2011aa11b.jpg HTTP/1.1" 404 88 "-" "Mozilla/5.0 (Linux; Android 7.0;) AppleWebKit/537.36 (KHTML, like Gecko) Mobile Safari/537.36 (compatible; PetalBot;+https://webmaster.petalsearch.com/site/petalbot)" "ysfine.com"
66.249.70.30 - - [09/Sep/2022:18:21:06 -0700] "GET /ads.txt HTTP/1.1" 404 88 "-" "Mozilla/5.0 (compatible; Googlebot/2.1; +http://www.google.com/bot.html)" "ysfine.com"
51.222.253.6 - - [09/Sep/2022:18:21:07 -0700] "GET /class54/class5470/total_data/sub_8118.htm HTTP/1.1" 200 3499 "-" "Mozilla/5.0 (compatible; AhrefsBot/7.0; +http://ahrefs.com/robot/)" "www.ysfine.com"
51.222.253.5 - - [09/Sep/2022:18:21:11 -0700] "GET /class54/class5470/total_data/photo_img/8-118.jpg HTTP/1.1" 200 238970 "-" "Mozilla/5.0 (compatible; AhrefsBot/7.0; +http://ahrefs.com/robot/)" "www.ysfine.com"
173.73.80.118 - - [09/Sep/2022:18:21:41 -0700] "GET /style/songs.html HTTP/1.1" 200 31570 "-" "Mozilla/5.0 (Linux; Android 5.1.1; KFSUWI) AppleWebKit/537.36 (KHTML, like Gecko) Silk/102.4.13 like Chrome/102.0.5005.171 Safari/537.36" "www.ysfine.com"
173.73.80.118 - - [09/Sep/2022:18:21:41 -0700] "GET /style/hifi01b.jpg HTTP/1.1" 200 24818 "https://www.ysfine.com/style/songs.html" "Mozilla/5.0 (Linux; Android 5.1.1; KFSUWI) AppleWebKit/537.36 (KHTML, like Gecko) Silk/102.4.13 like Chrome/102.0.5005.171 Safari/537.36" "www.ysfine.com"
173.73.80.118 - - [09/Sep/2022:18:21:42 -0700] "GET /style/jpchildren2.jpg HTTP/1.1" 200 46718 "https://www.ysfine.com/style/songs.html" "Mozilla/5.0 (Linux; Android 5.1.1; KFSUWI) AppleWebKit/537.36 (KHTML, like Gecko) Silk/102.4.13 like Chrome/102.0.5005.171 Safari/537.36" "www.ysfine.com"
173.73.80.118 - - [09/Sep/2022:18:21:42 -0700] "GET /style/hamako11b.jpg HTTP/1.1" 200 33344 "https://www.ysfine.com/style/songs.html" "Mozilla/5.0 (Linux; Android 5.1.1; KFSUWI) AppleWebKit/537.36 (KHTML, like Gecko) Silk/102.4.13 like Chrome/102.0.5005.171 Safari/537.36" "www.ysfine.com"
173.73.80.118 - - [09/Sep/2022:18:21:42 -0700] "GET /style/jpsingap01b.jpg HTTP/1.1" 200 52443 "https://www.ysfine.com/style/songs.html" "Mozilla/5.0 (Linux; Android 5.1.1; KFSUWI) AppleWebKit/537.36 (KHTML, like Gecko) Silk/102.4.13 like Chrome/102.0.5005.171 Safari/537.36" "www.ysfine.com"
173.73.80.118 - - [09/Sep/2022:18:21:42 -0700] "GET /style/yamato2.jpg HTTP/1.1" 200 33922 "https://www.ysfine.com/style/songs.html" "Mozilla/5.0 (Linux; Android 5.1.1; KFSUWI) AppleWebKit/537.36 (KHTML, like Gecko) Silk/102.4.13 like Chrome/102.0.5005.171 Safari/537.36" "www.ysfine.com"
173.73.80.118 - - [09/Sep/2022:18:21:42 -0700] "GET /style/zero01b.jpg HTTP/1.1" 200 27421 "https://www.ysfine.com/style/songs.html" "Mozilla/5.0 (Linux; Android 5.1.1; KFSUWI) AppleWebKit/537.36 (KHTML, like Gecko) Silk/102.4.13 like Chrome/102.0.5005.171 Safari/537.36" "www.ysfine.com"
173.73.80.118 - - [09/Sep/2022:18:21:42 -0700] "GET /kobak/taylor11b.jpg HTTP/1.1" 200 42467 "https://www.ysfine.com/style/songs.html" "Mozilla/5.0 (Linux; Android 5.1.1; KFSUWI) AppleWebKit/537.36 (KHTML, like Gecko) Silk/102.4.13 like Chrome/102.0.5005.171 Safari/537.36" "www.ysfine.com"
173.73.80.118 - - [09/Sep/2022:18:21:42 -0700] "GET /style/yasukuni11b.jpg HTTP/1.1" 200 53460 "https://www.ysfine.com/style/songs.html" "Mozilla/5.0 (Linux; Android 5.1.1; KFSUWI) AppleWebKit/537.36 (KHTML, like Gecko) Silk/102.4.13 like Chrome/102.0.5005.171 Safari/537.36" "www.ysfine.com"
173.73.80.118 - - [09/Sep/2022:18:21:42 -0700] "GET /style/mieko22b.jpg HTTP/1.1" 200 41674 "https://www.ysfine.com/style/songs.html" "Mozilla/5.0 (Linux; Android 5.1.1; KFSUWI) AppleWebKit/537.36 (KHTML, like Gecko) Silk/102.4.13 like Chrome/102.0.5005.171 Safari/537.36" "www.ysfine.com"
173.73.80.118 - - [09/Sep/2022:18:21:42 -0700] "GET /style/xiangran66b.jpg HTTP/1.1" 200 30098 "https://www.ysfine.com/style/songs.html" "Mozilla/5.0 (Linux; Android 5.1.1; KFSUWI) AppleWebKit/537.36 (KHTML, like Gecko) Silk/102.4.13 like Chrome/102.0.5005.171 Safari/537.36" "www.ysfine.com"
173.73.80.118 - - [09/Sep/2022:18:21:42 -0700] "GET /world/germany/berlin005b.jpg HTTP/1.1" 200 31205 "https://www.ysfine.com/style/songs.html" "Mozilla/5.0 (Linux; Android 5.1.1; KFSUWI) AppleWebKit/537.36 (KHTML, like Gecko) Silk/102.4.13 like Chrome/102.0.5005.171 Safari/537.36" "www.ysfine.com"
173.73.80.118 - - [09/Sep/2022:18:21:42 -0700] "GET /style/shcampus11b.jpg HTTP/1.1" 200 53039 "https://www.ysfine.com/style/songs.html" "Mozilla/5.0 (Linux; Android 5.1.1; KFSUWI) AppleWebKit/537.36 (KHTML, like Gecko) Silk/102.4.13 like Chrome/102.0.5005.171 Safari/537.36" "www.ysfine.com"
173.73.80.118 - - [09/Sep/2022:18:21:42 -0700] "GET /style/sousa2.jpg HTTP/1.1" 200 42173 "https://www.ysfine.com/style/songs.html" "Mozilla/5.0 (Linux; Android 5.1.1; KFSUWI) AppleWebKit/537.36 (KHTML, like Gecko) Silk/102.4.13 like Chrome/102.0.5005.171 Safari/537.36" "www.ysfine.com"
173.73.80.118 - - [09/Sep/2022:18:21:42 -0700] "GET /style/owaves2.jpg HTTP/1.1" 200 55324 "https://www.ysfine.com/style/songs.html" "Mozilla/5.0 (Linux; Android 5.1.1; KFSUWI) AppleWebKit/537.36 (KHTML, like Gecko) Silk/102.4.13 like Chrome/102.0.5005.171 Safari/537.36" "www.ysfine.com"
173.73.80.118 - - [09/Sep/2022:18:21:42 -0700] "GET /kobak/swr51b.jpg HTTP/1.1" 200 31277 "https://www.ysfine.com/style/songs.html" "Mozilla/5.0 (Linux; Android 5.1.1; KFSUWI) AppleWebKit/537.36 (KHTML, like Gecko) Silk/102.4.13 like Chrome/102.0.5005.171 Safari/537.36" "www.ysfine.com"
173.73.80.118 - - [09/Sep/2022:18:21:42 -0700] "GET /world/hungary/hunband01b.jpg HTTP/1.1" 200 46280 "https://www.ysfine.com/style/songs.html" "Mozilla/5.0 (Linux; Android 5.1.1; KFSUWI) AppleWebKit/537.36 (KHTML, like Gecko) Silk/102.4.13 like Chrome/102.0.5005.171 Safari/537.36" "www.ysfine.com"
173.73.80.118 - - [09/Sep/2022:18:21:42 -0700] "GET /kobak/kimkoo01b.jpg HTTP/1.1" 200 35261 "https://www.ysfine.com/style/songs.html" "Mozilla/5.0 (Linux; Android 5.1.1; KFSUWI) AppleWebKit/537.36 (KHTML, like Gecko) Silk/102.4.13 like Chrome/102.0.5005.171 Safari/537.36" "www.ysfine.com"
173.73.80.118 - - [09/Sep/2022:18:21:42 -0700] "GET /style/xiangran33b.jpg HTTP/1.1" 200 26488 "https://www.ysfine.com/style/songs.html" "Mozilla/5.0 (Linux; Android 5.1.1; KFSUWI) AppleWebKit/537.36 (KHTML, like Gecko) Silk/102.4.13 like Chrome/102.0.5005.171 Safari/537.36" "www.ysfine.com"
173.73.80.118 - - [09/Sep/2022:18:21:42 -0700] "GET /style/xiangran22b.jpg HTTP/1.1" 200 56332 "https://www.ysfine.com/style/songs.html" "Mozilla/5.0 (Linux; Android 5.1.1; KFSUWI) AppleWebKit/537.36 (KHTML, like Gecko) Silk/102.4.13 like Chrome/102.0.5005.171 Safari/537.36" "www.ysfine.com"
173.73.80.118 - - [09/Sep/2022:18:21:42 -0700] "GET /style/xiangran11b.jpg HTTP/1.1" 200 47472 "https://www.ysfine.com/style/songs.html" "Mozilla/5.0 (Linux; Android 5.1.1; KFSUWI) AppleWebKit/537.36 (KHTML, like Gecko) Silk/102.4.13 like Chrome/102.0.5005.171 Safari/537.36" "www.ysfine.com"
173.73.80.118 - - [09/Sep/2022:18:21:42 -0700] "GET /style/xiangran55b.jpg HTTP/1.1" 200 39739 "https://www.ysfine.com/style/songs.html" "Mozilla/5.0 (Linux; Android 5.1.1; KFSUWI) AppleWebKit/537.36 (KHTML, like Gecko) Silk/102.4.13 like Chrome/102.0.5005.171 Safari/537.36" "www.ysfine.com"
173.73.80.118 - - [09/Sep/2022:18:21:42 -0700] "GET /style/mieko11b.jpg HTTP/1.1" 200 53779 "https://www.ysfine.com/style/songs.html" "Mozilla/5.0 (Linux; Android 5.1.1; KFSUWI) AppleWebKit/537.36 (KHTML, like Gecko) Silk/102.4.13 like Chrome/102.0.5005.171 Safari/537.36" "www.ysfine.com"
173.73.80.118 - - [09/Sep/2022:18:21:42 -0700] "GET /style/hamako33b.jpg HTTP/1.1" 200 44854 "https://www.ysfine.com/style/songs.html" "Mozilla/5.0 (Linux; Android 5.1.1; KFSUWI) AppleWebKit/537.36 (KHTML, like Gecko) Silk/102.4.13 like Chrome/102.0.5005.171 Safari/537.36" "www.ysfine.com"
173.73.80.118 - - [09/Sep/2022:18:21:42 -0700] "GET /usca/calif/sanfr021b.jpg HTTP/1.1" 200 47196 "https://www.ysfine.com/style/songs.html" "Mozilla/5.0 (Linux; Android 5.1.1; KFSUWI) AppleWebKit/537.36 (KHTML, like Gecko) Silk/102.4.13 like Chrome/102.0.5005.171 Safari/537.36" "www.ysfine.com"
173.73.80.118 - - [09/Sep/2022:18:21:42 -0700] "GET /style/akiko2.jpg HTTP/1.1" 200 50482 "https://www.ysfine.com/style/songs.html" "Mozilla/5.0 (Linux; Android 5.1.1; KFSUWI) AppleWebKit/537.36 (KHTML, like Gecko) Silk/102.4.13 like Chrome/102.0.5005.171 Safari/537.36" "www.ysfine.com"
173.73.80.118 - - [09/Sep/2022:18:21:42 -0700] "GET /style/akiko55.jpg HTTP/1.1" 200 48868 "https://www.ysfine.com/style/songs.html" "Mozilla/5.0 (Linux; Android 5.1.1; KFSUWI) AppleWebKit/537.36 (KHTML, like Gecko) Silk/102.4.13 like Chrome/102.0.5005.171 Safari/537.36" "www.ysfine.com"
173.73.80.118 - - [09/Sep/2022:18:21:42 -0700] "GET /style/fujiyama2.jpg HTTP/1.1" 200 47368 "https://www.ysfine.com/style/songs.html" "Mozilla/5.0 (Linux; Android 5.1.1; KFSUWI) AppleWebKit/537.36 (KHTML, like Gecko) Silk/102.4.13 like Chrome/102.0.5005.171 Safari/537.36" "www.ysfine.com"
173.73.80.118 - - [09/Sep/2022:18:21:42 -0700] "GET /beau/aline/ana11b.jpg HTTP/1.1" 404 88 "https://www.ysfine.com/style/songs.html" "Mozilla/5.0 (Linux; Android 5.1.1; KFSUWI) AppleWebKit/537.36 (KHTML, like Gecko) Silk/102.4.13 like Chrome/102.0.5005.171 Safari/537.36" "www.ysfine.com"
173.73.80.118 - - [09/Sep/2022:18:21:42 -0700] "GET /style/hibari22b.jpg HTTP/1.1" 200 39644 "https://www.ysfine.com/style/songs.html" "Mozilla/5.0 (Linux; Android 5.1.1; KFSUWI) AppleWebKit/537.36 (KHTML, like Gecko) Silk/102.4.13 like Chrome/102.0.5005.171 Safari/537.36" "www.ysfine.com"
173.73.80.118 - - [09/Sep/2022:18:21:42 -0700] "GET /style/hibari11b.jpg HTTP/1.1" 200 35625 "https://www.ysfine.com/style/songs.html" "Mozilla/5.0 (Linux; Android 5.1.1; KFSUWI) AppleWebKit/537.36 (KHTML, like Gecko) Silk/102.4.13 like Chrome/102.0.5005.171 Safari/537.36" "www.ysfine.com"
173.73.80.118 - - [09/Sep/2022:18:21:42 -0700] "GET /style/flamen2.jpg HTTP/1.1" 200 46908 "https://www.ysfine.com/style/songs.html" "Mozilla/5.0 (Linux; Android 5.1.1; KFSUWI) AppleWebKit/537.36 (KHTML, like Gecko) Silk/102.4.13 like Chrome/102.0.5005.171 Safari/537.36" "www.ysfine.com"
173.73.80.118 - - [09/Sep/2022:18:21:42 -0700] "GET /maga/invent/joak11b.jpg HTTP/1.1" 200 40558 "https://www.ysfine.com/style/songs.html" "Mozilla/5.0 (Linux; Android 5.1.1; KFSUWI) AppleWebKit/537.36 (KHTML, like Gecko) Silk/102.4.13 like Chrome/102.0.5005.171 Safari/537.36" "www.ysfine.com"
173.73.80.118 - - [09/Sep/2022:18:21:42 -0700] "GET /world/france/eiffel05b.jpg HTTP/1.1" 200 26314 "https://www.ysfine.com/style/songs.html" "Mozilla/5.0 (Linux; Android 5.1.1; KFSUWI) AppleWebKit/537.36 (KHTML, like Gecko) Silk/102.4.13 like Chrome/102.0.5005.171 Safari/537.36" "www.ysfine.com"
173.73.80.118 - - [09/Sep/2022:18:21:42 -0700] "GET /world/germany/hofbrau33b.jpg HTTP/1.1" 200 51219 "https://www.ysfine.com/style/songs.html" "Mozilla/5.0 (Linux; Android 5.1.1; KFSUWI) AppleWebKit/537.36 (KHTML, like Gecko) Silk/102.4.13 like Chrome/102.0.5005.171 Safari/537.36" "www.ysfine.com"
173.73.80.118 - - [09/Sep/2022:18:21:42 -0700] "GET /style/johannstra11b.jpg HTTP/1.1" 200 50080 "https://www.ysfine.com/style/songs.html" "Mozilla/5.0 (Linux; Android 5.1.1; KFSUWI) AppleWebKit/537.36 (KHTML, like Gecko) Silk/102.4.13 like Chrome/102.0.5005.171 Safari/537.36" "www.ysfine.com"
173.73.80.118 - - [09/Sep/2022:18:21:42 -0700] "GET /world/russ/spbm07b.jpg HTTP/1.1" 200 42946 "https://www.ysfine.com/style/songs.html" "Mozilla/5.0 (Linux; Android 5.1.1; KFSUWI) AppleWebKit/537.36 (KHTML, like Gecko) Silk/102.4.13 like Chrome/102.0.5005.171 Safari/537.36" "www.ysfine.com"
173.73.80.118 - - [09/Sep/2022:18:21:42 -0700] "GET /kobak/105mm2.jpg HTTP/1.1" 200 54167 "https://www.ysfine.com/style/songs.html" "Mozilla/5.0 (Linux; Android 5.1.1; KFSUWI) AppleWebKit/537.36 (KHTML, like Gecko) Silk/102.4.13 like Chrome/102.0.5005.171 Safari/537.36" "www.ysfine.com"
173.73.80.118 - - [09/Sep/2022:18:21:42 -0700] "GET /style/brahms2.jpg HTTP/1.1" 200 43601 "https://www.ysfine.com/style/songs.html" "Mozilla/5.0 (Linux; Android 5.1.1; KFSUWI) AppleWebKit/537.36 (KHTML, like Gecko) Silk/102.4.13 like Chrome/102.0.5005.171 Safari/537.36" "www.ysfine.com"
173.73.80.118 - - [09/Sep/2022:18:21:42 -0700] "GET /kobak/jutlandia2.jpg HTTP/1.1" 200 34252 "https://www.ysfine.com/style/songs.html" "Mozilla/5.0 (Linux; Android 5.1.1; KFSUWI) AppleWebKit/537.36 (KHTML, like Gecko) Silk/102.4.13 like Chrome/102.0.5005.171 Safari/537.36" "www.ysfine.com"
173.73.80.118 - - [09/Sep/2022:18:21:42 -0700] "GET /style/durbin2.jpg HTTP/1.1" 200 34965 "https://www.ysfine.com/style/songs.html" "Mozilla/5.0 (Linux; Android 5.1.1; KFSUWI) AppleWebKit/537.36 (KHTML, like Gecko) Silk/102.4.13 like Chrome/102.0.5005.171 Safari/537.36" "www.ysfine.com"
173.73.80.118 - - [09/Sep/2022:18:21:42 -0700] "GET /style/vienopera22b.jpg HTTP/1.1" 200 52023 "https://www.ysfine.com/style/songs.html" "Mozilla/5.0 (Linux; Android 5.1.1; KFSUWI) AppleWebKit/537.36 (KHTML, like Gecko) Silk/102.4.13 like Chrome/102.0.5005.171 Safari/537.36" "www.ysfine.com"
173.73.80.118 - - [09/Sep/2022:18:21:42 -0700] "GET /style/sarahchang01b.jpg HTTP/1.1" 200 50797 "https://www.ysfine.com/style/songs.html" "Mozilla/5.0 (Linux; Android 5.1.1; KFSUWI) AppleWebKit/537.36 (KHTML, like Gecko) Silk/102.4.13 like Chrome/102.0.5005.171 Safari/537.36" "www.ysfine.com"
173.73.80.118 - - [09/Sep/2022:18:21:42 -0700] "GET /style/chopingr11b.jpg HTTP/1.1" 200 68030 "https://www.ysfine.com/style/songs.html" "Mozilla/5.0 (Linux; Android 5.1.1; KFSUWI) AppleWebKit/537.36 (KHTML, like Gecko) Silk/102.4.13 like Chrome/102.0.5005.171 Safari/537.36" "www.ysfine.com"
173.73.80.118 - - [09/Sep/2022:18:21:42 -0700] "GET /world/germany/schonbr03b.jpg HTTP/1.1" 200 46623 "https://www.ysfine.com/style/songs.html" "Mozilla/5.0 (Linux; Android 5.1.1; KFSUWI) AppleWebKit/537.36 (KHTML, like Gecko) Silk/102.4.13 like Chrome/102.0.5005.171 Safari/537.36" "www.ysfine.com"
173.73.80.118 - - [09/Sep/2022:18:21:42 -0700] "GET /style/verdi11b.jpg HTTP/1.1" 200 40111 "https://www.ysfine.com/style/songs.html" "Mozilla/5.0 (Linux; Android 5.1.1; KFSUWI) AppleWebKit/537.36 (KHTML, like Gecko) Silk/102.4.13 like Chrome/102.0.5005.171 Safari/537.36" "www.ysfine.com"
173.73.80.118 - - [09/Sep/2022:18:21:42 -0700] "GET /world/ital/lascala05b.jpg HTTP/1.1" 200 35719 "https://www.ysfine.com/style/songs.html" "Mozilla/5.0 (Linux; Android 5.1.1; KFSUWI) AppleWebKit/537.36 (KHTML, like Gecko) Silk/102.4.13 like Chrome/102.0.5005.171 Safari/537.36" "www.ysfine.com"
173.73.80.118 - - [09/Sep/2022:18:21:42 -0700] "GET /style/chulmo2.jpg HTTP/1.1" 200 49387 "https://www.ysfine.com/style/songs.html" "Mozilla/5.0 (Linux; Android 5.1.1; KFSUWI) AppleWebKit/537.36 (KHTML, like Gecko) Silk/102.4.13 like Chrome/102.0.5005.171 Safari/537.36" "www.ysfine.com"
173.73.80.118 - - [09/Sep/2022:18:21:42 -0700] "GET /style/beetho11b.jpg HTTP/1.1" 200 51004 "https://www.ysfine.com/style/songs.html" "Mozilla/5.0 (Linux; Android 5.1.1; KFSUWI) AppleWebKit/537.36 (KHTML, like Gecko) Silk/102.4.13 like Chrome/102.0.5005.171 Safari/537.36" "www.ysfine.com"
173.73.80.118 - - [09/Sep/2022:18:22:03 -0700] "GET /home/index.html HTTP/1.1" 200 142 "-" "Mozilla/5.0 (Linux; Android 5.1.1; KFSUWI) AppleWebKit/537.36 (KHTML, like Gecko) Silk/102.4.13 like Chrome/102.0.5005.171 Safari/537.36" "www.ysfine.com"
173.73.80.118 - - [09/Sep/2022:18:22:03 -0700] "GET /home/hmtop.html HTTP/1.1" 200 447 "https://www.ysfine.com/home/index.html" "Mozilla/5.0 (Linux; Android 5.1.1; KFSUWI) AppleWebKit/537.36 (KHTML, like Gecko) Silk/102.4.13 like Chrome/102.0.5005.171 Safari/537.36" "www.ysfine.com"
173.73.80.118 - - [09/Sep/2022:18:22:03 -0700] "GET /home/hmbot.html HTTP/1.1" 200 132 "https://www.ysfine.com/home/index.html" "Mozilla/5.0 (Linux; Android 5.1.1; KFSUWI) AppleWebKit/537.36 (KHTML, like Gecko) Silk/102.4.13 like Chrome/102.0.5005.171 Safari/537.36" "www.ysfine.com"
173.73.80.118 - - [09/Sep/2022:18:22:04 -0700] "GET /home/hmleft.html HTTP/1.1" 200 853 "https://www.ysfine.com/home/hmbot.html" "Mozilla/5.0 (Linux; Android 5.1.1; KFSUWI) AppleWebKit/537.36 (KHTML, like Gecko) Silk/102.4.13 like Chrome/102.0.5005.171 Safari/537.36" "www.ysfine.com"
173.73.80.118 - - [09/Sep/2022:18:22:04 -0700] "GET /home/hmrigh.html HTTP/1.1" 200 4212 "https://www.ysfine.com/home/hmbot.html" "Mozilla/5.0 (Linux; Android 5.1.1; KFSUWI) AppleWebKit/537.36 (KHTML, like Gecko) Silk/102.4.13 like Chrome/102.0.5005.171 Safari/537.36" "www.ysfine.com"
173.73.80.118 - - [09/Sep/2022:18:22:04 -0700] "GET /home/eward55a.jpg HTTP/1.1" 200 84523 "https://www.ysfine.com/home/hmrigh.html" "Mozilla/5.0 (Linux; Android 5.1.1; KFSUWI) AppleWebKit/537.36 (KHTML, like Gecko) Silk/102.4.13 like Chrome/102.0.5005.171 Safari/537.36" "www.ysfine.com"
173.73.80.118 - - [09/Sep/2022:18:22:04 -0700] "GET /home/top21c.jpg HTTP/1.1" 200 53120 "https://www.ysfine.com/home/hmrigh.html" "Mozilla/5.0 (Linux; Android 5.1.1; KFSUWI) AppleWebKit/537.36 (KHTML, like Gecko) Silk/102.4.13 like Chrome/102.0.5005.171 Safari/537.36" "www.ysfine.com"
173.73.80.118 - - [09/Sep/2022:18:22:04 -0700] "GET /home/eink77c.jpg HTTP/1.1" 200 47471 "https://www.ysfine.com/home/hmrigh.html" "Mozilla/5.0 (Linux; Android 5.1.1; KFSUWI) AppleWebKit/537.36 (KHTML, like Gecko) Silk/102.4.13 like Chrome/102.0.5005.171 Safari/537.36" "www.ysfine.com"
173.73.80.118 - - [09/Sep/2022:18:22:04 -0700] "GET /home/further22a.jpg HTTP/1.1" 200 75776 "https://www.ysfine.com/home/hmrigh.html" "Mozilla/5.0 (Linux; Android 5.1.1; KFSUWI) AppleWebKit/537.36 (KHTML, like Gecko) Silk/102.4.13 like Chrome/102.0.5005.171 Safari/537.36" "www.ysfine.com"
173.73.80.118 - - [09/Sep/2022:18:22:04 -0700] "GET /home/figs/einbohr33c.jpg HTTP/1.1" 200 36413 "https://www.ysfine.com/home/hmrigh.html" "Mozilla/5.0 (Linux; Android 5.1.1; KFSUWI) AppleWebKit/537.36 (KHTML, like Gecko) Silk/102.4.13 like Chrome/102.0.5005.171 Safari/537.36" "www.ysfine.com"
173.73.80.118 - - [09/Sep/2022:18:22:04 -0700] "GET /home/emc22a.jpg HTTP/1.1" 200 59239 "https://www.ysfine.com/home/hmrigh.html" "Mozilla/5.0 (Linux; Android 5.1.1; KFSUWI) AppleWebKit/537.36 (KHTML, like Gecko) Silk/102.4.13 like Chrome/102.0.5005.171 Safari/537.36" "www.ysfine.com"
173.73.80.118 - - [09/Sep/2022:18:22:04 -0700] "GET /home/comet50a.jpg HTTP/1.1" 200 52015 "https://www.ysfine.com/home/hmrigh.html" "Mozilla/5.0 (Linux; Android 5.1.1; KFSUWI) AppleWebKit/537.36 (KHTML, like Gecko) Silk/102.4.13 like Chrome/102.0.5005.171 Safari/537.36" "www.ysfine.com"
173.73.80.118 - - [09/Sep/2022:18:22:04 -0700] "GET /home/tollwig11c.jpg HTTP/1.1" 200 28199 "https://www.ysfine.com/home/hmrigh.html" "Mozilla/5.0 (Linux; Android 5.1.1; KFSUWI) AppleWebKit/537.36 (KHTML, like Gecko) Silk/102.4.13 like Chrome/102.0.5005.171 Safari/537.36" "www.ysfine.com"
173.73.80.118 - - [09/Sep/2022:18:22:04 -0700] "GET /home/facu63c.jpg HTTP/1.1" 200 41710 "https://www.ysfine.com/home/hmrigh.html" "Mozilla/5.0 (Linux; Android 5.1.1; KFSUWI) AppleWebKit/537.36 (KHTML, like Gecko) Silk/102.4.13 like Chrome/102.0.5005.171 Safari/537.36" "www.ysfine.com"
173.73.80.118 - - [09/Sep/2022:18:22:04 -0700] "GET /home/think55c.jpg HTTP/1.1" 200 37438 "https://www.ysfine.com/home/hmrigh.html" "Mozilla/5.0 (Linux; Android 5.1.1; KFSUWI) AppleWebKit/537.36 (KHTML, like Gecko) Silk/102.4.13 like Chrome/102.0.5005.171 Safari/537.36" "www.ysfine.com"
173.73.80.118 - - [09/Sep/2022:18:22:04 -0700] "GET /home/socrates55c.jpg HTTP/1.1" 200 36471 "https://www.ysfine.com/home/hmrigh.html" "Mozilla/5.0 (Linux; Android 5.1.1; KFSUWI) AppleWebKit/537.36 (KHTML, like Gecko) Silk/102.4.13 like Chrome/102.0.5005.171 Safari/537.36" "www.ysfine.com"
173.73.80.118 - - [09/Sep/2022:18:22:04 -0700] "GET /home/coke300.jpg HTTP/1.1" 200 50941 "https://www.ysfine.com/home/hmrigh.html" "Mozilla/5.0 (Linux; Android 5.1.1; KFSUWI) AppleWebKit/537.36 (KHTML, like Gecko) Silk/102.4.13 like Chrome/102.0.5005.171 Safari/537.36" "www.ysfine.com"
114.119.128.162 - - [09/Sep/2022:18:22:12 -0700] "GET /ffriends/peru22b.jpg HTTP/1.1" 200 38897 "-" "Mozilla/5.0 (Linux; Android 7.0;) AppleWebKit/537.36 (KHTML, like Gecko) Mobile Safari/537.36 (compatible; PetalBot;+https://webmaster.petalsearch.com/site/petalbot)" "ysfine.com"
43.240.141.174 - - [09/Sep/2022:18:22:14 -0700] "GET / HTTP/1.1" 200 15910 "-" "Mozilla/5.0 (Macintosh; Intel Mac OS X 10_15_7) AppleWebKit/605.1.15 (KHTML, like Gecko) Version/14.1.2 Safari/605.1.15" "ysfine.com"
173.73.80.118 - - [09/Sep/2022:18:22:54 -0700] "GET /home/bio44 HTTP/1.1" 200 14525 "-" "Mozilla/5.0 (Linux; Android 5.1.1; KFSUWI) AppleWebKit/537.36 (KHTML, like Gecko) Silk/102.4.13 like Chrome/102.0.5005.171 Safari/537.36" "ysfine.com"
173.73.80.118 - - [09/Sep/2022:18:22:54 -0700] "GET /home/pgh04f.jpg HTTP/1.1" 200 111691 "https://ysfine.com/home/bio44" "Mozilla/5.0 (Linux; Android 5.1.1; KFSUWI) AppleWebKit/537.36 (KHTML, like Gecko) Silk/102.4.13 like Chrome/102.0.5005.171 Safari/537.36" "ysfine.com"
173.73.80.118 - - [09/Sep/2022:18:22:54 -0700] "GET /home/pgh/machinery22b.jpg HTTP/1.1" 200 23022 "https://ysfine.com/home/bio44" "Mozilla/5.0 (Linux; Android 5.1.1; KFSUWI) AppleWebKit/537.36 (KHTML, like Gecko) Silk/102.4.13 like Chrome/102.0.5005.171 Safari/537.36" "ysfine.com"
173.73.80.118 - - [09/Sep/2022:18:22:54 -0700] "GET /home/pgh/hugh01b.jpg HTTP/1.1" 200 629471 "https://ysfine.com/home/bio44" "Mozilla/5.0 (Linux; Android 5.1.1; KFSUWI) AppleWebKit/537.36 (KHTML, like Gecko) Silk/102.4.13 like Chrome/102.0.5005.171 Safari/537.36" "ysfine.com"
173.73.80.118 - - [09/Sep/2022:18:22:54 -0700] "GET /home/pgh/heinzfld03b.jpg HTTP/1.1" 200 604034 "https://ysfine.com/home/bio44" "Mozilla/5.0 (Linux; Android 5.1.1; KFSUWI) AppleWebKit/537.36 (KHTML, like Gecko) Silk/102.4.13 like Chrome/102.0.5005.171 Safari/537.36" "ysfine.com"
173.73.80.118 - - [09/Sep/2022:18:22:54 -0700] "GET /princeton/yspr58b.jpg HTTP/1.1" 200 32105 "https://ysfine.com/home/bio44" "Mozilla/5.0 (Linux; Android 5.1.1; KFSUWI) AppleWebKit/537.36 (KHTML, like Gecko) Silk/102.4.13 like Chrome/102.0.5005.171 Safari/537.36" "ysfine.com"
173.73.80.118 - - [09/Sep/2022:18:22:54 -0700] "GET /favicon.ico HTTP/1.1" 404 88 "https://ysfine.com/home/bio44" "Mozilla/5.0 (Linux; Android 5.1.1; KFSUWI) AppleWebKit/537.36 (KHTML, like Gecko) Silk/102.4.13 like Chrome/102.0.5005.171 Safari/537.36" "ysfine.com"
40.77.167.27 - - [09/Sep/2022:18:23:26 -0700] "GET /world/russ/volga08.jpg HTTP/1.1" 200 66983 "-" "Mozilla/5.0 (compatible; bingbot/2.0; +http://www.bing.com/bingbot.htm)" "ysfine.com"
51.222.253.18 - - [09/Sep/2022:18:23:41 -0700] "GET /class54/class5470/total_data/sub_8119.htm HTTP/1.1" 200 3499 "-" "Mozilla/5.0 (compatible; AhrefsBot/7.0; +http://ahrefs.com/robot/)" "www.ysfine.com"
173.73.80.118 - - [09/Sep/2022:18:23:41 -0700] "GET /princeton/yspr58.jpg HTTP/1.1" 200 83305 "https://ysfine.com/home/bio44" "Mozilla/5.0 (Linux; Android 5.1.1; KFSUWI) AppleWebKit/537.36 (KHTML, like Gecko) Silk/102.4.13 like Chrome/102.0.5005.171 Safari/537.36" "ysfine.com"
51.222.253.19 - - [09/Sep/2022:18:23:43 -0700] "GET /class54/class5470/total_data/photo_img/8-119.jpg HTTP/1.1" 200 226267 "-" "Mozilla/5.0 (compatible; AhrefsBot/7.0; +http://ahrefs.com/robot/)" "www.ysfine.com"
114.119.128.154 - - [09/Sep/2022:18:23:55 -0700] "GET /friends/prgr02.jpg HTTP/1.1" 404 88 "-" "Mozilla/5.0 (Linux; Android 7.0;) AppleWebKit/537.36 (KHTML, like Gecko) Mobile Safari/537.36 (compatible; PetalBot;+https://webmaster.petalsearch.com/site/petalbot)" "ysfine.com"
