49.228.101.52 - - [09/Sep/2022:01:41:58 -0700] "GET /favicon.ico HTTP/1.1" 404 88 "https://ysfine.com/dirac/dirfeyn.html" "Mozilla/5.0 (Linux; Android 10; CLT-L29) AppleWebKit/537.36 (KHTML, like Gecko) Chrome/104.0.0.0 Mobile Safari/537.36" "ysfine.com"
40.77.167.35 - - [09/Sep/2022:01:43:08 -0700] "GET /maga/phys/naimar/poincs33b.jpg HTTP/1.1" 200 65195 "-" "Mozilla/5.0 (compatible; bingbot/2.0; +http://www.bing.com/bingbot.htm)" "ysfine.com"
40.77.167.35 - - [09/Sep/2022:01:43:49 -0700] "GET /world/russ/kazan008.jpg HTTP/1.1" 200 66489 "-" "Mozilla/5.0 (compatible; bingbot/2.0; +http://www.bing.com/bingbot.htm)" "www.ysfine.com"
157.55.39.146 - - [09/Sep/2022:01:43:57 -0700] "GET /usca/pitt/steelm04.jpg HTTP/1.1" 200 112818 "-" "Mozilla/5.0 (compatible; bingbot/2.0; +http://www.bing.com/bingbot.htm)" "ysfine.com"
40.77.167.27 - - [09/Sep/2022:01:43:59 -0700] "GET /world/scandi/vaxjo08.jpg HTTP/1.1" 200 80482 "-" "Mozilla/5.0 (compatible; bingbot/2.0; +http://www.bing.com/bingbot.htm)" "www.ysfine.com"
62.220.2.102 - - [09/Sep/2022:01:45:03 -0700] "GET /world/scandi/nbi26.jpg HTTP/1.1" 200 75196 "https://www.google.de/" "Mozilla/5.0 (Windows NT 10.0; Win64; x64) AppleWebKit/537.36 (KHTML, like Gecko) Chrome/104.0.5112.81 Safari/537.36 Edg/104.0.1293.54" "ysfine.com"
123.183.224.88 - - [09/Sep/2022:01:45:32 -0700] "GET / HTTP/1.1" 200 5283 "-" "Sogou web spider/4.0(+http://www.sogou.com/docs/help/webmasters.htm#07)" "ysfine.com"
51.222.253.7 - - [09/Sep/2022:01:46:38 -0700] "GET /class54/class5470/total_data/sub_105.htm HTTP/1.1" 200 3250 "-" "Mozilla/5.0 (compatible; AhrefsBot/7.0; +http://ahrefs.com/robot/)" "ysfine.com"
51.222.253.20 - - [09/Sep/2022:01:46:42 -0700] "GET /class54/class5470/total_data/img/01_st_precept.gif HTTP/1.1" 200 587 "-" "Mozilla/5.0 (compatible; AhrefsBot/7.0; +http://ahrefs.com/robot/)" "ysfine.com"
51.222.253.2 - - [09/Sep/2022:01:46:42 -0700] "GET /class54/class5470/total_data/photo_img/1-5.jpg HTTP/1.1" 200 49916 "-" "Mozilla/5.0 (compatible; AhrefsBot/7.0; +http://ahrefs.com/robot/)" "ysfine.com"
54.36.149.98 - - [09/Sep/2022:01:46:48 -0700] "GET /robots.txt HTTP/1.1" 404 88 "-" "Mozilla/5.0 (compatible; AhrefsBot/7.0; +http://ahrefs.com/robot/)" "www.ysfine.com"
40.77.167.33 - - [09/Sep/2022:01:47:32 -0700] "GET /world/germany/trier17.jpg HTTP/1.1" 200 215435 "-" "Mozilla/5.0 (compatible; bingbot/2.0; +http://www.bing.com/bingbot.htm)" "www.ysfine.com"
40.77.167.35 - - [09/Sep/2022:01:48:42 -0700] "GET /newyork/colum17.jpg HTTP/1.1" 200 99132 "-" "Mozilla/5.0 (compatible; bingbot/2.0; +http://www.bing.com/bingbot.htm)" "ysfine.com"
40.77.167.33 - - [09/Sep/2022:01:48:53 -0700] "GET /world/poland/sienkiew07.jpg HTTP/1.1" 200 173287 "-" "Mozilla/5.0 (compatible; bingbot/2.0; +http://www.bing.com/bingbot.htm)" "ysfine.com"
66.249.70.4 - - [09/Sep/2022:01:49:05 -0700] "GET /kobak/sorae/church07b.jpg HTTP/1.1" 200 55556 "-" "Googlebot-Image/1.0" "ysfine.com"
195.113.230.155 - - [09/Sep/2022:01:49:17 -0700] "GET /wigner/neum/pvn05.jpg HTTP/1.1" 200 219501 "https://www.bing.com/" "Mozilla/5.0 (Windows NT 10.0; Win64; x64) AppleWebKit/537.36 (KHTML, like Gecko) Chrome/105.0.0.0 Safari/537.36 Edg/105.0.1343.27" "ysfine.com"
40.77.167.27 - - [09/Sep/2022:01:49:20 -0700] "GET /eink/paw450.jpg HTTP/1.1" 200 90454 "-" "Mozilla/5.0 (compatible; bingbot/2.0; +http://www.bing.com/bingbot.htm)" "ysfine.com"
40.77.167.28 - - [09/Sep/2022:01:49:24 -0700] "GET /maga/phys/yukawa00b.jpg HTTP/1.1" 200 36980 "-" "Mozilla/5.0 (compatible; bingbot/2.0; +http://www.bing.com/bingbot.htm)" "ysfine.com"
173.73.80.118 - - [09/Sep/2022:01:52:06 -0700] "GET /home/bio44 HTTP/1.1" 304 - "-" "Mozilla/5.0 (Windows NT 10.0; Win64; x64; rv:104.0) Gecko/20100101 Firefox/104.0" "ysfine.com"
37.204.8.137 - - [09/Sep/2022:01:52:35 -0700] "GET /world/brit/etonharrow.html HTTP/1.1" 200 4546 "https://yandex.ru/" "Mozilla/5.0 (Windows NT 10.0; Win64; x64) AppleWebKit/537.36 (KHTML, like Gecko) Chrome/104.0.5112.102 Safari/537.36 Edg/104.0.1293.70" "www.ysfine.com"
37.204.8.137 - - [09/Sep/2022:01:52:35 -0700] "GET /world/brit/winston01b.jpg HTTP/1.1" 200 38436 "https://www.ysfine.com/world/brit/etonharrow.html" "Mozilla/5.0 (Windows NT 10.0; Win64; x64) AppleWebKit/537.36 (KHTML, like Gecko) Chrome/104.0.5112.102 Safari/537.36 Edg/104.0.1293.70" "www.ysfine.com"
37.204.8.137 - - [09/Sep/2022:01:52:36 -0700] "GET /world/brit/nehru11b.jpg HTTP/1.1" 200 43052 "https://www.ysfine.com/world/brit/etonharrow.html" "Mozilla/5.0 (Windows NT 10.0; Win64; x64) AppleWebKit/537.36 (KHTML, like Gecko) Chrome/104.0.5112.102 Safari/537.36 Edg/104.0.1293.70" "www.ysfine.com"
37.204.8.137 - - [09/Sep/2022:01:52:36 -0700] "GET /kobak/kwk11b.jpg HTTP/1.1" 200 46888 "https://www.ysfine.com/world/brit/etonharrow.html" "Mozilla/5.0 (Windows NT 10.0; Win64; x64) AppleWebKit/537.36 (KHTML, like Gecko) Chrome/104.0.5112.102 Safari/537.36 Edg/104.0.1293.70" "www.ysfine.com"
37.204.8.137 - - [09/Sep/2022:01:52:36 -0700] "GET /world/brit/eton01b.jpg HTTP/1.1" 200 47771 "https://www.ysfine.com/world/brit/etonharrow.html" "Mozilla/5.0 (Windows NT 10.0; Win64; x64) AppleWebKit/537.36 (KHTML, like Gecko) Chrome/104.0.5112.102 Safari/537.36 Edg/104.0.1293.70" "www.ysfine.com"
37.204.8.137 - - [09/Sep/2022:01:52:36 -0700] "GET /world/brit/eton02b.jpg HTTP/1.1" 200 39432 "https://www.ysfine.com/world/brit/etonharrow.html" "Mozilla/5.0 (Windows NT 10.0; Win64; x64) AppleWebKit/537.36 (KHTML, like Gecko) Chrome/104.0.5112.102 Safari/537.36 Edg/104.0.1293.70" "www.ysfine.com"
37.204.8.137 - - [09/Sep/2022:01:52:36 -0700] "GET /world/brit/eton07b.jpg HTTP/1.1" 200 36566 "https://www.ysfine.com/world/brit/etonharrow.html" "Mozilla/5.0 (Windows NT 10.0; Win64; x64) AppleWebKit/537.36 (KHTML, like Gecko) Chrome/104.0.5112.102 Safari/537.36 Edg/104.0.1293.70" "www.ysfine.com"
37.204.8.137 - - [09/Sep/2022:01:52:36 -0700] "GET /world/brit/eton03b.jpg HTTP/1.1" 200 45141 "https://www.ysfine.com/world/brit/etonharrow.html" "Mozilla/5.0 (Windows NT 10.0; Win64; x64) AppleWebKit/537.36 (KHTML, like Gecko) Chrome/104.0.5112.102 Safari/537.36 Edg/104.0.1293.70" "www.ysfine.com"
37.204.8.137 - - [09/Sep/2022:01:52:37 -0700] "GET /world/brit/windsor02b.jpg HTTP/1.1" 200 40724 "https://www.ysfine.com/world/brit/etonharrow.html" "Mozilla/5.0 (Windows NT 10.0; Win64; x64) AppleWebKit/537.36 (KHTML, like Gecko) Chrome/104.0.5112.102 Safari/537.36 Edg/104.0.1293.70" "www.ysfine.com"
37.204.8.137 - - [09/Sep/2022:01:52:37 -0700] "GET /world/brit/harrow01b.jpg HTTP/1.1" 200 54632 "https://www.ysfine.com/world/brit/etonharrow.html" "Mozilla/5.0 (Windows NT 10.0; Win64; x64) AppleWebKit/537.36 (KHTML, like Gecko) Chrome/104.0.5112.102 Safari/537.36 Edg/104.0.1293.70" "www.ysfine.com"
37.204.8.137 - - [09/Sep/2022:01:52:37 -0700] "GET /world/brit/harrow12b.jpg HTTP/1.1" 200 45104 "https://www.ysfine.com/world/brit/etonharrow.html" "Mozilla/5.0 (Windows NT 10.0; Win64; x64) AppleWebKit/537.36 (KHTML, like Gecko) Chrome/104.0.5112.102 Safari/537.36 Edg/104.0.1293.70" "www.ysfine.com"
37.204.8.137 - - [09/Sep/2022:01:52:37 -0700] "GET /world/brit/harrow09b.jpg HTTP/1.1" 200 48797 "https://www.ysfine.com/world/brit/etonharrow.html" "Mozilla/5.0 (Windows NT 10.0; Win64; x64) AppleWebKit/537.36 (KHTML, like Gecko) Chrome/104.0.5112.102 Safari/537.36 Edg/104.0.1293.70" "www.ysfine.com"
37.204.8.137 - - [09/Sep/2022:01:52:38 -0700] "GET /world/brit/harrow04b.jpg HTTP/1.1" 200 48004 "https://www.ysfine.com/world/brit/etonharrow.html" "Mozilla/5.0 (Windows NT 10.0; Win64; x64) AppleWebKit/537.36 (KHTML, like Gecko) Chrome/104.0.5112.102 Safari/537.36 Edg/104.0.1293.70" "www.ysfine.com"
37.204.8.137 - - [09/Sep/2022:01:52:40 -0700] "GET /world/brit/harrow11b.jpg HTTP/1.1" 200 42533 "https://www.ysfine.com/world/brit/etonharrow.html" "Mozilla/5.0 (Windows NT 10.0; Win64; x64) AppleWebKit/537.36 (KHTML, like Gecko) Chrome/104.0.5112.102 Safari/537.36 Edg/104.0.1293.70" "www.ysfine.com"
37.204.8.137 - - [09/Sep/2022:01:52:41 -0700] "GET /eink/pwk19c.jpg HTTP/1.1" 200 57759 "https://www.ysfine.com/world/brit/etonharrow.html" "Mozilla/5.0 (Windows NT 10.0; Win64; x64) AppleWebKit/537.36 (KHTML, like Gecko) Chrome/104.0.5112.102 Safari/537.36 Edg/104.0.1293.70" "www.ysfine.com"
37.204.8.137 - - [09/Sep/2022:01:52:41 -0700] "GET /kobak/taylor33c.jpg HTTP/1.1" 200 39951 "https://www.ysfine.com/world/brit/etonharrow.html" "Mozilla/5.0 (Windows NT 10.0; Win64; x64) AppleWebKit/537.36 (KHTML, like Gecko) Chrome/104.0.5112.102 Safari/537.36 Edg/104.0.1293.70" "www.ysfine.com"
51.222.253.1 - - [09/Sep/2022:01:52:41 -0700] "GET /class54/class5470/total_data/sub_109.htm HTTP/1.1" 200 3253 "-" "Mozilla/5.0 (compatible; AhrefsBot/7.0; +http://ahrefs.com/robot/)" "ysfine.com"
40.77.167.35 - - [09/Sep/2022:01:53:01 -0700] "GET /dirac/sq500.jpg HTTP/1.1" 200 46129 "-" "Mozilla/5.0 (compatible; bingbot/2.0; +http://www.bing.com/bingbot.htm)" "ysfine.com"
173.73.80.118 - - [09/Sep/2022:01:53:18 -0700] "GET /home/bio44 HTTP/1.1" 200 14089 "-" "Mozilla/5.0 (Windows NT 10.0; Win64; x64; rv:104.0) Gecko/20100101 Firefox/104.0" "ysfine.com"
40.77.167.35 - - [09/Sep/2022:01:53:49 -0700] "GET /world/china/chongking17.jpg HTTP/1.1" 200 112288 "-" "Mozilla/5.0 (compatible; bingbot/2.0; +http://www.bing.com/bingbot.htm)" "www.ysfine.com"
157.55.39.146 - - [09/Sep/2022:01:54:37 -0700] "GET /einstein/places/einha05.jpg HTTP/1.1" 200 138021 "-" "Mozilla/5.0 (compatible; bingbot/2.0; +http://www.bing.com/bingbot.htm)" "www.ysfine.com"
40.77.167.27 - - [09/Sep/2022:01:55:01 -0700] "GET /world/ital/termini04.jpg HTTP/1.1" 200 109733 "-" "Mozilla/5.0 (compatible; bingbot/2.0; +http://www.bing.com/bingbot.htm)" "ysfine.com"
173.73.80.118 - - [09/Sep/2022:01:55:40 -0700] "GET /home/pgh/sbk57.jpg HTTP/1.1" 200 193322 "https://ysfine.com/home/bio44" "Mozilla/5.0 (Windows NT 10.0; Win64; x64; rv:104.0) Gecko/20100101 Firefox/104.0" "ysfine.com"
173.73.80.118 - - [09/Sep/2022:01:56:14 -0700] "GET /home/pgh/knee55.jpg HTTP/1.1" 200 106434 "https://ysfine.com/home/bio44" "Mozilla/5.0 (Windows NT 10.0; Win64; x64; rv:104.0) Gecko/20100101 Firefox/104.0" "ysfine.com"
173.73.80.118 - - [09/Sep/2022:01:56:38 -0700] "GET /home/pgh/margmor.jpg HTTP/1.1" 200 99402 "https://ysfine.com/home/bio44" "Mozilla/5.0 (Windows NT 10.0; Win64; x64; rv:104.0) Gecko/20100101 Firefox/104.0" "ysfine.com"
173.73.80.118 - - [09/Sep/2022:01:56:59 -0700] "GET /home/bio22.html HTTP/1.1" 304 - "https://ysfine.com/home/bio44" "Mozilla/5.0 (Windows NT 10.0; Win64; x64; rv:104.0) Gecko/20100101 Firefox/104.0" "ysfine.com"
173.73.80.118 - - [09/Sep/2022:01:56:59 -0700] "GET /home/fotos/boy11f.jpg HTTP/1.1" 200 135177 "https://ysfine.com/home/bio22.html" "Mozilla/5.0 (Windows NT 10.0; Win64; x64; rv:104.0) Gecko/20100101 Firefox/104.0" "ysfine.com"
40.77.167.35 - - [09/Sep/2022:01:57:10 -0700] "GET /world/israel/armen10c.jpg HTTP/1.1" 200 25673 "-" "Mozilla/5.0 (compatible; bingbot/2.0; +http://www.bing.com/bingbot.htm)" "ysfine.com"
40.77.167.35 - - [09/Sep/2022:01:57:12 -0700] "GET /kowar/war45.html HTTP/1.1" 200 12086 "-" "Mozilla/5.0 (compatible; bingbot/2.0; +http://www.bing.com/bingbot.htm)" "www.ysfine.com"
173.73.80.118 - - [09/Sep/2022:01:57:16 -0700] "GET /home/pgh/zunggul.pdf HTTP/1.1" 404 88 "https://ysfine.com/home/bio44" "Mozilla/5.0 (Windows NT 10.0; Win64; x64; rv:104.0) Gecko/20100101 Firefox/104.0" "ysfine.com"
51.222.253.13 - - [09/Sep/2022:01:58:25 -0700] "GET /class54/class5470/total_data/sub_103.htm HTTP/1.1" 200 3269 "-" "Mozilla/5.0 (compatible; AhrefsBot/7.0; +http://ahrefs.com/robot/)" "ysfine.com"
51.222.253.19 - - [09/Sep/2022:01:58:29 -0700] "GET /class54/class5470/total_data/img/01_st_brooch.gif HTTP/1.1" 200 545 "-" "Mozilla/5.0 (compatible; AhrefsBot/7.0; +http://ahrefs.com/robot/)" "ysfine.com"
51.222.253.18 - - [09/Sep/2022:01:58:29 -0700] "GET /class54/class5470/total_data/img/01_smtitle03.gif HTTP/1.1" 200 535 "-" "Mozilla/5.0 (compatible; AhrefsBot/7.0; +http://ahrefs.com/robot/)" "ysfine.com"
185.191.171.40 - - [09/Sep/2022:02:00:14 -0700] "GET /robots.txt HTTP/1.1" 404 88 "-" "Mozilla/5.0 (compatible; SemrushBot/7~bl; +http://www.semrush.com/bot.html)" "ysfine.com"
185.191.171.22 - - [09/Sep/2022:02:00:16 -0700] "GET /saram/pitsaram.html HTTP/1.1" 404 88 "-" "Mozilla/5.0 (compatible; SemrushBot/7~bl; +http://www.semrush.com/bot.html)" "ysfine.com"
75.129.224.113 - - [09/Sep/2022:02:00:25 -0700] "GET /world/france/stras10.jpg HTTP/1.1" 200 105338 "https://www.google.com/" "Mozilla/5.0 (Windows NT 10.0; Win64; x64; rv:104.0) Gecko/20100101 Firefox/104.0" "ysfine.com"
75.129.224.113 - - [09/Sep/2022:02:00:59 -0700] "GET /world/france/stras17.jpg HTTP/1.1" 200 145827 "https://www.google.com/" "Mozilla/5.0 (Windows NT 10.0; Win64; x64; rv:104.0) Gecko/20100101 Firefox/104.0" "ysfine.com"
40.77.167.28 - - [09/Sep/2022:02:02:32 -0700] "GET /feynman/feybongo77b.jpg HTTP/1.1" 200 29724 "-" "Mozilla/5.0 (compatible; bingbot/2.0; +http://www.bing.com/bingbot.htm)" "ysfine.com"
135.181.79.106 - - [09/Sep/2022:02:03:09 -0700] "GET /robots.txt HTTP/1.1" 404 73 "-" "Mozilla/5.0 (compatible; MJ12bot/v1.4.8; http://mj12bot.com/)" "ysfine.com"
135.181.79.106 - - [09/Sep/2022:02:03:10 -0700] "GET /home/eward33.jpg HTTP/1.1" 200 118028 "-" "Mozilla/5.0 (compatible; MJ12bot/v1.4.8; http://mj12bot.com/)" "ysfine.com"
135.181.79.106 - - [09/Sep/2022:02:03:12 -0700] "GET /home/fotos/eintao22.jpg HTTP/1.1" 200 162143 "-" "Mozilla/5.0 (compatible; MJ12bot/v1.4.8; http://mj12bot.com/)" "ysfine.com"
135.181.79.106 - - [09/Sep/2022:02:03:14 -0700] "GET /home/kbrain11.jpg HTTP/1.1" 200 68880 "-" "Mozilla/5.0 (compatible; MJ12bot/v1.4.8; http://mj12bot.com/)" "ysfine.com"
135.181.79.106 - - [09/Sep/2022:02:03:16 -0700] "GET /robots.txt HTTP/1.1" 404 73 "-" "Mozilla/5.0 (compatible; MJ12bot/v1.4.8; http://mj12bot.com/)" "www.ysfine.com"
135.181.79.106 - - [09/Sep/2022:02:03:17 -0700] "GET /wigner/dirwig33.jpg HTTP/1.1" 200 60215 "-" "Mozilla/5.0 (compatible; MJ12bot/v1.4.8; http://mj12bot.com/)" "www.ysfine.com"
135.181.79.106 - - [09/Sep/2022:02:03:19 -0700] "GET /wigner/ewk22.jpg HTTP/1.1" 200 149365 "-" "Mozilla/5.0 (compatible; MJ12bot/v1.4.8; http://mj12bot.com/)" "www.ysfine.com"
135.181.79.106 - - [09/Sep/2022:02:03:21 -0700] "GET /wigner/isomor39.jpg HTTP/1.1" 200 139826 "-" "Mozilla/5.0 (compatible; MJ12bot/v1.4.8; http://mj12bot.com/)" "www.ysfine.com"
135.181.79.106 - - [09/Sep/2022:02:03:23 -0700] "GET /wigner/isomor87.jpg HTTP/1.1" 200 129920 "-" "Mozilla/5.0 (compatible; MJ12bot/v1.4.8; http://mj12bot.com/)" "www.ysfine.com"
135.181.79.106 - - [09/Sep/2022:02:03:25 -0700] "GET /wigner/isomor90.jpg HTTP/1.1" 200 88858 "-" "Mozilla/5.0 (compatible; MJ12bot/v1.4.8; http://mj12bot.com/)" "www.ysfine.com"
135.181.79.106 - - [09/Sep/2022:02:03:27 -0700] "GET /wigner/wigneu800.jpg HTTP/1.1" 200 164813 "-" "Mozilla/5.0 (compatible; MJ12bot/v1.4.8; http://mj12bot.com/)" "www.ysfine.com"
135.181.79.106 - - [09/Sep/2022:02:03:29 -0700] "GET /yspapers/kno79.pdf HTTP/1.1" 200 176844 "-" "Mozilla/5.0 (compatible; MJ12bot/v1.4.8; http://mj12bot.com/)" "www.ysfine.com"
51.222.253.19 - - [09/Sep/2022:02:04:13 -0700] "GET /class54/class5470/total_data/sub_114.htm HTTP/1.1" 200 3292 "-" "Mozilla/5.0 (compatible; AhrefsBot/7.0; +http://ahrefs.com/robot/)" "ysfine.com"
173.73.80.118 - - [09/Sep/2022:02:04:17 -0700] "GET /home/bio44 HTTP/1.1" 200 14089 "-" "Mozilla/5.0 (Windows NT 10.0; Win64; x64; rv:104.0) Gecko/20100101 Firefox/104.0" "ysfine.com"
51.222.253.18 - - [09/Sep/2022:02:04:17 -0700] "GET /class54/class5470/total_data/photo_img/1-14.jpg HTTP/1.1" 200 244211 "-" "Mozilla/5.0 (compatible; AhrefsBot/7.0; +http://ahrefs.com/robot/)" "ysfine.com"
157.55.39.146 - - [09/Sep/2022:02:04:18 -0700] "GET /world/china/dalian01b.jpg HTTP/1.1" 200 70749 "-" "Mozilla/5.0 (compatible; bingbot/2.0; +http://www.bing.com/bingbot.htm)" "ysfine.com"
51.222.253.11 - - [09/Sep/2022:02:04:19 -0700] "GET /class54/class5470/total_data/img/01_smtitle14.gif HTTP/1.1" 200 272 "-" "Mozilla/5.0 (compatible; AhrefsBot/7.0; +http://ahrefs.com/robot/)" "ysfine.com"
88.212.41.12 - - [09/Sep/2022:02:04:28 -0700] "GET /feynman/jf2.jpg HTTP/1.1" 200 10558 "https://www.google.com/" "Mozilla/5.0 (Linux; Android 10; moto g(7) power) AppleWebKit/537.36 (KHTML, like Gecko) Chrome/104.0.0.0 Mobile Safari/537.36" "ysfine.com"
178.37.126.46 - - [09/Sep/2022:02:06:22 -0700] "GET /world/russ/spbpi06.jpg HTTP/1.1" 200 85923 "https://www.google.com/" "Mozilla/5.0 (Windows NT 10.0; Win64; x64; rv:104.0) Gecko/20100101 Firefox/104.0" "ysfine.com"
178.37.126.46 - - [09/Sep/2022:02:06:22 -0700] "GET /world/russ/spbpi01.jpg HTTP/1.1" 200 77203 "https://www.google.com/" "Mozilla/5.0 (Windows NT 10.0; Win64; x64; rv:104.0) Gecko/20100101 Firefox/104.0" "ysfine.com"
40.77.167.28 - - [09/Sep/2022:02:06:31 -0700] "GET /yspapers/iopbook15.pdf HTTP/1.1" 200 2962673 "-" "Mozilla/5.0 (compatible; bingbot/2.0; +http://www.bing.com/bingbot.htm)" "www.ysfine.com"
40.77.167.35 - - [09/Sep/2022:02:06:50 -0700] "GET /einstein/einstein33.jpg HTTP/1.1" 200 35678 "-" "Mozilla/5.0 (compatible; bingbot/2.0; +http://www.bing.com/bingbot.htm)" "www.ysfine.com"
40.77.167.33 - - [09/Sep/2022:02:06:55 -0700] "GET /people/zeilinger2.jpg HTTP/1.1" 200 30410 "-" "Mozilla/5.0 (compatible; bingbot/2.0; +http://www.bing.com/bingbot.htm)" "www.ysfine.com"
40.77.167.33 - - [09/Sep/2022:02:07:44 -0700] "GET /dongio/polmil11.jpg HTTP/1.1" 404 88 "-" "Mozilla/5.0 AppleWebKit/537.36 (KHTML, like Gecko; compatible; bingbot/2.0; +http://www.bing.com/bingbot.htm) Chrome/103.0.5060.134 Safari/537.36" "www.ysfine.com"
157.55.39.146 - - [09/Sep/2022:02:08:00 -0700] "GET /world/poland/sienkiew01b.jpg HTTP/1.1" 200 59395 "-" "Mozilla/5.0 (compatible; bingbot/2.0; +http://www.bing.com/bingbot.htm)" "www.ysfine.com"
213.194.152.227 - - [09/Sep/2022:02:08:04 -0700] "GET /feynman/feynbot.html HTTP/1.1" 200 138 "https://www.google.com/" "Mozilla/5.0 (Linux; Android 8.0.0; RNE-L21) AppleWebKit/537.36 (KHTML, like Gecko) Chrome/105.0.0.0 Mobile Safari/537.36" "ysfine.com"
213.194.152.227 - - [09/Sep/2022:02:08:04 -0700] "GET /feynman/feynleft.html HTTP/1.1" 200 523 "https://ysfine.com/feynman/feynbot.html" "Mozilla/5.0 (Linux; Android 8.0.0; RNE-L21) AppleWebKit/537.36 (KHTML, like Gecko) Chrome/105.0.0.0 Mobile Safari/537.36" "ysfine.com"
213.194.152.227 - - [09/Sep/2022:02:08:04 -0700] "GET /feynman/feynrigh.html HTTP/1.1" 200 2183 "https://ysfine.com/feynman/feynbot.html" "Mozilla/5.0 (Linux; Android 8.0.0; RNE-L21) AppleWebKit/537.36 (KHTML, like Gecko) Chrome/105.0.0.0 Mobile Safari/537.36" "ysfine.com"
213.194.152.227 - - [09/Sep/2022:02:08:05 -0700] "GET /feynman/feyfirm3.jpg HTTP/1.1" 200 39603 "https://ysfine.com/feynman/feynrigh.html" "Mozilla/5.0 (Linux; Android 8.0.0; RNE-L21) AppleWebKit/537.36 (KHTML, like Gecko) Chrome/105.0.0.0 Mobile Safari/537.36" "ysfine.com"
213.194.152.227 - - [09/Sep/2022:02:08:05 -0700] "GET /feynman/feyn86b.jpg HTTP/1.1" 200 26190 "https://ysfine.com/feynman/feynrigh.html" "Mozilla/5.0 (Linux; Android 8.0.0; RNE-L21) AppleWebKit/537.36 (KHTML, like Gecko) Chrome/105.0.0.0 Mobile Safari/537.36" "ysfine.com"
213.194.152.227 - - [09/Sep/2022:02:08:05 -0700] "GET /feynman/jacdrum11b.jpg HTTP/1.1" 200 49846 "https://ysfine.com/feynman/feynrigh.html" "Mozilla/5.0 (Linux; Android 8.0.0; RNE-L21) AppleWebKit/537.36 (KHTML, like Gecko) Chrome/105.0.0.0 Mobile Safari/537.36" "ysfine.com"
213.194.152.227 - - [09/Sep/2022:02:08:06 -0700] "GET /favicon.ico HTTP/1.1" 404 88 "https://ysfine.com/feynman/feynbot.html" "Mozilla/5.0 (Linux; Android 8.0.0; RNE-L21) AppleWebKit/537.36 (KHTML, like Gecko) Chrome/105.0.0.0 Mobile Safari/537.36" "ysfine.com"
40.77.167.28 - - [09/Sep/2022:02:09:02 -0700] "GET /people/jgriffin.jpg HTTP/1.1" 200 110098 "-" "Mozilla/5.0 (compatible; bingbot/2.0; +http://www.bing.com/bingbot.htm)" "www.ysfine.com"
51.222.253.6 - - [09/Sep/2022:02:09:15 -0700] "GET /class54/class5470/total_data/sub_104.htm HTTP/1.1" 200 3264 "-" "Mozilla/5.0 (compatible; AhrefsBot/7.0; +http://ahrefs.com/robot/)" "ysfine.com"
51.222.253.16 - - [09/Sep/2022:02:09:18 -0700] "GET /class54/class5470/total_data/photo_img/1-4.jpg HTTP/1.1" 200 125794 "-" "Mozilla/5.0 (compatible; AhrefsBot/7.0; +http://ahrefs.com/robot/)" "ysfine.com"
34.205.85.214 - - [09/Sep/2022:02:09:43 -0700] "GET / HTTP/1.1" 200 5283 "-" "Mozilla/5.0 (compatible; Newslitbot/0.1; +https://www.newslit.co)" "ysfine.com"
18.234.76.148 - - [09/Sep/2022:02:09:43 -0700] "GET /robots.txt HTTP/1.1" 404 88 "-" "Apache-HttpClient/4.5.3 (Java/1.8.0_292)" "ysfine.com"
173.73.80.118 - - [09/Sep/2022:02:10:27 -0700] "GET /home/dwf.html HTTP/1.1" 304 - "-" "Mozilla/5.0 (Windows NT 10.0; Win64; x64) AppleWebKit/537.36 (KHTML, like Gecko) Chrome/105.0.0.0 Safari/537.36" "ysfine.com"
173.73.80.118 - - [09/Sep/2022:02:10:27 -0700] "GET /favicon.ico HTTP/1.1" 404 88 "https://ysfine.com/home/dwf.html" "Mozilla/5.0 (Windows NT 10.0; Win64; x64) AppleWebKit/537.36 (KHTML, like Gecko) Chrome/105.0.0.0 Safari/537.36" "ysfine.com"
54.226.211.55 - - [09/Sep/2022:02:10:59 -0700] "GET /style/socrates11.jpg HTTP/1.1" 200 81464 "http://ysfine.com/style/socrates11.jpg" "Mozilla/5.0 (compatible; redditbot/1.0; +http://www.reddit.com/feedback)" "ysfine.com"
173.73.80.118 - - [09/Sep/2022:02:11:12 -0700] "GET /home/bio44.html?fbclid=IwAR0YZP0JvNimTScGPk3O_Ullb1v8bnOKoSqGSXxeSsV1simHmicuQN2RUTI HTTP/1.1" 200 14089 "https://l.facebook.com/" "Mozilla/5.0 (Windows NT 10.0; Win64; x64) AppleWebKit/537.36 (KHTML, like Gecko) Chrome/105.0.0.0 Safari/537.36" "ysfine.com"
40.77.167.35 - - [09/Sep/2022:02:12:11 -0700] "GET /world/spain/gran44.jpg HTTP/1.1" 200 232539 "-" "Mozilla/5.0 (compatible; bingbot/2.0; +http://www.bing.com/bingbot.htm)" "ysfine.com"
173.73.80.118 - - [09/Sep/2022:02:12:34 -0700] "GET /home/pgh/pittcath05.jpg HTTP/1.1" 200 183137 "https://ysfine.com/home/bio44.html?fbclid=IwAR0YZP0JvNimTScGPk3O_Ullb1v8bnOKoSqGSXxeSsV1simHmicuQN2RUTI" "Mozilla/5.0 (Windows NT 10.0; Win64; x64) AppleWebKit/537.36 (KHTML, like Gecko) Chrome/105.0.0.0 Safari/537.36" "ysfine.com"
173.73.80.118 - - [09/Sep/2022:02:12:47 -0700] "GET /home/pgh/pittcath02.jpg HTTP/1.1" 200 81215 "https://ysfine.com/home/bio44.html?fbclid=IwAR0YZP0JvNimTScGPk3O_Ullb1v8bnOKoSqGSXxeSsV1simHmicuQN2RUTI" "Mozilla/5.0 (Windows NT 10.0; Win64; x64) AppleWebKit/537.36 (KHTML, like Gecko) Chrome/105.0.0.0 Safari/537.36" "ysfine.com"
173.73.80.118 - - [09/Sep/2022:02:12:54 -0700] "GET /home/pgh/cmall04.jpg HTTP/1.1" 200 70991 "https://ysfine.com/home/bio44.html?fbclid=IwAR0YZP0JvNimTScGPk3O_Ullb1v8bnOKoSqGSXxeSsV1simHmicuQN2RUTI" "Mozilla/5.0 (Windows NT 10.0; Win64; x64) AppleWebKit/537.36 (KHTML, like Gecko) Chrome/105.0.0.0 Safari/537.36" "ysfine.com"
112.158.83.134 - - [09/Sep/2022:02:13:21 -0700] "GET /jobs/koreaj.html HTTP/1.1" 200 10214 "https://www.google.com/" "Mozilla/5.0 (Linux; Android 10; SM-G965N) AppleWebKit/537.36 (KHTML, like Gecko) Chrome/104.0.0.0 Mobile Safari/537.36" "ysfine.com"
112.158.83.134 - - [09/Sep/2022:02:13:21 -0700] "GET /jobs/koreaj11b.jpg HTTP/1.1" 200 67543 "https://ysfine.com/jobs/koreaj.html" "Mozilla/5.0 (Linux; Android 10; SM-G965N) AppleWebKit/537.36 (KHTML, like Gecko) Chrome/104.0.0.0 Mobile Safari/537.36" "ysfine.com"
112.158.83.134 - - [09/Sep/2022:02:13:23 -0700] "GET /favicon.ico HTTP/1.1" 404 88 "https://ysfine.com/jobs/koreaj.html" "Mozilla/5.0 (Linux; Android 10; SM-G965N) AppleWebKit/537.36 (KHTML, like Gecko) Chrome/104.0.0.0 Mobile Safari/537.36" "ysfine.com"
112.158.83.134 - - [09/Sep/2022:02:14:30 -0700] "GET /jobs/koreaj.html HTTP/1.1" 200 10214 "-" "WhatsApp/2.22.17.76 A" "ysfine.com"
51.222.253.17 - - [09/Sep/2022:02:14:32 -0700] "GET /class54/class5470/total_data/sub_115.htm HTTP/1.1" 200 3291 "-" "Mozilla/5.0 (compatible; AhrefsBot/7.0; +http://ahrefs.com/robot/)" "ysfine.com"
40.77.167.28 - - [09/Sep/2022:02:14:33 -0700] "GET /world/israel/jeru08.jpg HTTP/1.1" 200 179588 "-" "Mozilla/5.0 (compatible; bingbot/2.0; +http://www.bing.com/bingbot.htm)" "ysfine.com"
173.73.80.118 - - [09/Sep/2022:02:14:39 -0700] "GET /people/morningstar.jpg HTTP/1.1" 200 82131 "https://ysfine.com/home/bio44.html?fbclid=IwAR0YZP0JvNimTScGPk3O_Ullb1v8bnOKoSqGSXxeSsV1simHmicuQN2RUTI" "Mozilla/5.0 (Windows NT 10.0; Win64; x64) AppleWebKit/537.36 (KHTML, like Gecko) Chrome/105.0.0.0 Safari/537.36" "ysfine.com"
40.77.167.35 - - [09/Sep/2022:02:14:40 -0700] "GET /home/kids20.jpg HTTP/1.1" 200 153106 "-" "Mozilla/5.0 (compatible; bingbot/2.0; +http://www.bing.com/bingbot.htm)" "ysfine.com"
95.24.226.118 - - [09/Sep/2022:02:15:32 -0700] "GET /jobs/koreaj.html HTTP/1.1" 200 10214 "-" "Mozilla/5.0 (Linux; Android 10; moto g(7) power) AppleWebKit/537.36 (KHTML, like Gecko) Chrome/105.0.0.0 Mobile Safari/537.36" "ysfine.com"
95.24.226.118 - - [09/Sep/2022:02:15:40 -0700] "GET /jobs/koreaj11b.jpg HTTP/1.1" 200 67543 "https://ysfine.com/jobs/koreaj.html" "Mozilla/5.0 (Linux; Android 10; moto g(7) power) AppleWebKit/537.36 (KHTML, like Gecko) Chrome/105.0.0.0 Mobile Safari/537.36" "ysfine.com"
95.24.226.118 - - [09/Sep/2022:02:15:41 -0700] "GET /favicon.ico HTTP/1.1" 404 88 "https://ysfine.com/jobs/koreaj.html" "Mozilla/5.0 (Linux; Android 10; moto g(7) power) AppleWebKit/537.36 (KHTML, like Gecko) Chrome/105.0.0.0 Mobile Safari/537.36" "ysfine.com"
40.77.167.33 - - [09/Sep/2022:02:15:45 -0700] "GET /sbk/2004dd.jpg HTTP/1.1" 200 170624 "-" "Mozilla/5.0 (compatible; bingbot/2.0; +http://www.bing.com/bingbot.htm)" "ysfine.com"
173.73.80.118 - - [09/Sep/2022:02:17:10 -0700] "GET /home/bio44 HTTP/1.1" 200 14089 "-" "Mozilla/5.0 (Windows NT 10.0; Win64; x64; rv:104.0) Gecko/20100101 Firefox/104.0" "ysfine.com"
173.73.80.118 - - [09/Sep/2022:02:18:44 -0700] "GET /home/pgh58.jpg HTTP/1.1" 200 296282 "https://ysfine.com/home/bio44" "Mozilla/5.0 (Windows NT 10.0; Win64; x64; rv:104.0) Gecko/20100101 Firefox/104.0" "ysfine.com"
40.77.167.35 - - [09/Sep/2022:02:20:04 -0700] "GET /maga/phys/farad32.jpg HTTP/1.1" 200 89445 "-" "Mozilla/5.0 (compatible; bingbot/2.0; +http://www.bing.com/bingbot.htm)" "ysfine.com"
51.222.253.14 - - [09/Sep/2022:02:20:12 -0700] "GET /remote/wigner111/frame09.html HTTP/1.1" 200 766 "-" "Mozilla/5.0 (compatible; AhrefsBot/7.0; +http://ahrefs.com/robot/)" "www.ysfine.com"
185.191.171.1 - - [09/Sep/2022:02:20:21 -0700] "GET /robots.txt HTTP/1.1" 404 88 "-" "Mozilla/5.0 (compatible; SemrushBot/7~bl; +http://www.semrush.com/bot.html)" "www.ysfine.com"
185.191.171.42 - - [09/Sep/2022:02:20:30 -0700] "GET /dongio/amkor/hillary.html HTTP/1.1" 404 88 "-" "Mozilla/5.0 (compatible; SemrushBot/7~bl; +http://www.semrush.com/bot.html)" "www.ysfine.com"
173.73.80.118 - - [09/Sep/2022:02:20:45 -0700] "GET /kobak/repose.html HTTP/1.1" 200 4578 "https://ysfine.com/home/bio44" "Mozilla/5.0 (Windows NT 10.0; Win64; x64; rv:104.0) Gecko/20100101 Firefox/104.0" "ysfine.com"
173.73.80.118 - - [09/Sep/2022:02:20:45 -0700] "GET /kobak/repose11b.jpg HTTP/1.1" 200 32052 "https://ysfine.com/kobak/repose.html" "Mozilla/5.0 (Windows NT 10.0; Win64; x64; rv:104.0) Gecko/20100101 Firefox/104.0" "ysfine.com"
173.73.80.118 - - [09/Sep/2022:02:20:45 -0700] "GET /kobak/father2.jpg HTTP/1.1" 200 27723 "https://ysfine.com/kobak/repose.html" "Mozilla/5.0 (Windows NT 10.0; Win64; x64; rv:104.0) Gecko/20100101 Firefox/104.0" "ysfine.com"
173.73.80.118 - - [09/Sep/2022:02:20:45 -0700] "GET /kobak/swr51b.jpg HTTP/1.1" 200 31277 "https://ysfine.com/kobak/repose.html" "Mozilla/5.0 (Windows NT 10.0; Win64; x64; rv:104.0) Gecko/20100101 Firefox/104.0" "ysfine.com"
173.73.80.118 - - [09/Sep/2022:02:20:45 -0700] "GET /kobak/underw03b.jpg HTTP/1.1" 200 37749 "https://ysfine.com/kobak/repose.html" "Mozilla/5.0 (Windows NT 10.0; Win64; x64; rv:104.0) Gecko/20100101 Firefox/104.0" "ysfine.com"
173.73.80.118 - - [09/Sep/2022:02:20:45 -0700] "GET /kobak/lemnitzer2.jpg HTTP/1.1" 200 31222 "https://ysfine.com/kobak/repose.html" "Mozilla/5.0 (Windows NT 10.0; Win64; x64; rv:104.0) Gecko/20100101 Firefox/104.0" "ysfine.com"
173.73.80.118 - - [09/Sep/2022:02:20:45 -0700] "GET /kobak/underw31b.jpg HTTP/1.1" 200 42761 "https://ysfine.com/kobak/repose.html" "Mozilla/5.0 (Windows NT 10.0; Win64; x64; rv:104.0) Gecko/20100101 Firefox/104.0" "ysfine.com"
173.73.80.118 - - [09/Sep/2022:02:20:45 -0700] "GET /kobak/carbine11b.jpg HTTP/1.1" 200 27588 "https://ysfine.com/kobak/repose.html" "Mozilla/5.0 (Windows NT 10.0; Win64; x64; rv:104.0) Gecko/20100101 Firefox/104.0" "ysfine.com"
173.73.80.118 - - [09/Sep/2022:02:20:45 -0700] "GET /kobak/sorae01b.jpg HTTP/1.1" 200 31668 "https://ysfine.com/kobak/repose.html" "Mozilla/5.0 (Windows NT 10.0; Win64; x64; rv:104.0) Gecko/20100101 Firefox/104.0" "ysfine.com"
173.73.80.118 - - [09/Sep/2022:02:20:45 -0700] "GET /world/ital/milanf01b.jpg HTTP/1.1" 200 51884 "https://ysfine.com/kobak/repose.html" "Mozilla/5.0 (Windows NT 10.0; Win64; x64; rv:104.0) Gecko/20100101 Firefox/104.0" "ysfine.com"
173.73.80.118 - - [09/Sep/2022:02:20:45 -0700] "GET /eink/eink61b.jpg HTTP/1.1" 200 28018 "https://ysfine.com/kobak/repose.html" "Mozilla/5.0 (Windows NT 10.0; Win64; x64; rv:104.0) Gecko/20100101 Firefox/104.0" "ysfine.com"
173.73.80.118 - - [09/Sep/2022:02:21:29 -0700] "GET /home/pgh/yspgh54.jpg HTTP/1.1" 200 36953 "https://ysfine.com/home/bio44" "Mozilla/5.0 (Windows NT 10.0; Win64; x64; rv:104.0) Gecko/20100101 Firefox/104.0" "ysfine.com"
173.73.80.118 - - [09/Sep/2022:02:21:36 -0700] "GET /home/pgh/yspgh55.jpg HTTP/1.1" 200 64416 "https://ysfine.com/home/bio44" "Mozilla/5.0 (Windows NT 10.0; Win64; x64; rv:104.0) Gecko/20100101 Firefox/104.0" "ysfine.com"
173.73.80.118 - - [09/Sep/2022:02:21:40 -0700] "GET /home/pgh/yspgh57.jpg HTTP/1.1" 200 31028 "https://ysfine.com/home/bio44" "Mozilla/5.0 (Windows NT 10.0; Win64; x64; rv:104.0) Gecko/20100101 Firefox/104.0" "ysfine.com"
173.73.80.118 - - [09/Sep/2022:02:21:44 -0700] "GET /home/pgh/yspgh58.jpg HTTP/1.1" 200 185305 "https://ysfine.com/home/bio44" "Mozilla/5.0 (Windows NT 10.0; Win64; x64; rv:104.0) Gecko/20100101 Firefox/104.0" "ysfine.com"
62.167.160.55 - - [09/Sep/2022:02:21:48 -0700] "GET /dirac/dirac63.jpg HTTP/1.1" 200 83306 "https://www.google.ch/" "Mozilla/5.0 (Macintosh; Intel Mac OS X 10_15_7) AppleWebKit/605.1.15 (KHTML, like Gecko) Version/14.1.2 Safari/605.1.15" "ysfine.com"
173.73.80.118 - - [09/Sep/2022:02:22:00 -0700] "GET /home/pgh/knee22.jpg HTTP/1.1" 200 98319 "https://ysfine.com/home/bio44" "Mozilla/5.0 (Windows NT 10.0; Win64; x64; rv:104.0) Gecko/20100101 Firefox/104.0" "ysfine.com"
62.167.160.55 - - [09/Sep/2022:02:22:01 -0700] "GET /dirac/wigsis11.jpg HTTP/1.1" 200 71741 "https://www.google.ch/" "Mozilla/5.0 (Macintosh; Intel Mac OS X 10_15_7) AppleWebKit/605.1.15 (KHTML, like Gecko) Version/14.1.2 Safari/605.1.15" "ysfine.com"
173.73.80.118 - - [09/Sep/2022:02:22:06 -0700] "GET /home/pgh/knee33.jpg HTTP/1.1" 200 73465 "https://ysfine.com/home/bio44" "Mozilla/5.0 (Windows NT 10.0; Win64; x64; rv:104.0) Gecko/20100101 Firefox/104.0" "ysfine.com"
14.248.191.180 - - [09/Sep/2022:02:22:07 -0700] "GET /kowar/tanks/tank03.jpg HTTP/1.1" 200 106726 "https://www.google.com.vn/" "Mozilla/5.0 (iPhone; CPU iPhone OS 12_5_5 like Mac OS X) AppleWebKit/605.1.15 (KHTML, like Gecko) Version/12.1.2 Mobile/15E148 Safari/604.1" "ysfine.com"
62.167.160.55 - - [09/Sep/2022:02:22:15 -0700] "GET /dirac/hazi.jpg HTTP/1.1" 200 68959 "https://www.google.ch/" "Mozilla/5.0 (Macintosh; Intel Mac OS X 10_15_7) AppleWebKit/605.1.15 (KHTML, like Gecko) Version/14.1.2 Safari/605.1.15" "ysfine.com"
213.143.122.78 - - [09/Sep/2022:02:24:42 -0700] "GET /world/brit/harrow01.jpg HTTP/1.1" 200 116031 "https://at.images.search.yahoo.com/yhs/search;_ylt=AwrFde5yBRtjh_0ZuX6WCYpQ;_ylu=c2VjA3NlYXJjaARzbGsDYnV0dG9u;_ylc=X1MDMTM1MTIyMzcwMgRfcgMyBGFjdG4DY2xrBGNzcmNwdmlkA3F2bDhBakV5Tnk2TFpSVHdZVElScUFMYU1qRXpMZ0FBQUFBUDRVLkgEZnIDeWhzLWRvbWFpbmRldi01MG11bmkEZnIyA3NhLWdwBGdwcmlkA0hCMGl6dTFKVHl1cUw2ZUN4bFFmVUEEbl9zdWdnAzAEb3JpZ2luA2F0LmltYWdlcy5zZWFyY2gueWFob28uY29tBHBvcwMwBHBxc3RyAwRwcXN0cmwDBHFzdHJsAzIyBHF1ZXJ5A2hhcnJvdyUyMHN0dWRlbnRzJTIwdWsEdF9zdG1wAzE2NjI3MTUyNzc-?p=harrow+students+uk&fr=yhs-domaindev-50muni&fr2=sb-top-at.images.search&ei=UTF-8&x=wrt&type=03__alt__ddc_unitab_me&hsimp=yhs-50muni&hspart=domaindev" "Mozilla/5.0 (Macintosh; Intel Mac OS X 10_15_7) AppleWebKit/537.36 (KHTML, like Gecko) Chrome/104.0.5112.101 Safari/537.36" "ysfine.com"
173.73.80.118 - - [09/Sep/2022:02:25:02 -0700] "GET /einstein/bern.html HTTP/1.1" 304 - "-" "Mozilla/5.0 (Windows NT 10.0; Win64; x64) AppleWebKit/537.36 (KHTML, like Gecko) Chrome/105.0.0.0 Safari/537.36" "ysfine.com"
173.73.80.118 - - [09/Sep/2022:02:25:02 -0700] "GET /favicon.ico HTTP/1.1" 404 88 "https://ysfine.com/einstein/bern.html" "Mozilla/5.0 (Windows NT 10.0; Win64; x64) AppleWebKit/537.36 (KHTML, like Gecko) Chrome/105.0.0.0 Safari/537.36" "ysfine.com"
208.67.105.86 - - [09/Sep/2022:02:25:49 -0700] "GET / HTTP/1.1" 200 15910 "-" "Mozilla/5.0 (Windows NT 10.0; Win64; x64) AppleWebKit/537.36 (KHTML, like Gecko) Chrome/95.0.4638.69 Safari/537.36" "ysfine.com"
208.67.105.86 - - [09/Sep/2022:02:25:50 -0700] "GET //feed/ HTTP/1.1" 404 73 "-" "Mozilla/5.0 (Windows NT 10.0; Win64; x64) AppleWebKit/537.36 (KHTML, like Gecko) Chrome/95.0.4638.69 Safari/537.36" "ysfine.com"
208.67.105.86 - - [09/Sep/2022:02:25:51 -0700] "GET //blog/wp-includes/wlwmanifest.xml HTTP/1.1" 404 73 "-" "Mozilla/5.0 (Windows NT 10.0; Win64; x64) AppleWebKit/537.36 (KHTML, like Gecko) Chrome/95.0.4638.69 Safari/537.36" "ysfine.com"
208.67.105.86 - - [09/Sep/2022:02:25:52 -0700] "GET //web/wp-includes/wlwmanifest.xml HTTP/1.1" 404 73 "-" "Mozilla/5.0 (Windows NT 10.0; Win64; x64) AppleWebKit/537.36 (KHTML, like Gecko) Chrome/95.0.4638.69 Safari/537.36" "ysfine.com"
208.67.105.86 - - [09/Sep/2022:02:25:52 -0700] "GET //wordpress/wp-includes/wlwmanifest.xml HTTP/1.1" 404 73 "-" "Mozilla/5.0 (Windows NT 10.0; Win64; x64) AppleWebKit/537.36 (KHTML, like Gecko) Chrome/95.0.4638.69 Safari/537.36" "ysfine.com"
208.67.105.86 - - [09/Sep/2022:02:25:53 -0700] "GET //2020/wp-includes/wlwmanifest.xml HTTP/1.1" 404 73 "-" "Mozilla/5.0 (Windows NT 10.0; Win64; x64) AppleWebKit/537.36 (KHTML, like Gecko) Chrome/95.0.4638.69 Safari/537.36" "ysfine.com"
208.67.105.86 - - [09/Sep/2022:02:25:53 -0700] "GET //2019/wp-includes/wlwmanifest.xml HTTP/1.1" 404 73 "-" "Mozilla/5.0 (Windows NT 10.0; Win64; x64) AppleWebKit/537.36 (KHTML, like Gecko) Chrome/95.0.4638.69 Safari/537.36" "ysfine.com"
208.67.105.86 - - [09/Sep/2022:02:25:54 -0700] "GET //2021/wp-includes/wlwmanifest.xml HTTP/1.1" 404 73 "-" "Mozilla/5.0 (Windows NT 10.0; Win64; x64) AppleWebKit/537.36 (KHTML, like Gecko) Chrome/95.0.4638.69 Safari/537.36" "ysfine.com"
208.67.105.86 - - [09/Sep/2022:02:25:54 -0700] "GET //shop/wp-includes/wlwmanifest.xml HTTP/1.1" 404 73 "-" "Mozilla/5.0 (Windows NT 10.0; Win64; x64) AppleWebKit/537.36 (KHTML, like Gecko) Chrome/95.0.4638.69 Safari/537.36" "ysfine.com"
208.67.105.86 - - [09/Sep/2022:02:25:54 -0700] "GET //wp1/wp-includes/wlwmanifest.xml HTTP/1.1" 404 73 "-" "Mozilla/5.0 (Windows NT 10.0; Win64; x64) AppleWebKit/537.36 (KHTML, like Gecko) Chrome/95.0.4638.69 Safari/537.36" "ysfine.com"
208.67.105.86 - - [09/Sep/2022:02:25:55 -0700] "GET //test/wp-includes/wlwmanifest.xml HTTP/1.1" 404 73 "-" "Mozilla/5.0 (Windows NT 10.0; Win64; x64) AppleWebKit/537.36 (KHTML, like Gecko) Chrome/95.0.4638.69 Safari/537.36" "ysfine.com"
208.67.105.86 - - [09/Sep/2022:02:25:55 -0700] "GET //site/wp-includes/wlwmanifest.xml HTTP/1.1" 404 73 "-" "Mozilla/5.0 (Windows NT 10.0; Win64; x64) AppleWebKit/537.36 (KHTML, like Gecko) Chrome/95.0.4638.69 Safari/537.36" "ysfine.com"
208.67.105.86 - - [09/Sep/2022:02:25:56 -0700] "GET //cms/wp-includes/wlwmanifest.xml HTTP/1.1" 404 73 "-" "Mozilla/5.0 (Windows NT 10.0; Win64; x64) AppleWebKit/537.36 (KHTML, like Gecko) Chrome/95.0.4638.69 Safari/537.36" "ysfine.com"
51.222.253.20 - - [09/Sep/2022:02:26:00 -0700] "GET /maga/marx.html HTTP/1.1" 200 5871 "-" "Mozilla/5.0 (compatible; AhrefsBot/7.0; +http://ahrefs.com/robot/)" "ysfine.com"
51.222.253.18 - - [09/Sep/2022:02:26:03 -0700] "GET /maga/phil/marxber600.jpg HTTP/1.1" 200 54098 "-" "Mozilla/5.0 (compatible; AhrefsBot/7.0; +http://ahrefs.com/robot/)" "ysfine.com"
51.222.253.15 - - [09/Sep/2022:02:26:03 -0700] "GET /wisdom/mil/sherman44b.jpg HTTP/1.1" 200 34454 "-" "Mozilla/5.0 (compatible; AhrefsBot/7.0; +http://ahrefs.com/robot/)" "ysfine.com"
51.222.253.11 - - [09/Sep/2022:02:26:04 -0700] "GET /einstein/evol22b.jpg HTTP/1.1" 200 29614 "-" "Mozilla/5.0 (compatible; AhrefsBot/7.0; +http://ahrefs.com/robot/)" "ysfine.com"
51.222.253.6 - - [09/Sep/2022:02:26:04 -0700] "GET /maga/phil/mao100b.jpg HTTP/1.1" 200 55761 "-" "Mozilla/5.0 (compatible; AhrefsBot/7.0; +http://ahrefs.com/robot/)" "ysfine.com"
51.222.253.20 - - [09/Sep/2022:02:26:04 -0700] "GET /maga/phil/marxlon600.jpg HTTP/1.1" 200 90900 "-" "Mozilla/5.0 (compatible; AhrefsBot/7.0; +http://ahrefs.com/robot/)" "ysfine.com"
51.222.253.2 - - [09/Sep/2022:02:26:05 -0700] "GET /maga/phil/marxlon01b.jpg HTTP/1.1" 200 55777 "-" "Mozilla/5.0 (compatible; AhrefsBot/7.0; +http://ahrefs.com/robot/)" "ysfine.com"
51.222.253.2 - - [09/Sep/2022:02:26:05 -0700] "GET /maga/phil/marxber22b.jpg HTTP/1.1" 200 48373 "-" "Mozilla/5.0 (compatible; AhrefsBot/7.0; +http://ahrefs.com/robot/)" "ysfine.com"
51.222.253.2 - - [09/Sep/2022:02:26:06 -0700] "GET /maga/phil/chou01b.jpg HTTP/1.1" 200 45775 "-" "Mozilla/5.0 (compatible; AhrefsBot/7.0; +http://ahrefs.com/robot/)" "ysfine.com"
51.222.253.12 - - [09/Sep/2022:02:26:06 -0700] "GET /maga/phil/hume02b.jpg HTTP/1.1" 200 52835 "-" "Mozilla/5.0 (compatible; AhrefsBot/7.0; +http://ahrefs.com/robot/)" "ysfine.com"
51.222.253.19 - - [09/Sep/2022:02:26:07 -0700] "GET /wisdom/mil/tank05b.jpg HTTP/1.1" 200 48742 "-" "Mozilla/5.0 (compatible; AhrefsBot/7.0; +http://ahrefs.com/robot/)" "ysfine.com"
51.222.253.6 - - [09/Sep/2022:02:26:07 -0700] "GET /maga/phil/marxmos01b.jpg HTTP/1.1" 200 26995 "-" "Mozilla/5.0 (compatible; AhrefsBot/7.0; +http://ahrefs.com/robot/)" "ysfine.com"
51.222.253.10 - - [09/Sep/2022:02:26:08 -0700] "GET /eink/eink61c.jpg HTTP/1.1" 200 34119 "-" "Mozilla/5.0 (compatible; AhrefsBot/7.0; +http://ahrefs.com/robot/)" "ysfine.com"
40.77.167.28 - - [09/Sep/2022:02:26:25 -0700] "GET /dirac/dirac77b.jpg HTTP/1.1" 200 30588 "-" "Mozilla/5.0 (compatible; bingbot/2.0; +http://www.bing.com/bingbot.htm)" "www.ysfine.com"
40.77.167.33 - - [09/Sep/2022:02:27:16 -0700] "GET /world/germany/schonbr03.jpg HTTP/1.1" 200 83661 "-" "Mozilla/5.0 (compatible; bingbot/2.0; +http://www.bing.com/bingbot.htm)" "ysfine.com"
217.140.209.182 - - [09/Sep/2022:02:27:19 -0700] "GET /kowar/choiyk11.jpg HTTP/1.1" 200 48360 "https://www.google.com/" "Mozilla/5.0 (Windows NT 10.0; Win64; x64) AppleWebKit/537.36 (KHTML, like Gecko) Chrome/105.0.0.0 Safari/537.36" "ysfine.com"
66.249.70.30 - - [09/Sep/2022:02:29:20 -0700] "GET /wdc/whouse03.jpg HTTP/1.1" 200 88237 "-" "Googlebot-Image/1.0" "ysfine.com"
5.161.94.78 - - [09/Sep/2022:02:30:19 -0700] "GET /feynman/feynma2.jpg HTTP/1.1" 200 41543 "-" "Mozilla/5.0 (X11; Fedora; Linux x86_64) AppleWebKit/537.36 (KHTML, like Gecko) Chrome/79.0.3945.117 Safari/537.36" "www.ysfine.com"
185.191.171.34 - - [09/Sep/2022:02:30:33 -0700] "GET /people/sbt.html HTTP/1.1" 200 529 "-" "Mozilla/5.0 (compatible; SemrushBot/7~bl; +http://www.semrush.com/bot.html)" "ysfine.com"
51.222.253.13 - - [09/Sep/2022:02:31:32 -0700] "GET /usca/pitt/westifn.html HTTP/1.1" 200 1525 "-" "Mozilla/5.0 (compatible; AhrefsBot/7.0; +http://ahrefs.com/robot/)" "ysfine.com"
51.222.253.15 - - [09/Sep/2022:02:31:35 -0700] "GET /usca/pitt/westifn07b.jpg HTTP/1.1" 200 51594 "-" "Mozilla/5.0 (compatible; AhrefsBot/7.0; +http://ahrefs.com/robot/)" "ysfine.com"
51.222.253.5 - - [09/Sep/2022:02:31:35 -0700] "GET /usca/pitt/westifn01b.jpg HTTP/1.1" 200 54526 "-" "Mozilla/5.0 (compatible; AhrefsBot/7.0; +http://ahrefs.com/robot/)" "ysfine.com"
14.191.229.209 - - [09/Sep/2022:02:32:12 -0700] "GET /maga/histo/oscar22.jpg HTTP/1.1" 200 101665 "https://www.google.com.vn/" "Mozilla/5.0 (Android 10; Mobile; rv:104.0) Gecko/104.0 Firefox/104.0" "ysfine.com"
5.161.94.78 - - [09/Sep/2022:02:33:02 -0700] "GET /feynman/feynma2.jpg HTTP/1.1" 200 41543 "-" "Mozilla/5.0 (X11; Fedora; Linux x86_64) AppleWebKit/537.36 (KHTML, like Gecko) Chrome/79.0.3945.117 Safari/537.36" "www.ysfine.com"
40.77.167.35 - - [09/Sep/2022:02:33:23 -0700] "GET /world/russ/kazan061.jpg HTTP/1.1" 200 91259 "-" "Mozilla/5.0 (compatible; bingbot/2.0; +http://www.bing.com/bingbot.htm)" "www.ysfine.com"
40.77.167.33 - - [09/Sep/2022:02:34:46 -0700] "GET /world/china/guang02.jpg HTTP/1.1" 200 115140 "-" "Mozilla/5.0 (compatible; bingbot/2.0; +http://www.bing.com/bingbot.htm)" "www.ysfine.com"
40.77.167.33 - - [09/Sep/2022:02:34:58 -0700] "GET /world/russ/kazan073.jpg HTTP/1.1" 200 82842 "-" "Mozilla/5.0 (compatible; bingbot/2.0; +http://www.bing.com/bingbot.htm)" "www.ysfine.com"
185.191.171.21 - - [09/Sep/2022:02:35:24 -0700] "GET /dirac/emc/fparton.html HTTP/1.1" 404 88 "-" "Mozilla/5.0 (compatible; SemrushBot/7~bl; +http://www.semrush.com/bot.html)" "ysfine.com"
40.77.167.27 - - [09/Sep/2022:02:36:04 -0700] "GET /world/ital/rome008.jpg HTTP/1.1" 200 134995 "-" "Mozilla/5.0 AppleWebKit/537.36 (KHTML, like Gecko; compatible; bingbot/2.0; +http://www.bing.com/bingbot.htm) Chrome/103.0.5060.134 Safari/537.36" "ysfine.com"
51.222.253.18 - - [09/Sep/2022:02:37:06 -0700] "GET /world/index.html HTTP/1.1" 200 123 "-" "Mozilla/5.0 (compatible; AhrefsBot/7.0; +http://ahrefs.com/robot/)" "www.ysfine.com"
109.193.238.170 - - [09/Sep/2022:02:37:30 -0700] "GET /dirac/2osc22.jpg HTTP/1.1" 200 86594 "https://www.google.com/" "Mozilla/5.0 (Windows NT 10.0; Win64; x64; rv:104.0) Gecko/20100101 Firefox/104.0" "ysfine.com"
40.77.167.27 - - [09/Sep/2022:02:37:56 -0700] "GET /world/russ/spbnv01.jpg HTTP/1.1" 200 170727 "-" "Mozilla/5.0 (compatible; bingbot/2.0; +http://www.bing.com/bingbot.htm)" "ysfine.com"
77.88.5.126 - - [09/Sep/2022:02:38:08 -0700] "GET /robots.txt HTTP/1.1" 404 73 "-" "Mozilla/5.0 (compatible; YandexBot/3.0; +http://yandex.com/bots)" "www.ysfine.com"
93.158.161.30 - - [09/Sep/2022:02:38:12 -0700] "GET /style/beetho.html HTTP/1.1" 200 3228 "-" "Mozilla/5.0 (compatible; YandexBot/3.0; +http://yandex.com/bots)" "www.ysfine.com"
77.88.5.40 - - [09/Sep/2022:02:38:22 -0700] "GET /wdc/washmofrog.html HTTP/1.1" 200 351 "-" "Mozilla/5.0 (compatible; YandexBot/3.0; +http://yandex.com/bots)" "www.ysfine.com"
77.88.5.40 - - [09/Sep/2022:02:38:36 -0700] "GET /einstein/math/heisen54.pdf HTTP/1.1" 200 41258 "-" "Mozilla/5.0 (compatible; YandexBot/3.0; +http://yandex.com/bots)" "www.ysfine.com"
40.77.167.28 - - [09/Sep/2022:02:39:56 -0700] "GET /einstein/evol22.jpg HTTP/1.1" 200 59140 "-" "Mozilla/5.0 (compatible; bingbot/2.0; +http://www.bing.com/bingbot.htm)" "ysfine.com"
66.249.70.3 - - [09/Sep/2022:02:40:32 -0700] "GET /feynman/feynma2.jpg HTTP/1.1" 304 - "-" "Googlebot-Image/1.0" "ysfine.com"
93.213.45.172 - - [09/Sep/2022:02:41:43 -0700] "GET /world/brit/eton11.jpg HTTP/1.1" 200 107084 "https://www.bing.com/" "Mozilla/5.0 (Windows NT 10.0; Win64; x64) AppleWebKit/537.36 (KHTML, like Gecko) Chrome/105.0.0.0 Safari/537.36 Edg/105.0.1343.25" "www.ysfine.com"
77.254.122.69 - - [09/Sep/2022:02:41:46 -0700] "GET /world/ital/padova31.jpg HTTP/1.1" 200 121617 "https://www.google.com/" "Mozilla/5.0 (Linux; Android 12; SM-N986B Build/SP1A.210812.016; wv) AppleWebKit/537.36 (KHTML, like Gecko) Version/4.0 Chrome/104.0.5112.97 Mobile Safari/537.36 GoogleApp/13.34.12.26.arm64" "ysfine.com"
93.213.45.172 - - [09/Sep/2022:02:41:50 -0700] "GET /world/brit/eton11.jpg HTTP/1.1" 206 1 "https://www.bing.com/" "Mozilla/5.0 (Windows NT 10.0; Win64; x64) AppleWebKit/537.36 (KHTML, like Gecko) Chrome/105.0.0.0 Safari/537.36 Edg/105.0.1343.25" "www.ysfine.com"
93.213.45.172 - - [09/Sep/2022:02:41:50 -0700] "GET /world/brit/eton11.jpg HTTP/1.1" 206 91185 "https://www.bing.com/" "Mozilla/5.0 (Windows NT 10.0; Win64; x64) AppleWebKit/537.36 (KHTML, like Gecko) Chrome/105.0.0.0 Safari/537.36 Edg/105.0.1343.25" "www.ysfine.com"
40.77.167.28 - - [09/Sep/2022:02:41:56 -0700] "GET /class54/class5470/total_data/sub_874.htm HTTP/1.1" 200 3510 "-" "Mozilla/5.0 (compatible; bingbot/2.0; +http://www.bing.com/bingbot.htm)" "ysfine.com"
51.222.253.19 - - [09/Sep/2022:02:42:03 -0700] "GET /wdc/annapolis.html HTTP/1.1" 200 3138 "-" "Mozilla/5.0 (compatible; AhrefsBot/7.0; +http://ahrefs.com/robot/)" "www.ysfine.com"
84.124.218.198 - - [09/Sep/2022:02:42:33 -0700] "GET /world/brit/kensington09.jpg HTTP/1.1" 200 169563 "https://www.bing.com/" "Mozilla/5.0 (Windows NT 10.0; Win64; x64) AppleWebKit/537.36 (KHTML, like Gecko) Chrome/105.0.0.0 Safari/537.36 Edg/105.0.1343.27" "ysfine.com"
136.244.85.161 - - [09/Sep/2022:02:42:38 -0700] "GET /maga/phil/sisfa12/index.html HTTP/1.1" 200 148 "https://www.google.com/" "Mozilla/5.0 (Windows NT 10.0; Win64; x64) AppleWebKit/537.36 (KHTML, like Gecko) Chrome/104.0.0.0 Safari/537.36" "ysfine.com"
136.244.85.161 - - [09/Sep/2022:02:42:39 -0700] "GET /maga/phil/sisfa12/r12righ.html HTTP/1.1" 200 709 "https://ysfine.com/maga/phil/sisfa12/index.html" "Mozilla/5.0 (Windows NT 10.0; Win64; x64) AppleWebKit/537.36 (KHTML, like Gecko) Chrome/104.0.0.0 Safari/537.36" "ysfine.com"
136.244.85.161 - - [09/Sep/2022:02:42:39 -0700] "GET /maga/phil/sisfa12/r12left.html HTTP/1.1" 200 662 "https://ysfine.com/maga/phil/sisfa12/index.html" "Mozilla/5.0 (Windows NT 10.0; Win64; x64) AppleWebKit/537.36 (KHTML, like Gecko) Chrome/104.0.0.0 Safari/537.36" "ysfine.com"
136.244.85.161 - - [09/Sep/2022:02:42:39 -0700] "GET /maga/phil/sisfa12/kanthegel01.jpg HTTP/1.1" 200 77614 "https://ysfine.com/maga/phil/sisfa12/r12righ.html" "Mozilla/5.0 (Windows NT 10.0; Win64; x64) AppleWebKit/537.36 (KHTML, like Gecko) Chrome/104.0.0.0 Safari/537.36" "ysfine.com"
136.244.85.161 - - [09/Sep/2022:02:42:40 -0700] "GET /favicon.ico HTTP/1.1" 404 88 "https://ysfine.com/maga/phil/sisfa12/index.html" "Mozilla/5.0 (Windows NT 10.0; Win64; x64) AppleWebKit/537.36 (KHTML, like Gecko) Chrome/104.0.0.0 Safari/537.36" "ysfine.com"
40.77.167.99 - - [09/Sep/2022:02:42:46 -0700] "GET /robots.txt HTTP/1.1" 404 88 "-" "Mozilla/5.0 (compatible; bingbot/2.0; +http://www.bing.com/bingbot.htm)" "www.ysfine.com"
40.77.167.35 - - [09/Sep/2022:02:42:46 -0700] "GET /wdc/eindc02.jpg HTTP/1.1" 200 147414 "-" "Mozilla/5.0 (compatible; bingbot/2.0; +http://www.bing.com/bingbot.htm)" "www.ysfine.com"
192.99.0.62 - - [09/Sep/2022:02:44:27 -0700] "GET /robots.txt HTTP/1.1" 404 73 "-" "Mozilla/5.0 (compatible; MJ12bot/v1.4.8; http://mj12bot.com/)" "ysfine.com"
192.99.0.62 - - [09/Sep/2022:02:44:30 -0700] "GET /confer/conrigh.html HTTP/1.1" 200 1964 "-" "Mozilla/5.0 (compatible; MJ12bot/v1.4.8; http://mj12bot.com/)" "ysfine.com"
192.99.0.62 - - [09/Sep/2022:02:44:31 -0700] "GET /robots.txt HTTP/1.1" 404 73 "-" "Mozilla/5.0 (compatible; MJ12bot/v1.4.8; http://mj12bot.com/)" "www.ysfine.com"
192.99.0.62 - - [09/Sep/2022:02:44:32 -0700] "GET /wdc/wasplaces.html HTTP/1.1" 200 2307 "-" "Mozilla/5.0 (compatible; MJ12bot/v1.4.8; http://mj12bot.com/)" "www.ysfine.com"
136.244.85.161 - - [09/Sep/2022:02:45:04 -0700] "GET /maga/phil/sisfa12/keigel.pdf HTTP/1.1" 200 5483572 "https://ysfine.com/maga/phil/sisfa12/r12righ.html" "Mozilla/5.0 (Windows NT 10.0; Win64; x64) AppleWebKit/537.36 (KHTML, like Gecko) Chrome/104.0.0.0 Safari/537.36" "ysfine.com"
40.77.167.33 - - [09/Sep/2022:02:46:08 -0700] "GET /wisdom/quovadis.html HTTP/1.1" 200 3582 "-" "Mozilla/5.0 (compatible; bingbot/2.0; +http://www.bing.com/bingbot.htm)" "ysfine.com"
72.224.61.154 - - [09/Sep/2022:02:46:39 -0700] "GET /world/france/stras17.jpg HTTP/1.1" 200 145827 "https://www.google.com/" "Mozilla/5.0 (Macintosh; Intel Mac OS X 10_15_7) AppleWebKit/537.36 (KHTML, like Gecko) Chrome/105.0.0.0 Safari/537.36" "ysfine.com"
162.158.162.223 - - [09/Sep/2022:02:46:52 -0700] "GET /confer/conbot.html HTTP/1.1" 200 124 "-" "Mozilla/5.0 (X11; Linux x86_64) AppleWebKit/537.36 (KHTML, like Gecko) Chrome/83.0.4103.7 Safari/537.36" "ysfine.com"
51.222.253.13 - - [09/Sep/2022:02:47:07 -0700] "GET /maga/index.html HTTP/1.1" 200 6127 "-" "Mozilla/5.0 (compatible; AhrefsBot/7.0; +http://ahrefs.com/robot/)" "ysfine.com"
162.158.162.41 - - [09/Sep/2022:02:47:26 -0700] "GET /confer/conbot.html HTTP/1.1" 200 124 "-" "Mozilla/5.0 (X11; Linux x86_64) AppleWebKit/537.36 (KHTML, like Gecko) Chrome/83.0.4103.7 Safari/537.36" "ysfine.com"
40.77.167.33 - - [09/Sep/2022:02:50:09 -0700] "GET /usca/pitt/highland05.jpg HTTP/1.1" 200 65710 "-" "Mozilla/5.0 (compatible; bingbot/2.0; +http://www.bing.com/bingbot.htm)" "ysfine.com"
77.64.147.8 - - [09/Sep/2022:02:50:49 -0700] "GET /world/scandi/sto036.jpg HTTP/1.1" 200 93392 "https://www.google.com/" "Mozilla/5.0 (Windows NT 10.0; Win64; x64) AppleWebKit/537.36 (KHTML, like Gecko) Chrome/105.0.0.0 Safari/537.36" "ysfine.com"
45.133.173.25 - - [09/Sep/2022:02:51:36 -0700] "GET /philo/helena.html HTTP/1.1" 200 6350 "-" "Mozilla/4.0 (compatible; MSIE 7.0; Windows NT 6.2; WOW64; Trident/7.0; .NET4.0E; .NET4.0C)" "ysfine.com"
51.222.253.1 - - [09/Sep/2022:02:52:06 -0700] "GET /wigner/index.html HTTP/1.1" 200 124 "-" "Mozilla/5.0 (compatible; AhrefsBot/7.0; +http://ahrefs.com/robot/)" "ysfine.com"
40.77.167.35 - - [09/Sep/2022:02:52:35 -0700] "GET /einstein/michelson11b.jpg HTTP/1.1" 200 35505 "-" "Mozilla/5.0 (compatible; bingbot/2.0; +http://www.bing.com/bingbot.htm)" "www.ysfine.com"
40.77.167.35 - - [09/Sep/2022:02:53:58 -0700] "GET /world/france/stras12.jpg HTTP/1.1" 200 157118 "-" "Mozilla/5.0 (compatible; bingbot/2.0; +http://www.bing.com/bingbot.htm)" "ysfine.com"
185.28.90.203 - - [09/Sep/2022:02:54:04 -0700] "GET /heisen/heisen22.jpg HTTP/1.1" 200 82807 "https://www.google.com/" "Mozilla/5.0 (Windows NT 10.0; Win64; x64) AppleWebKit/537.36 (KHTML, like Gecko) Chrome/103.0.5060.53 Safari/537.36" "ysfine.com"
