202.122.36.90 - - [08/Sep/2022:23:30:26 -0700] "GET /home/eward55f.jpg HTTP/1.1" 200 122802 "-" "Mozilla/5.0 (Macintosh; Intel Mac OS X 10_10_5) AppleWebKit/603.3.8 (KHTML, like Gecko) Version/10.1.2 Safari/603.3.8" "ysfine.com"
202.122.36.90 - - [08/Sep/2022:23:30:28 -0700] "GET /favicon.ico HTTP/1.1" 404 88 "https://www.ysfine.com/" "Mozilla/5.0 (Macintosh; Intel Mac OS X 10_10_5) AppleWebKit/603.3.8 (KHTML, like Gecko) Version/10.1.2 Safari/603.3.8" "www.ysfine.com"
173.73.80.118 - - [08/Sep/2022:23:30:35 -0700] "GET /usca/pgh22.html HTTP/1.1" 304 - "https://ysfine.com/home/bio44.html" "Mozilla/5.0 (Windows NT 10.0; Win64; x64) AppleWebKit/537.36 (KHTML, like Gecko) Chrome/105.0.0.0 Safari/537.36" "ysfine.com"
157.55.39.146 - - [08/Sep/2022:23:30:53 -0700] "GET /style/nga22.jpg HTTP/1.1" 200 132866 "-" "Mozilla/5.0 (compatible; bingbot/2.0; +http://www.bing.com/bingbot.htm)" "www.ysfine.com"
173.73.80.118 - - [08/Sep/2022:23:30:55 -0700] "GET /favicon.ico HTTP/1.1" 404 88 "https://ysfine.com/ys11/" "Mozilla/5.0 (Windows NT 10.0; Win64; x64) AppleWebKit/537.36 (KHTML, like Gecko) Chrome/105.0.0.0 Safari/537.36 Edg/105.0.1343.27" "ysfine.com"
66.249.70.30 - - [08/Sep/2022:23:30:59 -0700] "GET /friends/amkor/kgirls02.jpg HTTP/1.1" 404 88 "-" "Googlebot-Image/1.0" "ysfine.com"
51.222.253.19 - - [08/Sep/2022:23:33:39 -0700] "GET /robots.txt HTTP/1.1" 404 88 "-" "Mozilla/5.0 (compatible; AhrefsBot/7.0; +http://ahrefs.com/robot/)" "ysfine.com"
51.222.253.9 - - [08/Sep/2022:23:33:44 -0700] "GET /class54/roskeim.html HTTP/1.1" 200 824 "-" "Mozilla/5.0 (compatible; AhrefsBot/7.0; +http://ahrefs.com/robot/)" "www.ysfine.com"
51.222.253.18 - - [08/Sep/2022:23:33:46 -0700] "GET /class54/roskeim33.jpg HTTP/1.1" 200 243469 "-" "Mozilla/5.0 (compatible; AhrefsBot/7.0; +http://ahrefs.com/robot/)" "www.ysfine.com"
51.222.253.7 - - [08/Sep/2022:23:33:47 -0700] "GET /class54/ellipse53d.jpg HTTP/1.1" 200 138446 "-" "Mozilla/5.0 (compatible; AhrefsBot/7.0; +http://ahrefs.com/robot/)" "www.ysfine.com"
51.222.253.12 - - [08/Sep/2022:23:33:48 -0700] "GET /class54/roskeim22.jpg HTTP/1.1" 200 260575 "-" "Mozilla/5.0 (compatible; AhrefsBot/7.0; +http://ahrefs.com/robot/)" "www.ysfine.com"
51.222.253.14 - - [08/Sep/2022:23:33:49 -0700] "GET /class54/roskeim11.jpg HTTP/1.1" 200 129272 "-" "Mozilla/5.0 (compatible; AhrefsBot/7.0; +http://ahrefs.com/robot/)" "www.ysfine.com"
51.222.253.12 - - [08/Sep/2022:23:33:49 -0700] "GET /class54/ewk86d.jpg HTTP/1.1" 200 149390 "-" "Mozilla/5.0 (compatible; AhrefsBot/7.0; +http://ahrefs.com/robot/)" "www.ysfine.com"
185.191.171.9 - - [08/Sep/2022:23:34:16 -0700] "GET /home/feyn70.html HTTP/1.1" 404 88 "-" "Mozilla/5.0 (compatible; SemrushBot/7~bl; +http://www.semrush.com/bot.html)" "ysfine.com"
198.199.68.101 - - [08/Sep/2022:23:34:24 -0700] "GET / HTTP/1.1" 200 15910 "-" "Mozilla/5.0 (Windows NT 10.0; Win64; x64) AppleWebKit/537.36 (KHTML, like Gecko) Chrome/78.0.3904.108 Safari/537.36" "ysfine.com"
198.199.68.101 - - [08/Sep/2022:23:34:24 -0700] "GET //wp-includes/wlwmanifest.xml HTTP/1.1" 404 73 "-" "Mozilla/5.0 (Windows NT 10.0; Win64; x64) AppleWebKit/537.36 (KHTML, like Gecko) Chrome/78.0.3904.108 Safari/537.36" "ysfine.com"
198.199.68.101 - - [08/Sep/2022:23:34:24 -0700] "GET / HTTP/1.1" 200 15910 "-" "Mozilla/5.0 (Windows NT 10.0; Win64; x64) AppleWebKit/537.36 (KHTML, like Gecko) Chrome/78.0.3904.108 Safari/537.36" "ysfine.com"
198.199.68.101 - - [08/Sep/2022:23:34:24 -0700] "GET //blog/wp-includes/wlwmanifest.xml HTTP/1.1" 404 73 "-" "Mozilla/5.0 (Windows NT 10.0; Win64; x64) AppleWebKit/537.36 (KHTML, like Gecko) Chrome/78.0.3904.108 Safari/537.36" "ysfine.com"
198.199.68.101 - - [08/Sep/2022:23:34:24 -0700] "GET //web/wp-includes/wlwmanifest.xml HTTP/1.1" 404 73 "-" "Mozilla/5.0 (Windows NT 10.0; Win64; x64) AppleWebKit/537.36 (KHTML, like Gecko) Chrome/78.0.3904.108 Safari/537.36" "ysfine.com"
198.199.68.101 - - [08/Sep/2022:23:34:25 -0700] "GET //wordpress/wp-includes/wlwmanifest.xml HTTP/1.1" 404 73 "-" "Mozilla/5.0 (Windows NT 10.0; Win64; x64) AppleWebKit/537.36 (KHTML, like Gecko) Chrome/78.0.3904.108 Safari/537.36" "ysfine.com"
198.199.68.101 - - [08/Sep/2022:23:34:25 -0700] "GET //website/wp-includes/wlwmanifest.xml HTTP/1.1" 404 73 "-" "Mozilla/5.0 (Windows NT 10.0; Win64; x64) AppleWebKit/537.36 (KHTML, like Gecko) Chrome/78.0.3904.108 Safari/537.36" "ysfine.com"
198.199.68.101 - - [08/Sep/2022:23:34:25 -0700] "GET //wp/wp-includes/wlwmanifest.xml HTTP/1.1" 404 73 "-" "Mozilla/5.0 (Windows NT 10.0; Win64; x64) AppleWebKit/537.36 (KHTML, like Gecko) Chrome/78.0.3904.108 Safari/537.36" "ysfine.com"
198.199.68.101 - - [08/Sep/2022:23:34:25 -0700] "GET //news/wp-includes/wlwmanifest.xml HTTP/1.1" 404 73 "-" "Mozilla/5.0 (Windows NT 10.0; Win64; x64) AppleWebKit/537.36 (KHTML, like Gecko) Chrome/78.0.3904.108 Safari/537.36" "ysfine.com"
198.199.68.101 - - [08/Sep/2022:23:34:25 -0700] "GET //2018/wp-includes/wlwmanifest.xml HTTP/1.1" 404 73 "-" "Mozilla/5.0 (Windows NT 10.0; Win64; x64) AppleWebKit/537.36 (KHTML, like Gecko) Chrome/78.0.3904.108 Safari/537.36" "ysfine.com"
198.199.68.101 - - [08/Sep/2022:23:34:25 -0700] "GET //2019/wp-includes/wlwmanifest.xml HTTP/1.1" 404 73 "-" "Mozilla/5.0 (Windows NT 10.0; Win64; x64) AppleWebKit/537.36 (KHTML, like Gecko) Chrome/78.0.3904.108 Safari/537.36" "ysfine.com"
198.199.68.101 - - [08/Sep/2022:23:34:25 -0700] "GET //shop/wp-includes/wlwmanifest.xml HTTP/1.1" 404 73 "-" "Mozilla/5.0 (Windows NT 10.0; Win64; x64) AppleWebKit/537.36 (KHTML, like Gecko) Chrome/78.0.3904.108 Safari/537.36" "ysfine.com"
198.199.68.101 - - [08/Sep/2022:23:34:25 -0700] "GET //wp1/wp-includes/wlwmanifest.xml HTTP/1.1" 404 73 "-" "Mozilla/5.0 (Windows NT 10.0; Win64; x64) AppleWebKit/537.36 (KHTML, like Gecko) Chrome/78.0.3904.108 Safari/537.36" "ysfine.com"
198.199.68.101 - - [08/Sep/2022:23:34:25 -0700] "GET //test/wp-includes/wlwmanifest.xml HTTP/1.1" 404 73 "-" "Mozilla/5.0 (Windows NT 10.0; Win64; x64) AppleWebKit/537.36 (KHTML, like Gecko) Chrome/78.0.3904.108 Safari/537.36" "ysfine.com"
198.199.68.101 - - [08/Sep/2022:23:34:25 -0700] "GET //media/wp-includes/wlwmanifest.xml HTTP/1.1" 404 73 "-" "Mozilla/5.0 (Windows NT 10.0; Win64; x64) AppleWebKit/537.36 (KHTML, like Gecko) Chrome/78.0.3904.108 Safari/537.36" "ysfine.com"
198.199.68.101 - - [08/Sep/2022:23:34:26 -0700] "GET //wp2/wp-includes/wlwmanifest.xml HTTP/1.1" 404 73 "-" "Mozilla/5.0 (Windows NT 10.0; Win64; x64) AppleWebKit/537.36 (KHTML, like Gecko) Chrome/78.0.3904.108 Safari/537.36" "ysfine.com"
198.199.68.101 - - [08/Sep/2022:23:34:26 -0700] "GET //site/wp-includes/wlwmanifest.xml HTTP/1.1" 404 73 "-" "Mozilla/5.0 (Windows NT 10.0; Win64; x64) AppleWebKit/537.36 (KHTML, like Gecko) Chrome/78.0.3904.108 Safari/537.36" "ysfine.com"
198.199.68.101 - - [08/Sep/2022:23:34:26 -0700] "GET //cms/wp-includes/wlwmanifest.xml HTTP/1.1" 404 73 "-" "Mozilla/5.0 (Windows NT 10.0; Win64; x64) AppleWebKit/537.36 (KHTML, like Gecko) Chrome/78.0.3904.108 Safari/537.36" "ysfine.com"
198.199.68.101 - - [08/Sep/2022:23:34:26 -0700] "GET //sito/wp-includes/wlwmanifest.xml HTTP/1.1" 404 73 "-" "Mozilla/5.0 (Windows NT 10.0; Win64; x64) AppleWebKit/537.36 (KHTML, like Gecko) Chrome/78.0.3904.108 Safari/537.36" "ysfine.com"
40.77.167.35 - - [08/Sep/2022:23:35:26 -0700] "GET /world/china/chongking21.jpg HTTP/1.1" 200 107240 "-" "Mozilla/5.0 (compatible; bingbot/2.0; +http://www.bing.com/bingbot.htm)" "ysfine.com"
99.118.90.49 - - [08/Sep/2022:23:36:27 -0700] "GET /maga/phil/marxlon01.jpg HTTP/1.1" 200 263404 "https://www.google.com/" "Mozilla/5.0 (Linux; Android 10; moto g fast Build/QPJS30.131-61-12; wv) AppleWebKit/537.36 (KHTML, like Gecko) Version/4.0 Chrome/104.0.5112.97 Mobile Safari/537.36 GoogleApp/13.34.12.26.arm64" "ysfine.com"
5.195.40.6 - - [08/Sep/2022:23:40:05 -0700] "GET /einstein/places/einha01.jpg HTTP/1.1" 200 75624 "https://www.google.com/" "Mozilla/5.0 (iPhone; CPU iPhone OS 15_6 like Mac OS X) AppleWebKit/605.1.15 (KHTML, like Gecko) Version/15.6 Mobile/15E148 Safari/604.1" "ysfine.com"
174.194.206.222 - - [08/Sep/2022:23:41:52 -0700] "GET /princeton/alexan22.jpg HTTP/1.1" 200 175436 "https://www.google.com/" "Mozilla/5.0 (iPhone; CPU iPhone OS 15_6_1 like Mac OS X) AppleWebKit/605.1.15 (KHTML, like Gecko) Version/15.6.1 Mobile/15E148 Safari/604.1" "ysfine.com"
185.191.171.26 - - [08/Sep/2022:23:43:36 -0700] "GET /class54/class5470/total_data/sub_373.htm HTTP/1.1" 200 3306 "-" "Mozilla/5.0 (compatible; SemrushBot/7~bl; +http://www.semrush.com/bot.html)" "ysfine.com"
77.75.79.31 - - [08/Sep/2022:23:44:00 -0700] "GET /robots.txt HTTP/1.1" 404 88 "-" "Mozilla/5.0 (compatible; SeznamBot/4.0-RC1; +http://napoveda.seznam.cz/seznambot-intro/)" "ysfine.com"
77.75.79.31 - - [08/Sep/2022:23:44:00 -0700] "GET /princeton/gcollege.html HTTP/1.1" 304 - "-" "Mozilla/5.0 (compatible; SeznamBot/4.0-RC1; +http://napoveda.seznam.cz/seznambot-intro/)" "ysfine.com"
157.55.39.146 - - [08/Sep/2022:23:44:25 -0700] "GET /sbk/2010mos22.jpg HTTP/1.1" 200 90595 "-" "Mozilla/5.0 (compatible; bingbot/2.0; +http://www.bing.com/bingbot.htm)" "ysfine.com"
40.77.167.33 - - [08/Sep/2022:23:44:42 -0700] "GET /kobak/underw12b.jpg HTTP/1.1" 200 42070 "-" "Mozilla/5.0 (compatible; bingbot/2.0; +http://www.bing.com/bingbot.htm)" "ysfine.com"
40.77.167.28 - - [08/Sep/2022:23:44:48 -0700] "GET /style/musee/ams006.jpg HTTP/1.1" 200 143389 "-" "Mozilla/5.0 (compatible; bingbot/2.0; +http://www.bing.com/bingbot.htm)" "ysfine.com"
51.222.253.9 - - [08/Sep/2022:23:44:56 -0700] "GET /world/russ/twosist.html HTTP/1.1" 200 400 "-" "Mozilla/5.0 (compatible; AhrefsBot/7.0; +http://ahrefs.com/robot/)" "ysfine.com"
40.77.167.33 - - [08/Sep/2022:23:45:00 -0700] "GET /world/ital/itstu03.jpg HTTP/1.1" 200 76851 "-" "Mozilla/5.0 (compatible; bingbot/2.0; +http://www.bing.com/bingbot.htm)" "www.ysfine.com"
77.75.79.31 - - [08/Sep/2022:23:45:04 -0700] "GET /princeton/gcollege.html HTTP/1.1" 304 - "-" "Mozilla/5.0 (compatible; SeznamBot/4.0-RC1; +http://napoveda.seznam.cz/seznambot-intro/)" "ysfine.com"
157.55.39.146 - - [08/Sep/2022:23:46:05 -0700] "GET /saram/g008.jpg HTTP/1.1" 200 113505 "-" "Mozilla/5.0 (compatible; bingbot/2.0; +http://www.bing.com/bingbot.htm)" "www.ysfine.com"
157.55.39.146 - - [08/Sep/2022:23:46:06 -0700] "GET /feynman/feyfirm66c.jpg HTTP/1.1" 200 36701 "-" "Mozilla/5.0 (compatible; bingbot/2.0; +http://www.bing.com/bingbot.htm)" "ysfine.com"
40.77.167.35 - - [08/Sep/2022:23:47:49 -0700] "GET /home/figs/dirwig55f.jpg HTTP/1.1" 404 88 "-" "Mozilla/5.0 (compatible; bingbot/2.0; +http://www.bing.com/bingbot.htm)" "ysfine.com"
40.77.167.35 - - [08/Sep/2022:23:48:17 -0700] "GET /kowar/paiksy01.jpg HTTP/1.1" 200 83801 "-" "Mozilla/5.0 (compatible; bingbot/2.0; +http://www.bing.com/bingbot.htm)" "ysfine.com"
77.75.79.31 - - [08/Sep/2022:23:48:41 -0700] "GET /princeton/gcollege.html HTTP/1.1" 304 - "-" "Mozilla/5.0 (compatible; SeznamBot/4.0-RC1; +http://napoveda.seznam.cz/seznambot-intro/)" "ysfine.com"
40.77.167.27 - - [08/Sep/2022:23:49:39 -0700] "GET /usca/pitt/emblem01.jpg HTTP/1.1" 200 134378 "-" "Mozilla/5.0 (compatible; bingbot/2.0; +http://www.bing.com/bingbot.htm)" "www.ysfine.com"
40.77.167.28 - - [08/Sep/2022:23:50:49 -0700] "GET /world/londow.html HTTP/1.1" 404 88 "-" "Mozilla/5.0 AppleWebKit/537.36 (KHTML, like Gecko; compatible; bingbot/2.0; +http://www.bing.com/bingbot.htm) Chrome/103.0.5060.134 Safari/537.36" "ysfine.com"
40.77.167.28 - - [08/Sep/2022:23:51:28 -0700] "GET /world/hungary/buda003.jpg HTTP/1.1" 200 95157 "-" "Mozilla/5.0 (compatible; bingbot/2.0; +http://www.bing.com/bingbot.htm)" "ysfine.com"
77.75.73.26 - - [08/Sep/2022:23:51:58 -0700] "GET /princeton/gcollege.html HTTP/1.1" 304 - "-" "Mozilla/5.0 (compatible; SeznamBot/4.0-RC1; +http://napoveda.seznam.cz/seznambot-intro/)" "ysfine.com"
40.77.167.35 - - [08/Sep/2022:23:51:58 -0700] "GET /dongio/amkor/konurse01.jpg HTTP/1.1" 404 88 "-" "Mozilla/5.0 (compatible; bingbot/2.0; +http://www.bing.com/bingbot.htm)" "www.ysfine.com"
40.77.167.27 - - [08/Sep/2022:23:51:59 -0700] "GET /world/germany/hofbrau33.jpg HTTP/1.1" 200 97307 "-" "Mozilla/5.0 (compatible; bingbot/2.0; +http://www.bing.com/bingbot.htm)" "ysfine.com"
157.55.39.146 - - [08/Sep/2022:23:53:35 -0700] "GET /einstein/texfiles/einheis02.jpg HTTP/1.1" 200 27605 "-" "Mozilla/5.0 AppleWebKit/537.36 (KHTML, like Gecko; compatible; bingbot/2.0; +http://www.bing.com/bingbot.htm) Chrome/103.0.5060.134 Safari/537.36" "ysfine.com"
185.191.171.26 - - [08/Sep/2022:23:53:47 -0700] "GET /ffriends/amkor/konurse.html HTTP/1.1" 200 774 "-" "Mozilla/5.0 (compatible; SemrushBot/7~bl; +http://www.semrush.com/bot.html)" "www.ysfine.com"
119.94.55.0 - - [08/Sep/2022:23:54:19 -0700] "GET /maga/phil/conic01.jpg HTTP/1.1" 200 70533 "https://www.bing.com/" "Mozilla/5.0 (Windows NT 10.0; Win64; x64) AppleWebKit/537.36 (KHTML, like Gecko) Chrome/105.0.0.0 Safari/537.36 Edg/105.0.1343.27" "www.ysfine.com"
77.75.73.26 - - [08/Sep/2022:23:55:08 -0700] "GET /princeton/gcollege.html HTTP/1.1" 304 - "-" "Mozilla/5.0 (compatible; SeznamBot/4.0-RC1; +http://napoveda.seznam.cz/seznambot-intro/)" "ysfine.com"
40.77.167.33 - - [08/Sep/2022:23:56:02 -0700] "GET /kobak/ HTTP/1.1" 304 - "-" "Mozilla/5.0 (compatible; bingbot/2.0; +http://www.bing.com/bingbot.htm)" "ysfine.com"
51.222.253.16 - - [08/Sep/2022:23:56:26 -0700] "GET /class54/class5470/total_data/sub_116.htm HTTP/1.1" 200 3290 "-" "Mozilla/5.0 (compatible; AhrefsBot/7.0; +http://ahrefs.com/robot/)" "ysfine.com"
185.191.171.42 - - [08/Sep/2022:23:56:27 -0700] "GET /class54/class5470/total_data/sub_407.htm HTTP/1.1" 200 3214 "-" "Mozilla/5.0 (compatible; SemrushBot/7~bl; +http://www.semrush.com/bot.html)" "ysfine.com"
51.222.253.17 - - [08/Sep/2022:23:56:28 -0700] "GET /class54/class5470/total_data/refer_img/1-8_f.jpg HTTP/1.1" 200 24172 "-" "Mozilla/5.0 (compatible; AhrefsBot/7.0; +http://ahrefs.com/robot/)" "ysfine.com"
51.222.253.10 - - [08/Sep/2022:23:56:29 -0700] "GET /class54/class5470/total_data/refer_img/1-15_f.jpg HTTP/1.1" 200 14231 "-" "Mozilla/5.0 (compatible; AhrefsBot/7.0; +http://ahrefs.com/robot/)" "ysfine.com"
51.222.253.19 - - [08/Sep/2022:23:56:29 -0700] "GET /class54/class5470/total_data/img/01_smtitle16.gif HTTP/1.1" 200 353 "-" "Mozilla/5.0 (compatible; AhrefsBot/7.0; +http://ahrefs.com/robot/)" "ysfine.com"
51.222.253.16 - - [08/Sep/2022:23:56:29 -0700] "GET /class54/class5470/total_data/refer_img/1-4_f.jpg HTTP/1.1" 200 27550 "-" "Mozilla/5.0 (compatible; AhrefsBot/7.0; +http://ahrefs.com/robot/)" "ysfine.com"
51.222.253.20 - - [08/Sep/2022:23:56:28 -0700] "GET /class54/class5470/total_data/img/01_smline.gif HTTP/1.1" 200 3988 "-" "Mozilla/5.0 (compatible; AhrefsBot/7.0; +http://ahrefs.com/robot/)" "ysfine.com"
51.222.253.11 - - [08/Sep/2022:23:56:30 -0700] "GET /class54/class5470/total_data/refer_img/1-6_f.jpg HTTP/1.1" 200 28598 "-" "Mozilla/5.0 (compatible; AhrefsBot/7.0; +http://ahrefs.com/robot/)" "ysfine.com"
51.222.253.14 - - [08/Sep/2022:23:56:31 -0700] "GET /class54/class5470/total_data/refer_img/1-3_f.jpg HTTP/1.1" 200 18163 "-" "Mozilla/5.0 (compatible; AhrefsBot/7.0; +http://ahrefs.com/robot/)" "ysfine.com"
51.222.253.7 - - [08/Sep/2022:23:56:32 -0700] "GET /class54/class5470/total_data/refer_img/1-11_f.jpg HTTP/1.1" 200 19072 "-" "Mozilla/5.0 (compatible; AhrefsBot/7.0; +http://ahrefs.com/robot/)" "ysfine.com"
51.222.253.16 - - [08/Sep/2022:23:56:32 -0700] "GET /class54/class5470/total_data/refer_img/1-1_f.jpg HTTP/1.1" 200 41849 "-" "Mozilla/5.0 (compatible; AhrefsBot/7.0; +http://ahrefs.com/robot/)" "ysfine.com"
51.222.253.16 - - [08/Sep/2022:23:56:33 -0700] "GET /class54/class5470/total_data/refer_img/1-5_f.jpg HTTP/1.1" 200 12010 "-" "Mozilla/5.0 (compatible; AhrefsBot/7.0; +http://ahrefs.com/robot/)" "ysfine.com"
51.222.253.1 - - [08/Sep/2022:23:56:33 -0700] "GET /class54/class5470/total_data/refer_img/1-9_f.jpg HTTP/1.1" 200 20629 "-" "Mozilla/5.0 (compatible; AhrefsBot/7.0; +http://ahrefs.com/robot/)" "ysfine.com"
51.222.253.6 - - [08/Sep/2022:23:56:34 -0700] "GET /class54/class5470/total_data/refer_img/1-16_f.jpg HTTP/1.1" 200 20257 "-" "Mozilla/5.0 (compatible; AhrefsBot/7.0; +http://ahrefs.com/robot/)" "ysfine.com"
51.222.253.16 - - [08/Sep/2022:23:56:34 -0700] "GET /class54/class5470/total_data/img/01_title.gif HTTP/1.1" 200 6925 "-" "Mozilla/5.0 (compatible; AhrefsBot/7.0; +http://ahrefs.com/robot/)" "ysfine.com"
51.222.253.11 - - [08/Sep/2022:23:56:35 -0700] "GET /class54/class5470/total_data/refer_img/1-10_f.jpg HTTP/1.1" 200 22258 "-" "Mozilla/5.0 (compatible; AhrefsBot/7.0; +http://ahrefs.com/robot/)" "ysfine.com"
51.222.253.9 - - [08/Sep/2022:23:56:35 -0700] "GET /class54/class5470/total_data/img/sm03_on.gif HTTP/1.1" 200 405 "-" "Mozilla/5.0 (compatible; AhrefsBot/7.0; +http://ahrefs.com/robot/)" "ysfine.com"
51.222.253.4 - - [08/Sep/2022:23:56:35 -0700] "GET /class54/class5470/total_data/refer_img/1-14_f.jpg HTTP/1.1" 200 18101 "-" "Mozilla/5.0 (compatible; AhrefsBot/7.0; +http://ahrefs.com/robot/)" "ysfine.com"
51.222.253.11 - - [08/Sep/2022:23:56:36 -0700] "GET /class54/class5470/total_data/refer_img/1-2_f.jpg HTTP/1.1" 200 14500 "-" "Mozilla/5.0 (compatible; AhrefsBot/7.0; +http://ahrefs.com/robot/)" "ysfine.com"
51.222.253.7 - - [08/Sep/2022:23:56:36 -0700] "GET /class54/class5470/total_data/refer_img/1-13_f.jpg HTTP/1.1" 200 9871 "-" "Mozilla/5.0 (compatible; AhrefsBot/7.0; +http://ahrefs.com/robot/)" "ysfine.com"
51.222.253.10 - - [08/Sep/2022:23:56:36 -0700] "GET /class54/class5470/total_data/photo_img/1-16.jpg HTTP/1.1" 200 89878 "-" "Mozilla/5.0 (compatible; AhrefsBot/7.0; +http://ahrefs.com/robot/)" "ysfine.com"
51.222.253.9 - - [08/Sep/2022:23:56:37 -0700] "GET /class54/class5470/total_data/refer_img/1-12_f.jpg HTTP/1.1" 200 16621 "-" "Mozilla/5.0 (compatible; AhrefsBot/7.0; +http://ahrefs.com/robot/)" "ysfine.com"
51.222.253.14 - - [08/Sep/2022:23:56:38 -0700] "GET /class54/class5470/total_data/img/01_st_campus.gif HTTP/1.1" 200 616 "-" "Mozilla/5.0 (compatible; AhrefsBot/7.0; +http://ahrefs.com/robot/)" "ysfine.com"
185.191.171.18 - - [08/Sep/2022:23:57:05 -0700] "GET /class54/class5470/total_data/sub_361.htm HTTP/1.1" 200 3292 "-" "Mozilla/5.0 (compatible; SemrushBot/7~bl; +http://www.semrush.com/bot.html)" "ysfine.com"
40.77.167.33 - - [08/Sep/2022:23:57:32 -0700] "GET /philo/suntzu2.jpg HTTP/1.1" 200 31693 "-" "Mozilla/5.0 (compatible; bingbot/2.0; +http://www.bing.com/bingbot.htm)" "ysfine.com"
135.181.79.106 - - [08/Sep/2022:23:57:51 -0700] "GET /robots.txt HTTP/1.1" 404 73 "-" "Mozilla/5.0 (compatible; MJ12bot/v1.4.8; http://mj12bot.com/)" "ysfine.com"
135.181.79.106 - - [08/Sep/2022:23:57:52 -0700] "GET //awards/eward33.jpg HTTP/1.1" 200 118028 "-" "Mozilla/5.0 (compatible; MJ12bot/v1.4.8; http://mj12bot.com/)" "ysfine.com"
135.181.79.106 - - [08/Sep/2022:23:57:54 -0700] "GET //awards/marq/marq22.jpg HTTP/1.1" 200 243193 "-" "Mozilla/5.0 (compatible; MJ12bot/v1.4.8; http://mj12bot.com/)" "ysfine.com"
135.181.79.106 - - [08/Sep/2022:23:57:56 -0700] "GET //dirac/dirac39.jpg HTTP/1.1" 200 244941 "-" "Mozilla/5.0 (compatible; MJ12bot/v1.4.8; http://mj12bot.com/)" "ysfine.com"
135.181.79.106 - - [08/Sep/2022:23:57:58 -0700] "GET //dirac/dirwig55.jpg HTTP/1.1" 200 136786 "-" "Mozilla/5.0 (compatible; MJ12bot/v1.4.8; http://mj12bot.com/)" "ysfine.com"
135.181.79.106 - - [08/Sep/2022:23:58:00 -0700] "GET //eink/church06.jpg HTTP/1.1" 200 175170 "-" "Mozilla/5.0 (compatible; MJ12bot/v1.4.8; http://mj12bot.com/)" "ysfine.com"
135.181.79.106 - - [08/Sep/2022:23:58:02 -0700] "GET //eink/comet40.jpg HTTP/1.1" 200 127232 "-" "Mozilla/5.0 (compatible; MJ12bot/v1.4.8; http://mj12bot.com/)" "ysfine.com"
135.181.79.106 - - [08/Sep/2022:23:58:04 -0700] "GET //eink/comet50.jpg HTTP/1.1" 200 148870 "-" "Mozilla/5.0 (compatible; MJ12bot/v1.4.8; http://mj12bot.com/)" "ysfine.com"
135.181.79.106 - - [08/Sep/2022:23:58:06 -0700] "GET //eink/dirackn55.jpg HTTP/1.1" 200 127665 "-" "Mozilla/5.0 (compatible; MJ12bot/v1.4.8; http://mj12bot.com/)" "ysfine.com"
135.181.79.106 - - [08/Sep/2022:23:58:08 -0700] "GET //eink/einbohr101.jpg HTTP/1.1" 200 87124 "-" "Mozilla/5.0 (compatible; MJ12bot/v1.4.8; http://mj12bot.com/)" "ysfine.com"
135.181.79.106 - - [08/Sep/2022:23:58:10 -0700] "GET //eink/einsaru22.jpg HTTP/1.1" 200 111881 "-" "Mozilla/5.0 (compatible; MJ12bot/v1.4.8; http://mj12bot.com/)" "ysfine.com"
135.181.79.106 - - [08/Sep/2022:23:58:12 -0700] "GET //eink/eintao33.jpg HTTP/1.1" 200 121802 "-" "Mozilla/5.0 (compatible; MJ12bot/v1.4.8; http://mj12bot.com/)" "ysfine.com"
135.181.79.106 - - [08/Sep/2022:23:58:14 -0700] "GET //eink/eintao55.jpg HTTP/1.1" 200 153901 "-" "Mozilla/5.0 (compatible; MJ12bot/v1.4.8; http://mj12bot.com/)" "ysfine.com"
135.181.79.106 - - [08/Sep/2022:23:58:16 -0700] "GET //eink/kflag11.jpg HTTP/1.1" 200 50889 "-" "Mozilla/5.0 (compatible; MJ12bot/v1.4.8; http://mj12bot.com/)" "ysfine.com"
135.181.79.106 - - [08/Sep/2022:23:58:18 -0700] "GET //eink/lunch91.jpg HTTP/1.1" 200 227527 "-" "Mozilla/5.0 (compatible; MJ12bot/v1.4.8; http://mj12bot.com/)" "ysfine.com"
135.181.79.106 - - [08/Sep/2022:23:58:20 -0700] "GET //eink/sorae01.jpg HTTP/1.1" 200 131846 "-" "Mozilla/5.0 (compatible; MJ12bot/v1.4.8; http://mj12bot.com/)" "ysfine.com"
135.181.79.106 - - [08/Sep/2022:23:58:22 -0700] "GET //eink/tao55.jpg HTTP/1.1" 200 170385 "-" "Mozilla/5.0 (compatible; MJ12bot/v1.4.8; http://mj12bot.com/)" "ysfine.com"
135.181.79.106 - - [08/Sep/2022:23:58:24 -0700] "GET //eink/underw03.jpg HTTP/1.1" 200 92395 "-" "Mozilla/5.0 (compatible; MJ12bot/v1.4.8; http://mj12bot.com/)" "ysfine.com"
124.104.168.236 - - [08/Sep/2022:23:58:24 -0700] "GET /maga/phil/conic01.jpg HTTP/1.1" 200 70533 "https://www.bing.com/" "Mozilla/5.0 (Windows NT 10.0; Win64; x64) AppleWebKit/537.36 (KHTML, like Gecko) Chrome/105.0.0.0 Safari/537.36 Edg/105.0.1343.27" "www.ysfine.com"
77.75.72.26 - - [08/Sep/2022:23:58:24 -0700] "GET /princeton/gcollege.html HTTP/1.1" 304 - "-" "Mozilla/5.0 (compatible; SeznamBot/4.0-RC1; +http://napoveda.seznam.cz/seznambot-intro/)" "ysfine.com"
135.181.79.106 - - [08/Sep/2022:23:58:26 -0700] "GET //princeton/ysrhee33.jpg HTTP/1.1" 200 112060 "-" "Mozilla/5.0 (compatible; MJ12bot/v1.4.8; http://mj12bot.com/)" "ysfine.com"
135.181.79.106 - - [08/Sep/2022:23:58:28 -0700] "GET //wisdom/kori11.jpg HTTP/1.1" 200 156983 "-" "Mozilla/5.0 (compatible; MJ12bot/v1.4.8; http://mj12bot.com/)" "ysfine.com"
135.181.79.106 - - [08/Sep/2022:23:58:30 -0700] "GET //wisdom/kori22.jpg HTTP/1.1" 200 220365 "-" "Mozilla/5.0 (compatible; MJ12bot/v1.4.8; http://mj12bot.com/)" "ysfine.com"
135.181.79.106 - - [08/Sep/2022:23:58:32 -0700] "GET //wisdom/lindenpower.jpg HTTP/1.1" 200 69300 "-" "Mozilla/5.0 (compatible; MJ12bot/v1.4.8; http://mj12bot.com/)" "ysfine.com"
135.181.79.106 - - [08/Sep/2022:23:58:34 -0700] "GET //wisdom/rhee48.jpg HTTP/1.1" 200 340529 "-" "Mozilla/5.0 (compatible; MJ12bot/v1.4.8; http://mj12bot.com/)" "ysfine.com"
135.181.79.106 - - [08/Sep/2022:23:58:36 -0700] "GET //wisdom/yoonrae.jpg HTTP/1.1" 200 76341 "-" "Mozilla/5.0 (compatible; MJ12bot/v1.4.8; http://mj12bot.com/)" "ysfine.com"
40.77.167.35 - - [08/Sep/2022:23:58:38 -0700] "GET /people/wolfen22c.jpg HTTP/1.1" 200 23845 "-" "Mozilla/5.0 (compatible; bingbot/2.0; +http://www.bing.com/bingbot.htm)" "ysfine.com"
125.63.78.131 - - [09/Sep/2022:00:00:14 -0700] "GET /heisen/bohrheisen11.jpg HTTP/1.1" 200 104546 "https://www.google.com/" "Mozilla/5.0 (Windows NT 10.0; Win64; x64) AppleWebKit/537.36 (KHTML, like Gecko) Chrome/104.0.0.0 Safari/537.36" "ysfine.com"
77.75.79.31 - - [09/Sep/2022:00:01:40 -0700] "GET /princeton/gcollege.html HTTP/1.1" 304 - "-" "Mozilla/5.0 (compatible; SeznamBot/4.0-RC1; +http://napoveda.seznam.cz/seznambot-intro/)" "ysfine.com"
95.163.255.71 - - [09/Sep/2022:00:01:58 -0700] "GET /robots.txt HTTP/1.1" 404 73 "-" "Mozilla/5.0 (compatible; Linux x86_64; Mail.RU_Bot/Img/2.0; +https://help.mail.ru/webmaster/indexing/robots)" "ysfine.com"
40.77.167.28 - - [09/Sep/2022:00:03:10 -0700] "GET /kobak/underw02.jpg HTTP/1.1" 200 61728 "-" "Mozilla/5.0 (compatible; bingbot/2.0; +http://www.bing.com/bingbot.htm)" "ysfine.com"
172.119.56.199 - - [09/Sep/2022:00:04:02 -0700] "GET /world/scandi/sto001.jpg HTTP/1.1" 200 111684 "https://www.google.com/" "Mozilla/5.0 (iPhone; CPU iPhone OS 15_6_1 like Mac OS X) AppleWebKit/605.1.15 (KHTML, like Gecko) Version/15.6.1 Mobile/15E148 Safari/604.1" "ysfine.com"
40.77.167.35 - - [09/Sep/2022:00:04:31 -0700] "GET /world/china/hongkong16b.jpg HTTP/1.1" 200 33548 "-" "Mozilla/5.0 (compatible; bingbot/2.0; +http://www.bing.com/bingbot.htm)" "ysfine.com"
77.75.79.31 - - [09/Sep/2022:00:04:54 -0700] "GET /princeton/gcollege.html HTTP/1.1" 304 - "-" "Mozilla/5.0 (compatible; SeznamBot/4.0-RC1; +http://napoveda.seznam.cz/seznambot-intro/)" "ysfine.com"
157.55.39.146 - - [09/Sep/2022:00:05:17 -0700] "GET /world/germany/mucf22.jpg HTTP/1.1" 200 113670 "-" "Mozilla/5.0 (compatible; bingbot/2.0; +http://www.bing.com/bingbot.htm)" "www.ysfine.com"
95.163.255.70 - - [09/Sep/2022:00:05:59 -0700] "GET /dirac/diracbul270.jpg HTTP/1.1" 200 37621 "http://go.mail.ru/search_images" "Mozilla/5.0 (compatible; Linux x86_64; Mail.RU_Bot/Img/2.0; +https://help.mail.ru/webmaster/indexing/robots)" "ysfine.com"
95.163.255.110 - - [09/Sep/2022:00:06:06 -0700] "GET /maga/histo/desiree22b.jpg HTTP/1.1" 200 44724 "http://go.mail.ru/search_images" "Mozilla/5.0 (compatible; Linux x86_64; Mail.RU_Bot/Img/2.0; +https://help.mail.ru/webmaster/indexing/robots)" "ysfine.com"
54.236.1.11 - - [09/Sep/2022:00:07:18 -0700] "GET /robots.txt HTTP/1.1" 404 88 "-" "Mozilla/5.0 (compatible; Pinterestbot/1.0; +http://www.pinterest.com/bot.html)" "ysfine.com"
54.236.1.11 - - [09/Sep/2022:00:07:18 -0700] "GET /maga/phys/landau55.jpg HTTP/1.1" 200 81675 "-" "Mozilla/5.0 (compatible; Pinterestbot/1.0; +http://www.pinterest.com/bot.html)" "ysfine.com"
14.139.234.82 - - [09/Sep/2022:00:08:14 -0700] "GET /einstein/einkant.html HTTP/1.1" 200 1812 "https://www.google.com/" "Mozilla/5.0 (Windows NT 10.0; Win64; x64; rv:104.0) Gecko/20100101 Firefox/104.0" "ysfine.com"
14.139.234.82 - - [09/Sep/2022:00:08:14 -0700] "GET /favicon.ico HTTP/1.1" 404 88 "https://ysfine.com/einstein/einkant.html" "Mozilla/5.0 (Windows NT 10.0; Win64; x64; rv:104.0) Gecko/20100101 Firefox/104.0" "ysfine.com"
82.5.255.115 - - [09/Sep/2022:00:08:18 -0700] "GET /style/cameras/contax11.jpg HTTP/1.1" 200 101409 "https://www.google.co.uk/" "Mozilla/5.0 (Macintosh; Intel Mac OS X 10_15_7) AppleWebKit/605.1.15 (KHTML, like Gecko) Version/15.5 Safari/605.1.15" "ysfine.com"
77.75.72.26 - - [09/Sep/2022:00:08:20 -0700] "GET /princeton/gcollege.html HTTP/1.1" 304 - "-" "Mozilla/5.0 (compatible; SeznamBot/4.0-RC1; +http://napoveda.seznam.cz/seznambot-intro/)" "ysfine.com"
51.222.253.17 - - [09/Sep/2022:00:08:34 -0700] "GET /class54/class5470/total_data/sub_110.htm HTTP/1.1" 200 3265 "-" "Mozilla/5.0 (compatible; AhrefsBot/7.0; +http://ahrefs.com/robot/)" "ysfine.com"
157.55.39.146 - - [09/Sep/2022:00:08:37 -0700] "GET /wdc/waskor014.jpg HTTP/1.1" 200 67774 "-" "Mozilla/5.0 (compatible; bingbot/2.0; +http://www.bing.com/bingbot.htm)" "ysfine.com"
95.163.255.71 - - [09/Sep/2022:00:09:02 -0700] "GET /wisdom/mil/sherman44.jpg HTTP/1.1" 200 75411 "http://go.mail.ru/search_images" "Mozilla/5.0 (compatible; Linux x86_64; Mail.RU_Bot/Img/2.0; +https://help.mail.ru/webmaster/indexing/robots)" "ysfine.com"
40.77.167.33 - - [09/Sep/2022:00:09:02 -0700] "GET /world/hungary/hunstu06.jpg HTTP/1.1" 200 66831 "-" "Mozilla/5.0 (compatible; bingbot/2.0; +http://www.bing.com/bingbot.htm)" "www.ysfine.com"
106.195.14.13 - - [09/Sep/2022:00:10:45 -0700] "GET /princeton/einpm.jpg HTTP/1.1" 200 116543 "https://www.google.com/" "Mozilla/5.0 (Linux; Android 10; Redmi 7A Build/QKQ1.191014.001; wv) AppleWebKit/537.36 (KHTML, like Gecko) Version/4.0 Chrome/96.0.4664.92 Mobile Safari/537.36 GoogleApp/13.30.10.26.arm" "ysfine.com"
77.75.79.31 - - [09/Sep/2022:00:11:24 -0700] "GET /princeton/gcollege.html HTTP/1.1" 304 - "-" "Mozilla/5.0 (compatible; SeznamBot/4.0-RC1; +http://napoveda.seznam.cz/seznambot-intro/)" "ysfine.com"
14.139.234.82 - - [09/Sep/2022:00:11:40 -0700] "GET /maga/kant.html HTTP/1.1" 200 8714 "https://ysfine.com/einstein/einkant.html" "Mozilla/5.0 (Windows NT 10.0; Win64; x64; rv:104.0) Gecko/20100101 Firefox/104.0" "ysfine.com"
14.139.234.82 - - [09/Sep/2022:00:11:40 -0700] "GET /maga/phil/kant00b.jpg HTTP/1.1" 200 51853 "https://ysfine.com/maga/kant.html" "Mozilla/5.0 (Windows NT 10.0; Win64; x64; rv:104.0) Gecko/20100101 Firefox/104.0" "ysfine.com"
14.139.234.82 - - [09/Sep/2022:00:11:40 -0700] "GET /wigner/wigkim2.jpg HTTP/1.1" 200 40700 "https://ysfine.com/maga/kant.html" "Mozilla/5.0 (Windows NT 10.0; Win64; x64; rv:104.0) Gecko/20100101 Firefox/104.0" "ysfine.com"
14.139.234.82 - - [09/Sep/2022:00:11:40 -0700] "GET /world/baltic/kalinmap77b.jpg HTTP/1.1" 200 30429 "https://ysfine.com/maga/kant.html" "Mozilla/5.0 (Windows NT 10.0; Win64; x64; rv:104.0) Gecko/20100101 Firefox/104.0" "ysfine.com"
14.139.234.82 - - [09/Sep/2022:00:11:40 -0700] "GET /maga/phil/lao2.jpg HTTP/1.1" 200 29456 "https://ysfine.com/maga/kant.html" "Mozilla/5.0 (Windows NT 10.0; Win64; x64; rv:104.0) Gecko/20100101 Firefox/104.0" "ysfine.com"
14.139.234.82 - - [09/Sep/2022:00:11:40 -0700] "GET /maga/phil/shiyu2.jpg HTTP/1.1" 200 29875 "https://ysfine.com/maga/kant.html" "Mozilla/5.0 (Windows NT 10.0; Win64; x64; rv:104.0) Gecko/20100101 Firefox/104.0" "ysfine.com"
117.251.99.50 - - [09/Sep/2022:00:11:40 -0700] "GET /maga/phil/suntzu2.jpg HTTP/1.1" 200 31693 "https://ysfine.com/maga/kant.html" "Mozilla/5.0 (Windows NT 10.0; Win64; x64; rv:104.0) Gecko/20100101 Firefox/104.0" "ysfine.com"
14.139.234.82 - - [09/Sep/2022:00:11:41 -0700] "GET /eink/pwk19c.jpg HTTP/1.1" 200 57759 "https://ysfine.com/maga/kant.html" "Mozilla/5.0 (Windows NT 10.0; Win64; x64; rv:104.0) Gecko/20100101 Firefox/104.0" "ysfine.com"
14.139.234.82 - - [09/Sep/2022:00:11:41 -0700] "GET /kobak/taylor33c.jpg HTTP/1.1" 200 39951 "https://ysfine.com/maga/kant.html" "Mozilla/5.0 (Windows NT 10.0; Win64; x64; rv:104.0) Gecko/20100101 Firefox/104.0" "ysfine.com"
14.139.234.82 - - [09/Sep/2022:00:11:41 -0700] "GET /eink/ewk86a.jpg HTTP/1.1" 200 70895 "https://ysfine.com/maga/kant.html" "Mozilla/5.0 (Windows NT 10.0; Win64; x64; rv:104.0) Gecko/20100101 Firefox/104.0" "ysfine.com"
14.139.234.82 - - [09/Sep/2022:00:11:42 -0700] "GET /favicon.ico HTTP/1.1" 404 88 "https://ysfine.com/maga/kant.html" "Mozilla/5.0 (Windows NT 10.0; Win64; x64; rv:104.0) Gecko/20100101 Firefox/104.0" "ysfine.com"
40.77.167.28 - - [09/Sep/2022:00:12:02 -0700] "GET /dirac/diracqm11b.jpg HTTP/1.1" 200 42991 "-" "Mozilla/5.0 (compatible; bingbot/2.0; +http://www.bing.com/bingbot.htm)" "www.ysfine.com"
14.139.234.82 - - [09/Sep/2022:00:13:28 -0700] "GET /world/baltic/kalinmap77b.jpg HTTP/1.1" 200 30429 "-" "Mozilla/4.0 (compatible; MSIE 7.0; Windows NT 6.2; WOW64; Trident/7.0; .NET4.0C; .NET4.0E; .NET CLR 2.0.50727; .NET CLR 3.0.30729; .NET CLR 3.5.30729; InfoPath.2; Tablet PC 2.0; Zoom 3.6.0; MSOffice 12)" "ysfine.com"
40.77.167.35 - - [09/Sep/2022:00:14:20 -0700] "GET /sbk/2001toledo11.jpg HTTP/1.1" 200 210588 "-" "Mozilla/5.0 (compatible; bingbot/2.0; +http://www.bing.com/bingbot.htm)" "ysfine.com"
77.75.79.31 - - [09/Sep/2022:00:14:41 -0700] "GET /princeton/gcollege.html HTTP/1.1" 304 - "-" "Mozilla/5.0 (compatible; SeznamBot/4.0-RC1; +http://napoveda.seznam.cz/seznambot-intro/)" "ysfine.com"
77.88.5.221 - - [09/Sep/2022:00:14:57 -0700] "GET /robots.txt HTTP/1.1" 404 73 "-" "Mozilla/5.0 (compatible; YandexBot/3.0; +http://yandex.com/bots)" "www.ysfine.com"
77.88.5.207 - - [09/Sep/2022:00:15:01 -0700] "GET /wdc/ HTTP/1.1" 200 141 "-" "Mozilla/5.0 (compatible; YandexBot/3.0; +http://yandex.com/bots)" "www.ysfine.com"
77.88.5.236 - - [09/Sep/2022:00:15:04 -0700] "GET /wdc/wasdc.html HTTP/1.1" 200 13295 "https://www.ysfine.com/wdc/" "Mozilla/5.0 (compatible; YandexBot/3.0; +http://yandex.com/bots) AppleWebKit/537.36 (KHTML, like Gecko) Chrome/81.0.4044.268" "www.ysfine.com"
77.88.5.28 - - [09/Sep/2022:00:15:08 -0700] "GET /wdc/wasleft.html HTTP/1.1" 200 720 "https://www.ysfine.com/wdc/" "Mozilla/5.0 (compatible; YandexBot/3.0; +http://yandex.com/bots) AppleWebKit/537.36 (KHTML, like Gecko) Chrome/81.0.4044.268" "www.ysfine.com"
157.55.39.146 - - [09/Sep/2022:00:15:18 -0700] "GET /dongio/aline/lufthan12c.jpg HTTP/1.1" 404 88 "-" "Mozilla/5.0 (compatible; bingbot/2.0; +http://www.bing.com/bingbot.htm)" "ysfine.com"
157.55.39.146 - - [09/Sep/2022:00:16:39 -0700] "GET /wdc/kennedyc05b.jpg HTTP/1.1" 200 26902 "-" "Mozilla/5.0 (compatible; bingbot/2.0; +http://www.bing.com/bingbot.htm)" "www.ysfine.com"
40.77.167.28 - - [09/Sep/2022:00:16:51 -0700] "GET /world/germany/leipzig03.jpg HTTP/1.1" 200 105008 "-" "Mozilla/5.0 (compatible; bingbot/2.0; +http://www.bing.com/bingbot.htm)" "www.ysfine.com"
40.77.167.35 - - [09/Sep/2022:00:17:13 -0700] "GET /maga/phys/bohr05.jpg HTTP/1.1" 200 70451 "-" "Mozilla/5.0 (compatible; bingbot/2.0; +http://www.bing.com/bingbot.htm)" "ysfine.com"
14.139.234.82 - - [09/Sep/2022:00:17:47 -0700] "GET /einstein/einkant.html HTTP/1.1" 200 1812 "https://www.google.com/" "Mozilla/5.0 (Windows NT 10.0; Win64; x64; rv:104.0) Gecko/20100101 Firefox/104.0" "ysfine.com"
14.139.234.82 - - [09/Sep/2022:00:17:55 -0700] "GET /einstein/eincopen.html HTTP/1.1" 200 6900 "https://ysfine.com/maga/kant.html" "Mozilla/5.0 (Windows NT 10.0; Win64; x64; rv:104.0) Gecko/20100101 Firefox/104.0" "ysfine.com"
14.139.234.82 - - [09/Sep/2022:00:17:56 -0700] "GET /maga/phys/yukaein2.jpg HTTP/1.1" 200 42863 "https://ysfine.com/einstein/eincopen.html" "Mozilla/5.0 (Windows NT 10.0; Win64; x64; rv:104.0) Gecko/20100101 Firefox/104.0" "ysfine.com"
14.139.234.82 - - [09/Sep/2022:00:17:56 -0700] "GET /maga/phys/heisen33b.jpg HTTP/1.1" 200 78035 "https://ysfine.com/einstein/eincopen.html" "Mozilla/5.0 (Windows NT 10.0; Win64; x64; rv:104.0) Gecko/20100101 Firefox/104.0" "ysfine.com"
14.139.234.82 - - [09/Sep/2022:00:17:56 -0700] "GET /einstein/evol77b.jpg HTTP/1.1" 200 52737 "https://ysfine.com/einstein/eincopen.html" "Mozilla/5.0 (Windows NT 10.0; Win64; x64; rv:104.0) Gecko/20100101 Firefox/104.0" "ysfine.com"
14.139.234.82 - - [09/Sep/2022:00:17:56 -0700] "GET /einstein/einbohr11b.jpg HTTP/1.1" 200 37538 "https://ysfine.com/einstein/eincopen.html" "Mozilla/5.0 (Windows NT 10.0; Win64; x64; rv:104.0) Gecko/20100101 Firefox/104.0" "ysfine.com"
14.139.234.82 - - [09/Sep/2022:00:17:56 -0700] "GET /einstein/bohradius11b.jpg HTTP/1.1" 200 39999 "https://ysfine.com/einstein/eincopen.html" "Mozilla/5.0 (Windows NT 10.0; Win64; x64; rv:104.0) Gecko/20100101 Firefox/104.0" "ysfine.com"
14.139.234.82 - - [09/Sep/2022:00:17:56 -0700] "GET /einstein/evol22b.jpg HTTP/1.1" 200 29614 "https://ysfine.com/einstein/eincopen.html" "Mozilla/5.0 (Windows NT 10.0; Win64; x64; rv:104.0) Gecko/20100101 Firefox/104.0" "ysfine.com"
14.139.234.82 - - [09/Sep/2022:00:17:57 -0700] "GET /dirac/quantum2.jpg HTTP/1.1" 200 28714 "https://ysfine.com/einstein/eincopen.html" "Mozilla/5.0 (Windows NT 10.0; Win64; x64; rv:104.0) Gecko/20100101 Firefox/104.0" "ysfine.com"
14.139.234.82 - - [09/Sep/2022:00:17:57 -0700] "GET /dirac/licone2.jpg HTTP/1.1" 200 31937 "https://ysfine.com/einstein/eincopen.html" "Mozilla/5.0 (Windows NT 10.0; Win64; x64; rv:104.0) Gecko/20100101 Firefox/104.0" "ysfine.com"
14.139.234.82 - - [09/Sep/2022:00:17:57 -0700] "GET /dirac/diracqm11b.jpg HTTP/1.1" 200 42991 "https://ysfine.com/einstein/eincopen.html" "Mozilla/5.0 (Windows NT 10.0; Win64; x64; rv:104.0) Gecko/20100101 Firefox/104.0" "ysfine.com"
14.139.234.82 - - [09/Sep/2022:00:17:57 -0700] "GET /dirac/dirwig33b.jpg HTTP/1.1" 200 11663 "https://ysfine.com/einstein/eincopen.html" "Mozilla/5.0 (Windows NT 10.0; Win64; x64; rv:104.0) Gecko/20100101 Firefox/104.0" "ysfine.com"
14.139.234.82 - - [09/Sep/2022:00:17:57 -0700] "GET /feynman/restof55b.jpg HTTP/1.1" 200 52052 "https://ysfine.com/einstein/eincopen.html" "Mozilla/5.0 (Windows NT 10.0; Win64; x64; rv:104.0) Gecko/20100101 Firefox/104.0" "ysfine.com"
14.139.234.82 - - [09/Sep/2022:00:17:57 -0700] "GET /feynman/restof05b.jpg HTTP/1.1" 200 20819 "https://ysfine.com/einstein/eincopen.html" "Mozilla/5.0 (Windows NT 10.0; Win64; x64; rv:104.0) Gecko/20100101 Firefox/104.0" "ysfine.com"
14.139.234.82 - - [09/Sep/2022:00:17:57 -0700] "GET /feynman/restof33c.jpg HTTP/1.1" 200 29707 "https://ysfine.com/einstein/eincopen.html" "Mozilla/5.0 (Windows NT 10.0; Win64; x64; rv:104.0) Gecko/20100101 Firefox/104.0" "ysfine.com"
14.139.234.82 - - [09/Sep/2022:00:17:57 -0700] "GET /eink/eink61c.jpg HTTP/1.1" 200 34119 "https://ysfine.com/einstein/eincopen.html" "Mozilla/5.0 (Windows NT 10.0; Win64; x64; rv:104.0) Gecko/20100101 Firefox/104.0" "ysfine.com"
40.77.167.35 - - [09/Sep/2022:00:18:30 -0700] "GET /beau/romania01c.jpg HTTP/1.1" 404 88 "-" "Mozilla/5.0 (compatible; bingbot/2.0; +http://www.bing.com/bingbot.htm)" "ysfine.com"
185.191.171.21 - - [09/Sep/2022:00:18:56 -0700] "GET /wdc/was69kor.html HTTP/1.1" 200 304 "-" "Mozilla/5.0 (compatible; SemrushBot/7~bl; +http://www.semrush.com/bot.html)" "www.ysfine.com"
157.55.39.146 - - [09/Sep/2022:00:18:59 -0700] "GET /style/nga33.jpg HTTP/1.1" 200 164263 "-" "Mozilla/5.0 (compatible; bingbot/2.0; +http://www.bing.com/bingbot.htm)" "www.ysfine.com"
185.191.171.8 - - [09/Sep/2022:00:18:55 -0700] "GET /robots.txt HTTP/1.1" 404 88 "-" "Mozilla/5.0 (compatible; SemrushBot/7~bl; +http://www.semrush.com/bot.html)" "www.ysfine.com"
173.73.80.118 - - [09/Sep/2022:00:18:48 -0700] "GET /home/bio44 HTTP/1.1" 200 14051 "-" "Mozilla/5.0 (Windows NT 10.0; Win64; x64) AppleWebKit/537.36 (KHTML, like Gecko) Chrome/105.0.0.0 Safari/537.36 Edg/105.0.1343.27" "ysfine.com"
173.73.80.118 - - [09/Sep/2022:00:18:59 -0700] "GET /home/pgh/steelm01b.jpg HTTP/1.1" 200 24193 "https://ysfine.com/home/bio44" "Mozilla/5.0 (Windows NT 10.0; Win64; x64) AppleWebKit/537.36 (KHTML, like Gecko) Chrome/105.0.0.0 Safari/537.36 Edg/105.0.1343.27" "ysfine.com"
173.73.80.118 - - [09/Sep/2022:00:18:59 -0700] "GET /home/pgh/oldterm33b.jpg HTTP/1.1" 200 32151 "https://ysfine.com/home/bio44" "Mozilla/5.0 (Windows NT 10.0; Win64; x64) AppleWebKit/537.36 (KHTML, like Gecko) Chrome/105.0.0.0 Safari/537.36 Edg/105.0.1343.27" "ysfine.com"
173.73.80.118 - - [09/Sep/2022:00:18:59 -0700] "GET /home/pgh/steelm02b.jpg HTTP/1.1" 200 27600 "https://ysfine.com/home/bio44" "Mozilla/5.0 (Windows NT 10.0; Win64; x64) AppleWebKit/537.36 (KHTML, like Gecko) Chrome/105.0.0.0 Safari/537.36 Edg/105.0.1343.27" "ysfine.com"
173.73.80.118 - - [09/Sep/2022:00:18:59 -0700] "GET /home/pgh/strcar2.jpg HTTP/1.1" 200 37764 "https://ysfine.com/home/bio44" "Mozilla/5.0 (Windows NT 10.0; Win64; x64) AppleWebKit/537.36 (KHTML, like Gecko) Chrome/105.0.0.0 Safari/537.36 Edg/105.0.1343.27" "ysfine.com"
173.73.80.118 - - [09/Sep/2022:00:18:59 -0700] "GET /home/pgh/kwkpgh01b.jpg HTTP/1.1" 200 48537 "https://ysfine.com/home/bio44" "Mozilla/5.0 (Windows NT 10.0; Win64; x64) AppleWebKit/537.36 (KHTML, like Gecko) Chrome/105.0.0.0 Safari/537.36 Edg/105.0.1343.27" "ysfine.com"
173.73.80.118 - - [09/Sep/2022:00:18:59 -0700] "GET /home/pgh/pghrail11b.jpg HTTP/1.1" 200 30494 "https://ysfine.com/home/bio44" "Mozilla/5.0 (Windows NT 10.0; Win64; x64) AppleWebKit/537.36 (KHTML, like Gecko) Chrome/105.0.0.0 Safari/537.36 Edg/105.0.1343.27" "ysfine.com"
173.73.80.118 - - [09/Sep/2022:00:19:00 -0700] "GET /home/pgh/gonew2.jpg HTTP/1.1" 200 50575 "https://ysfine.com/home/bio44" "Mozilla/5.0 (Windows NT 10.0; Win64; x64) AppleWebKit/537.36 (KHTML, like Gecko) Chrome/105.0.0.0 Safari/537.36 Edg/105.0.1343.27" "ysfine.com"
173.73.80.118 - - [09/Sep/2022:00:18:59 -0700] "GET /home/pgh/kerry11b.jpg HTTP/1.1" 200 29670 "https://ysfine.com/home/bio44" "Mozilla/5.0 (Windows NT 10.0; Win64; x64) AppleWebKit/537.36 (KHTML, like Gecko) Chrome/105.0.0.0 Safari/537.36 Edg/105.0.1343.27" "ysfine.com"
173.73.80.118 - - [09/Sep/2022:00:18:59 -0700] "GET /home/pgh/oldterm22b.jpg HTTP/1.1" 200 24276 "https://ysfine.com/home/bio44" "Mozilla/5.0 (Windows NT 10.0; Win64; x64) AppleWebKit/537.36 (KHTML, like Gecko) Chrome/105.0.0.0 Safari/537.36 Edg/105.0.1343.27" "ysfine.com"
173.73.80.118 - - [09/Sep/2022:00:18:59 -0700] "GET /home/ys5458g.jpg HTTP/1.1" 200 109717 "https://ysfine.com/home/bio44" "Mozilla/5.0 (Windows NT 10.0; Win64; x64) AppleWebKit/537.36 (KHTML, like Gecko) Chrome/105.0.0.0 Safari/537.36 Edg/105.0.1343.27" "ysfine.com"
173.73.80.118 - - [09/Sep/2022:00:19:02 -0700] "GET /home/bio44.html HTTP/1.1" 200 14051 "-" "Mozilla/5.0 (Windows NT 10.0; Win64; x64) AppleWebKit/537.36 (KHTML, like Gecko) Chrome/105.0.0.0 Safari/537.36 Edg/105.0.1343.27" "ysfine.com"
173.73.80.118 - - [09/Sep/2022:00:19:02 -0700] "GET /home/pgh/sbk57b.jpg HTTP/1.1" 200 29223 "https://ysfine.com/home/bio44" "Mozilla/5.0 (Windows NT 10.0; Win64; x64) AppleWebKit/537.36 (KHTML, like Gecko) Chrome/105.0.0.0 Safari/537.36 Edg/105.0.1343.27" "ysfine.com"
173.73.80.118 - - [09/Sep/2022:00:19:00 -0700] "GET /home/pgh/knee22b.jpg HTTP/1.1" 200 43403 "https://ysfine.com/home/bio44" "Mozilla/5.0 (Windows NT 10.0; Win64; x64) AppleWebKit/537.36 (KHTML, like Gecko) Chrome/105.0.0.0 Safari/537.36 Edg/105.0.1343.27" "ysfine.com"
173.73.80.118 - - [09/Sep/2022:00:19:00 -0700] "GET /home/pgh/yspgh58b.jpg HTTP/1.1" 200 37403 "https://ysfine.com/home/bio44" "Mozilla/5.0 (Windows NT 10.0; Win64; x64) AppleWebKit/537.36 (KHTML, like Gecko) Chrome/105.0.0.0 Safari/537.36 Edg/105.0.1343.27" "ysfine.com"
173.73.80.118 - - [09/Sep/2022:00:19:00 -0700] "GET /home/pgh/knee11b.jpg HTTP/1.1" 200 37513 "https://ysfine.com/home/bio44" "Mozilla/5.0 (Windows NT 10.0; Win64; x64) AppleWebKit/537.36 (KHTML, like Gecko) Chrome/105.0.0.0 Safari/537.36 Edg/105.0.1343.27" "ysfine.com"
173.73.80.118 - - [09/Sep/2022:00:19:02 -0700] "GET /home/pgh/cmall57b.jpg HTTP/1.1" 200 34082 "https://ysfine.com/home/bio44" "Mozilla/5.0 (Windows NT 10.0; Win64; x64) AppleWebKit/537.36 (KHTML, like Gecko) Chrome/105.0.0.0 Safari/537.36 Edg/105.0.1343.27" "ysfine.com"
173.73.80.118 - - [09/Sep/2022:00:19:02 -0700] "GET /home/ys5458g.jpg HTTP/1.1" 206 1 "https://ysfine.com/home/bio44.html" "Mozilla/5.0 (Windows NT 10.0; Win64; x64) AppleWebKit/537.36 (KHTML, like Gecko) Chrome/105.0.0.0 Safari/537.36 Edg/105.0.1343.27" "ysfine.com"
173.73.80.118 - - [09/Sep/2022:00:19:02 -0700] "GET /home/pgh/knee22b.jpg HTTP/1.1" 200 43403 "https://ysfine.com/home/bio44.html" "Mozilla/5.0 (Windows NT 10.0; Win64; x64) AppleWebKit/537.36 (KHTML, like Gecko) Chrome/105.0.0.0 Safari/537.36 Edg/105.0.1343.27" "ysfine.com"
173.73.80.118 - - [09/Sep/2022:00:19:02 -0700] "GET /home/pgh/knee11b.jpg HTTP/1.1" 200 37513 "https://ysfine.com/home/bio44.html" "Mozilla/5.0 (Windows NT 10.0; Win64; x64) AppleWebKit/537.36 (KHTML, like Gecko) Chrome/105.0.0.0 Safari/537.36 Edg/105.0.1343.27" "ysfine.com"
173.73.80.118 - - [09/Sep/2022:00:19:03 -0700] "GET /home/pgh/sbk57b.jpg HTTP/1.1" 200 29223 "https://ysfine.com/home/bio44.html" "Mozilla/5.0 (Windows NT 10.0; Win64; x64) AppleWebKit/537.36 (KHTML, like Gecko) Chrome/105.0.0.0 Safari/537.36 Edg/105.0.1343.27" "ysfine.com"
173.73.80.118 - - [09/Sep/2022:00:19:03 -0700] "GET /home/pgh/cmall57b.jpg HTTP/1.1" 200 34082 "https://ysfine.com/home/bio44.html" "Mozilla/5.0 (Windows NT 10.0; Win64; x64) AppleWebKit/537.36 (KHTML, like Gecko) Chrome/105.0.0.0 Safari/537.36 Edg/105.0.1343.27" "ysfine.com"
173.73.80.118 - - [09/Sep/2022:00:19:03 -0700] "GET /home/pgh/yspgh58b.jpg HTTP/1.1" 200 37403 "https://ysfine.com/home/bio44.html" "Mozilla/5.0 (Windows NT 10.0; Win64; x64) AppleWebKit/537.36 (KHTML, like Gecko) Chrome/105.0.0.0 Safari/537.36 Edg/105.0.1343.27" "ysfine.com"
173.73.80.118 - - [09/Sep/2022:00:19:03 -0700] "GET /home/ys5458g.jpg HTTP/1.1" 206 44666 "https://ysfine.com/home/bio44.html" "Mozilla/5.0 (Windows NT 10.0; Win64; x64) AppleWebKit/537.36 (KHTML, like Gecko) Chrome/105.0.0.0 Safari/537.36 Edg/105.0.1343.27" "ysfine.com"
173.73.80.118 - - [09/Sep/2022:00:19:03 -0700] "GET /home/pgh/cyclo2.jpg HTTP/1.1" 200 37426 "https://ysfine.com/home/bio44.html" "Mozilla/5.0 (Windows NT 10.0; Win64; x64) AppleWebKit/537.36 (KHTML, like Gecko) Chrome/105.0.0.0 Safari/537.36 Edg/105.0.1343.27" "ysfine.com"
173.73.80.118 - - [09/Sep/2022:00:19:03 -0700] "GET /home/pgh/carnlibra03b.jpg HTTP/1.1" 200 46999 "https://ysfine.com/home/bio44.html" "Mozilla/5.0 (Windows NT 10.0; Win64; x64) AppleWebKit/537.36 (KHTML, like Gecko) Chrome/105.0.0.0 Safari/537.36 Edg/105.0.1343.27" "ysfine.com"
173.73.80.118 - - [09/Sep/2022:00:19:03 -0700] "GET /home/pgh/carnlibra02b.jpg HTTP/1.1" 200 45947 "https://ysfine.com/home/bio44.html" "Mozilla/5.0 (Windows NT 10.0; Win64; x64) AppleWebKit/537.36 (KHTML, like Gecko) Chrome/105.0.0.0 Safari/537.36 Edg/105.0.1343.27" "ysfine.com"
173.73.80.118 - - [09/Sep/2022:00:19:03 -0700] "GET /home/pgh/pittcath05b.jpg HTTP/1.1" 200 50596 "https://ysfine.com/home/bio44.html" "Mozilla/5.0 (Windows NT 10.0; Win64; x64) AppleWebKit/537.36 (KHTML, like Gecko) Chrome/105.0.0.0 Safari/537.36 Edg/105.0.1343.27" "ysfine.com"
173.73.80.118 - - [09/Sep/2022:00:19:03 -0700] "GET /home/pgh/pittcath01b.jpg HTTP/1.1" 200 44385 "https://ysfine.com/home/bio44.html" "Mozilla/5.0 (Windows NT 10.0; Win64; x64) AppleWebKit/537.36 (KHTML, like Gecko) Chrome/105.0.0.0 Safari/537.36 Edg/105.0.1343.27" "ysfine.com"
173.73.80.118 - - [09/Sep/2022:00:19:03 -0700] "GET /home/pgh/syriamos11b.jpg HTTP/1.1" 200 28006 "https://ysfine.com/home/bio44.html" "Mozilla/5.0 (Windows NT 10.0; Win64; x64) AppleWebKit/537.36 (KHTML, like Gecko) Chrome/105.0.0.0 Safari/537.36 Edg/105.0.1343.27" "ysfine.com"
173.73.80.118 - - [09/Sep/2022:00:19:03 -0700] "GET /home/pgh/syriamos22b.jpg HTTP/1.1" 200 30783 "https://ysfine.com/home/bio44.html" "Mozilla/5.0 (Windows NT 10.0; Win64; x64) AppleWebKit/537.36 (KHTML, like Gecko) Chrome/105.0.0.0 Safari/537.36 Edg/105.0.1343.27" "ysfine.com"
173.73.80.118 - - [09/Sep/2022:00:19:03 -0700] "GET /home/pgh/hugh01b.jpg HTTP/1.1" 200 629471 "https://ysfine.com/home/bio44.html" "Mozilla/5.0 (Windows NT 10.0; Win64; x64) AppleWebKit/537.36 (KHTML, like Gecko) Chrome/105.0.0.0 Safari/537.36 Edg/105.0.1343.27" "ysfine.com"
173.73.80.118 - - [09/Sep/2022:00:19:03 -0700] "GET /home/pgh/sliderule2.jpg HTTP/1.1" 200 26399 "https://ysfine.com/home/bio44.html" "Mozilla/5.0 (Windows NT 10.0; Win64; x64) AppleWebKit/537.36 (KHTML, like Gecko) Chrome/105.0.0.0 Safari/537.36 Edg/105.0.1343.27" "ysfine.com"
173.73.80.118 - - [09/Sep/2022:00:19:03 -0700] "GET /home/pgh/tririver01b.jpg HTTP/1.1" 200 33477 "https://ysfine.com/home/bio44.html" "Mozilla/5.0 (Windows NT 10.0; Win64; x64) AppleWebKit/537.36 (KHTML, like Gecko) Chrome/105.0.0.0 Safari/537.36 Edg/105.0.1343.27" "ysfine.com"
173.73.80.118 - - [09/Sep/2022:00:19:03 -0700] "GET /home/pgh/fortpitt07b.jpg HTTP/1.1" 200 54745 "https://ysfine.com/home/bio44.html" "Mozilla/5.0 (Windows NT 10.0; Win64; x64) AppleWebKit/537.36 (KHTML, like Gecko) Chrome/105.0.0.0 Safari/537.36 Edg/105.0.1343.27" "ysfine.com"
173.73.80.118 - - [09/Sep/2022:00:19:03 -0700] "GET /home/pgh/fortpitt02b.jpg HTTP/1.1" 200 33944 "https://ysfine.com/home/bio44.html" "Mozilla/5.0 (Windows NT 10.0; Win64; x64) AppleWebKit/537.36 (KHTML, like Gecko) Chrome/105.0.0.0 Safari/537.36 Edg/105.0.1343.27" "ysfine.com"
173.73.80.118 - - [09/Sep/2022:00:19:03 -0700] "GET /home/pgh/mtwash02b.jpg HTTP/1.1" 200 24526 "https://ysfine.com/home/bio44.html" "Mozilla/5.0 (Windows NT 10.0; Win64; x64) AppleWebKit/537.36 (KHTML, like Gecko) Chrome/105.0.0.0 Safari/537.36 Edg/105.0.1343.27" "ysfine.com"
173.73.80.118 - - [09/Sep/2022:00:19:03 -0700] "GET /home/pgh/pitbridge01b.jpg HTTP/1.1" 200 40959 "https://ysfine.com/home/bio44.html" "Mozilla/5.0 (Windows NT 10.0; Win64; x64) AppleWebKit/537.36 (KHTML, like Gecko) Chrome/105.0.0.0 Safari/537.36 Edg/105.0.1343.27" "ysfine.com"
173.73.80.118 - - [09/Sep/2022:00:19:03 -0700] "GET /home/pgh/highland03b.jpg HTTP/1.1" 200 25113 "https://ysfine.com/home/bio44.html" "Mozilla/5.0 (Windows NT 10.0; Win64; x64) AppleWebKit/537.36 (KHTML, like Gecko) Chrome/105.0.0.0 Safari/537.36 Edg/105.0.1343.27" "ysfine.com"
173.73.80.118 - - [09/Sep/2022:00:19:03 -0700] "GET /home/pgh/pitmap03b.jpg HTTP/1.1" 200 56177 "https://ysfine.com/home/bio44.html" "Mozilla/5.0 (Windows NT 10.0; Win64; x64) AppleWebKit/537.36 (KHTML, like Gecko) Chrome/105.0.0.0 Safari/537.36 Edg/105.0.1343.27" "ysfine.com"
173.73.80.118 - - [09/Sep/2022:00:19:03 -0700] "GET /home/pgh/heinzfld03b.jpg HTTP/1.1" 200 604034 "https://ysfine.com/home/bio44.html" "Mozilla/5.0 (Windows NT 10.0; Win64; x64) AppleWebKit/537.36 (KHTML, like Gecko) Chrome/105.0.0.0 Safari/537.36 Edg/105.0.1343.27" "ysfine.com"
173.73.80.118 - - [09/Sep/2022:00:19:03 -0700] "GET /home/pgh/donner03b.jpg HTTP/1.1" 200 44291 "https://ysfine.com/home/bio44.html" "Mozilla/5.0 (Windows NT 10.0; Win64; x64) AppleWebKit/537.36 (KHTML, like Gecko) Chrome/105.0.0.0 Safari/537.36 Edg/105.0.1343.27" "ysfine.com"
173.73.80.118 - - [09/Sep/2022:00:19:03 -0700] "GET /home/pgh/donner07b.jpg HTTP/1.1" 200 49625 "https://ysfine.com/home/bio44.html" "Mozilla/5.0 (Windows NT 10.0; Win64; x64) AppleWebKit/537.36 (KHTML, like Gecko) Chrome/105.0.0.0 Safari/537.36 Edg/105.0.1343.27" "ysfine.com"
173.73.80.118 - - [09/Sep/2022:00:19:03 -0700] "GET /home/pgh/pitcn02b.jpg HTTP/1.1" 200 34422 "https://ysfine.com/home/bio44.html" "Mozilla/5.0 (Windows NT 10.0; Win64; x64) AppleWebKit/537.36 (KHTML, like Gecko) Chrome/105.0.0.0 Safari/537.36 Edg/105.0.1343.27" "ysfine.com"
173.73.80.118 - - [09/Sep/2022:00:19:03 -0700] "GET /home/pgh/poli55b.jpg HTTP/1.1" 200 39961 "https://ysfine.com/home/bio44.html" "Mozilla/5.0 (Windows NT 10.0; Win64; x64) AppleWebKit/537.36 (KHTML, like Gecko) Chrome/105.0.0.0 Safari/537.36 Edg/105.0.1343.27" "ysfine.com"
