173.73.80.118 - - [09/Sep/2022:00:51:56 -0700] "GET /home/bio44 HTTP/1.1" 200 14094 "-" "Mozilla/5.0 (Windows NT 10.0; Win64; x64; rv:104.0) Gecko/20100101 Firefox/104.0" "ysfine.com"
77.75.79.31 - - [09/Sep/2022:00:52:11 -0700] "GET /princeton/gcollege.html HTTP/1.1" 304 - "-" "Mozilla/5.0 (compatible; SeznamBot/4.0-RC1; +http://napoveda.seznam.cz/seznambot-intro/)" "ysfine.com"
157.55.39.146 - - [09/Sep/2022:00:52:13 -0700] "GET /wdc/kennedyc06b.jpg HTTP/1.1" 200 32476 "-" "Mozilla/5.0 (compatible; bingbot/2.0; +http://www.bing.com/bingbot.htm)" "www.ysfine.com"
157.55.39.146 - - [09/Sep/2022:00:52:22 -0700] "GET /maga/phys/schrod11.jpg HTTP/1.1" 200 107958 "-" "Mozilla/5.0 AppleWebKit/537.36 (KHTML, like Gecko; compatible; bingbot/2.0; +http://www.bing.com/bingbot.htm) Chrome/103.0.5060.134 Safari/537.36" "www.ysfine.com"
40.77.167.33 - - [09/Sep/2022:00:53:27 -0700] "GET /wigner/maxwig44c.jpg HTTP/1.1" 200 44966 "-" "Mozilla/5.0 (compatible; bingbot/2.0; +http://www.bing.com/bingbot.htm)" "ysfine.com"
40.77.167.28 - - [09/Sep/2022:00:53:35 -0700] "GET /feynman/canlo11a.jpg HTTP/1.1" 200 35567 "-" "Mozilla/5.0 (compatible; bingbot/2.0; +http://www.bing.com/bingbot.htm)" "ysfine.com"
77.88.5.252 - - [09/Sep/2022:00:53:38 -0700] "GET /robots.txt HTTP/1.1" 404 73 "-" "Mozilla/5.0 (compatible; YandexBot/3.0; +http://yandex.com/bots)" "ysfine.com"
77.88.5.49 - - [09/Sep/2022:00:53:42 -0700] "GET /robots.txt HTTP/1.1" 404 73 "-" "Mozilla/5.0 (compatible; YandexBot/3.0; +http://yandex.com/bots)" "ysfine.com"
77.88.5.173 - - [09/Sep/2022:00:53:46 -0700] "GET /world/russ/liadong01.jpg HTTP/1.1" 200 50809 "-" "Mozilla/5.0 (compatible; YandexImages/3.0; +http://yandex.com/bots)" "ysfine.com"
185.191.171.35 - - [09/Sep/2022:00:53:55 -0700] "GET /friends/garden.html HTTP/1.1" 404 88 "-" "Mozilla/5.0 (compatible; SemrushBot/7~bl; +http://www.semrush.com/bot.html)" "www.ysfine.com"
173.73.80.118 - - [09/Sep/2022:00:54:07 -0700] "GET /usca/pgh22.html HTTP/1.1" 200 11386 "https://ysfine.com/home/bio44" "Mozilla/5.0 (Windows NT 10.0; Win64; x64; rv:104.0) Gecko/20100101 Firefox/104.0" "ysfine.com"
173.73.80.118 - - [09/Sep/2022:00:54:07 -0700] "GET /usca/pitt/gw01b.jpg HTTP/1.1" 200 21992 "https://ysfine.com/usca/pgh22.html" "Mozilla/5.0 (Windows NT 10.0; Win64; x64; rv:104.0) Gecko/20100101 Firefox/104.0" "ysfine.com"
173.73.80.118 - - [09/Sep/2022:00:54:07 -0700] "GET /usca/pitt/fortpitt03b.jpg HTTP/1.1" 200 34700 "https://ysfine.com/usca/pgh22.html" "Mozilla/5.0 (Windows NT 10.0; Win64; x64; rv:104.0) Gecko/20100101 Firefox/104.0" "ysfine.com"
173.73.80.118 - - [09/Sep/2022:00:54:07 -0700] "GET /usca/pitt/fortpitt09b.jpg HTTP/1.1" 200 35987 "https://ysfine.com/usca/pgh22.html" "Mozilla/5.0 (Windows NT 10.0; Win64; x64; rv:104.0) Gecko/20100101 Firefox/104.0" "ysfine.com"
173.73.80.118 - - [09/Sep/2022:00:54:07 -0700] "GET /usca/pitt/pitmap02b.jpg HTTP/1.1" 200 21396 "https://ysfine.com/usca/pgh22.html" "Mozilla/5.0 (Windows NT 10.0; Win64; x64; rv:104.0) Gecko/20100101 Firefox/104.0" "ysfine.com"
173.73.80.118 - - [09/Sep/2022:00:54:07 -0700] "GET /usca/pitt/fortpitt08b.jpg HTTP/1.1" 200 55961 "https://ysfine.com/usca/pgh22.html" "Mozilla/5.0 (Windows NT 10.0; Win64; x64; rv:104.0) Gecko/20100101 Firefox/104.0" "ysfine.com"
173.73.80.118 - - [09/Sep/2022:00:54:07 -0700] "GET /usca/pitt/fortpitt06b.jpg HTTP/1.1" 200 52725 "https://ysfine.com/usca/pgh22.html" "Mozilla/5.0 (Windows NT 10.0; Win64; x64; rv:104.0) Gecko/20100101 Firefox/104.0" "ysfine.com"
173.73.80.118 - - [09/Sep/2022:00:54:07 -0700] "GET /wdc/capitol01b.jpg HTTP/1.1" 200 24723 "https://ysfine.com/usca/pgh22.html" "Mozilla/5.0 (Windows NT 10.0; Win64; x64; rv:104.0) Gecko/20100101 Firefox/104.0" "ysfine.com"
173.73.80.118 - - [09/Sep/2022:00:54:07 -0700] "GET /wdc/vernon01b.jpg HTTP/1.1" 200 35297 "https://ysfine.com/usca/pgh22.html" "Mozilla/5.0 (Windows NT 10.0; Win64; x64; rv:104.0) Gecko/20100101 Firefox/104.0" "ysfine.com"
173.73.80.118 - - [09/Sep/2022:00:54:07 -0700] "GET /usca/pitt/mellon11b.jpg HTTP/1.1" 200 27862 "https://ysfine.com/usca/pgh22.html" "Mozilla/5.0 (Windows NT 10.0; Win64; x64; rv:104.0) Gecko/20100101 Firefox/104.0" "ysfine.com"
173.73.80.118 - - [09/Sep/2022:00:54:07 -0700] "GET /wdc/jfk01b.jpg HTTP/1.1" 200 32933 "https://ysfine.com/usca/pgh22.html" "Mozilla/5.0 (Windows NT 10.0; Win64; x64; rv:104.0) Gecko/20100101 Firefox/104.0" "ysfine.com"
173.73.80.118 - - [09/Sep/2022:00:54:07 -0700] "GET /wdc/treasury01b.jpg HTTP/1.1" 200 36911 "https://ysfine.com/usca/pgh22.html" "Mozilla/5.0 (Windows NT 10.0; Win64; x64; rv:104.0) Gecko/20100101 Firefox/104.0" "ysfine.com"
173.73.80.118 - - [09/Sep/2022:00:54:07 -0700] "GET /wdc/washmo12b.jpg HTTP/1.1" 200 29326 "https://ysfine.com/usca/pgh22.html" "Mozilla/5.0 (Windows NT 10.0; Win64; x64; rv:104.0) Gecko/20100101 Firefox/104.0" "ysfine.com"
173.73.80.118 - - [09/Sep/2022:00:54:08 -0700] "GET /usca/pitt/mellon21b.jpg HTTP/1.1" 200 41063 "https://ysfine.com/usca/pgh22.html" "Mozilla/5.0 (Windows NT 10.0; Win64; x64; rv:104.0) Gecko/20100101 Firefox/104.0" "ysfine.com"
173.73.80.118 - - [09/Sep/2022:00:54:08 -0700] "GET /usca/pitt/mellon35b.jpg HTTP/1.1" 200 39498 "https://ysfine.com/usca/pgh22.html" "Mozilla/5.0 (Windows NT 10.0; Win64; x64; rv:104.0) Gecko/20100101 Firefox/104.0" "ysfine.com"
173.73.80.118 - - [09/Sep/2022:00:54:08 -0700] "GET /wdc/nga07b.jpg HTTP/1.1" 200 31781 "https://ysfine.com/usca/pgh22.html" "Mozilla/5.0 (Windows NT 10.0; Win64; x64; rv:104.0) Gecko/20100101 Firefox/104.0" "ysfine.com"
173.73.80.118 - - [09/Sep/2022:00:54:08 -0700] "GET /wdc/nga12b.jpg HTTP/1.1" 200 37109 "https://ysfine.com/usca/pgh22.html" "Mozilla/5.0 (Windows NT 10.0; Win64; x64; rv:104.0) Gecko/20100101 Firefox/104.0" "ysfine.com"
173.73.80.118 - - [09/Sep/2022:00:54:08 -0700] "GET /usca/pitt/mellon32b.jpg HTTP/1.1" 200 34672 "https://ysfine.com/usca/pgh22.html" "Mozilla/5.0 (Windows NT 10.0; Win64; x64; rv:104.0) Gecko/20100101 Firefox/104.0" "ysfine.com"
173.73.80.118 - - [09/Sep/2022:00:54:08 -0700] "GET /usca/pitt/westing01b.jpg HTTP/1.1" 200 22462 "https://ysfine.com/usca/pgh22.html" "Mozilla/5.0 (Windows NT 10.0; Win64; x64; rv:104.0) Gecko/20100101 Firefox/104.0" "ysfine.com"
173.73.80.118 - - [09/Sep/2022:00:54:08 -0700] "GET /usca/pitt/westim01b.jpg HTTP/1.1" 200 39928 "https://ysfine.com/usca/pgh22.html" "Mozilla/5.0 (Windows NT 10.0; Win64; x64; rv:104.0) Gecko/20100101 Firefox/104.0" "ysfine.com"
173.73.80.118 - - [09/Sep/2022:00:54:08 -0700] "GET /usca/pitt/westim11b.jpg HTTP/1.1" 200 39786 "https://ysfine.com/usca/pgh22.html" "Mozilla/5.0 (Windows NT 10.0; Win64; x64; rv:104.0) Gecko/20100101 Firefox/104.0" "ysfine.com"
173.73.80.118 - - [09/Sep/2022:00:54:08 -0700] "GET /usca/pitt/westim03b.jpg HTTP/1.1" 200 45776 "https://ysfine.com/usca/pgh22.html" "Mozilla/5.0 (Windows NT 10.0; Win64; x64; rv:104.0) Gecko/20100101 Firefox/104.0" "ysfine.com"
173.73.80.118 - - [09/Sep/2022:00:54:08 -0700] "GET /maga/invent/inductmo2.jpg HTTP/1.1" 200 40426 "https://ysfine.com/usca/pgh22.html" "Mozilla/5.0 (Windows NT 10.0; Win64; x64; rv:104.0) Gecko/20100101 Firefox/104.0" "ysfine.com"
173.73.80.118 - - [09/Sep/2022:00:54:08 -0700] "GET /usca/pitt/westim02b.jpg HTTP/1.1" 200 37091 "https://ysfine.com/usca/pgh22.html" "Mozilla/5.0 (Windows NT 10.0; Win64; x64; rv:104.0) Gecko/20100101 Firefox/104.0" "ysfine.com"
173.73.80.118 - - [09/Sep/2022:00:54:08 -0700] "GET /usca/pitt/kdka01b.jpg HTTP/1.1" 200 39453 "https://ysfine.com/usca/pgh22.html" "Mozilla/5.0 (Windows NT 10.0; Win64; x64; rv:104.0) Gecko/20100101 Firefox/104.0" "ysfine.com"
173.73.80.118 - - [09/Sep/2022:00:54:08 -0700] "GET /usca/pitt/westifn02b.jpg HTTP/1.1" 200 58594 "https://ysfine.com/usca/pgh22.html" "Mozilla/5.0 (Windows NT 10.0; Win64; x64; rv:104.0) Gecko/20100101 Firefox/104.0" "ysfine.com"
173.73.80.118 - - [09/Sep/2022:00:54:08 -0700] "GET /usca/pitt/westim09b.jpg HTTP/1.1" 200 51881 "https://ysfine.com/usca/pgh22.html" "Mozilla/5.0 (Windows NT 10.0; Win64; x64; rv:104.0) Gecko/20100101 Firefox/104.0" "ysfine.com"
173.73.80.118 - - [09/Sep/2022:00:54:08 -0700] "GET /usca/pitt/carnegie01b.jpg HTTP/1.1" 200 29768 "https://ysfine.com/usca/pgh22.html" "Mozilla/5.0 (Windows NT 10.0; Win64; x64; rv:104.0) Gecko/20100101 Firefox/104.0" "ysfine.com"
173.73.80.118 - - [09/Sep/2022:00:54:08 -0700] "GET /usca/pitt/emblem01b.jpg HTTP/1.1" 200 61751 "https://ysfine.com/usca/pgh22.html" "Mozilla/5.0 (Windows NT 10.0; Win64; x64; rv:104.0) Gecko/20100101 Firefox/104.0" "ysfine.com"
173.73.80.118 - - [09/Sep/2022:00:54:08 -0700] "GET /usca/pitt/hall01b.jpg HTTP/1.1" 200 36397 "https://ysfine.com/usca/pgh22.html" "Mozilla/5.0 (Windows NT 10.0; Win64; x64; rv:104.0) Gecko/20100101 Firefox/104.0" "ysfine.com"
173.73.80.118 - - [09/Sep/2022:00:54:08 -0700] "GET /usca/pitt/alumin02b.jpg HTTP/1.1" 200 50569 "https://ysfine.com/usca/pgh22.html" "Mozilla/5.0 (Windows NT 10.0; Win64; x64; rv:104.0) Gecko/20100101 Firefox/104.0" "ysfine.com"
173.73.80.118 - - [09/Sep/2022:00:54:08 -0700] "GET /usca/pitt/cmu80b.jpg HTTP/1.1" 200 36137 "https://ysfine.com/usca/pgh22.html" "Mozilla/5.0 (Windows NT 10.0; Win64; x64; rv:104.0) Gecko/20100101 Firefox/104.0" "ysfine.com"
173.73.80.118 - - [09/Sep/2022:00:54:08 -0700] "GET /world/brit/dunf12b.jpg HTTP/1.1" 200 52267 "https://ysfine.com/usca/pgh22.html" "Mozilla/5.0 (Windows NT 10.0; Win64; x64; rv:104.0) Gecko/20100101 Firefox/104.0" "ysfine.com"
173.73.80.118 - - [09/Sep/2022:00:54:08 -0700] "GET /world/brit/dunf15b.jpg HTTP/1.1" 200 41554 "https://ysfine.com/usca/pgh22.html" "Mozilla/5.0 (Windows NT 10.0; Win64; x64; rv:104.0) Gecko/20100101 Firefox/104.0" "ysfine.com"
173.73.80.118 - - [09/Sep/2022:00:54:08 -0700] "GET /world/europe/peacepal02b.jpg HTTP/1.1" 200 36456 "https://ysfine.com/usca/pgh22.html" "Mozilla/5.0 (Windows NT 10.0; Win64; x64; rv:104.0) Gecko/20100101 Firefox/104.0" "ysfine.com"
173.73.80.118 - - [09/Sep/2022:00:54:08 -0700] "GET /usca/pitt/machinery22b.jpg HTTP/1.1" 200 36540 "https://ysfine.com/usca/pgh22.html" "Mozilla/5.0 (Windows NT 10.0; Win64; x64; rv:104.0) Gecko/20100101 Firefox/104.0" "ysfine.com"
173.73.80.118 - - [09/Sep/2022:00:54:12 -0700] "GET /usca/pgh22.html HTTP/1.1" 304 - "https://ysfine.com/home/bio44" "Mozilla/5.0 (Windows NT 10.0; Win64; x64; rv:104.0) Gecko/20100101 Firefox/104.0" "ysfine.com"
173.73.80.118 - - [09/Sep/2022:00:54:16 -0700] "GET /usca/pgh22.html HTTP/1.1" 304 - "https://ysfine.com/home/bio44" "Mozilla/5.0 (Windows NT 10.0; Win64; x64; rv:104.0) Gecko/20100101 Firefox/104.0" "ysfine.com"
185.191.171.8 - - [09/Sep/2022:00:54:17 -0700] "GET /world/stoc.html HTTP/1.1" 200 5400 "-" "Mozilla/5.0 (compatible; SemrushBot/7~bl; +http://www.semrush.com/bot.html)" "www.ysfine.com"
173.73.80.118 - - [09/Sep/2022:00:54:30 -0700] "GET /maga/sarnoff.html HTTP/1.1" 200 7540 "https://ysfine.com/home/bio44" "Mozilla/5.0 (Windows NT 10.0; Win64; x64; rv:104.0) Gecko/20100101 Firefox/104.0" "ysfine.com"
173.73.80.118 - - [09/Sep/2022:00:54:30 -0700] "GET /maga/invent/sarnoffco11c.jpg HTTP/1.1" 200 23780 "https://ysfine.com/maga/sarnoff.html" "Mozilla/5.0 (Windows NT 10.0; Win64; x64; rv:104.0) Gecko/20100101 Firefox/104.0" "ysfine.com"
173.73.80.118 - - [09/Sep/2022:00:54:30 -0700] "GET /maga/invent/marconi02c.jpg HTTP/1.1" 200 27154 "https://ysfine.com/maga/sarnoff.html" "Mozilla/5.0 (Windows NT 10.0; Win64; x64; rv:104.0) Gecko/20100101 Firefox/104.0" "ysfine.com"
173.73.80.118 - - [09/Sep/2022:00:54:30 -0700] "GET /maga/invent/marconi03c.jpg HTTP/1.1" 200 55919 "https://ysfine.com/maga/sarnoff.html" "Mozilla/5.0 (Windows NT 10.0; Win64; x64; rv:104.0) Gecko/20100101 Firefox/104.0" "ysfine.com"
173.73.80.118 - - [09/Sep/2022:00:54:30 -0700] "GET /maga/invent/sarnoff1922c.jpg HTTP/1.1" 200 40375 "https://ysfine.com/maga/sarnoff.html" "Mozilla/5.0 (Windows NT 10.0; Win64; x64; rv:104.0) Gecko/20100101 Firefox/104.0" "ysfine.com"
173.73.80.118 - - [09/Sep/2022:00:54:30 -0700] "GET /maga/invent/deforest33c.jpg HTTP/1.1" 200 47300 "https://ysfine.com/maga/sarnoff.html" "Mozilla/5.0 (Windows NT 10.0; Win64; x64; rv:104.0) Gecko/20100101 Firefox/104.0" "ysfine.com"
173.73.80.118 - - [09/Sep/2022:00:54:30 -0700] "GET /maga/invent/armstrong11c.jpg HTTP/1.1" 200 68607 "https://ysfine.com/maga/sarnoff.html" "Mozilla/5.0 (Windows NT 10.0; Win64; x64; rv:104.0) Gecko/20100101 Firefox/104.0" "ysfine.com"
173.73.80.118 - - [09/Sep/2022:00:54:30 -0700] "GET /maga/invent/marconi01c.jpg HTTP/1.1" 200 28072 "https://ysfine.com/maga/sarnoff.html" "Mozilla/5.0 (Windows NT 10.0; Win64; x64; rv:104.0) Gecko/20100101 Firefox/104.0" "ysfine.com"
173.73.80.118 - - [09/Sep/2022:00:54:30 -0700] "GET /maga/invent/kdka11c.jpg HTTP/1.1" 200 28450 "https://ysfine.com/maga/sarnoff.html" "Mozilla/5.0 (Windows NT 10.0; Win64; x64; rv:104.0) Gecko/20100101 Firefox/104.0" "ysfine.com"
173.73.80.118 - - [09/Sep/2022:00:54:30 -0700] "GET /maga/invent/mcintosh11c.jpg HTTP/1.1" 200 29642 "https://ysfine.com/maga/sarnoff.html" "Mozilla/5.0 (Windows NT 10.0; Win64; x64; rv:104.0) Gecko/20100101 Firefox/104.0" "ysfine.com"
173.73.80.118 - - [09/Sep/2022:00:54:30 -0700] "GET /maga/invent/joak11c.jpg HTTP/1.1" 200 39212 "https://ysfine.com/maga/sarnoff.html" "Mozilla/5.0 (Windows NT 10.0; Win64; x64; rv:104.0) Gecko/20100101 Firefox/104.0" "ysfine.com"
173.73.80.118 - - [09/Sep/2022:00:54:30 -0700] "GET /style/suwa66f.jpg HTTP/1.1" 200 86057 "https://ysfine.com/maga/sarnoff.html" "Mozilla/5.0 (Windows NT 10.0; Win64; x64; rv:104.0) Gecko/20100101 Firefox/104.0" "ysfine.com"
173.73.80.118 - - [09/Sep/2022:00:54:30 -0700] "GET /kobak/taylor400.jpg HTTP/1.1" 200 56181 "https://ysfine.com/maga/sarnoff.html" "Mozilla/5.0 (Windows NT 10.0; Win64; x64; rv:104.0) Gecko/20100101 Firefox/104.0" "ysfine.com"
173.73.80.118 - - [09/Sep/2022:00:55:06 -0700] "GET /home/bio44 HTTP/1.1" 304 - "-" "Mozilla/5.0 (Windows NT 10.0; Win64; x64; rv:104.0) Gecko/20100101 Firefox/104.0" "ysfine.com"
40.77.167.35 - - [09/Sep/2022:00:55:26 -0700] "GET /world/france/metz57.jpg HTTP/1.1" 200 105656 "-" "Mozilla/5.0 (compatible; bingbot/2.0; +http://www.bing.com/bingbot.htm)" "ysfine.com"
40.77.167.33 - - [09/Sep/2022:00:55:48 -0700] "GET /einstein/eink08.jpg HTTP/1.1" 200 54177 "-" "Mozilla/5.0 (compatible; bingbot/2.0; +http://www.bing.com/bingbot.htm)" "ysfine.com"
40.77.167.27 - - [09/Sep/2022:00:56:15 -0700] "GET /feynman/princeton/cleve.html HTTP/1.1" 404 88 "-" "Mozilla/5.0 (compatible; bingbot/2.0; +http://www.bing.com/bingbot.htm)" "ysfine.com"
40.77.167.33 - - [09/Sep/2022:00:56:17 -0700] "GET /world/china/beijing009.jpg HTTP/1.1" 200 148140 "-" "Mozilla/5.0 (compatible; bingbot/2.0; +http://www.bing.com/bingbot.htm)" "www.ysfine.com"
66.249.81.119 - - [09/Sep/2022:00:57:02 -0700] "GET /einstein/photoelr.gif HTTP/1.1" 200 4549 "-" "Mozilla/5.0 (Windows NT 5.1; rv:11.0) Gecko Firefox/11.0 (via ggpht.com GoogleImageProxy)" "www.ysfine.com"
66.249.81.117 - - [09/Sep/2022:00:57:02 -0700] "GET /einstein/photoelb.gif HTTP/1.1" 200 6551 "-" "Mozilla/5.0 (Windows NT 5.1; rv:11.0) Gecko Firefox/11.0 (via ggpht.com GoogleImageProxy)" "www.ysfine.com"
77.75.79.31 - - [09/Sep/2022:00:57:34 -0700] "GET /princeton/gcollege.html HTTP/1.1" 304 - "-" "Mozilla/5.0 (compatible; SeznamBot/4.0-RC1; +http://napoveda.seznam.cz/seznambot-intro/)" "ysfine.com"
185.191.171.34 - - [09/Sep/2022:00:58:06 -0700] "GET /maga/tesla.html HTTP/1.1" 200 4852 "-" "Mozilla/5.0 (compatible; SemrushBot/7~bl; +http://www.semrush.com/bot.html)" "ysfine.com"
66.249.70.30 - - [09/Sep/2022:00:59:38 -0700] "GET /world/ital/verona13.jpg HTTP/1.1" 200 80284 "-" "Googlebot-Image/1.0" "ysfine.com"
17.121.112.140 - - [09/Sep/2022:01:00:07 -0700] "GET /people/wheeler.html HTTP/1.1" 200 3348 "-" "Mozilla/5.0 (Macintosh; Intel Mac OS X 10_15_5) AppleWebKit/605.1.15 (KHTML, like Gecko) Version/13.1.1 Safari/605.1.15 (Applebot/0.1; +http://www.apple.com/go/applebot)" "ysfine.com"
157.55.39.146 - - [09/Sep/2022:01:00:54 -0700] "GET /world/poland/gdn05.jpg HTTP/1.1" 200 178316 "-" "Mozilla/5.0 (compatible; bingbot/2.0; +http://www.bing.com/bingbot.htm)" "www.ysfine.com"
40.77.167.35 - - [09/Sep/2022:01:00:56 -0700] "GET /style/kievopera55.jpg HTTP/1.1" 200 93047 "-" "Mozilla/5.0 (compatible; bingbot/2.0; +http://www.bing.com/bingbot.htm)" "ysfine.com"
40.77.167.28 - - [09/Sep/2022:01:01:25 -0700] "GET /world/ital/verona01.jpg HTTP/1.1" 200 90539 "-" "Mozilla/5.0 (compatible; bingbot/2.0; +http://www.bing.com/bingbot.htm)" "ysfine.com"
66.249.70.3 - - [09/Sep/2022:01:01:31 -0700] "GET /world/ital/panth01b.jpg HTTP/1.1" 304 - "-" "Googlebot-Image/1.0" "ysfine.com"
51.222.253.11 - - [09/Sep/2022:01:01:34 -0700] "GET /maga/boltzmann.html HTTP/1.1" 200 6052 "-" "Mozilla/5.0 (compatible; AhrefsBot/7.0; +http://ahrefs.com/robot/)" "www.ysfine.com"
66.249.70.4 - - [09/Sep/2022:01:04:10 -0700] "GET /usca/pitt/infinite.jpg HTTP/1.1" 304 - "-" "Googlebot-Image/1.0" "ysfine.com"
40.77.167.28 - - [09/Sep/2022:01:06:06 -0700] "GET /wdc/whouse03.jpg HTTP/1.1" 200 88237 "-" "Mozilla/5.0 (compatible; bingbot/2.0; +http://www.bing.com/bingbot.htm)" "ysfine.com"
40.77.167.27 - - [09/Sep/2022:01:08:06 -0700] "GET /world/ital/romef108.jpg HTTP/1.1" 200 87248 "-" "Mozilla/5.0 (compatible; bingbot/2.0; +http://www.bing.com/bingbot.htm)" "ysfine.com"
40.77.167.33 - - [09/Sep/2022:01:08:10 -0700] "GET /world/poland/jablo10.jpg HTTP/1.1" 200 81357 "-" "Mozilla/5.0 (compatible; bingbot/2.0; +http://www.bing.com/bingbot.htm)" "ysfine.com"
66.249.70.3 - - [09/Sep/2022:01:10:09 -0700] "GET /einstein/einhouse11b.jpg HTTP/1.1" 304 - "-" "Googlebot-Image/1.0" "ysfine.com"
51.222.253.1 - - [09/Sep/2022:01:13:10 -0700] "GET / HTTP/1.1" 200 5283 "-" "Mozilla/5.0 (compatible; AhrefsBot/7.0; +http://ahrefs.com/robot/)" "www.ysfine.com"
40.77.167.35 - - [09/Sep/2022:01:15:27 -0700] "GET /world/germany/hegel14.jpg HTTP/1.1" 200 87072 "-" "Mozilla/5.0 (compatible; bingbot/2.0; +http://www.bing.com/bingbot.htm)" "www.ysfine.com"
173.73.80.118 - - [09/Sep/2022:01:15:29 -0700] "GET /home/bio44 HTTP/1.1" 200 14103 "-" "Mozilla/5.0 (Windows NT 10.0; Win64; x64; rv:104.0) Gecko/20100101 Firefox/104.0" "ysfine.com"
40.77.167.33 - - [09/Sep/2022:01:15:30 -0700] "GET /dongio/omsk33.jpg HTTP/1.1" 404 88 "-" "Mozilla/5.0 (compatible; bingbot/2.0; +http://www.bing.com/bingbot.htm)" "www.ysfine.com"
173.73.80.118 - - [09/Sep/2022:01:16:08 -0700] "GET /home/pgh/syriamos22.jpg HTTP/1.1" 200 228174 "https://ysfine.com/home/bio44" "Mozilla/5.0 (Windows NT 10.0; Win64; x64; rv:104.0) Gecko/20100101 Firefox/104.0" "ysfine.com"
40.77.167.27 - - [09/Sep/2022:01:16:37 -0700] "GET /princeton/wilson06b.jpg HTTP/1.1" 200 36387 "-" "Mozilla/5.0 (compatible; bingbot/2.0; +http://www.bing.com/bingbot.htm)" "www.ysfine.com"
173.73.80.118 - - [09/Sep/2022:01:17:46 -0700] "GET /usca/pgh22.html HTTP/1.1" 304 - "https://ysfine.com/home/bio44" "Mozilla/5.0 (Windows NT 10.0; Win64; x64; rv:104.0) Gecko/20100101 Firefox/104.0" "ysfine.com"
51.222.253.10 - - [09/Sep/2022:01:18:13 -0700] "GET /class54/class5470/total_data/sub_111.htm HTTP/1.1" 200 3292 "-" "Mozilla/5.0 (compatible; AhrefsBot/7.0; +http://ahrefs.com/robot/)" "ysfine.com"
173.73.80.118 - - [09/Sep/2022:01:18:19 -0700] "GET /home/bio44 HTTP/1.1" 304 - "-" "Mozilla/5.0 (Windows NT 10.0; Win64; x64; rv:104.0) Gecko/20100101 Firefox/104.0" "ysfine.com"
49.196.183.34 - - [09/Sep/2022:01:18:28 -0700] "GET /maga/desiree.html HTTP/1.1" 200 2747 "https://www.google.com/" "Mozilla/5.0 (Linux; Android 11; P650 2021) AppleWebKit/537.36 (KHTML, like Gecko) Chrome/104.0.0.0 Mobile Safari/537.36" "ysfine.com"
49.196.183.34 - - [09/Sep/2022:01:18:29 -0700] "GET /maga/histo/desiree23b.jpg HTTP/1.1" 200 40638 "https://ysfine.com/maga/desiree.html" "Mozilla/5.0 (Linux; Android 11; P650 2021) AppleWebKit/537.36 (KHTML, like Gecko) Chrome/104.0.0.0 Mobile Safari/537.36" "ysfine.com"
49.196.183.34 - - [09/Sep/2022:01:18:29 -0700] "GET /maga/histo/swedking01b.jpg HTTP/1.1" 200 41020 "https://ysfine.com/maga/desiree.html" "Mozilla/5.0 (Linux; Android 11; P650 2021) AppleWebKit/537.36 (KHTML, like Gecko) Chrome/104.0.0.0 Mobile Safari/537.36" "ysfine.com"
49.196.183.34 - - [09/Sep/2022:01:18:31 -0700] "GET /maga/histo/desiree21b.jpg HTTP/1.1" 200 40810 "https://ysfine.com/maga/desiree.html" "Mozilla/5.0 (Linux; Android 11; P650 2021) AppleWebKit/537.36 (KHTML, like Gecko) Chrome/104.0.0.0 Mobile Safari/537.36" "ysfine.com"
49.196.183.34 - - [09/Sep/2022:01:18:31 -0700] "GET /maga/histo/desiree22b.jpg HTTP/1.1" 200 44724 "https://ysfine.com/maga/desiree.html" "Mozilla/5.0 (Linux; Android 11; P650 2021) AppleWebKit/537.36 (KHTML, like Gecko) Chrome/104.0.0.0 Mobile Safari/537.36" "ysfine.com"
49.196.183.34 - - [09/Sep/2022:01:18:31 -0700] "GET /maga/histo/oscar33a.jpg HTTP/1.1" 200 47506 "https://ysfine.com/maga/desiree.html" "Mozilla/5.0 (Linux; Android 11; P650 2021) AppleWebKit/537.36 (KHTML, like Gecko) Chrome/104.0.0.0 Mobile Safari/537.36" "ysfine.com"
49.196.183.34 - - [09/Sep/2022:01:18:31 -0700] "GET /maga/histo/desiree24b.jpg HTTP/1.1" 200 44371 "https://ysfine.com/maga/desiree.html" "Mozilla/5.0 (Linux; Android 11; P650 2021) AppleWebKit/537.36 (KHTML, like Gecko) Chrome/104.0.0.0 Mobile Safari/537.36" "ysfine.com"
49.196.183.34 - - [09/Sep/2022:01:18:31 -0700] "GET /maga/histo/desiree25b.jpg HTTP/1.1" 200 38423 "https://ysfine.com/maga/desiree.html" "Mozilla/5.0 (Linux; Android 11; P650 2021) AppleWebKit/537.36 (KHTML, like Gecko) Chrome/104.0.0.0 Mobile Safari/537.36" "ysfine.com"
49.196.183.34 - - [09/Sep/2022:01:18:32 -0700] "GET /maga/histo/victoria01b.jpg HTTP/1.1" 200 36748 "https://ysfine.com/maga/desiree.html" "Mozilla/5.0 (Linux; Android 11; P650 2021) AppleWebKit/537.36 (KHTML, like Gecko) Chrome/104.0.0.0 Mobile Safari/537.36" "ysfine.com"
49.196.183.34 - - [09/Sep/2022:01:18:32 -0700] "GET /maga/histo/oscar22b.jpg HTTP/1.1" 200 36819 "https://ysfine.com/maga/desiree.html" "Mozilla/5.0 (Linux; Android 11; P650 2021) AppleWebKit/537.36 (KHTML, like Gecko) Chrome/104.0.0.0 Mobile Safari/537.36" "ysfine.com"
49.196.183.34 - - [09/Sep/2022:01:18:35 -0700] "GET /eink/eink61c.jpg HTTP/1.1" 200 34119 "https://ysfine.com/maga/desiree.html" "Mozilla/5.0 (Linux; Android 11; P650 2021) AppleWebKit/537.36 (KHTML, like Gecko) Chrome/104.0.0.0 Mobile Safari/537.36" "ysfine.com"
49.196.183.34 - - [09/Sep/2022:01:18:55 -0700] "GET /favicon.ico HTTP/1.1" 404 88 "https://ysfine.com/maga/desiree.html" "Mozilla/5.0 (Linux; Android 11; P650 2021) AppleWebKit/537.36 (KHTML, like Gecko) Chrome/104.0.0.0 Mobile Safari/537.36" "ysfine.com"
173.73.80.118 - - [09/Sep/2022:01:19:55 -0700] "GET /home/bio44 HTTP/1.1" 200 14103 "-" "Mozilla/5.0 (Windows NT 10.0; Win64; x64; rv:104.0) Gecko/20100101 Firefox/104.0" "ysfine.com"
5.188.210.91 - - [09/Sep/2022:01:20:31 -0700] "GET /world/travel.html HTTP/1.1" 200 5186 "https://www.ysfine.com/world/travel.html" "Mozilla/5.0 (Windows NT 6.1; ) AppleWebKit/537.36 (KHTML, like Gecko) Chrome/90.0.4430.85 Safari/537.36" "www.ysfine.com"
5.188.210.91 - - [09/Sep/2022:01:20:32 -0700] "GET / HTTP/1.1" 200 15910 "https://www.ysfine.com/" "Mozilla/5.0 (Windows NT 6.1; ) AppleWebKit/537.36 (KHTML, like Gecko) Chrome/90.0.4430.85 Safari/537.36" "www.ysfine.com"
173.73.80.118 - - [09/Sep/2022:01:20:32 -0700] "GET /home/pgh/oldterm33.jpg HTTP/1.1" 200 203723 "https://ysfine.com/home/bio44" "Mozilla/5.0 (Windows NT 10.0; Win64; x64; rv:104.0) Gecko/20100101 Firefox/104.0" "ysfine.com"
173.73.80.118 - - [09/Sep/2022:01:20:37 -0700] "GET /home/pgh/kerry11.jpg HTTP/1.1" 200 204958 "https://ysfine.com/home/bio44" "Mozilla/5.0 (Windows NT 10.0; Win64; x64; rv:104.0) Gecko/20100101 Firefox/104.0" "ysfine.com"
173.73.80.118 - - [09/Sep/2022:01:21:02 -0700] "GET /home/pgh/strcar.jpg HTTP/1.1" 200 206534 "https://ysfine.com/home/bio44" "Mozilla/5.0 (Windows NT 10.0; Win64; x64; rv:104.0) Gecko/20100101 Firefox/104.0" "ysfine.com"
173.73.80.118 - - [09/Sep/2022:01:21:10 -0700] "GET /home/pgh/bushhotel.jpg HTTP/1.1" 200 70900 "https://ysfine.com/home/bio44" "Mozilla/5.0 (Windows NT 10.0; Win64; x64; rv:104.0) Gecko/20100101 Firefox/104.0" "ysfine.com"
118.184.177.52 - - [09/Sep/2022:01:21:40 -0700] "GET / HTTP/1.1" 200 5283 "-" "Sogou web spider/4.0(+http://www.sogou.com/docs/help/webmasters.htm#07)" "ysfine.com"
40.77.167.35 - - [09/Sep/2022:01:22:20 -0700] "GET /friends/elena03b.jpg HTTP/1.1" 404 88 "-" "Mozilla/5.0 (compatible; bingbot/2.0; +http://www.bing.com/bingbot.htm)" "ysfine.com"
173.73.80.118 - - [09/Sep/2022:01:22:39 -0700] "GET /home/bio44.html?fbclid=IwAR3BhVZYdC6o4N55d9ZY_zwVmmPzZFdMcpzg2bnC4KNhiEWOs5EsCLaAub0 HTTP/1.1" 200 14103 "https://l.facebook.com/" "Mozilla/5.0 (Windows NT 10.0; Win64; x64) AppleWebKit/537.36 (KHTML, like Gecko) Chrome/105.0.0.0 Safari/537.36" "ysfine.com"
173.73.80.118 - - [09/Sep/2022:01:22:40 -0700] "GET /favicon.ico HTTP/1.1" 404 88 "https://ysfine.com/home/bio44.html?fbclid=IwAR3BhVZYdC6o4N55d9ZY_zwVmmPzZFdMcpzg2bnC4KNhiEWOs5EsCLaAub0" "Mozilla/5.0 (Windows NT 10.0; Win64; x64) AppleWebKit/537.36 (KHTML, like Gecko) Chrome/105.0.0.0 Safari/537.36" "ysfine.com"
40.77.167.35 - - [09/Sep/2022:01:22:40 -0700] "GET /usca/pitt/westifn02b.jpg HTTP/1.1" 200 58594 "-" "Mozilla/5.0 (compatible; bingbot/2.0; +http://www.bing.com/bingbot.htm)" "www.ysfine.com"
40.77.167.27 - - [09/Sep/2022:01:23:07 -0700] "GET /kobak/underw81.jpg HTTP/1.1" 200 260820 "-" "Mozilla/5.0 (compatible; bingbot/2.0; +http://www.bing.com/bingbot.htm)" "www.ysfine.com"
51.222.253.19 - - [09/Sep/2022:01:23:21 -0700] "GET /class54/class5470/total_data/sub_112.htm HTTP/1.1" 200 3292 "-" "Mozilla/5.0 (compatible; AhrefsBot/7.0; +http://ahrefs.com/robot/)" "ysfine.com"
51.222.253.8 - - [09/Sep/2022:01:23:22 -0700] "GET /class54/class5470/total_data/img/01_smtitle12.gif HTTP/1.1" 200 328 "-" "Mozilla/5.0 (compatible; AhrefsBot/7.0; +http://ahrefs.com/robot/)" "ysfine.com"
40.77.167.33 - - [09/Sep/2022:01:24:10 -0700] "GET /kobak/sorae/sorae01b.jpg HTTP/1.1" 200 27588 "-" "Mozilla/5.0 (compatible; bingbot/2.0; +http://www.bing.com/bingbot.htm)" "ysfine.com"
40.77.167.28 - - [09/Sep/2022:01:25:18 -0700] "GET /einstein/further.html HTTP/1.1" 200 4338 "-" "Mozilla/5.0 (compatible; bingbot/2.0; +http://www.bing.com/bingbot.htm)" "www.ysfine.com"
40.77.167.35 - - [09/Sep/2022:01:25:23 -0700] "GET /wigner/neum/compu.html HTTP/1.1" 200 2267 "-" "Mozilla/5.0 (compatible; bingbot/2.0; +http://www.bing.com/bingbot.htm)" "www.ysfine.com"
40.77.167.35 - - [09/Sep/2022:01:25:23 -0700] "GET /style/artlove.html HTTP/1.1" 200 16005 "-" "Mozilla/5.0 (compatible; bingbot/2.0; +http://www.bing.com/bingbot.htm)" "www.ysfine.com"
40.77.167.35 - - [09/Sep/2022:01:25:27 -0700] "GET /usca/neworl.html HTTP/1.1" 200 14308 "-" "Mozilla/5.0 (compatible; bingbot/2.0; +http://www.bing.com/bingbot.htm)" "www.ysfine.com"
157.55.39.146 - - [09/Sep/2022:01:25:27 -0700] "GET /ys11/index.html HTTP/1.1" 200 3377 "-" "Mozilla/5.0 (compatible; bingbot/2.0; +http://www.bing.com/bingbot.htm)" "www.ysfine.com"
40.77.167.33 - - [09/Sep/2022:01:25:33 -0700] "GET /usca/pgh22.html HTTP/1.1" 200 11386 "-" "Mozilla/5.0 (compatible; bingbot/2.0; +http://www.bing.com/bingbot.htm)" "www.ysfine.com"
40.77.167.35 - - [09/Sep/2022:01:25:38 -0700] "GET /princeton/campus.html HTTP/1.1" 200 15142 "-" "Mozilla/5.0 (compatible; bingbot/2.0; +http://www.bing.com/bingbot.htm)" "www.ysfine.com"
173.73.80.118 - - [09/Sep/2022:01:26:10 -0700] "GET /home/bio44.html?fbclid=IwAR0jOObWLZ30RiCH7KZEATcfn_TNDqONsECY72nzZ5poId2oqKls8DdTAkw HTTP/1.1" 200 14103 "https://l.facebook.com/" "Mozilla/5.0 (Windows NT 10.0; Win64; x64) AppleWebKit/537.36 (KHTML, like Gecko) Chrome/105.0.0.0 Safari/537.36" "ysfine.com"
173.73.80.118 - - [09/Sep/2022:01:26:10 -0700] "GET /favicon.ico HTTP/1.1" 404 88 "https://ysfine.com/home/bio44.html?fbclid=IwAR0jOObWLZ30RiCH7KZEATcfn_TNDqONsECY72nzZ5poId2oqKls8DdTAkw" "Mozilla/5.0 (Windows NT 10.0; Win64; x64) AppleWebKit/537.36 (KHTML, like Gecko) Chrome/105.0.0.0 Safari/537.36" "ysfine.com"
173.73.80.118 - - [09/Sep/2022:01:27:04 -0700] "GET /home/pgh/sbk57.jpg HTTP/1.1" 200 193322 "https://ysfine.com/home/bio44.html?fbclid=IwAR0jOObWLZ30RiCH7KZEATcfn_TNDqONsECY72nzZ5poId2oqKls8DdTAkw" "Mozilla/5.0 (Windows NT 10.0; Win64; x64) AppleWebKit/537.36 (KHTML, like Gecko) Chrome/105.0.0.0 Safari/537.36" "ysfine.com"
173.73.80.118 - - [09/Sep/2022:01:27:13 -0700] "GET /home/pgh/cmall57.jpg HTTP/1.1" 200 81506 "https://ysfine.com/home/bio44.html?fbclid=IwAR0jOObWLZ30RiCH7KZEATcfn_TNDqONsECY72nzZ5poId2oqKls8DdTAkw" "Mozilla/5.0 (Windows NT 10.0; Win64; x64) AppleWebKit/537.36 (KHTML, like Gecko) Chrome/105.0.0.0 Safari/537.36" "ysfine.com"
157.47.76.33 - - [09/Sep/2022:01:27:29 -0700] "GET /feynman/fphoto.html HTTP/1.1" 200 3714 "https://www.google.com/" "Mozilla/5.0 (Linux; Android 12; M2101K6P) AppleWebKit/537.36 (KHTML, like Gecko) Chrome/104.0.0.0 Mobile Safari/537.36" "ysfine.com"
157.47.76.33 - - [09/Sep/2022:01:27:29 -0700] "GET /feynman/chapline2.jpg HTTP/1.1" 200 36026 "https://ysfine.com/feynman/fphoto.html" "Mozilla/5.0 (Linux; Android 12; M2101K6P) AppleWebKit/537.36 (KHTML, like Gecko) Chrome/104.0.0.0 Mobile Safari/537.36" "ysfine.com"
157.47.76.33 - - [09/Sep/2022:01:27:29 -0700] "GET /feynman/feyn86b.jpg HTTP/1.1" 200 26190 "https://ysfine.com/feynman/fphoto.html" "Mozilla/5.0 (Linux; Android 12; M2101K6P) AppleWebKit/537.36 (KHTML, like Gecko) Chrome/104.0.0.0 Mobile Safari/537.36" "ysfine.com"
157.47.76.33 - - [09/Sep/2022:01:27:29 -0700] "GET /feynman/feynma2.jpg HTTP/1.1" 200 41543 "https://ysfine.com/feynman/fphoto.html" "Mozilla/5.0 (Linux; Android 12; M2101K6P) AppleWebKit/537.36 (KHTML, like Gecko) Chrome/104.0.0.0 Mobile Safari/537.36" "ysfine.com"
157.47.76.33 - - [09/Sep/2022:01:27:30 -0700] "GET /feynman/feyprince2.jpg HTTP/1.1" 200 49143 "https://ysfine.com/feynman/fphoto.html" "Mozilla/5.0 (Linux; Android 12; M2101K6P) AppleWebKit/537.36 (KHTML, like Gecko) Chrome/104.0.0.0 Mobile Safari/537.36" "ysfine.com"
157.47.76.33 - - [09/Sep/2022:01:27:30 -0700] "GET /world/latina/rio025b.jpg HTTP/1.1" 200 39082 "https://ysfine.com/feynman/fphoto.html" "Mozilla/5.0 (Linux; Android 12; M2101K6P) AppleWebKit/537.36 (KHTML, like Gecko) Chrome/104.0.0.0 Mobile Safari/537.36" "ysfine.com"
157.47.76.33 - - [09/Sep/2022:01:27:30 -0700] "GET /feynman/feybongo55b.jpg HTTP/1.1" 200 41455 "https://ysfine.com/feynman/fphoto.html" "Mozilla/5.0 (Linux; Android 12; M2101K6P) AppleWebKit/537.36 (KHTML, like Gecko) Chrome/104.0.0.0 Mobile Safari/537.36" "ysfine.com"
157.47.76.33 - - [09/Sep/2022:01:27:34 -0700] "GET /favicon.ico HTTP/1.1" 404 88 "https://ysfine.com/feynman/fphoto.html" "Mozilla/5.0 (Linux; Android 12; M2101K6P) AppleWebKit/537.36 (KHTML, like Gecko) Chrome/104.0.0.0 Mobile Safari/537.36" "ysfine.com"
217.254.40.83 - - [09/Sep/2022:01:27:36 -0700] "GET /world/places/ulm03.jpg HTTP/1.1" 200 145594 "https://www.google.com/" "Mozilla/5.0 (Windows NT 10.0; Win64; x64; rv:104.0) Gecko/20100101 Firefox/104.0" "ysfine.com"
40.77.167.27 - - [09/Sep/2022:01:27:49 -0700] "GET /world/germany/oktf06.jpg HTTP/1.1" 200 116199 "-" "Mozilla/5.0 (compatible; bingbot/2.0; +http://www.bing.com/bingbot.htm)" "www.ysfine.com"
77.88.5.24 - - [09/Sep/2022:01:27:49 -0700] "GET /robots.txt HTTP/1.1" 404 73 "-" "Mozilla/5.0 (compatible; YandexBot/3.0; +http://yandex.com/bots)" "www.ysfine.com"
77.88.5.212 - - [09/Sep/2022:01:27:53 -0700] "GET /dirac/yukadirac55.jpg HTTP/1.1" 304 - "-" "Mozilla/5.0 (compatible; YandexImages/3.0; +http://yandex.com/bots)" "www.ysfine.com"
173.73.80.118 - - [09/Sep/2022:01:27:58 -0700] "GET /home/yshome.html HTTP/1.1" 304 - "-" "Mozilla/5.0 (Windows NT 10.0; Win64; x64) AppleWebKit/537.36 (KHTML, like Gecko) Chrome/105.0.0.0 Safari/537.36" "ysfine.com"
173.73.80.118 - - [09/Sep/2022:01:27:58 -0700] "GET /favicon.ico HTTP/1.1" 404 88 "https://ysfine.com/home/yshome.html" "Mozilla/5.0 (Windows NT 10.0; Win64; x64) AppleWebKit/537.36 (KHTML, like Gecko) Chrome/105.0.0.0 Safari/537.36" "ysfine.com"
40.77.167.33 - - [09/Sep/2022:01:28:40 -0700] "GET /world/baltic/kalin34.jpg HTTP/1.1" 200 83361 "-" "Mozilla/5.0 (compatible; bingbot/2.0; +http://www.bing.com/bingbot.htm)" "ysfine.com"
173.73.80.118 - - [09/Sep/2022:01:28:54 -0700] "GET /favicon.ico HTTP/1.1" 404 88 "https://ysfine.com/ys11/" "Mozilla/5.0 (Windows NT 10.0; Win64; x64) AppleWebKit/537.36 (KHTML, like Gecko) Chrome/104.0.5112.102 Safari/537.36" "ysfine.com"
40.77.167.33 - - [09/Sep/2022:01:29:00 -0700] "GET /princeton/family87c.jpg HTTP/1.1" 200 41065 "-" "Mozilla/5.0 (compatible; bingbot/2.0; +http://www.bing.com/bingbot.htm)" "www.ysfine.com"
51.222.253.12 - - [09/Sep/2022:01:29:06 -0700] "GET /class54/class5470/total_data/sub_113.htm HTTP/1.1" 200 3297 "-" "Mozilla/5.0 (compatible; AhrefsBot/7.0; +http://ahrefs.com/robot/)" "ysfine.com"
40.77.167.27 - - [09/Sep/2022:01:29:59 -0700] "GET /world/france/stras15.jpg HTTP/1.1" 200 96475 "-" "Mozilla/5.0 (compatible; bingbot/2.0; +http://www.bing.com/bingbot.htm)" "www.ysfine.com"
40.77.167.33 - - [09/Sep/2022:01:31:01 -0700] "GET /newyork/greenw06.jpg HTTP/1.1" 200 114231 "-" "Mozilla/5.0 (compatible; bingbot/2.0; +http://www.bing.com/bingbot.htm)" "ysfine.com"
95.159.86.255 - - [09/Sep/2022:01:31:37 -0700] "GET /kobak/swr95.jpg HTTP/1.1" 200 61768 "https://www.google.com/" "Mozilla/5.0 (Linux; Android 11; Redmi Note 8 Pro Build/RP1A.200720.011; wv) AppleWebKit/537.36 (KHTML, like Gecko) Version/4.0 Chrome/104.0.5112.97 Mobile Safari/537.36 GoogleLens/13.34.12.26.arm64" "ysfine.com"
40.77.167.28 - - [09/Sep/2022:01:32:19 -0700] "GET /world/germany/tumap22a.jpg HTTP/1.1" 200 601035 "-" "Mozilla/5.0 (compatible; bingbot/2.0; +http://www.bing.com/bingbot.htm)" "ysfine.com"
193.186.4.167 - - [09/Sep/2022:01:32:30 -0700] "GET /world/brit/etonharrow.html HTTP/1.1" 200 4546 "-" "Mozilla/5.0 (Linux; Android 10; K) AppleWebKit/537.36 (KHTML, like Gecko) Chrome/105.0.0.0 Mobile Safari/537.36" "ysfine.com"
40.77.167.35 - - [09/Sep/2022:01:33:27 -0700] "GET /kobak/wilsonpark.jpg HTTP/1.1" 200 80259 "-" "Mozilla/5.0 (compatible; bingbot/2.0; +http://www.bing.com/bingbot.htm)" "www.ysfine.com"
202.86.32.122 - - [09/Sep/2022:01:33:28 -0700] "GET /heisen/heisen22.jpg HTTP/1.1" 200 82807 "https://www.google.com/" "Mozilla/5.0 (Windows NT 10.0; Win64; x64) AppleWebKit/537.36 (KHTML, like Gecko) Chrome/105.0.0.0 Safari/537.36" "ysfine.com"
51.222.253.5 - - [09/Sep/2022:01:34:36 -0700] "GET /class54/class5470/total_data/sub_108.htm HTTP/1.1" 200 3253 "-" "Mozilla/5.0 (compatible; AhrefsBot/7.0; +http://ahrefs.com/robot/)" "ysfine.com"
154.6.16.241 - - [09/Sep/2022:01:34:42 -0700] "GET /einstein/bern.html HTTP/1.1" 200 8265 "https://www.google.com/" "Mozilla/5.0 (iPhone; CPU iPhone OS 15_6_1 like Mac OS X) AppleWebKit/605.1.15 (KHTML, like Gecko) Version/15.6.1 Mobile/15E148 Safari/604.1" "ysfine.com"
154.6.16.241 - - [09/Sep/2022:01:34:42 -0700] "GET /einstein/places/einha01b.jpg HTTP/1.1" 200 41574 "https://ysfine.com/einstein/bern.html" "Mozilla/5.0 (iPhone; CPU iPhone OS 15_6_1 like Mac OS X) AppleWebKit/605.1.15 (KHTML, like Gecko) Version/15.6.1 Mobile/15E148 Safari/604.1" "ysfine.com"
154.6.16.241 - - [09/Sep/2022:01:34:42 -0700] "GET /einstein/places/einha02b.jpg HTTP/1.1" 200 35565 "https://ysfine.com/einstein/bern.html" "Mozilla/5.0 (iPhone; CPU iPhone OS 15_6_1 like Mac OS X) AppleWebKit/605.1.15 (KHTML, like Gecko) Version/15.6.1 Mobile/15E148 Safari/604.1" "ysfine.com"
154.6.16.241 - - [09/Sep/2022:01:34:42 -0700] "GET /einstein/places/einha36b.jpg HTTP/1.1" 200 45524 "https://ysfine.com/einstein/bern.html" "Mozilla/5.0 (iPhone; CPU iPhone OS 15_6_1 like Mac OS X) AppleWebKit/605.1.15 (KHTML, like Gecko) Version/15.6.1 Mobile/15E148 Safari/604.1" "ysfine.com"
154.6.16.241 - - [09/Sep/2022:01:34:43 -0700] "GET /einstein/places/einha05b.jpg HTTP/1.1" 200 51007 "https://ysfine.com/einstein/bern.html" "Mozilla/5.0 (iPhone; CPU iPhone OS 15_6_1 like Mac OS X) AppleWebKit/605.1.15 (KHTML, like Gecko) Version/15.6.1 Mobile/15E148 Safari/604.1" "ysfine.com"
154.6.16.241 - - [09/Sep/2022:01:34:43 -0700] "GET /einstein/places/einha23b.jpg HTTP/1.1" 200 30374 "https://ysfine.com/einstein/bern.html" "Mozilla/5.0 (iPhone; CPU iPhone OS 15_6_1 like Mac OS X) AppleWebKit/605.1.15 (KHTML, like Gecko) Version/15.6.1 Mobile/15E148 Safari/604.1" "ysfine.com"
154.6.16.241 - - [09/Sep/2022:01:34:43 -0700] "GET /einstein/places/einmu17b.jpg HTTP/1.1" 200 33255 "https://ysfine.com/einstein/bern.html" "Mozilla/5.0 (iPhone; CPU iPhone OS 15_6_1 like Mac OS X) AppleWebKit/605.1.15 (KHTML, like Gecko) Version/15.6.1 Mobile/15E148 Safari/604.1" "ysfine.com"
154.6.16.241 - - [09/Sep/2022:01:34:43 -0700] "GET /einstein/places/einha39b.jpg HTTP/1.1" 200 50120 "https://ysfine.com/einstein/bern.html" "Mozilla/5.0 (iPhone; CPU iPhone OS 15_6_1 like Mac OS X) AppleWebKit/605.1.15 (KHTML, like Gecko) Version/15.6.1 Mobile/15E148 Safari/604.1" "ysfine.com"
154.6.16.241 - - [09/Sep/2022:01:34:43 -0700] "GET /einstein/places/einmu10b.jpg HTTP/1.1" 200 63699 "https://ysfine.com/einstein/bern.html" "Mozilla/5.0 (iPhone; CPU iPhone OS 15_6_1 like Mac OS X) AppleWebKit/605.1.15 (KHTML, like Gecko) Version/15.6.1 Mobile/15E148 Safari/604.1" "ysfine.com"
154.6.16.241 - - [09/Sep/2022:01:34:44 -0700] "GET /einstein/places/einmu16b.jpg HTTP/1.1" 200 34497 "https://ysfine.com/einstein/bern.html" "Mozilla/5.0 (iPhone; CPU iPhone OS 15_6_1 like Mac OS X) AppleWebKit/605.1.15 (KHTML, like Gecko) Version/15.6.1 Mobile/15E148 Safari/604.1" "ysfine.com"
154.6.16.241 - - [09/Sep/2022:01:34:44 -0700] "GET /einstein/einhouse11b.jpg HTTP/1.1" 200 42717 "https://ysfine.com/einstein/bern.html" "Mozilla/5.0 (iPhone; CPU iPhone OS 15_6_1 like Mac OS X) AppleWebKit/605.1.15 (KHTML, like Gecko) Version/15.6.1 Mobile/15E148 Safari/604.1" "ysfine.com"
154.6.16.241 - - [09/Sep/2022:01:34:44 -0700] "GET /einstein/places/einmu41b.jpg HTTP/1.1" 200 52501 "https://ysfine.com/einstein/bern.html" "Mozilla/5.0 (iPhone; CPU iPhone OS 15_6_1 like Mac OS X) AppleWebKit/605.1.15 (KHTML, like Gecko) Version/15.6.1 Mobile/15E148 Safari/604.1" "ysfine.com"
154.6.16.241 - - [09/Sep/2022:01:34:44 -0700] "GET /einstein/places/einmu52b.jpg HTTP/1.1" 200 38352 "https://ysfine.com/einstein/bern.html" "Mozilla/5.0 (iPhone; CPU iPhone OS 15_6_1 like Mac OS X) AppleWebKit/605.1.15 (KHTML, like Gecko) Version/15.6.1 Mobile/15E148 Safari/604.1" "ysfine.com"
154.6.16.241 - - [09/Sep/2022:01:34:44 -0700] "GET /einstein/places/einmu12b.jpg HTTP/1.1" 200 32736 "https://ysfine.com/einstein/bern.html" "Mozilla/5.0 (iPhone; CPU iPhone OS 15_6_1 like Mac OS X) AppleWebKit/605.1.15 (KHTML, like Gecko) Version/15.6.1 Mobile/15E148 Safari/604.1" "ysfine.com"
154.6.16.241 - - [09/Sep/2022:01:34:44 -0700] "GET /einstein/places/einmu08b.jpg HTTP/1.1" 200 37748 "https://ysfine.com/einstein/bern.html" "Mozilla/5.0 (iPhone; CPU iPhone OS 15_6_1 like Mac OS X) AppleWebKit/605.1.15 (KHTML, like Gecko) Version/15.6.1 Mobile/15E148 Safari/604.1" "ysfine.com"
154.6.16.241 - - [09/Sep/2022:01:34:44 -0700] "GET /einstein/places/einmu22b.jpg HTTP/1.1" 200 41361 "https://ysfine.com/einstein/bern.html" "Mozilla/5.0 (iPhone; CPU iPhone OS 15_6_1 like Mac OS X) AppleWebKit/605.1.15 (KHTML, like Gecko) Version/15.6.1 Mobile/15E148 Safari/604.1" "ysfine.com"
154.6.16.241 - - [09/Sep/2022:01:34:44 -0700] "GET /wigner/wigein270.jpg HTTP/1.1" 200 21005 "https://ysfine.com/einstein/bern.html" "Mozilla/5.0 (iPhone; CPU iPhone OS 15_6_1 like Mac OS X) AppleWebKit/605.1.15 (KHTML, like Gecko) Version/15.6.1 Mobile/15E148 Safari/604.1" "ysfine.com"
154.6.16.241 - - [09/Sep/2022:01:34:44 -0700] "GET /einstein/einglaub01b.jpg HTTP/1.1" 200 48405 "https://ysfine.com/einstein/bern.html" "Mozilla/5.0 (iPhone; CPU iPhone OS 15_6_1 like Mac OS X) AppleWebKit/605.1.15 (KHTML, like Gecko) Version/15.6.1 Mobile/15E148 Safari/604.1" "ysfine.com"
154.6.16.241 - - [09/Sep/2022:01:34:44 -0700] "GET /einstein/places/einmu62b.jpg HTTP/1.1" 200 31976 "https://ysfine.com/einstein/bern.html" "Mozilla/5.0 (iPhone; CPU iPhone OS 15_6_1 like Mac OS X) AppleWebKit/605.1.15 (KHTML, like Gecko) Version/15.6.1 Mobile/15E148 Safari/604.1" "ysfine.com"
154.6.16.241 - - [09/Sep/2022:01:34:44 -0700] "GET /einstein/places/einmu64b.jpg HTTP/1.1" 200 42063 "https://ysfine.com/einstein/bern.html" "Mozilla/5.0 (iPhone; CPU iPhone OS 15_6_1 like Mac OS X) AppleWebKit/605.1.15 (KHTML, like Gecko) Version/15.6.1 Mobile/15E148 Safari/604.1" "ysfine.com"
154.6.16.241 - - [09/Sep/2022:01:34:44 -0700] "GET /maga/phil/kanthegel22b.jpg HTTP/1.1" 200 36974 "https://ysfine.com/einstein/bern.html" "Mozilla/5.0 (iPhone; CPU iPhone OS 15_6_1 like Mac OS X) AppleWebKit/605.1.15 (KHTML, like Gecko) Version/15.6.1 Mobile/15E148 Safari/604.1" "ysfine.com"
154.6.16.241 - - [09/Sep/2022:01:34:44 -0700] "GET /maga/phys/heisen33b.jpg HTTP/1.1" 200 78035 "https://ysfine.com/einstein/bern.html" "Mozilla/5.0 (iPhone; CPU iPhone OS 15_6_1 like Mac OS X) AppleWebKit/605.1.15 (KHTML, like Gecko) Version/15.6.1 Mobile/15E148 Safari/604.1" "ysfine.com"
154.6.16.241 - - [09/Sep/2022:01:34:44 -0700] "GET /maga/phys/yukaein2.jpg HTTP/1.1" 200 42863 "https://ysfine.com/einstein/bern.html" "Mozilla/5.0 (iPhone; CPU iPhone OS 15_6_1 like Mac OS X) AppleWebKit/605.1.15 (KHTML, like Gecko) Version/15.6.1 Mobile/15E148 Safari/604.1" "ysfine.com"
154.6.16.241 - - [09/Sep/2022:01:34:44 -0700] "GET /einstein/einbohr11b.jpg HTTP/1.1" 200 37538 "https://ysfine.com/einstein/bern.html" "Mozilla/5.0 (iPhone; CPU iPhone OS 15_6_1 like Mac OS X) AppleWebKit/605.1.15 (KHTML, like Gecko) Version/15.6.1 Mobile/15E148 Safari/604.1" "ysfine.com"
154.6.16.241 - - [09/Sep/2022:01:34:44 -0700] "GET /einstein/evol66b.jpg HTTP/1.1" 200 38577 "https://ysfine.com/einstein/bern.html" "Mozilla/5.0 (iPhone; CPU iPhone OS 15_6_1 like Mac OS X) AppleWebKit/605.1.15 (KHTML, like Gecko) Version/15.6.1 Mobile/15E148 Safari/604.1" "ysfine.com"
154.6.16.241 - - [09/Sep/2022:01:34:44 -0700] "GET /einstein/places/einhaus450.jpg HTTP/1.1" 200 65369 "https://ysfine.com/einstein/bern.html" "Mozilla/5.0 (iPhone; CPU iPhone OS 15_6_1 like Mac OS X) AppleWebKit/605.1.15 (KHTML, like Gecko) Version/15.6.1 Mobile/15E148 Safari/604.1" "ysfine.com"
95.163.255.100 - - [09/Sep/2022:01:34:45 -0700] "GET /robots.txt HTTP/1.1" 404 73 "-" "Mozilla/5.0 (compatible; Linux x86_64; Mail.RU_Bot/Img/2.0; +https://help.mail.ru/webmaster/indexing/robots)" "ysfine.com"
154.6.16.241 - - [09/Sep/2022:01:34:46 -0700] "GET /favicon.ico HTTP/1.1" 404 88 "https://ysfine.com/einstein/bern.html" "Mozilla/5.0 (iPhone; CPU iPhone OS 15_6_1 like Mac OS X) AppleWebKit/605.1.15 (KHTML, like Gecko) Version/15.6.1 Mobile/15E148 Safari/604.1" "ysfine.com"
40.77.167.27 - - [09/Sep/2022:01:34:59 -0700] "GET /world/latina/buenos04.jpg HTTP/1.1" 200 130248 "-" "Mozilla/5.0 (compatible; bingbot/2.0; +http://www.bing.com/bingbot.htm)" "ysfine.com"
40.77.167.33 - - [09/Sep/2022:01:35:21 -0700] "GET /world/china/hongkong11.jpg HTTP/1.1" 200 75364 "-" "Mozilla/5.0 (compatible; bingbot/2.0; +http://www.bing.com/bingbot.htm)" "ysfine.com"
40.77.167.35 - - [09/Sep/2022:01:35:38 -0700] "GET /maga/phys/rectan.jpg HTTP/1.1" 200 21089 "-" "Mozilla/5.0 (compatible; bingbot/2.0; +http://www.bing.com/bingbot.htm)" "ysfine.com"
185.191.171.23 - - [09/Sep/2022:01:35:46 -0700] "GET /wdc/index.html HTTP/1.1" 200 141 "-" "Mozilla/5.0 (compatible; SemrushBot/7~bl; +http://www.semrush.com/bot.html)" "ysfine.com"
75.90.26.186 - - [09/Sep/2022:01:36:04 -0700] "GET /world/france/stras10.jpg HTTP/1.1" 200 105338 "https://www.google.com/" "Mozilla/5.0 (Linux; Android 12; SAMSUNG SM-G781U) AppleWebKit/537.36 (KHTML, like Gecko) SamsungBrowser/18.0 Chrome/99.0.4844.88 Mobile Safari/537.36" "ysfine.com"
157.33.7.246 - - [09/Sep/2022:01:36:07 -0700] "GET /jobs/jobmenu.html HTTP/1.1" 404 88 "-" "Mozilla/5.0 (Windows NT 10.0; Win64; x64) AppleWebKit/537.36 (KHTML, like Gecko) Chrome/105.0.0.0 Safari/537.36" "ysfine.com"
157.33.7.246 - - [09/Sep/2022:01:36:07 -0700] "GET /favicon.ico HTTP/1.1" 404 88 "https://ysfine.com/jobs/jobmenu.html" "Mozilla/5.0 (Windows NT 10.0; Win64; x64) AppleWebKit/537.36 (KHTML, like Gecko) Chrome/105.0.0.0 Safari/537.36" "ysfine.com"
40.77.167.28 - - [09/Sep/2022:01:36:39 -0700] "GET /dongio/aline/lufthan04.jpg HTTP/1.1" 404 88 "-" "Mozilla/5.0 (compatible; bingbot/2.0; +http://www.bing.com/bingbot.htm)" "www.ysfine.com"
123.125.109.142 - - [09/Sep/2022:01:37:09 -0700] "GET / HTTP/1.1" 200 5283 "-" "Sogou web spider/4.0(+http://www.sogou.com/docs/help/webmasters.htm#07)" "www.ysfine.com"
173.73.80.118 - - [09/Sep/2022:01:37:38 -0700] "GET /home/bio44 HTTP/1.1" 304 - "-" "Mozilla/5.0 (Windows NT 10.0; Win64; x64; rv:104.0) Gecko/20100101 Firefox/104.0" "ysfine.com"
173.73.80.118 - - [09/Sep/2022:01:37:39 -0700] "GET /home/pgh/pitcn01b.jpg HTTP/1.1" 200 45484 "https://ysfine.com/home/bio44" "Mozilla/5.0 (Windows NT 10.0; Win64; x64; rv:104.0) Gecko/20100101 Firefox/104.0" "ysfine.com"
40.77.167.28 - - [09/Sep/2022:01:37:50 -0700] "GET /world/russ/mosconvent03.jpg HTTP/1.1" 200 109704 "-" "Mozilla/5.0 (compatible; bingbot/2.0; +http://www.bing.com/bingbot.htm)" "ysfine.com"
95.163.255.70 - - [09/Sep/2022:01:38:18 -0700] "GET /world/germany/hegel03b.jpg HTTP/1.1" 200 61436 "http://go.mail.ru/search_images" "Mozilla/5.0 (compatible; Linux x86_64; Mail.RU_Bot/Img/2.0; +https://help.mail.ru/webmaster/indexing/robots)" "ysfine.com"
40.77.167.27 - - [09/Sep/2022:01:38:19 -0700] "GET /newyork/macy04b.jpg HTTP/1.1" 200 49978 "-" "Mozilla/5.0 (compatible; bingbot/2.0; +http://www.bing.com/bingbot.htm)" "ysfine.com"
157.55.39.146 - - [09/Sep/2022:01:38:57 -0700] "GET /wigner/neum/fuld.jpg HTTP/1.1" 200 172715 "-" "Mozilla/5.0 (compatible; bingbot/2.0; +http://www.bing.com/bingbot.htm)" "www.ysfine.com"
66.249.70.3 - - [09/Sep/2022:01:39:41 -0700] "GET /einstein/einbohr33c.jpg HTTP/1.1" 304 - "-" "Googlebot-Image/1.0" "ysfine.com"
51.222.253.12 - - [09/Sep/2022:01:40:35 -0700] "GET /class54/class5470/total_data/sub_102.htm HTTP/1.1" 200 3289 "-" "Mozilla/5.0 (compatible; AhrefsBot/7.0; +http://ahrefs.com/robot/)" "ysfine.com"
157.40.168.222 - - [09/Sep/2022:01:41:15 -0700] "GET /yspapers/iopbook15.pdf HTTP/1.1" 200 2962673 "-" "Dalvik/2.1.0 (Linux; U; Android 10; Infinix X680D Build/QP1A.190711.020)" "ysfine.com"
66.249.64.170 - - [09/Sep/2022:01:41:36 -0700] "GET /world/russ/kazan056.jpg HTTP/1.1" 200 149705 "-" "Googlebot-Image/1.0" "www.ysfine.com"
185.125.226.42 - - [09/Sep/2022:01:41:50 -0700] "GET /world/brit/eton11.jpg HTTP/1.1" 200 107084 "https://www.bing.com/" "Mozilla/5.0 (Windows NT 10.0; Win64; x64) AppleWebKit/537.36 (KHTML, like Gecko) Chrome/105.0.0.0 Safari/537.36 Edg/105.0.1343.27" "www.ysfine.com"
49.228.101.52 - - [09/Sep/2022:01:41:54 -0700] "GET /dirac/dirfeyn.html HTTP/1.1" 200 6341 "https://www.google.com/" "Mozilla/5.0 (Linux; Android 10; CLT-L29) AppleWebKit/537.36 (KHTML, like Gecko) Chrome/104.0.0.0 Mobile Safari/537.36" "ysfine.com"
49.228.101.52 - - [09/Sep/2022:01:41:55 -0700] "GET /dirac/feydirac300.jpg HTTP/1.1" 200 38223 "https://ysfine.com/dirac/dirfeyn.html" "Mozilla/5.0 (Linux; Android 10; CLT-L29) AppleWebKit/537.36 (KHTML, like Gecko) Chrome/104.0.0.0 Mobile Safari/537.36" "ysfine.com"
49.228.101.52 - - [09/Sep/2022:01:41:55 -0700] "GET /dirac/sq73c.jpg HTTP/1.1" 200 35501 "https://ysfine.com/dirac/dirfeyn.html" "Mozilla/5.0 (Linux; Android 10; CLT-L29) AppleWebKit/537.36 (KHTML, like Gecko) Chrome/104.0.0.0 Mobile Safari/537.36" "ysfine.com"
49.228.101.52 - - [09/Sep/2022:01:41:56 -0700] "GET /dirac/dirackn33c.jpg HTTP/1.1" 200 50420 "https://ysfine.com/dirac/dirfeyn.html" "Mozilla/5.0 (Linux; Android 10; CLT-L29) AppleWebKit/537.36 (KHTML, like Gecko) Chrome/104.0.0.0 Mobile Safari/537.36" "ysfine.com"
49.228.101.52 - - [09/Sep/2022:01:41:56 -0700] "GET /dirac/dfkim11c.jpg HTTP/1.1" 200 34801 "https://ysfine.com/dirac/dirfeyn.html" "Mozilla/5.0 (Linux; Android 10; CLT-L29) AppleWebKit/537.36 (KHTML, like Gecko) Chrome/104.0.0.0 Mobile Safari/537.36" "ysfine.com"
49.228.101.52 - - [09/Sep/2022:01:41:56 -0700] "GET /dirac/nicodem11c.jpg HTTP/1.1" 200 72684 "https://ysfine.com/dirac/dirfeyn.html" "Mozilla/5.0 (Linux; Android 10; CLT-L29) AppleWebKit/537.36 (KHTML, like Gecko) Chrome/104.0.0.0 Mobile Safari/537.36" "ysfine.com"
49.228.101.52 - - [09/Sep/2022:01:41:56 -0700] "GET /dirac/2osc22c.jpg HTTP/1.1" 200 28929 "https://ysfine.com/dirac/dirfeyn.html" "Mozilla/5.0 (Linux; Android 10; CLT-L29) AppleWebKit/537.36 (KHTML, like Gecko) Chrome/104.0.0.0 Mobile Safari/537.36" "ysfine.com"
49.228.101.52 - - [09/Sep/2022:01:41:57 -0700] "GET /feynman/jacdrum11c.jpg HTTP/1.1" 200 39178 "https://ysfine.com/dirac/dirfeyn.html" "Mozilla/5.0 (Linux; Android 10; CLT-L29) AppleWebKit/537.36 (KHTML, like Gecko) Chrome/104.0.0.0 Mobile Safari/537.36" "ysfine.com"
49.228.101.52 - - [09/Sep/2022:01:41:57 -0700] "GET /people/sbt11c.jpg HTTP/1.1" 200 31479 "https://ysfine.com/dirac/dirfeyn.html" "Mozilla/5.0 (Linux; Android 10; CLT-L29) AppleWebKit/537.36 (KHTML, like Gecko) Chrome/104.0.0.0 Mobile Safari/537.36" "ysfine.com"
49.228.101.52 - - [09/Sep/2022:01:41:57 -0700] "GET /wigner/wigkim11c.jpg HTTP/1.1" 200 30443 "https://ysfine.com/dirac/dirfeyn.html" "Mozilla/5.0 (Linux; Android 10; CLT-L29) AppleWebKit/537.36 (KHTML, like Gecko) Chrome/104.0.0.0 Mobile Safari/537.36" "ysfine.com"
49.228.101.52 - - [09/Sep/2022:01:41:57 -0700] "GET /wigner/isomor66c.jpg HTTP/1.1" 200 47632 "https://ysfine.com/dirac/dirfeyn.html" "Mozilla/5.0 (Linux; Android 10; CLT-L29) AppleWebKit/537.36 (KHTML, like Gecko) Chrome/104.0.0.0 Mobile Safari/537.36" "ysfine.com"
49.228.101.52 - - [09/Sep/2022:01:41:57 -0700] "GET /eink/eink61c.jpg HTTP/1.1" 200 34119 "https://ysfine.com/dirac/dirfeyn.html" "Mozilla/5.0 (Linux; Android 10; CLT-L29) AppleWebKit/537.36 (KHTML, like Gecko) Chrome/104.0.0.0 Mobile Safari/537.36" "ysfine.com"
