213.55.225.7 - - [09/Sep/2022:04:21:33 -0700] "GET /einstein/einglaub01b.jpg HTTP/1.1" 200 48405 "https://ysfine.com/einstein/bern.html" "Mozilla/5.0 (iPhone; CPU iPhone OS 14_4_2 like Mac OS X) AppleWebKit/605.1.15 (KHTML, like Gecko) Version/14.0.3 Mobile/15E148 Safari/604.1" "ysfine.com"
213.55.225.7 - - [09/Sep/2022:04:21:34 -0700] "GET /einstein/places/einmu62b.jpg HTTP/1.1" 200 31976 "https://ysfine.com/einstein/bern.html" "Mozilla/5.0 (iPhone; CPU iPhone OS 14_4_2 like Mac OS X) AppleWebKit/605.1.15 (KHTML, like Gecko) Version/14.0.3 Mobile/15E148 Safari/604.1" "ysfine.com"
213.55.225.7 - - [09/Sep/2022:04:21:34 -0700] "GET /maga/phys/heisen33b.jpg HTTP/1.1" 200 78035 "https://ysfine.com/einstein/bern.html" "Mozilla/5.0 (iPhone; CPU iPhone OS 14_4_2 like Mac OS X) AppleWebKit/605.1.15 (KHTML, like Gecko) Version/14.0.3 Mobile/15E148 Safari/604.1" "ysfine.com"
213.55.225.7 - - [09/Sep/2022:04:21:34 -0700] "GET /maga/phys/yukaein2.jpg HTTP/1.1" 200 42863 "https://ysfine.com/einstein/bern.html" "Mozilla/5.0 (iPhone; CPU iPhone OS 14_4_2 like Mac OS X) AppleWebKit/605.1.15 (KHTML, like Gecko) Version/14.0.3 Mobile/15E148 Safari/604.1" "ysfine.com"
213.55.225.7 - - [09/Sep/2022:04:21:34 -0700] "GET /maga/phil/kanthegel22b.jpg HTTP/1.1" 200 36974 "https://ysfine.com/einstein/bern.html" "Mozilla/5.0 (iPhone; CPU iPhone OS 14_4_2 like Mac OS X) AppleWebKit/605.1.15 (KHTML, like Gecko) Version/14.0.3 Mobile/15E148 Safari/604.1" "ysfine.com"
213.55.225.7 - - [09/Sep/2022:04:21:34 -0700] "GET /einstein/einbohr11b.jpg HTTP/1.1" 200 37538 "https://ysfine.com/einstein/bern.html" "Mozilla/5.0 (iPhone; CPU iPhone OS 14_4_2 like Mac OS X) AppleWebKit/605.1.15 (KHTML, like Gecko) Version/14.0.3 Mobile/15E148 Safari/604.1" "ysfine.com"
213.55.225.7 - - [09/Sep/2022:04:21:34 -0700] "GET /einstein/places/einhaus450.jpg HTTP/1.1" 200 65369 "https://ysfine.com/einstein/bern.html" "Mozilla/5.0 (iPhone; CPU iPhone OS 14_4_2 like Mac OS X) AppleWebKit/605.1.15 (KHTML, like Gecko) Version/14.0.3 Mobile/15E148 Safari/604.1" "ysfine.com"
213.55.225.7 - - [09/Sep/2022:04:21:34 -0700] "GET /einstein/evol66b.jpg HTTP/1.1" 200 38577 "https://ysfine.com/einstein/bern.html" "Mozilla/5.0 (iPhone; CPU iPhone OS 14_4_2 like Mac OS X) AppleWebKit/605.1.15 (KHTML, like Gecko) Version/14.0.3 Mobile/15E148 Safari/604.1" "ysfine.com"
213.55.225.7 - - [09/Sep/2022:04:21:35 -0700] "GET /favicon.ico HTTP/1.1" 404 88 "https://ysfine.com/einstein/bern.html" "Mozilla/5.0 (iPhone; CPU iPhone OS 14_4_2 like Mac OS X) AppleWebKit/605.1.15 (KHTML, like Gecko) Version/14.0.3 Mobile/15E148 Safari/604.1" "ysfine.com"
114.119.128.154 - - [09/Sep/2022:04:23:19 -0700] "GET /class54/class5470/total_data/sub_897.htm HTTP/1.1" 200 3484 "https://ysfine.com/class54/class5470/total_data/sub_896.htm" "Mozilla/5.0 (Linux; Android 7.0;) AppleWebKit/537.36 (KHTML, like Gecko) Mobile Safari/537.36 (compatible; PetalBot;+https://webmaster.petalsearch.com/site/petalbot)" "ysfine.com"
40.77.167.28 - - [09/Sep/2022:04:23:28 -0700] "GET /feynman/feygell.html HTTP/1.1" 304 - "-" "Mozilla/5.0 (compatible; bingbot/2.0; +http://www.bing.com/bingbot.htm)" "www.ysfine.com"
40.77.167.35 - - [09/Sep/2022:04:24:43 -0700] "GET /world/russ/kiev007.jpg HTTP/1.1" 200 66068 "-" "Mozilla/5.0 (compatible; bingbot/2.0; +http://www.bing.com/bingbot.htm)" "ysfine.com"
40.77.167.27 - - [09/Sep/2022:04:25:25 -0700] "GET /maga/phil/shiyu2.jpg HTTP/1.1" 200 29875 "-" "Mozilla/5.0 (compatible; bingbot/2.0; +http://www.bing.com/bingbot.htm)" "www.ysfine.com"
114.119.128.154 - - [09/Sep/2022:04:26:02 -0700] "GET /einstein/einharmo.html HTTP/1.1" 200 1137 "https://www.ysfine.com/philo/hegel.html" "Mozilla/5.0 (Linux; Android 7.0;) AppleWebKit/537.36 (KHTML, like Gecko) Mobile Safari/537.36 (compatible; PetalBot;+https://webmaster.petalsearch.com/site/petalbot)" "www.ysfine.com"
40.77.167.28 - - [09/Sep/2022:04:26:49 -0700] "GET /world/china/beijing009.jpg HTTP/1.1" 200 148140 "-" "Mozilla/5.0 (compatible; bingbot/2.0; +http://www.bing.com/bingbot.htm)" "www.ysfine.com"
40.77.167.33 - - [09/Sep/2022:04:28:28 -0700] "GET /newyork/emp03.jpg HTTP/1.1" 200 179137 "-" "Mozilla/5.0 (compatible; bingbot/2.0; +http://www.bing.com/bingbot.htm)" "ysfine.com"
114.119.128.154 - - [09/Sep/2022:04:28:32 -0700] "GET /world/ital/uffizi22.html HTTP/1.1" 200 402 "https://www.ysfine.com/maga/galileo.html" "Mozilla/5.0 (Linux; Android 7.0;) AppleWebKit/537.36 (KHTML, like Gecko) Mobile Safari/537.36 (compatible; PetalBot;+https://webmaster.petalsearch.com/site/petalbot)" "www.ysfine.com"
51.222.253.13 - - [09/Sep/2022:04:28:40 -0700] "GET /robots.txt HTTP/1.1" 404 88 "-" "Mozilla/5.0 (compatible; AhrefsBot/7.0; +http://ahrefs.com/robot/)" "www.ysfine.com"
51.222.253.1 - - [09/Sep/2022:04:28:41 -0700] "GET /style/songs22.html HTTP/1.1" 200 39419 "-" "Mozilla/5.0 (compatible; AhrefsBot/7.0; +http://ahrefs.com/robot/)" "www.ysfine.com"
51.222.253.13 - - [09/Sep/2022:04:28:46 -0700] "GET /kobak/jutlandia2.jpg HTTP/1.1" 200 34252 "-" "Mozilla/5.0 (compatible; AhrefsBot/7.0; +http://ahrefs.com/robot/)" "www.ysfine.com"
51.222.253.1 - - [09/Sep/2022:04:28:46 -0700] "GET /style/hamako11b.jpg HTTP/1.1" 200 33344 "-" "Mozilla/5.0 (compatible; AhrefsBot/7.0; +http://ahrefs.com/robot/)" "www.ysfine.com"
51.222.253.13 - - [09/Sep/2022:04:28:47 -0700] "GET /wisdom/cotton11b.jpg HTTP/1.1" 200 41615 "-" "Mozilla/5.0 (compatible; AhrefsBot/7.0; +http://ahrefs.com/robot/)" "www.ysfine.com"
51.222.253.13 - - [09/Sep/2022:04:28:47 -0700] "GET /style/yasukuni22b.jpg HTTP/1.1" 200 35342 "-" "Mozilla/5.0 (compatible; AhrefsBot/7.0; +http://ahrefs.com/robot/)" "www.ysfine.com"
51.222.253.8 - - [09/Sep/2022:04:28:48 -0700] "GET /kobak/taylor11b.jpg HTTP/1.1" 200 42467 "-" "Mozilla/5.0 (compatible; AhrefsBot/7.0; +http://ahrefs.com/robot/)" "www.ysfine.com"
51.222.253.16 - - [09/Sep/2022:04:28:48 -0700] "GET /class54/pics/g142b.jpg HTTP/1.1" 200 30196 "-" "Mozilla/5.0 (compatible; AhrefsBot/7.0; +http://ahrefs.com/robot/)" "www.ysfine.com"
51.222.253.6 - - [09/Sep/2022:04:28:48 -0700] "GET /sbk/2017berlin01b.jpg HTTP/1.1" 200 33403 "-" "Mozilla/5.0 (compatible; AhrefsBot/7.0; +http://ahrefs.com/robot/)" "www.ysfine.com"
51.222.253.15 - - [09/Sep/2022:04:28:49 -0700] "GET /friends/aline/ana11b.jpg HTTP/1.1" 404 88 "-" "Mozilla/5.0 (compatible; AhrefsBot/7.0; +http://ahrefs.com/robot/)" "www.ysfine.com"
51.222.253.12 - - [09/Sep/2022:04:28:49 -0700] "GET /style/sousa2.jpg HTTP/1.1" 200 42173 "-" "Mozilla/5.0 (compatible; AhrefsBot/7.0; +http://ahrefs.com/robot/)" "www.ysfine.com"
51.222.253.14 - - [09/Sep/2022:04:28:50 -0700] "GET /style/zero01b.jpg HTTP/1.1" 200 27421 "-" "Mozilla/5.0 (compatible; AhrefsBot/7.0; +http://ahrefs.com/robot/)" "www.ysfine.com"
51.222.253.17 - - [09/Sep/2022:04:28:50 -0700] "GET /style/sarahchang01b.jpg HTTP/1.1" 200 50797 "-" "Mozilla/5.0 (compatible; AhrefsBot/7.0; +http://ahrefs.com/robot/)" "www.ysfine.com"
51.222.253.1 - - [09/Sep/2022:04:28:50 -0700] "GET /style/bstring11b.jpg HTTP/1.1" 200 47537 "-" "Mozilla/5.0 (compatible; AhrefsBot/7.0; +http://ahrefs.com/robot/)" "www.ysfine.com"
51.222.253.11 - - [09/Sep/2022:04:28:51 -0700] "GET /kobak/arisaka99b.jpg HTTP/1.1" 200 48028 "-" "Mozilla/5.0 (compatible; AhrefsBot/7.0; +http://ahrefs.com/robot/)" "www.ysfine.com"
51.222.253.8 - - [09/Sep/2022:04:28:51 -0700] "GET /style/hifi01b.jpg HTTP/1.1" 200 24818 "-" "Mozilla/5.0 (compatible; AhrefsBot/7.0; +http://ahrefs.com/robot/)" "www.ysfine.com"
51.222.253.2 - - [09/Sep/2022:04:28:52 -0700] "GET /style/akiko55.jpg HTTP/1.1" 200 48868 "-" "Mozilla/5.0 (compatible; AhrefsBot/7.0; +http://ahrefs.com/robot/)" "www.ysfine.com"
51.222.253.9 - - [09/Sep/2022:04:28:52 -0700] "GET /style/flamen2.jpg HTTP/1.1" 200 46908 "-" "Mozilla/5.0 (compatible; AhrefsBot/7.0; +http://ahrefs.com/robot/)" "www.ysfine.com"
51.222.253.12 - - [09/Sep/2022:04:28:52 -0700] "GET /kobak/swr51b.jpg HTTP/1.1" 200 31277 "-" "Mozilla/5.0 (compatible; AhrefsBot/7.0; +http://ahrefs.com/robot/)" "www.ysfine.com"
51.222.253.15 - - [09/Sep/2022:04:28:53 -0700] "GET /style/xiangran55b.jpg HTTP/1.1" 200 39739 "-" "Mozilla/5.0 (compatible; AhrefsBot/7.0; +http://ahrefs.com/robot/)" "www.ysfine.com"
51.222.253.10 - - [09/Sep/2022:04:28:53 -0700] "GET /style/shcampus11b.jpg HTTP/1.1" 200 53039 "-" "Mozilla/5.0 (compatible; AhrefsBot/7.0; +http://ahrefs.com/robot/)" "www.ysfine.com"
51.222.253.16 - - [09/Sep/2022:04:28:54 -0700] "GET /style/jpsingap01b.jpg HTTP/1.1" 200 52443 "-" "Mozilla/5.0 (compatible; AhrefsBot/7.0; +http://ahrefs.com/robot/)" "www.ysfine.com"
51.222.253.15 - - [09/Sep/2022:04:28:54 -0700] "GET /style/verdi11b.jpg HTTP/1.1" 200 40111 "-" "Mozilla/5.0 (compatible; AhrefsBot/7.0; +http://ahrefs.com/robot/)" "www.ysfine.com"
51.222.253.18 - - [09/Sep/2022:04:28:54 -0700] "GET /style/xiangran11b.jpg HTTP/1.1" 200 47472 "-" "Mozilla/5.0 (compatible; AhrefsBot/7.0; +http://ahrefs.com/robot/)" "www.ysfine.com"
51.222.253.12 - - [09/Sep/2022:04:28:55 -0700] "GET /world/germany/johannstra11b.jpg HTTP/1.1" 200 50468 "-" "Mozilla/5.0 (compatible; AhrefsBot/7.0; +http://ahrefs.com/robot/)" "www.ysfine.com"
51.222.253.20 - - [09/Sep/2022:04:28:55 -0700] "GET /style/xiangran66b.jpg HTTP/1.1" 200 30098 "-" "Mozilla/5.0 (compatible; AhrefsBot/7.0; +http://ahrefs.com/robot/)" "www.ysfine.com"
51.222.253.1 - - [09/Sep/2022:04:28:56 -0700] "GET /style/johannstra11b.jpg HTTP/1.1" 200 50080 "-" "Mozilla/5.0 (compatible; AhrefsBot/7.0; +http://ahrefs.com/robot/)" "www.ysfine.com"
51.222.253.11 - - [09/Sep/2022:04:28:56 -0700] "GET /style/brahms2.jpg HTTP/1.1" 200 43601 "-" "Mozilla/5.0 (compatible; AhrefsBot/7.0; +http://ahrefs.com/robot/)" "www.ysfine.com"
51.222.253.14 - - [09/Sep/2022:04:28:57 -0700] "GET /style/hamako33b.jpg HTTP/1.1" 200 44854 "-" "Mozilla/5.0 (compatible; AhrefsBot/7.0; +http://ahrefs.com/robot/)" "www.ysfine.com"
51.222.253.14 - - [09/Sep/2022:04:28:57 -0700] "GET /style/yasukuni11b.jpg HTTP/1.1" 200 53460 "-" "Mozilla/5.0 (compatible; AhrefsBot/7.0; +http://ahrefs.com/robot/)" "www.ysfine.com"
51.222.253.12 - - [09/Sep/2022:04:28:58 -0700] "GET /style/mieko22b.jpg HTTP/1.1" 200 41674 "-" "Mozilla/5.0 (compatible; AhrefsBot/7.0; +http://ahrefs.com/robot/)" "www.ysfine.com"
51.222.253.2 - - [09/Sep/2022:04:28:59 -0700] "GET /world/france/eiffel05b.jpg HTTP/1.1" 200 26314 "-" "Mozilla/5.0 (compatible; AhrefsBot/7.0; +http://ahrefs.com/robot/)" "www.ysfine.com"
51.222.253.5 - - [09/Sep/2022:04:28:59 -0700] "GET /style/chulmo2.jpg HTTP/1.1" 200 49387 "-" "Mozilla/5.0 (compatible; AhrefsBot/7.0; +http://ahrefs.com/robot/)" "www.ysfine.com"
51.222.253.18 - - [09/Sep/2022:04:29:00 -0700] "GET /style/owaves2.jpg HTTP/1.1" 200 55324 "-" "Mozilla/5.0 (compatible; AhrefsBot/7.0; +http://ahrefs.com/robot/)" "www.ysfine.com"
51.222.253.9 - - [09/Sep/2022:04:29:01 -0700] "GET /usca/calif/sanfr021b.jpg HTTP/1.1" 200 47196 "-" "Mozilla/5.0 (compatible; AhrefsBot/7.0; +http://ahrefs.com/robot/)" "www.ysfine.com"
51.222.253.3 - - [09/Sep/2022:04:29:01 -0700] "GET /style/hibari11b.jpg HTTP/1.1" 200 35625 "-" "Mozilla/5.0 (compatible; AhrefsBot/7.0; +http://ahrefs.com/robot/)" "www.ysfine.com"
51.222.253.20 - - [09/Sep/2022:04:29:02 -0700] "GET /style/yamato2.jpg HTTP/1.1" 200 33922 "-" "Mozilla/5.0 (compatible; AhrefsBot/7.0; +http://ahrefs.com/robot/)" "www.ysfine.com"
51.222.253.6 - - [09/Sep/2022:04:29:03 -0700] "GET /style/vienopera22b.jpg HTTP/1.1" 200 52023 "-" "Mozilla/5.0 (compatible; AhrefsBot/7.0; +http://ahrefs.com/robot/)" "www.ysfine.com"
51.222.253.4 - - [09/Sep/2022:04:29:03 -0700] "GET /style/beetho2.jpg HTTP/1.1" 404 88 "-" "Mozilla/5.0 (compatible; AhrefsBot/7.0; +http://ahrefs.com/robot/)" "www.ysfine.com"
51.222.253.18 - - [09/Sep/2022:04:29:03 -0700] "GET /kobak/korjap03b.jpg HTTP/1.1" 200 28107 "-" "Mozilla/5.0 (compatible; AhrefsBot/7.0; +http://ahrefs.com/robot/)" "www.ysfine.com"
51.222.253.1 - - [09/Sep/2022:04:29:04 -0700] "GET /kowar/tanks/tank03b.jpg HTTP/1.1" 200 42892 "-" "Mozilla/5.0 (compatible; AhrefsBot/7.0; +http://ahrefs.com/robot/)" "www.ysfine.com"
51.222.253.11 - - [09/Sep/2022:04:29:04 -0700] "GET /kobak/kimkoo01b.jpg HTTP/1.1" 200 35261 "-" "Mozilla/5.0 (compatible; AhrefsBot/7.0; +http://ahrefs.com/robot/)" "www.ysfine.com"
51.222.253.13 - - [09/Sep/2022:04:29:05 -0700] "GET /style/jpchildren2.jpg HTTP/1.1" 200 46718 "-" "Mozilla/5.0 (compatible; AhrefsBot/7.0; +http://ahrefs.com/robot/)" "www.ysfine.com"
51.222.253.9 - - [09/Sep/2022:04:29:05 -0700] "GET /style/xiangran33b.jpg HTTP/1.1" 200 26488 "-" "Mozilla/5.0 (compatible; AhrefsBot/7.0; +http://ahrefs.com/robot/)" "www.ysfine.com"
51.222.253.10 - - [09/Sep/2022:04:29:06 -0700] "GET /style/bachkova11b.jpg HTTP/1.1" 200 45475 "-" "Mozilla/5.0 (compatible; AhrefsBot/7.0; +http://ahrefs.com/robot/)" "www.ysfine.com"
51.222.253.16 - - [09/Sep/2022:04:29:06 -0700] "GET /kobak/105mm2.jpg HTTP/1.1" 200 54167 "-" "Mozilla/5.0 (compatible; AhrefsBot/7.0; +http://ahrefs.com/robot/)" "www.ysfine.com"
51.222.253.2 - - [09/Sep/2022:04:29:06 -0700] "GET /world/germany/berlin005b.jpg HTTP/1.1" 200 31205 "-" "Mozilla/5.0 (compatible; AhrefsBot/7.0; +http://ahrefs.com/robot/)" "www.ysfine.com"
51.222.253.7 - - [09/Sep/2022:04:29:07 -0700] "GET /usca/pitt/donner03b.jpg HTTP/1.1" 200 44291 "-" "Mozilla/5.0 (compatible; AhrefsBot/7.0; +http://ahrefs.com/robot/)" "www.ysfine.com"
51.222.253.11 - - [09/Sep/2022:04:29:07 -0700] "GET /style/akiko2.jpg HTTP/1.1" 200 50482 "-" "Mozilla/5.0 (compatible; AhrefsBot/7.0; +http://ahrefs.com/robot/)" "www.ysfine.com"
51.222.253.10 - - [09/Sep/2022:04:29:08 -0700] "GET /style/durbin2.jpg HTTP/1.1" 200 34965 "-" "Mozilla/5.0 (compatible; AhrefsBot/7.0; +http://ahrefs.com/robot/)" "www.ysfine.com"
51.222.253.1 - - [09/Sep/2022:04:29:08 -0700] "GET /style/chopingr11b.jpg HTTP/1.1" 200 68030 "-" "Mozilla/5.0 (compatible; AhrefsBot/7.0; +http://ahrefs.com/robot/)" "www.ysfine.com"
51.222.253.18 - - [09/Sep/2022:04:29:09 -0700] "GET /world/germany/schonbr03b.jpg HTTP/1.1" 200 46623 "-" "Mozilla/5.0 (compatible; AhrefsBot/7.0; +http://ahrefs.com/robot/)" "www.ysfine.com"
51.222.253.10 - - [09/Sep/2022:04:29:09 -0700] "GET /world/hungary/hunband01b.jpg HTTP/1.1" 200 46280 "-" "Mozilla/5.0 (compatible; AhrefsBot/7.0; +http://ahrefs.com/robot/)" "www.ysfine.com"
51.222.253.2 - - [09/Sep/2022:04:29:09 -0700] "GET /maga/invent/joak11b.jpg HTTP/1.1" 200 40558 "-" "Mozilla/5.0 (compatible; AhrefsBot/7.0; +http://ahrefs.com/robot/)" "www.ysfine.com"
51.222.253.11 - - [09/Sep/2022:04:29:10 -0700] "GET /style/beetho33b.jpg HTTP/1.1" 200 40829 "-" "Mozilla/5.0 (compatible; AhrefsBot/7.0; +http://ahrefs.com/robot/)" "www.ysfine.com"
51.222.253.14 - - [09/Sep/2022:04:29:11 -0700] "GET /style/fujiyama2.jpg HTTP/1.1" 200 47368 "-" "Mozilla/5.0 (compatible; AhrefsBot/7.0; +http://ahrefs.com/robot/)" "www.ysfine.com"
51.222.253.2 - - [09/Sep/2022:04:29:11 -0700] "GET /world/russ/mosmusic18b.jpg HTTP/1.1" 200 51573 "-" "Mozilla/5.0 (compatible; AhrefsBot/7.0; +http://ahrefs.com/robot/)" "www.ysfine.com"
51.222.253.10 - - [09/Sep/2022:04:29:11 -0700] "GET /style/xiangran22b.jpg HTTP/1.1" 200 56332 "-" "Mozilla/5.0 (compatible; AhrefsBot/7.0; +http://ahrefs.com/robot/)" "www.ysfine.com"
51.222.253.14 - - [09/Sep/2022:04:29:12 -0700] "GET /style/hibari22b.jpg HTTP/1.1" 200 39644 "-" "Mozilla/5.0 (compatible; AhrefsBot/7.0; +http://ahrefs.com/robot/)" "www.ysfine.com"
51.222.253.9 - - [09/Sep/2022:04:29:12 -0700] "GET /world/germany/johannstra77b.jpg HTTP/1.1" 200 39575 "-" "Mozilla/5.0 (compatible; AhrefsBot/7.0; +http://ahrefs.com/robot/)" "www.ysfine.com"
51.222.253.12 - - [09/Sep/2022:04:29:13 -0700] "GET /world/russ/ihousem22b.jpg HTTP/1.1" 404 88 "-" "Mozilla/5.0 (compatible; AhrefsBot/7.0; +http://ahrefs.com/robot/)" "www.ysfine.com"
51.222.253.1 - - [09/Sep/2022:04:29:13 -0700] "GET /world/germany/hofbrau33b.jpg HTTP/1.1" 200 51219 "-" "Mozilla/5.0 (compatible; AhrefsBot/7.0; +http://ahrefs.com/robot/)" "www.ysfine.com"
51.222.253.1 - - [09/Sep/2022:04:29:14 -0700] "GET /style/nijubasi22b.jpg HTTP/1.1" 200 44289 "-" "Mozilla/5.0 (compatible; AhrefsBot/7.0; +http://ahrefs.com/robot/)" "www.ysfine.com"
51.222.253.15 - - [09/Sep/2022:04:29:14 -0700] "GET /world/russ/spbm07b.jpg HTTP/1.1" 200 42946 "-" "Mozilla/5.0 (compatible; AhrefsBot/7.0; +http://ahrefs.com/robot/)" "www.ysfine.com"
51.222.253.11 - - [09/Sep/2022:04:29:15 -0700] "GET /world/ital/lascala05b.jpg HTTP/1.1" 200 35719 "-" "Mozilla/5.0 (compatible; AhrefsBot/7.0; +http://ahrefs.com/robot/)" "www.ysfine.com"
51.222.253.16 - - [09/Sep/2022:04:29:16 -0700] "GET /style/tatyana11b.jpg HTTP/1.1" 200 29416 "-" "Mozilla/5.0 (compatible; AhrefsBot/7.0; +http://ahrefs.com/robot/)" "www.ysfine.com"
51.222.253.8 - - [09/Sep/2022:04:29:16 -0700] "GET /style/beetho00b.jpg HTTP/1.1" 200 43559 "-" "Mozilla/5.0 (compatible; AhrefsBot/7.0; +http://ahrefs.com/robot/)" "www.ysfine.com"
51.222.253.6 - - [09/Sep/2022:04:29:17 -0700] "GET /style/mieko11b.jpg HTTP/1.1" 200 53779 "-" "Mozilla/5.0 (compatible; AhrefsBot/7.0; +http://ahrefs.com/robot/)" "www.ysfine.com"
114.119.128.154 - - [09/Sep/2022:04:32:16 -0700] "GET /world/scandi/copen001b.jpg HTTP/1.1" 200 42889 "https://ysfine.com/world/copen.html" "Mozilla/5.0 (Linux; Android 7.0;) AppleWebKit/537.36 (KHTML, like Gecko) Mobile Safari/537.36 (compatible; PetalBot;+https://webmaster.petalsearch.com/site/petalbot)" "ysfine.com"
79.22.215.129 - - [09/Sep/2022:04:32:39 -0700] "GET /einstein/einbohr33.jpg HTTP/1.1" 200 87797 "https://www.google.com/" "Mozilla/5.0 (Windows NT 10.0; Win64; x64) AppleWebKit/537.36 (KHTML, like Gecko) Chrome/105.0.0.0 Safari/537.36" "ysfine.com"
40.77.167.28 - - [09/Sep/2022:04:33:31 -0700] "GET /wdc/gtown15.jpg HTTP/1.1" 200 83582 "-" "Mozilla/5.0 (compatible; bingbot/2.0; +http://www.bing.com/bingbot.htm)" "www.ysfine.com"
114.119.128.158 - - [09/Sep/2022:04:34:02 -0700] "GET /dirac/dirk6202.jpg HTTP/1.1" 200 62459 "https://www.ysfine.com/dirac/dirackim62.html" "Mozilla/5.0 (Linux; Android 7.0;) AppleWebKit/537.36 (KHTML, like Gecko) Mobile Safari/537.36 (compatible; PetalBot;+https://webmaster.petalsearch.com/site/petalbot)" "www.ysfine.com"
175.193.142.122 - - [09/Sep/2022:04:34:03 -0700] "GET /kobak/fed3.jpg HTTP/1.1" 404 88 "https://www.photo.net/" "Mozilla/5.0 (Linux; Android 11; SM-G986N) AppleWebKit/537.36 (KHTML, like Gecko) Chrome/105.0.0.0 Mobile Safari/537.36" "ysfine.com"
157.55.39.146 - - [09/Sep/2022:04:34:33 -0700] "GET /beau/italspb01b.jpg HTTP/1.1" 404 88 "-" "Mozilla/5.0 (compatible; bingbot/2.0; +http://www.bing.com/bingbot.htm)" "ysfine.com"
40.77.167.35 - - [09/Sep/2022:04:34:47 -0700] "GET /ffriends/argenwash01.jpg HTTP/1.1" 200 146570 "-" "Mozilla/5.0 (compatible; bingbot/2.0; +http://www.bing.com/bingbot.htm)" "ysfine.com"
176.231.23.82 - - [09/Sep/2022:04:34:49 -0700] "GET /dirac/diracbul.jpg HTTP/1.1" 200 130193 "-" "okhttp/4.9.0" "www.ysfine.com"
157.55.39.146 - - [09/Sep/2022:04:34:54 -0700] "GET /home/bio.html HTTP/1.1" 200 15081 "-" "Mozilla/5.0 (compatible; bingbot/2.0; +http://www.bing.com/bingbot.htm)" "ysfine.com"
51.142.181.246 - - [09/Sep/2022:04:35:04 -0700] "GET /wp-admin/css/ HTTP/1.1" 404 88 "binance.com" "Mozilla/5.0 (Windows NT 10.0; Win64; x64) AppleWebKit/537.36 (KHTML, like Gecko) Chrome/90.0.4430.85 Safari/537.36" "ysfine.com"
176.231.23.82 - - [09/Sep/2022:04:35:09 -0700] "GET /dirac/diracbul.jpg HTTP/1.1" 200 130193 "-" "Dalvik/2.1.0 (Linux; U; Android 11; M2101K7AG Build/RKQ1.201022.002)" "www.ysfine.com"
51.142.181.246 - - [09/Sep/2022:04:35:15 -0700] "GET /sites/default/files/ HTTP/1.1" 404 88 "binance.com" "Mozilla/5.0 (Windows NT 10.0; Win64; x64) AppleWebKit/537.36 (KHTML, like Gecko) Chrome/90.0.4430.85 Safari/537.36" "ysfine.com"
51.142.181.246 - - [09/Sep/2022:04:35:21 -0700] "GET /admin/controller/extension/extension/ HTTP/1.1" 404 88 "binance.com" "Mozilla/5.0 (Windows NT 10.0; Win64; x64) AppleWebKit/537.36 (KHTML, like Gecko) Chrome/90.0.4430.85 Safari/537.36" "ysfine.com"
51.142.181.246 - - [09/Sep/2022:04:35:23 -0700] "GET /uploads/ HTTP/1.1" 404 88 "binance.com" "Mozilla/5.0 (Windows NT 10.0; Win64; x64) AppleWebKit/537.36 (KHTML, like Gecko) Chrome/90.0.4430.85 Safari/537.36" "ysfine.com"
51.142.181.246 - - [09/Sep/2022:04:35:26 -0700] "GET /images/ HTTP/1.1" 404 88 "binance.com" "Mozilla/5.0 (Windows NT 10.0; Win64; x64) AppleWebKit/537.36 (KHTML, like Gecko) Chrome/90.0.4430.85 Safari/537.36" "ysfine.com"
51.142.181.246 - - [09/Sep/2022:04:35:33 -0700] "GET /files/ HTTP/1.1" 404 88 "binance.com" "Mozilla/5.0 (Windows NT 10.0; Win64; x64) AppleWebKit/537.36 (KHTML, like Gecko) Chrome/90.0.4430.85 Safari/537.36" "ysfine.com"
95.127.23.39 - - [09/Sep/2022:04:35:53 -0700] "GET /maga/histo/oscar22.jpg HTTP/1.1" 200 101665 "https://myactivity.google.com/" "Mozilla/5.0 (Linux; Android 10; Redmi Note 8 Build/QKQ1.200114.002; wv) AppleWebKit/537.36 (KHTML, like Gecko) Version/4.0 Chrome/104.0.5112.97 Mobile Safari/537.36 OcIdWebView ({\"os\":\"Android\",\"osVersion\":\"29\",\"app\":\"com.google.android.gms\",\"appVersion\":\"219\",\"style\":2,\"isDarkTheme\":false})" "ysfine.com"
49.7.21.113 - - [09/Sep/2022:04:36:32 -0700] "GET / HTTP/1.1" 200 5283 "-" "Sogou web spider/4.0(+http://www.sogou.com/docs/help/webmasters.htm#07)" "www.ysfine.com"
40.77.167.35 - - [09/Sep/2022:04:37:35 -0700] "GET /usca/pitt/alumin02.jpg HTTP/1.1" 200 473853 "-" "Mozilla/5.0 (compatible; bingbot/2.0; +http://www.bing.com/bingbot.htm)" "www.ysfine.com"
103.150.211.18 - - [09/Sep/2022:04:37:57 -0700] "GET /style/shops.html HTTP/1.1" 200 2829 "-" "Mozilla/5.0 (Windows NT 10.0; WOW64) AppleWebKit/537.36 (KHTML, like Gecko) Chrome/51.0.2704.103 Safari/537.36" "ysfine.com"
187.9.142.202 - - [09/Sep/2022:04:37:58 -0700] "GET /wigner/neum/vnc01.jpg HTTP/1.1" 200 133641 "https://sites.google.com/" "Mozilla/5.0 (Windows NT 10.0; Win64; x64) AppleWebKit/537.36 (KHTML, like Gecko) Chrome/105.0.0.0 Safari/537.36" "ysfine.com"
103.150.211.18 - - [09/Sep/2022:04:37:58 -0700] "GET /style/shops.html HTTP/1.1" 200 2829 "-" "Mozilla/5.0 (Windows NT 10.0; WOW64) AppleWebKit/537.36 (KHTML, like Gecko) Chrome/51.0.2704.103 Safari/537.36" "ysfine.com"
40.77.167.35 - - [09/Sep/2022:04:38:07 -0700] "GET /home/resonance33c.jpg HTTP/1.1" 200 36247 "-" "Mozilla/5.0 (compatible; bingbot/2.0; +http://www.bing.com/bingbot.htm)" "www.ysfine.com"
185.191.171.21 - - [09/Sep/2022:04:38:52 -0700] "GET /world/nice.html HTTP/1.1" 200 7230 "-" "Mozilla/5.0 (compatible; SemrushBot/7~bl; +http://www.semrush.com/bot.html)" "www.ysfine.com"
114.119.128.143 - - [09/Sep/2022:04:39:05 -0700] "GET /maga/phys/naimar/resonance.eps HTTP/1.1" 200 516132 "https://www.ysfine.com/maga/phys/naimar?C=D%3BO%3DA" "Mozilla/5.0 (Linux; Android 7.0;) AppleWebKit/537.36 (KHTML, like Gecko) Mobile Safari/537.36 (compatible; PetalBot;+https://webmaster.petalsearch.com/site/petalbot)" "www.ysfine.com"
40.77.167.27 - - [09/Sep/2022:04:39:07 -0700] "GET /feynman/fb4.jpg HTTP/1.1" 200 55951 "-" "Mozilla/5.0 (compatible; bingbot/2.0; +http://www.bing.com/bingbot.htm)" "www.ysfine.com"
40.77.167.35 - - [09/Sep/2022:04:40:15 -0700] "GET /maga/phys/standardmo11b.jpg HTTP/1.1" 200 52388 "-" "Mozilla/5.0 AppleWebKit/537.36 (KHTML, like Gecko; compatible; bingbot/2.0; +http://www.bing.com/bingbot.htm) Chrome/103.0.5060.134 Safari/537.36" "www.ysfine.com"
94.66.136.191 - - [09/Sep/2022:04:40:20 -0700] "GET /dirac/dirpoems.html HTTP/1.1" 200 5773 "-" "Mozilla/5.0 (Windows NT 10.0; Win64; x64) AppleWebKit/537.36 (KHTML, like Gecko) Chrome/105.0.0.0 Safari/537.36" "ysfine.com"
94.66.136.191 - - [09/Sep/2022:04:40:20 -0700] "GET /dirac/dirpoet.html HTTP/1.1" 200 7966 "-" "Mozilla/5.0 (Windows NT 10.0; Win64; x64) AppleWebKit/537.36 (KHTML, like Gecko) Chrome/105.0.0.0 Safari/537.36" "ysfine.com"
74.125.208.141 - - [09/Sep/2022:04:40:20 -0700] "GET /dirac/dirpoems.html HTTP/1.1" 200 5773 "-" "Mozilla/5.0 (Windows NT 10.0; Win64; x64) AppleWebKit/537.36 (KHTML, like Gecko) Chrome/105.0.0.0 Safari/537.36,gzip(gfe)" "ysfine.com"
74.125.208.141 - - [09/Sep/2022:04:40:20 -0700] "GET /dirac/dirpoet.html HTTP/1.1" 200 7966 "-" "Mozilla/5.0 (Windows NT 10.0; Win64; x64) AppleWebKit/537.36 (KHTML, like Gecko) Chrome/105.0.0.0 Safari/537.36,gzip(gfe)" "ysfine.com"
40.77.167.33 - - [09/Sep/2022:04:40:59 -0700] "GET /style/music/lascala12.jpg HTTP/1.1" 200 116101 "-" "Mozilla/5.0 (compatible; bingbot/2.0; +http://www.bing.com/bingbot.htm)" "ysfine.com"
114.119.128.14 - - [09/Sep/2022:04:40:59 -0700] "GET /wisdom/wk03.html HTTP/1.1" 200 85378 "https://zims-en.kiwix.campusafrica.gos.orange.com/wikipedia_en_all_nopic_2019-12/A/Kim_Chang-ryong" "Mozilla/5.0 (Linux; Android 7.0;) AppleWebKit/537.36 (KHTML, like Gecko) Mobile Safari/537.36 (compatible; PetalBot;+https://webmaster.petalsearch.com/site/petalbot)" "www.ysfine.com"
40.77.167.27 - - [09/Sep/2022:04:42:07 -0700] "GET /wdc/kennedyc17b.jpg HTTP/1.1" 200 38708 "-" "Mozilla/5.0 (compatible; bingbot/2.0; +http://www.bing.com/bingbot.htm)" "ysfine.com"
123.125.109.142 - - [09/Sep/2022:04:42:39 -0700] "GET / HTTP/1.1" 200 5283 "-" "Sogou web spider/4.0(+http://www.sogou.com/docs/help/webmasters.htm#07)" "ysfine.com"
185.191.171.4 - - [09/Sep/2022:04:43:08 -0700] "GET /wdc/vernon.html HTTP/1.1" 200 1516 "-" "Mozilla/5.0 (compatible; SemrushBot/7~bl; +http://www.semrush.com/bot.html)" "www.ysfine.com"
95.163.255.100 - - [09/Sep/2022:04:44:16 -0700] "GET /robots.txt HTTP/1.1" 404 73 "-" "Mozilla/5.0 (compatible; Linux x86_64; Mail.RU_Bot/Img/2.0; +https://help.mail.ru/webmaster/indexing/robots)" "ysfine.com"
157.55.39.112 - - [09/Sep/2022:04:44:45 -0700] "GET /robots.txt HTTP/1.1" 404 88 "-" "Mozilla/5.0 (compatible; bingbot/2.0; +http://www.bing.com/bingbot.htm)" "ysfine.com"
40.77.167.35 - - [09/Sep/2022:04:44:46 -0700] "GET /world/ital/rome004.jpg HTTP/1.1" 200 138545 "-" "Mozilla/5.0 (compatible; bingbot/2.0; +http://www.bing.com/bingbot.htm)" "ysfine.com"
40.77.167.33 - - [09/Sep/2022:04:45:29 -0700] "GET /manko/bregenz94.jpg HTTP/1.1" 200 53448 "-" "Mozilla/5.0 (compatible; bingbot/2.0; +http://www.bing.com/bingbot.htm)" "ysfine.com"
185.191.171.7 - - [09/Sep/2022:04:45:30 -0700] "GET /class54/class5470/total_data/sub_613.htm HTTP/1.1" 200 3196 "-" "Mozilla/5.0 (compatible; SemrushBot/7~bl; +http://www.semrush.com/bot.html)" "www.ysfine.com"
40.77.167.99 - - [09/Sep/2022:04:46:08 -0700] "GET /robots.txt HTTP/1.1" 404 88 "-" "Mozilla/5.0 (compatible; bingbot/2.0; +http://www.bing.com/bingbot.htm)" "ysfine.com"
40.77.167.33 - - [09/Sep/2022:04:46:10 -0700] "GET /wisdom/koelectric.html HTTP/1.1" 200 5212 "-" "Mozilla/5.0 (compatible; bingbot/2.0; +http://www.bing.com/bingbot.htm)" "ysfine.com"
40.77.167.35 - - [09/Sep/2022:04:47:06 -0700] "GET /world/ital/itstu06.jpg HTTP/1.1" 200 74517 "-" "Mozilla/5.0 (compatible; bingbot/2.0; +http://www.bing.com/bingbot.htm)" "ysfine.com"
95.163.255.100 - - [09/Sep/2022:04:47:55 -0700] "GET /kowar/mil/tank03b.jpg HTTP/1.1" 404 88 "http://go.mail.ru/search_images" "Mozilla/5.0 (compatible; Linux x86_64; Mail.RU_Bot/Img/2.0; +https://help.mail.ru/webmaster/indexing/robots)" "ysfine.com"
116.96.47.191 - - [09/Sep/2022:04:48:18 -0700] "GET /kowar/panmun04.jpg HTTP/1.1" 200 126386 "https://www.google.com.vn/" "Mozilla/5.0 (iPhone; CPU iPhone OS 15_5 like Mac OS X) AppleWebKit/605.1.15 (KHTML, like Gecko) Version/15.5 Mobile/15E148 Safari/604.1" "ysfine.com"
40.77.167.27 - - [09/Sep/2022:04:51:38 -0700] "GET /usca/pitt/mellon35b.jpg HTTP/1.1" 200 39498 "-" "Mozilla/5.0 (compatible; bingbot/2.0; +http://www.bing.com/bingbot.htm)" "www.ysfine.com"
40.77.167.33 - - [09/Sep/2022:04:52:11 -0700] "GET /dongio/airlines.html HTTP/1.1" 404 88 "-" "Mozilla/5.0 (compatible; bingbot/2.0; +http://www.bing.com/bingbot.htm)" "ysfine.com"
173.231.127.114 - - [09/Sep/2022:04:53:47 -0700] "GET /dirac/dirheisen.jpg HTTP/1.1" 200 75452 "https://nortonsafe.search.ask.com/" "Mozilla/5.0 (Windows NT 10.0; Win64; x64; rv:104.0) Gecko/20100101 Firefox/104.0" "www.ysfine.com"
173.231.127.114 - - [09/Sep/2022:04:54:02 -0700] "GET /world/scandi/nbi26.jpg HTTP/1.1" 200 75196 "https://nortonsafe.search.ask.com/" "Mozilla/5.0 (Windows NT 10.0; Win64; x64; rv:104.0) Gecko/20100101 Firefox/104.0" "www.ysfine.com"
173.231.127.114 - - [09/Sep/2022:04:54:02 -0700] "GET /maga/phys/bohrheisen11.jpg HTTP/1.1" 200 104546 "https://nortonsafe.search.ask.com/" "Mozilla/5.0 (Windows NT 10.0; Win64; x64; rv:104.0) Gecko/20100101 Firefox/104.0" "www.ysfine.com"
157.55.39.146 - - [09/Sep/2022:04:54:26 -0700] "GET /wdc/gtown12.jpg HTTP/1.1" 200 122617 "-" "Mozilla/5.0 (compatible; bingbot/2.0; +http://www.bing.com/bingbot.htm)" "www.ysfine.com"
12.35.54.5 - - [09/Sep/2022:04:54:33 -0700] "GET /princeton/alexan22.jpg HTTP/1.1" 200 175436 "https://www.google.com/" "Mozilla/5.0 (iPhone; CPU iPhone OS 15_6_1 like Mac OS X) AppleWebKit/605.1.15 (KHTML, like Gecko) Version/15.6.1 Mobile/15E148 Safari/604.1" "ysfine.com"
45.179.181.142 - - [09/Sep/2022:04:55:39 -0700] "GET /wigner/neum/vnc03.jpg HTTP/1.1" 200 80421 "https://www.google.com/" "Mozilla/5.0 (Windows NT 10.0; Win64; x64) AppleWebKit/537.36 (KHTML, like Gecko) Chrome/105.0.0.0 Safari/537.36" "ysfine.com"
51.222.253.4 - - [09/Sep/2022:04:55:53 -0700] "GET /home/wigstu.html HTTP/1.1" 200 4212 "-" "Mozilla/5.0 (compatible; AhrefsBot/7.0; +http://ahrefs.com/robot/)" "www.ysfine.com"
51.222.253.13 - - [09/Sep/2022:04:55:55 -0700] "GET /wigner/wigwein33c.jpg HTTP/1.1" 200 47176 "-" "Mozilla/5.0 (compatible; AhrefsBot/7.0; +http://ahrefs.com/robot/)" "www.ysfine.com"
51.222.253.13 - - [09/Sep/2022:04:55:55 -0700] "GET /home/taylor450.jpg HTTP/1.1" 200 68527 "-" "Mozilla/5.0 (compatible; AhrefsBot/7.0; +http://ahrefs.com/robot/)" "www.ysfine.com"
51.222.253.11 - - [09/Sep/2022:04:55:56 -0700] "GET /wigner/euclid05c.jpg HTTP/1.1" 200 27861 "-" "Mozilla/5.0 (compatible; AhrefsBot/7.0; +http://ahrefs.com/robot/)" "www.ysfine.com"
51.222.253.13 - - [09/Sep/2022:04:55:56 -0700] "GET /home/figs/isomor77f.jpg HTTP/1.1" 200 62704 "-" "Mozilla/5.0 (compatible; AhrefsBot/7.0; +http://ahrefs.com/robot/)" "www.ysfine.com"
51.222.253.16 - - [09/Sep/2022:04:55:56 -0700] "GET /wigner/wighome11c.jpg HTTP/1.1" 200 45648 "-" "Mozilla/5.0 (compatible; AhrefsBot/7.0; +http://ahrefs.com/robot/)" "www.ysfine.com"
77.240.183.232 - - [09/Sep/2022:04:56:13 -0700] "GET /world/polandp.html HTTP/1.1" 200 15630 "-" "Mozilla/5.0 (compatible; SpiderLing (a SPIDER for LINGustic research); +http://nlp.fi.muni.cz/projects/biwec/)" "ysfine.com"
40.77.167.35 - - [09/Sep/2022:04:58:59 -0700] "GET /wdc/w69kor05.jpg HTTP/1.1" 200 76441 "-" "Mozilla/5.0 (compatible; bingbot/2.0; +http://www.bing.com/bingbot.htm)" "www.ysfine.com"
114.119.128.143 - - [09/Sep/2022:04:59:44 -0700] "GET /remote/sisfa12aa/frame03.html HTTP/1.1" 200 320 "https://ysfine.com/remote/sisfa12aa/frame04.html" "Mozilla/5.0 (Linux; Android 7.0;) AppleWebKit/537.36 (KHTML, like Gecko) Mobile Safari/537.36 (compatible; PetalBot;+https://webmaster.petalsearch.com/site/petalbot)" "ysfine.com"
37.115.114.47 - - [09/Sep/2022:04:59:51 -0700] "GET / HTTP/1.1" 200 15910 "https://ysfine.com/" "Mozilla/5.0 (Windows NT 10.0; Win64; x64) AppleWebKit/537.36 (KHTML, like Gecko) Chrome/90.0.4430.85 Safari/537.36 Edg/90.0.818.46" "ysfine.com"
40.77.167.27 - - [09/Sep/2022:05:02:39 -0700] "GET /people/princeton68.jpg HTTP/1.1" 200 192633 "-" "Mozilla/5.0 (compatible; bingbot/2.0; +http://www.bing.com/bingbot.htm)" "www.ysfine.com"
114.119.128.158 - - [09/Sep/2022:05:02:55 -0700] "GET /awards/marq00.pdf HTTP/1.1" 200 173794 "https://ysfine.com/awards/index.html" "Mozilla/5.0 (Linux; Android 7.0;) AppleWebKit/537.36 (KHTML, like Gecko) Mobile Safari/537.36 (compatible; PetalBot;+https://webmaster.petalsearch.com/site/petalbot)" "ysfine.com"
157.55.39.146 - - [09/Sep/2022:05:03:25 -0700] "GET /einstein/ysturner.jpg HTTP/1.1" 200 176356 "-" "Mozilla/5.0 (compatible; bingbot/2.0; +http://www.bing.com/bingbot.htm)" "ysfine.com"
40.77.167.28 - - [09/Sep/2022:05:03:36 -0700] "GET /world/germany/oktf06.jpg HTTP/1.1" 200 116199 "-" "Mozilla/5.0 (compatible; bingbot/2.0; +http://www.bing.com/bingbot.htm)" "ysfine.com"
77.240.183.232 - - [09/Sep/2022:05:03:45 -0700] "GET /class54/roskeim.html HTTP/1.1" 200 2048 "-" "Mozilla/5.0 (compatible; SpiderLing (a SPIDER for LINGustic research); +http://nlp.fi.muni.cz/projects/biwec/)" "ysfine.com"
40.77.167.33 - - [09/Sep/2022:05:04:11 -0700] "GET /saram/d004.jpg HTTP/1.1" 200 83952 "-" "Mozilla/5.0 AppleWebKit/537.36 (KHTML, like Gecko; compatible; bingbot/2.0; +http://www.bing.com/bingbot.htm) Chrome/103.0.5060.134 Safari/537.36" "www.ysfine.com"
114.119.128.154 - - [09/Sep/2022:05:04:53 -0700] "GET /maga/naimark.html HTTP/1.1" 200 4603 "https://www.ysfine.com/wigner/wigpoinc.html" "Mozilla/5.0 (Linux; Android 7.0;) AppleWebKit/537.36 (KHTML, like Gecko) Mobile Safari/537.36 (compatible; PetalBot;+https://webmaster.petalsearch.com/site/petalbot)" "www.ysfine.com"
77.240.183.232 - - [09/Sep/2022:05:05:19 -0700] "GET /home/mathrev.html HTTP/1.1" 200 3652 "-" "Mozilla/5.0 (compatible; SpiderLing (a SPIDER for LINGustic research); +http://nlp.fi.muni.cz/projects/biwec/)" "ysfine.com"
40.77.167.28 - - [09/Sep/2022:05:05:27 -0700] "GET /einstein/evol22b.jpg HTTP/1.1" 200 29614 "-" "Mozilla/5.0 (compatible; bingbot/2.0; +http://www.bing.com/bingbot.htm)" "www.ysfine.com"
40.77.167.27 - - [09/Sep/2022:05:06:50 -0700] "GET /wisdom/wk10.html HTTP/1.1" 200 24659 "-" "Mozilla/5.0 (compatible; bingbot/2.0; +http://www.bing.com/bingbot.htm)" "ysfine.com"
40.77.167.35 - - [09/Sep/2022:05:06:54 -0700] "GET /wdc/wasdc.html HTTP/1.1" 200 13295 "-" "Mozilla/5.0 (compatible; bingbot/2.0; +http://www.bing.com/bingbot.htm)" "ysfine.com"
157.55.39.146 - - [09/Sep/2022:05:06:59 -0700] "GET /world/munich.html HTTP/1.1" 200 3101 "-" "Mozilla/5.0 (compatible; bingbot/2.0; +http://www.bing.com/bingbot.htm)" "ysfine.com"
157.55.39.146 - - [09/Sep/2022:05:06:59 -0700] "GET /world/china22.html HTTP/1.1" 200 12827 "-" "Mozilla/5.0 (compatible; bingbot/2.0; +http://www.bing.com/bingbot.htm)" "ysfine.com"
157.55.39.146 - - [09/Sep/2022:05:06:59 -0700] "GET /world/wdrigh.html HTTP/1.1" 200 2217 "-" "Mozilla/5.0 (compatible; bingbot/2.0; +http://www.bing.com/bingbot.htm)" "ysfine.com"
40.77.167.35 - - [09/Sep/2022:05:07:41 -0700] "GET /dongio/korean.html HTTP/1.1" 404 88 "-" "Mozilla/5.0 (compatible; bingbot/2.0; +http://www.bing.com/bingbot.htm)" "ysfine.com"
114.119.128.154 - - [09/Sep/2022:05:07:59 -0700] "GET /class54/class5470/total_data/sub_418.htm HTTP/1.1" 200 3204 "https://ysfine.com/class54/class5470/total_data/sub_401.htm" "Mozilla/5.0 (Linux; Android 7.0;) AppleWebKit/537.36 (KHTML, like Gecko) Mobile Safari/537.36 (compatible; PetalBot;+https://webmaster.petalsearch.com/site/petalbot)" "ysfine.com"
77.240.183.232 - - [09/Sep/2022:05:08:09 -0700] "GET /yspapers/einh.pdf HTTP/1.1" 200 270732 "-" "Mozilla/5.0 (compatible; SpiderLing (a SPIDER for LINGustic research); +http://nlp.fi.muni.cz/projects/biwec/)" "ysfine.com"
185.191.171.7 - - [09/Sep/2022:05:09:03 -0700] "GET /robots.txt HTTP/1.1" 404 88 "-" "Mozilla/5.0 (compatible; SemrushBot/7~bl; +http://www.semrush.com/bot.html)" "ysfine.com"
185.191.171.34 - - [09/Sep/2022:05:09:04 -0700] "GET /style/newart.html HTTP/1.1" 200 1711 "-" "Mozilla/5.0 (compatible; SemrushBot/7~bl; +http://www.semrush.com/bot.html)" "ysfine.com"
145.94.167.62 - - [09/Sep/2022:05:09:16 -0700] "GET /maga/phys/huy03.jpg HTTP/1.1" 200 236988 "https://www.google.com/" "Mozilla/5.0 (Windows NT 10.0; Win64; x64) AppleWebKit/537.36 (KHTML, like Gecko) Chrome/105.0.0.0 Safari/537.36" "ysfine.com"
77.240.183.232 - - [09/Sep/2022:05:09:20 -0700] "GET /maga/marx.html HTTP/1.1" 200 15701 "-" "Mozilla/5.0 (compatible; SpiderLing (a SPIDER for LINGustic research); +http://nlp.fi.muni.cz/projects/biwec/)" "ysfine.com"
114.119.128.154 - - [09/Sep/2022:05:09:22 -0700] "GET /style/cameras/deer11c.jpg HTTP/1.1" 200 23535 "https://ysfine.com/style/leica.html" "Mozilla/5.0 (Linux; Android 7.0;) AppleWebKit/537.36 (KHTML, like Gecko) Mobile Safari/537.36 (compatible; PetalBot;+https://webmaster.petalsearch.com/site/petalbot)" "ysfine.com"
40.77.167.28 - - [09/Sep/2022:05:09:29 -0700] "GET /world/poland/curiep01.jpg HTTP/1.1" 200 60156 "-" "Mozilla/5.0 (compatible; bingbot/2.0; +http://www.bing.com/bingbot.htm)" "www.ysfine.com"
40.77.167.35 - - [09/Sep/2022:05:10:11 -0700] "GET /kobak/underw02.jpg HTTP/1.1" 200 61728 "-" "Mozilla/5.0 (compatible; bingbot/2.0; +http://www.bing.com/bingbot.htm)" "ysfine.com"
40.77.167.28 - - [09/Sep/2022:05:10:48 -0700] "GET /dongio/latvia11b.jpg HTTP/1.1" 404 88 "-" "Mozilla/5.0 (compatible; bingbot/2.0; +http://www.bing.com/bingbot.htm)" "ysfine.com"
157.55.39.146 - - [09/Sep/2022:05:12:06 -0700] "GET /world/russ/kiev012b.jpg HTTP/1.1" 200 47289 "-" "Mozilla/5.0 (compatible; bingbot/2.0; +http://www.bing.com/bingbot.htm)" "ysfine.com"
157.55.39.146 - - [09/Sep/2022:05:12:47 -0700] "GET /style/alexandrov11b.jpg HTTP/1.1" 200 49523 "-" "Mozilla/5.0 (compatible; bingbot/2.0; +http://www.bing.com/bingbot.htm)" "www.ysfine.com"
40.77.167.35 - - [09/Sep/2022:05:13:00 -0700] "GET /saram/g007.jpg HTTP/1.1" 200 178006 "-" "Mozilla/5.0 (compatible; bingbot/2.0; +http://www.bing.com/bingbot.htm)" "www.ysfine.com"
114.119.128.143 - - [09/Sep/2022:05:14:33 -0700] "GET /home/iaotp/list21.pdf HTTP/1.1" 404 88 "https://ysfine.com/home/iao.html" "Mozilla/5.0 (Linux; Android 7.0;) AppleWebKit/537.36 (KHTML, like Gecko) Mobile Safari/537.36 (compatible; PetalBot;+https://webmaster.petalsearch.com/site/petalbot)" "ysfine.com"
40.77.167.35 - - [09/Sep/2022:05:14:41 -0700] "GET /wigner/wigein.jpg HTTP/1.1" 200 152965 "-" "Mozilla/5.0 (compatible; bingbot/2.0; +http://www.bing.com/bingbot.htm)" "www.ysfine.com"
40.77.167.28 - - [09/Sep/2022:05:14:48 -0700] "GET /yspapers/parton66a.jpg HTTP/1.1" 200 63749 "-" "Mozilla/5.0 (compatible; bingbot/2.0; +http://www.bing.com/bingbot.htm)" "ysfine.com"
209.80.156.47 - - [09/Sep/2022:05:15:13 -0700] "GET /princeton/alexan22.jpg HTTP/1.1" 200 175436 "https://www.google.com/" "Mozilla/5.0 (Windows NT 10.0; Win64; x64) AppleWebKit/537.36 (KHTML, like Gecko) Chrome/105.0.0.0 Safari/537.36 Edg/105.0.1343.27" "ysfine.com"
40.77.167.35 - - [09/Sep/2022:05:15:30 -0700] "GET /wigner/gim/map02.jpg HTTP/1.1" 200 135793 "-" "Mozilla/5.0 (compatible; bingbot/2.0; +http://www.bing.com/bingbot.htm)" "www.ysfine.com"
40.77.167.35 - - [09/Sep/2022:05:16:08 -0700] "GET /princeton/deans.jpg HTTP/1.1" 200 81209 "-" "Mozilla/5.0 (compatible; bingbot/2.0; +http://www.bing.com/bingbot.htm)" "ysfine.com"
1.126.17.201 - - [09/Sep/2022:05:16:26 -0700] "GET /maga/desiree.html HTTP/1.1" 200 2747 "https://www.google.com/" "Mozilla/5.0 (Linux; Android 12; SM-A217F) AppleWebKit/537.36 (KHTML, like Gecko) Chrome/104.0.0.0 Mobile Safari/537.36" "ysfine.com"
1.126.17.201 - - [09/Sep/2022:05:16:27 -0700] "GET /maga/histo/desiree23b.jpg HTTP/1.1" 200 40638 "https://ysfine.com/maga/desiree.html" "Mozilla/5.0 (Linux; Android 12; SM-A217F) AppleWebKit/537.36 (KHTML, like Gecko) Chrome/104.0.0.0 Mobile Safari/537.36" "ysfine.com"
1.126.17.201 - - [09/Sep/2022:05:16:27 -0700] "GET /maga/histo/swedking01b.jpg HTTP/1.1" 200 41020 "https://ysfine.com/maga/desiree.html" "Mozilla/5.0 (Linux; Android 12; SM-A217F) AppleWebKit/537.36 (KHTML, like Gecko) Chrome/104.0.0.0 Mobile Safari/537.36" "ysfine.com"
1.126.17.201 - - [09/Sep/2022:05:16:27 -0700] "GET /maga/histo/desiree21b.jpg HTTP/1.1" 200 40810 "https://ysfine.com/maga/desiree.html" "Mozilla/5.0 (Linux; Android 12; SM-A217F) AppleWebKit/537.36 (KHTML, like Gecko) Chrome/104.0.0.0 Mobile Safari/537.36" "ysfine.com"
1.126.17.201 - - [09/Sep/2022:05:16:27 -0700] "GET /maga/histo/desiree22b.jpg HTTP/1.1" 200 44724 "https://ysfine.com/maga/desiree.html" "Mozilla/5.0 (Linux; Android 12; SM-A217F) AppleWebKit/537.36 (KHTML, like Gecko) Chrome/104.0.0.0 Mobile Safari/537.36" "ysfine.com"
1.126.17.201 - - [09/Sep/2022:05:16:27 -0700] "GET /maga/histo/desiree24b.jpg HTTP/1.1" 200 44371 "https://ysfine.com/maga/desiree.html" "Mozilla/5.0 (Linux; Android 12; SM-A217F) AppleWebKit/537.36 (KHTML, like Gecko) Chrome/104.0.0.0 Mobile Safari/537.36" "ysfine.com"
1.126.17.201 - - [09/Sep/2022:05:16:27 -0700] "GET /maga/histo/desiree25b.jpg HTTP/1.1" 200 38423 "https://ysfine.com/maga/desiree.html" "Mozilla/5.0 (Linux; Android 12; SM-A217F) AppleWebKit/537.36 (KHTML, like Gecko) Chrome/104.0.0.0 Mobile Safari/537.36" "ysfine.com"
1.126.17.201 - - [09/Sep/2022:05:16:28 -0700] "GET /maga/histo/oscar33a.jpg HTTP/1.1" 200 47506 "https://ysfine.com/maga/desiree.html" "Mozilla/5.0 (Linux; Android 12; SM-A217F) AppleWebKit/537.36 (KHTML, like Gecko) Chrome/104.0.0.0 Mobile Safari/537.36" "ysfine.com"
1.126.17.201 - - [09/Sep/2022:05:16:28 -0700] "GET /maga/histo/victoria01b.jpg HTTP/1.1" 200 36748 "https://ysfine.com/maga/desiree.html" "Mozilla/5.0 (Linux; Android 12; SM-A217F) AppleWebKit/537.36 (KHTML, like Gecko) Chrome/104.0.0.0 Mobile Safari/537.36" "ysfine.com"
1.126.17.201 - - [09/Sep/2022:05:16:28 -0700] "GET /maga/histo/oscar22b.jpg HTTP/1.1" 200 36819 "https://ysfine.com/maga/desiree.html" "Mozilla/5.0 (Linux; Android 12; SM-A217F) AppleWebKit/537.36 (KHTML, like Gecko) Chrome/104.0.0.0 Mobile Safari/537.36" "ysfine.com"
1.126.17.201 - - [09/Sep/2022:05:16:29 -0700] "GET /eink/eink61c.jpg HTTP/1.1" 200 34119 "https://ysfine.com/maga/desiree.html" "Mozilla/5.0 (Linux; Android 12; SM-A217F) AppleWebKit/537.36 (KHTML, like Gecko) Chrome/104.0.0.0 Mobile Safari/537.36" "ysfine.com"
1.126.17.201 - - [09/Sep/2022:05:16:31 -0700] "GET /favicon.ico HTTP/1.1" 404 88 "https://ysfine.com/maga/desiree.html" "Mozilla/5.0 (Linux; Android 12; SM-A217F) AppleWebKit/537.36 (KHTML, like Gecko) Chrome/104.0.0.0 Mobile Safari/537.36" "ysfine.com"
157.55.39.146 - - [09/Sep/2022:05:16:47 -0700] "GET /world/wdbot.html HTTP/1.1" 304 - "-" "Mozilla/5.0 (compatible; bingbot/2.0; +http://www.bing.com/bingbot.htm)" "www.ysfine.com"
40.77.167.35 - - [09/Sep/2022:05:17:10 -0700] "GET /world/andal.html HTTP/1.1" 200 10099 "-" "Mozilla/5.0 (compatible; bingbot/2.0; +http://www.bing.com/bingbot.htm)" "ysfine.com"
40.77.167.35 - - [09/Sep/2022:05:17:10 -0700] "GET /philo/marx.html HTTP/1.1" 200 6465 "-" "Mozilla/5.0 (compatible; bingbot/2.0; +http://www.bing.com/bingbot.htm)" "ysfine.com"
40.77.167.33 - - [09/Sep/2022:05:17:13 -0700] "GET /style/restau.html HTTP/1.1" 200 2149 "-" "Mozilla/5.0 (compatible; bingbot/2.0; +http://www.bing.com/bingbot.htm)" "ysfine.com"
40.77.167.27 - - [09/Sep/2022:05:17:15 -0700] "GET /world/trier.html HTTP/1.1" 200 6488 "-" "Mozilla/5.0 AppleWebKit/537.36 (KHTML, like Gecko; compatible; bingbot/2.0; +http://www.bing.com/bingbot.htm) Chrome/103.0.5060.134 Safari/537.36" "ysfine.com"
40.77.167.28 - - [09/Sep/2022:05:17:21 -0700] "GET /world/spb.html HTTP/1.1" 200 16118 "-" "Mozilla/5.0 (compatible; bingbot/2.0; +http://www.bing.com/bingbot.htm)" "ysfine.com"
40.77.167.28 - - [09/Sep/2022:05:17:21 -0700] "GET /home/dwf33.html HTTP/1.1" 200 7188 "-" "Mozilla/5.0 (compatible; bingbot/2.0; +http://www.bing.com/bingbot.htm)" "ysfine.com"
40.77.167.28 - - [09/Sep/2022:05:17:21 -0700] "GET /feynman/feygell.html HTTP/1.1" 200 4714 "-" "Mozilla/5.0 (compatible; bingbot/2.0; +http://www.bing.com/bingbot.htm)" "ysfine.com"
157.55.39.146 - - [09/Sep/2022:05:18:38 -0700] "GET /style/cameras/lumixfan11b.jpg HTTP/1.1" 200 35886 "-" "Mozilla/5.0 (compatible; bingbot/2.0; +http://www.bing.com/bingbot.htm)" "www.ysfine.com"
185.191.171.33 - - [09/Sep/2022:05:19:00 -0700] "GET /wigner/wbrill.html HTTP/1.1" 200 4163 "-" "Mozilla/5.0 (compatible; SemrushBot/7~bl; +http://www.semrush.com/bot.html)" "ysfine.com"
185.191.171.23 - - [09/Sep/2022:05:19:05 -0700] "GET /robots.txt HTTP/1.1" 404 88 "-" "Mozilla/5.0 (compatible; SemrushBot/7~bl; +http://www.semrush.com/bot.html)" "www.ysfine.com"
185.191.171.20 - - [09/Sep/2022:05:19:05 -0700] "GET /class54/class5470/total_data/sub_764.htm HTTP/1.1" 200 3289 "-" "Mozilla/5.0 (compatible; SemrushBot/7~bl; +http://www.semrush.com/bot.html)" "www.ysfine.com"
202.58.196.97 - - [09/Sep/2022:05:19:18 -0700] "GET /maga/phys/schrod11.jpg HTTP/1.1" 200 107958 "https://www.google.com/" "Mozilla/5.0 (Macintosh; Intel Mac OS X 10_15_7) AppleWebKit/537.36 (KHTML, like Gecko) Chrome/105.0.0.0 Safari/537.36" "ysfine.com"
185.191.171.11 - - [09/Sep/2022:05:19:36 -0700] "GET /world/muplace.html HTTP/1.1" 200 22028 "-" "Mozilla/5.0 (compatible; SemrushBot/7~bl; +http://www.semrush.com/bot.html)" "ysfine.com"
40.77.167.28 - - [09/Sep/2022:05:20:22 -0700] "GET /world/china/beijing014.jpg HTTP/1.1" 200 104683 "-" "Mozilla/5.0 (compatible; bingbot/2.0; +http://www.bing.com/bingbot.htm)" "ysfine.com"
40.77.167.27 - - [09/Sep/2022:05:20:42 -0700] "GET /world/russ/arbat21.jpg HTTP/1.1" 200 151513 "-" "Mozilla/5.0 (compatible; bingbot/2.0; +http://www.bing.com/bingbot.htm)" "ysfine.com"
40.77.167.35 - - [09/Sep/2022:05:21:21 -0700] "GET /world/germany/franko88.jpg HTTP/1.1" 200 241335 "-" "Mozilla/5.0 (compatible; bingbot/2.0; +http://www.bing.com/bingbot.htm)" "www.ysfine.com"
45.57.222.212 - - [09/Sep/2022:05:21:25 -0700] "HEAD /princeton/bagpipe03.jpg HTTP/1.1" 200 - "-" "Go-http-client/1.1" "www.ysfine.com"
45.57.222.212 - - [09/Sep/2022:05:21:25 -0700] "GET /princeton/bagpipe03.jpg HTTP/1.1" 200 77597 "-" "Go-http-client/1.1" "www.ysfine.com"
40.77.167.28 - - [09/Sep/2022:05:21:41 -0700] "GET /dongio/amkor/amwash08.jpg HTTP/1.1" 404 88 "-" "Mozilla/5.0 (compatible; bingbot/2.0; +http://www.bing.com/bingbot.htm)" "ysfine.com"
40.77.167.27 - - [09/Sep/2022:05:21:44 -0700] "GET /world/russ/kiev027b.jpg HTTP/1.1" 200 50728 "-" "Mozilla/5.0 (compatible; bingbot/2.0; +http://www.bing.com/bingbot.htm)" "ysfine.com"
118.184.177.52 - - [09/Sep/2022:05:22:30 -0700] "GET / HTTP/1.1" 200 5283 "-" "Sogou web spider/4.0(+http://www.sogou.com/docs/help/webmasters.htm#07)" "ysfine.com"
185.102.51.151 - - [09/Sep/2022:05:23:36 -0700] "GET /newyork/greenw05.jpg HTTP/1.1" 200 204059 "-" "Mozilla/5.0 (Windows NT 6.3; WOW64) AppleWebKit/537.36 (KHTML, like Gecko) Chrome/38.0.2125.111 Safari/537.36" "www.ysfine.com"
197.253.222.161 - - [09/Sep/2022:05:25:09 -0700] "GET /world/germany/leipzig04.jpg HTTP/1.1" 200 298470 "-" "com.google.android.apps.searchlite/677557 (Linux; U; Android 10; fr_MA; Infinix X657C; Build/QP1A.190711.020; Cronet/103.0.5060.42)" "ysfine.com"
5.188.210.93 - - [09/Sep/2022:05:26:01 -0700] "GET /world/travel.html HTTP/1.1" 200 5186 "https://www.ysfine.com/world/travel.html" "Mozilla/5.0 (Windows NT 10.0; Win64; x64) AppleWebKit/537.36 (KHTML, like Gecko) Chrome/90.0.4430.72 Safari/537.36" "www.ysfine.com"
5.188.210.93 - - [09/Sep/2022:05:26:02 -0700] "GET / HTTP/1.1" 200 15910 "https://www.ysfine.com/" "Mozilla/5.0 (Windows NT 10.0; Win64; x64) AppleWebKit/537.36 (KHTML, like Gecko) Chrome/90.0.4430.72 Safari/537.36" "www.ysfine.com"
40.77.167.35 - - [09/Sep/2022:05:27:21 -0700] "GET /world/germany/mucf28.jpg HTTP/1.1" 200 111505 "-" "Mozilla/5.0 (compatible; bingbot/2.0; +http://www.bing.com/bingbot.htm)" "www.ysfine.com"
20.104.219.218 - - [09/Sep/2022:05:27:48 -0700] "GET / HTTP/1.1" 200 5283 "-" "Mozilla/5.0 (Linux; Android 10; M2004J19C) AppleWebKit/537.36 (KHTML, like Gecko) Chrome/91.0.4472.77 Mobile Safari/537.36" "ysfine.com"
193.186.4.167 - - [09/Sep/2022:05:30:08 -0700] "GET /jobs/koreaj.html HTTP/1.1" 200 10214 "-" "Mozilla/5.0 (Linux; Android 10; K) AppleWebKit/537.36 (KHTML, like Gecko) Chrome/105.0.0.0 Mobile Safari/537.36" "ysfine.com"
40.77.167.28 - - [09/Sep/2022:05:30:32 -0700] "GET /world/poland/sienkiew07.jpg HTTP/1.1" 200 173287 "-" "Mozilla/5.0 (compatible; bingbot/2.0; +http://www.bing.com/bingbot.htm)" "ysfine.com"
124.145.92.57 - - [09/Sep/2022:05:30:48 -0700] "GET /kowar/tanks/m01.jpg HTTP/1.1" 200 69092 "https://www.bing.com/" "Mozilla/5.0 (Windows NT 10.0; Win64; x64) AppleWebKit/537.36 (KHTML, like Gecko) Chrome/105.0.0.0 Safari/537.36 Edg/105.0.1343.27" "www.ysfine.com"
66.249.70.4 - - [09/Sep/2022:05:30:53 -0700] "GET /world/baltic/lithuf12.jpg HTTP/1.1" 200 128454 "-" "Googlebot-Image/1.0" "ysfine.com"
40.77.167.28 - - [09/Sep/2022:05:31:08 -0700] "GET /world/kazan.html HTTP/1.1" 200 13929 "-" "Mozilla/5.0 (compatible; bingbot/2.0; +http://www.bing.com/bingbot.htm)" "ysfine.com"
40.77.167.28 - - [09/Sep/2022:05:31:11 -0700] "GET /maga/okun.html HTTP/1.1" 200 883 "-" "Mozilla/5.0 (compatible; bingbot/2.0; +http://www.bing.com/bingbot.htm)" "ysfine.com"
40.77.167.27 - - [09/Sep/2022:05:31:14 -0700] "GET /style/songs.html HTTP/1.1" 200 31570 "-" "Mozilla/5.0 (compatible; bingbot/2.0; +http://www.bing.com/bingbot.htm)" "ysfine.com"
49.37.130.156 - - [09/Sep/2022:05:34:44 -0700] "GET /wigner/wig39.jpg HTTP/1.1" 200 308724 "https://www.google.com/" "Mozilla/5.0 (Windows NT 10.0; Win64; x64) AppleWebKit/537.36 (KHTML, like Gecko) Chrome/105.0.0.0 Safari/537.36" "ysfine.com"
79.51.95.193 - - [09/Sep/2022:05:35:43 -0700] "GET /wigner/wiglittle.pdf HTTP/1.1" 200 2659296 "https://www.google.com/" "Mozilla/5.0 (Macintosh; Intel Mac OS X 10_15_7) AppleWebKit/537.36 (KHTML, like Gecko) Chrome/105.0.0.0 Safari/537.36" "ysfine.com"
79.51.95.193 - - [09/Sep/2022:05:35:43 -0700] "GET /favicon.ico HTTP/1.1" 404 88 "https://ysfine.com/wigner/wiglittle.pdf" "Mozilla/5.0 (Macintosh; Intel Mac OS X 10_15_7) AppleWebKit/537.36 (KHTML, like Gecko) Chrome/105.0.0.0 Safari/537.36" "ysfine.com"
157.55.39.112 - - [09/Sep/2022:05:35:47 -0700] "GET /robots.txt HTTP/1.1" 404 88 "-" "Mozilla/5.0 (compatible; bingbot/2.0; +http://www.bing.com/bingbot.htm)" "www.ysfine.com"
193.186.4.167 - - [09/Sep/2022:05:37:31 -0700] "GET /jobs/koreaj.html HTTP/1.1" 200 10214 "-" "Mozilla/5.0 (Linux; Android 10; K) AppleWebKit/537.36 (KHTML, like Gecko) Chrome/105.0.0.0 Mobile Safari/537.36" "ysfine.com"
