165.225.38.253 - - [09/Sep/2022:12:51:21 -0700] "GET /princeton/alexan22.jpg HTTP/1.1" 200 175436 "https://www.google.com/" "Mozilla/5.0 (Windows NT 10.0; Win64; x64) AppleWebKit/537.36 (KHTML, like Gecko) Chrome/105.0.0.0 Safari/537.36 Edg/105.0.1343.27" "ysfine.com"
40.77.167.35 - - [09/Sep/2022:12:52:14 -0700] "GET /kowar/tanks/tank22.jpg HTTP/1.1" 200 85692 "-" "Mozilla/5.0 (compatible; bingbot/2.0; +http://www.bing.com/bingbot.htm)" "ysfine.com"
114.119.128.142 - - [09/Sep/2022:12:52:46 -0700] "GET /maga/bohr.html HTTP/1.1" 200 5125 "https://ysfine.com/einstein/bohrein.html" "Mozilla/5.0 (Linux; Android 7.0;) AppleWebKit/537.36 (KHTML, like Gecko) Mobile Safari/537.36 (compatible; PetalBot;+https://webmaster.petalsearch.com/site/petalbot)" "ysfine.com"
99.144.170.141 - - [09/Sep/2022:12:53:47 -0700] "GET /princeton/alexan22.jpg HTTP/1.1" 200 175436 "https://www.google.com/" "Mozilla/5.0 (Macintosh; Intel Mac OS X 10_15_7) AppleWebKit/605.1.15 (KHTML, like Gecko) Version/15.6.1 Safari/605.1.15" "ysfine.com"
114.119.128.154 - - [09/Sep/2022:12:54:25 -0700] "GET /remote/wigner111/frame30.html HTTP/1.1" 200 408 "https://ysfine.com/remote/wigner111/frame29.html" "Mozilla/5.0 (Linux; Android 7.0;) AppleWebKit/537.36 (KHTML, like Gecko) Mobile Safari/537.36 (compatible; PetalBot;+https://webmaster.petalsearch.com/site/petalbot)" "ysfine.com"
157.55.39.146 - - [09/Sep/2022:12:55:53 -0700] "GET /world/germany/berlinmus25.jpg HTTP/1.1" 200 102212 "-" "Mozilla/5.0 (compatible; bingbot/2.0; +http://www.bing.com/bingbot.htm)" "www.ysfine.com"
114.119.128.143 - - [09/Sep/2022:12:56:14 -0700] "GET /maga/mellon.html HTTP/1.1" 200 2949 "https://ysfine.com/usca/pgh.html" "Mozilla/5.0 (Linux; Android 7.0;) AppleWebKit/537.36 (KHTML, like Gecko) Mobile Safari/537.36 (compatible; PetalBot;+https://webmaster.petalsearch.com/site/petalbot)" "ysfine.com"
40.77.167.35 - - [09/Sep/2022:12:56:35 -0700] "GET /style/conway2.jpg HTTP/1.1" 200 43069 "-" "Mozilla/5.0 (compatible; bingbot/2.0; +http://www.bing.com/bingbot.htm)" "ysfine.com"
177.221.217.5 - - [09/Sep/2022:12:57:13 -0700] "GET /wigner/neum/vnc01.jpg HTTP/1.1" 200 133641 "https://www.google.com/" "Mozilla/5.0 (Windows NT 10.0; Win64; x64) AppleWebKit/537.36 (KHTML, like Gecko) Chrome/105.0.0.0 Safari/537.36" "ysfine.com"
40.77.167.35 - - [09/Sep/2022:12:57:14 -0700] "GET /world/china/nanjing55.jpg HTTP/1.1" 200 114487 "-" "Mozilla/5.0 (compatible; bingbot/2.0; +http://www.bing.com/bingbot.htm)" "ysfine.com"
114.119.128.143 - - [09/Sep/2022:12:57:54 -0700] "GET /beau/konurse.html HTTP/1.1" 404 88 "https://www.ysfine.com/class54/emailed05.html" "Mozilla/5.0 (Linux; Android 7.0;) AppleWebKit/537.36 (KHTML, like Gecko) Mobile Safari/537.36 (compatible; PetalBot;+https://webmaster.petalsearch.com/site/petalbot)" "www.ysfine.com"
51.222.253.7 - - [09/Sep/2022:12:57:56 -0700] "GET /maga/keigel.html HTTP/1.1" 200 6995 "-" "Mozilla/5.0 (compatible; AhrefsBot/7.0; +http://ahrefs.com/robot/)" "www.ysfine.com"
51.222.253.8 - - [09/Sep/2022:12:58:00 -0700] "GET /maga/phil/comet77c.jpg HTTP/1.1" 200 73490 "-" "Mozilla/5.0 (compatible; AhrefsBot/7.0; +http://ahrefs.com/robot/)" "www.ysfine.com"
51.222.253.4 - - [09/Sep/2022:12:58:01 -0700] "GET /maga/phil/cokebell01c.jpg HTTP/1.1" 200 41667 "-" "Mozilla/5.0 (compatible; AhrefsBot/7.0; +http://ahrefs.com/robot/)" "www.ysfine.com"
51.222.253.14 - - [09/Sep/2022:12:58:01 -0700] "GET /maga/phil/keigel600.jpg HTTP/1.1" 200 54467 "-" "Mozilla/5.0 (compatible; AhrefsBot/7.0; +http://ahrefs.com/robot/)" "www.ysfine.com"
51.222.253.2 - - [09/Sep/2022:12:58:02 -0700] "GET /maga/phil/dirackn33.jpg HTTP/1.1" 200 76581 "-" "Mozilla/5.0 (compatible; AhrefsBot/7.0; +http://ahrefs.com/robot/)" "www.ysfine.com"
51.222.253.19 - - [09/Sep/2022:12:58:02 -0700] "GET /maga/phil/tao06c.jpg HTTP/1.1" 200 59786 "-" "Mozilla/5.0 (compatible; AhrefsBot/7.0; +http://ahrefs.com/robot/)" "www.ysfine.com"
51.222.253.14 - - [09/Sep/2022:12:58:03 -0700] "GET /maga/phil/further03c.jpg HTTP/1.1" 200 67765 "-" "Mozilla/5.0 (compatible; AhrefsBot/7.0; +http://ahrefs.com/robot/)" "www.ysfine.com"
40.77.167.35 - - [09/Sep/2022:12:58:06 -0700] "GET /style/cameras/fed3b.jpg HTTP/1.1" 200 42824 "-" "Mozilla/5.0 (compatible; bingbot/2.0; +http://www.bing.com/bingbot.htm)" "ysfine.com"
40.77.167.27 - - [09/Sep/2022:12:59:36 -0700] "GET /usca/pitt/cmall57b.jpg HTTP/1.1" 200 34082 "-" "Mozilla/5.0 (compatible; bingbot/2.0; +http://www.bing.com/bingbot.htm)" "ysfine.com"
185.191.171.13 - - [09/Sep/2022:13:00:06 -0700] "GET /wdc/was69kor.html HTTP/1.1" 200 304 "-" "Mozilla/5.0 (compatible; SemrushBot/7~bl; +http://www.semrush.com/bot.html)" "ysfine.com"
114.119.128.143 - - [09/Sep/2022:13:00:17 -0700] "GET /maga/kantao.html HTTP/1.1" 200 1675 "https://ysfine.com/einstein/einphil.html" "Mozilla/5.0 (Linux; Android 7.0;) AppleWebKit/537.36 (KHTML, like Gecko) Mobile Safari/537.36 (compatible; PetalBot;+https://webmaster.petalsearch.com/site/petalbot)" "ysfine.com"
114.119.128.154 - - [09/Sep/2022:13:02:06 -0700] "GET /class54/class5470/total_data/sub_202.htm HTTP/1.1" 200 3395 "https://ysfine.com/class54/class5470/total_data/sub_201.htm" "Mozilla/5.0 (Linux; Android 7.0;) AppleWebKit/537.36 (KHTML, like Gecko) Mobile Safari/537.36 (compatible; PetalBot;+https://webmaster.petalsearch.com/site/petalbot)" "ysfine.com"
66.249.70.3 - - [09/Sep/2022:13:03:12 -0700] "GET /einstein/eins47.jpg HTTP/1.1" 304 - "-" "Googlebot-Image/1.0" "ysfine.com"
114.119.128.143 - - [09/Sep/2022:13:03:37 -0700] "GET /world/ital/flor062.jpg HTTP/1.1" 200 101882 "https://ysfine.com/world/florence.html" "Mozilla/5.0 (Linux; Android 7.0;) AppleWebKit/537.36 (KHTML, like Gecko) Mobile Safari/537.36 (compatible; PetalBot;+https://webmaster.petalsearch.com/site/petalbot)" "ysfine.com"
40.77.167.33 - - [09/Sep/2022:13:04:26 -0700] "GET /feynman/page55.jpg HTTP/1.1" 200 98479 "-" "Mozilla/5.0 (compatible; bingbot/2.0; +http://www.bing.com/bingbot.htm)" "ysfine.com"
172.58.219.5 - - [09/Sep/2022:13:04:30 -0700] "GET /princeton/alexan22.jpg HTTP/1.1" 200 175436 "https://www.google.com/" "Mozilla/5.0 (iPhone; CPU iPhone OS 15_6_1 like Mac OS X) AppleWebKit/605.1.15 (KHTML, like Gecko) Version/15.6.1 Mobile/15E148 Safari/604.1" "ysfine.com"
40.77.167.27 - - [09/Sep/2022:13:05:15 -0700] "GET /world/germany/hofbrau33.jpg HTTP/1.1" 200 97307 "-" "Mozilla/5.0 (compatible; bingbot/2.0; +http://www.bing.com/bingbot.htm)" "www.ysfine.com"
157.55.39.146 - - [09/Sep/2022:13:05:32 -0700] "GET /sbk/2005ritz11.jpg HTTP/1.1" 200 93361 "-" "Mozilla/5.0 (compatible; bingbot/2.0; +http://www.bing.com/bingbot.htm)" "ysfine.com"
114.119.128.142 - - [09/Sep/2022:13:06:00 -0700] "GET /class54/class5480/Pictures/1.%C3%AC%C2%A0%C2%91%C3%AC%C2%88%C2%98%C3%AB%C2%B0%C2%8F%C3%AD%C2%99%C2%98%C3%AB%C2%8B%C2%B4/?C=D%3BO%3DA HTTP/1.1" 200 869 "https://www.ysfine.com/class54/class5480/Pictures/1.%c3%ac%c2%a0%c2%91%c3%ac%c2%88%c2%98%c3%ab%c2%b0%c2%8f%c3%ad%c2%99%c2%98%c3%ab%c2%8b%c2%b4/" "Mozilla/5.0 (Linux; Android 7.0;) AppleWebKit/537.36 (KHTML, like Gecko) Mobile Safari/537.36 (compatible; PetalBot;+https://webmaster.petalsearch.com/site/petalbot)" "www.ysfine.com"
51.222.253.11 - - [09/Sep/2022:13:06:20 -0700] "GET /home/index.html HTTP/1.1" 200 142 "-" "Mozilla/5.0 (compatible; AhrefsBot/7.0; +http://ahrefs.com/robot/)" "www.ysfine.com"
40.77.167.35 - - [09/Sep/2022:13:06:45 -0700] "GET /wigner/hazi11.jpg HTTP/1.1" 200 71634 "-" "Mozilla/5.0 (compatible; bingbot/2.0; +http://www.bing.com/bingbot.htm)" "ysfine.com"
66.249.70.30 - - [09/Sep/2022:13:06:56 -0700] "GET /dirac/sq73c.jpg HTTP/1.1" 304 - "-" "Googlebot-Image/1.0" "ysfine.com"
157.55.39.146 - - [09/Sep/2022:13:07:02 -0700] "GET /world/munich.html HTTP/1.1" 200 3101 "-" "Mozilla/5.0 (compatible; bingbot/2.0; +http://www.bing.com/bingbot.htm)" "ysfine.com"
157.55.39.146 - - [09/Sep/2022:13:07:02 -0700] "GET /world/china22.html HTTP/1.1" 200 12827 "-" "Mozilla/5.0 (compatible; bingbot/2.0; +http://www.bing.com/bingbot.htm)" "ysfine.com"
157.55.39.146 - - [09/Sep/2022:13:07:03 -0700] "GET /world/wdrigh.html HTTP/1.1" 200 2217 "-" "Mozilla/5.0 (compatible; bingbot/2.0; +http://www.bing.com/bingbot.htm)" "ysfine.com"
40.77.167.35 - - [09/Sep/2022:13:07:06 -0700] "GET /wdc/wasdc.html HTTP/1.1" 200 13295 "-" "Mozilla/5.0 (compatible; bingbot/2.0; +http://www.bing.com/bingbot.htm)" "ysfine.com"
40.77.167.27 - - [09/Sep/2022:13:07:07 -0700] "GET /wisdom/wk10.html HTTP/1.1" 200 24659 "-" "Mozilla/5.0 (compatible; bingbot/2.0; +http://www.bing.com/bingbot.htm)" "ysfine.com"
114.119.128.162 - - [09/Sep/2022:13:07:43 -0700] "GET /home/dwf.html HTTP/1.1" 200 4126 "https://www.ysfine.com/home/bio77.html" "Mozilla/5.0 (Linux; Android 7.0;) AppleWebKit/537.36 (KHTML, like Gecko) Mobile Safari/537.36 (compatible; PetalBot;+https://webmaster.petalsearch.com/site/petalbot)" "www.ysfine.com"
66.249.70.30 - - [09/Sep/2022:13:07:56 -0700] "GET /newyork/colum14.jpg HTTP/1.1" 304 - "-" "Googlebot-Image/1.0" "ysfine.com"
172.58.140.79 - - [09/Sep/2022:13:08:00 -0700] "GET /kowar/tanks/tank02.jpg HTTP/1.1" 200 74135 "https://www.bing.com/" "Mozilla/5.0 (Windows NT 10.0; Win64; x64) AppleWebKit/537.36 (KHTML, like Gecko) Chrome/105.0.0.0 Safari/537.36 Edg/105.0.1343.27" "www.ysfine.com"
114.119.128.142 - - [09/Sep/2022:13:09:18 -0700] "GET /class54/class5470/total_data/sub_862.htm HTTP/1.1" 200 3526 "https://ysfine.com/class54/class5470/total_data/sub_833.htm" "Mozilla/5.0 (Linux; Android 7.0;) AppleWebKit/537.36 (KHTML, like Gecko) Mobile Safari/537.36 (compatible; PetalBot;+https://webmaster.petalsearch.com/site/petalbot)" "ysfine.com"
1.36.118.179 - - [09/Sep/2022:13:09:44 -0700] "GET /yspapers/iopbook15.pdf HTTP/1.1" 200 2962673 "https://www.google.com/" "Mozilla/5.0 (Windows NT 10.0; Win64; x64) AppleWebKit/537.36 (KHTML, like Gecko) Chrome/104.0.0.0 Safari/537.36" "ysfine.com"
1.36.118.179 - - [09/Sep/2022:13:09:44 -0700] "GET /favicon.ico HTTP/1.1" 404 88 "https://ysfine.com/yspapers/iopbook15.pdf" "Mozilla/5.0 (Windows NT 10.0; Win64; x64) AppleWebKit/537.36 (KHTML, like Gecko) Chrome/104.0.0.0 Safari/537.36" "ysfine.com"
40.77.167.35 - - [09/Sep/2022:13:10:26 -0700] "GET /home/yshome.html HTTP/1.1" 200 5699 "-" "Mozilla/5.0 (compatible; bingbot/2.0; +http://www.bing.com/bingbot.htm)" "www.ysfine.com"
40.77.167.33 - - [09/Sep/2022:13:10:37 -0700] "GET /world/ital/verona19b.jpg HTTP/1.1" 200 47863 "-" "Mozilla/5.0 (compatible; bingbot/2.0; +http://www.bing.com/bingbot.htm)" "www.ysfine.com"
24.4.30.106 - - [09/Sep/2022:13:11:31 -0700] "GET /world/brit/etonharrow.html HTTP/1.1" 200 4546 "https://www.google.com/" "Mozilla/5.0 (Windows NT 10.0; Win64; x64) AppleWebKit/537.36 (KHTML, like Gecko) Chrome/105.0.0.0 Safari/537.36" "ysfine.com"
24.4.30.106 - - [09/Sep/2022:13:11:31 -0700] "GET /world/brit/winston01b.jpg HTTP/1.1" 200 38436 "https://ysfine.com/world/brit/etonharrow.html" "Mozilla/5.0 (Windows NT 10.0; Win64; x64) AppleWebKit/537.36 (KHTML, like Gecko) Chrome/105.0.0.0 Safari/537.36" "ysfine.com"
24.4.30.106 - - [09/Sep/2022:13:11:31 -0700] "GET /world/brit/nehru11b.jpg HTTP/1.1" 200 43052 "https://ysfine.com/world/brit/etonharrow.html" "Mozilla/5.0 (Windows NT 10.0; Win64; x64) AppleWebKit/537.36 (KHTML, like Gecko) Chrome/105.0.0.0 Safari/537.36" "ysfine.com"
24.4.30.106 - - [09/Sep/2022:13:11:31 -0700] "GET /world/brit/eton01b.jpg HTTP/1.1" 200 47771 "https://ysfine.com/world/brit/etonharrow.html" "Mozilla/5.0 (Windows NT 10.0; Win64; x64) AppleWebKit/537.36 (KHTML, like Gecko) Chrome/105.0.0.0 Safari/537.36" "ysfine.com"
24.4.30.106 - - [09/Sep/2022:13:11:31 -0700] "GET /kobak/kwk11b.jpg HTTP/1.1" 200 46888 "https://ysfine.com/world/brit/etonharrow.html" "Mozilla/5.0 (Windows NT 10.0; Win64; x64) AppleWebKit/537.36 (KHTML, like Gecko) Chrome/105.0.0.0 Safari/537.36" "ysfine.com"
24.4.30.106 - - [09/Sep/2022:13:11:31 -0700] "GET /world/brit/eton02b.jpg HTTP/1.1" 200 39432 "https://ysfine.com/world/brit/etonharrow.html" "Mozilla/5.0 (Windows NT 10.0; Win64; x64) AppleWebKit/537.36 (KHTML, like Gecko) Chrome/105.0.0.0 Safari/537.36" "ysfine.com"
24.4.30.106 - - [09/Sep/2022:13:11:32 -0700] "GET /world/brit/eton07b.jpg HTTP/1.1" 200 36566 "https://ysfine.com/world/brit/etonharrow.html" "Mozilla/5.0 (Windows NT 10.0; Win64; x64) AppleWebKit/537.36 (KHTML, like Gecko) Chrome/105.0.0.0 Safari/537.36" "ysfine.com"
24.4.30.106 - - [09/Sep/2022:13:11:32 -0700] "GET /world/brit/eton03b.jpg HTTP/1.1" 200 45141 "https://ysfine.com/world/brit/etonharrow.html" "Mozilla/5.0 (Windows NT 10.0; Win64; x64) AppleWebKit/537.36 (KHTML, like Gecko) Chrome/105.0.0.0 Safari/537.36" "ysfine.com"
24.4.30.106 - - [09/Sep/2022:13:11:32 -0700] "GET /world/brit/windsor02b.jpg HTTP/1.1" 200 40724 "https://ysfine.com/world/brit/etonharrow.html" "Mozilla/5.0 (Windows NT 10.0; Win64; x64) AppleWebKit/537.36 (KHTML, like Gecko) Chrome/105.0.0.0 Safari/537.36" "ysfine.com"
24.4.30.106 - - [09/Sep/2022:13:11:32 -0700] "GET /world/brit/harrow01b.jpg HTTP/1.1" 200 54632 "https://ysfine.com/world/brit/etonharrow.html" "Mozilla/5.0 (Windows NT 10.0; Win64; x64) AppleWebKit/537.36 (KHTML, like Gecko) Chrome/105.0.0.0 Safari/537.36" "ysfine.com"
24.4.30.106 - - [09/Sep/2022:13:11:32 -0700] "GET /world/brit/harrow12b.jpg HTTP/1.1" 200 45104 "https://ysfine.com/world/brit/etonharrow.html" "Mozilla/5.0 (Windows NT 10.0; Win64; x64) AppleWebKit/537.36 (KHTML, like Gecko) Chrome/105.0.0.0 Safari/537.36" "ysfine.com"
24.4.30.106 - - [09/Sep/2022:13:11:32 -0700] "GET /world/brit/harrow11b.jpg HTTP/1.1" 200 42533 "https://ysfine.com/world/brit/etonharrow.html" "Mozilla/5.0 (Windows NT 10.0; Win64; x64) AppleWebKit/537.36 (KHTML, like Gecko) Chrome/105.0.0.0 Safari/537.36" "ysfine.com"
24.4.30.106 - - [09/Sep/2022:13:11:32 -0700] "GET /world/brit/harrow09b.jpg HTTP/1.1" 200 48797 "https://ysfine.com/world/brit/etonharrow.html" "Mozilla/5.0 (Windows NT 10.0; Win64; x64) AppleWebKit/537.36 (KHTML, like Gecko) Chrome/105.0.0.0 Safari/537.36" "ysfine.com"
24.4.30.106 - - [09/Sep/2022:13:11:32 -0700] "GET /world/brit/harrow04b.jpg HTTP/1.1" 200 48004 "https://ysfine.com/world/brit/etonharrow.html" "Mozilla/5.0 (Windows NT 10.0; Win64; x64) AppleWebKit/537.36 (KHTML, like Gecko) Chrome/105.0.0.0 Safari/537.36" "ysfine.com"
24.4.30.106 - - [09/Sep/2022:13:11:32 -0700] "GET /kobak/taylor33c.jpg HTTP/1.1" 200 39951 "https://ysfine.com/world/brit/etonharrow.html" "Mozilla/5.0 (Windows NT 10.0; Win64; x64) AppleWebKit/537.36 (KHTML, like Gecko) Chrome/105.0.0.0 Safari/537.36" "ysfine.com"
24.4.30.106 - - [09/Sep/2022:13:11:32 -0700] "GET /eink/pwk19c.jpg HTTP/1.1" 200 57759 "https://ysfine.com/world/brit/etonharrow.html" "Mozilla/5.0 (Windows NT 10.0; Win64; x64) AppleWebKit/537.36 (KHTML, like Gecko) Chrome/105.0.0.0 Safari/537.36" "ysfine.com"
24.4.30.106 - - [09/Sep/2022:13:11:32 -0700] "GET /favicon.ico HTTP/1.1" 404 88 "https://ysfine.com/world/brit/etonharrow.html" "Mozilla/5.0 (Windows NT 10.0; Win64; x64) AppleWebKit/537.36 (KHTML, like Gecko) Chrome/105.0.0.0 Safari/537.36" "ysfine.com"
116.179.32.75 - - [09/Sep/2022:13:11:33 -0700] "GET /home/onephys.html HTTP/1.1" 200 2527 "-" "Mozilla/5.0 (compatible; Baiduspider/2.0; +http://www.baidu.com/search/spider.html)" "www.ysfine.com"
116.179.37.153 - - [09/Sep/2022:13:11:39 -0700] "GET /home/hyper02b.jpg HTTP/1.1" 200 31293 "https://www.ysfine.com/home/onephys.html" "Mozilla/5.0 (compatible; Baiduspider-render/2.0; +http://www.baidu.com/search/spider.html)" "www.ysfine.com"
116.179.37.53 - - [09/Sep/2022:13:11:40 -0700] "GET /home/comet06b.jpg HTTP/1.1" 200 39499 "https://www.ysfine.com/home/onephys.html" "Mozilla/5.0 (compatible; Baiduspider-render/2.0; +http://www.baidu.com/search/spider.html)" "www.ysfine.com"
116.179.37.116 - - [09/Sep/2022:13:11:40 -0700] "GET /home/hyper01b.jpg HTTP/1.1" 200 28008 "https://www.ysfine.com/home/onephys.html" "Mozilla/5.0 (compatible; Baiduspider-render/2.0; +http://www.baidu.com/search/spider.html)" "www.ysfine.com"
125.209.235.184 - - [09/Sep/2022:13:11:48 -0700] "GET /robots.txt HTTP/1.1" 404 88 "-" "Mozilla/5.0 (compatible; Yeti/1.1; +https://naver.me/spd)" "ysfine.com"
125.209.235.174 - - [09/Sep/2022:13:11:53 -0700] "GET /robots.txt HTTP/1.1" 404 88 "-" "Mozilla/5.0 (compatible; Yeti/1.1; +https://naver.me/spd)" "ysfine.com"
211.249.46.55 - - [09/Sep/2022:13:11:54 -0700] "GET / HTTP/1.1" 200 5283 "-" "Mozilla/5.0 (compatible; Yeti/1.1; +https://naver.me/spd)" "ysfine.com"
136.152.143.32 - - [09/Sep/2022:13:12:37 -0700] "GET /dirac/dirfeyn.html HTTP/1.1" 200 6341 "https://www.google.com/" "Mozilla/5.0 (Macintosh; Intel Mac OS X 10_15_7) AppleWebKit/537.36 (KHTML, like Gecko) Chrome/104.0.0.0 Safari/537.36" "ysfine.com"
136.152.143.32 - - [09/Sep/2022:13:12:37 -0700] "GET /dirac/sq73c.jpg HTTP/1.1" 200 35501 "https://ysfine.com/dirac/dirfeyn.html" "Mozilla/5.0 (Macintosh; Intel Mac OS X 10_15_7) AppleWebKit/537.36 (KHTML, like Gecko) Chrome/104.0.0.0 Safari/537.36" "ysfine.com"
136.152.143.32 - - [09/Sep/2022:13:12:37 -0700] "GET /dirac/feydirac300.jpg HTTP/1.1" 200 38223 "https://ysfine.com/dirac/dirfeyn.html" "Mozilla/5.0 (Macintosh; Intel Mac OS X 10_15_7) AppleWebKit/537.36 (KHTML, like Gecko) Chrome/104.0.0.0 Safari/537.36" "ysfine.com"
136.152.143.32 - - [09/Sep/2022:13:12:38 -0700] "GET /dirac/dirackn33c.jpg HTTP/1.1" 200 50420 "https://ysfine.com/dirac/dirfeyn.html" "Mozilla/5.0 (Macintosh; Intel Mac OS X 10_15_7) AppleWebKit/537.36 (KHTML, like Gecko) Chrome/104.0.0.0 Safari/537.36" "ysfine.com"
136.152.143.32 - - [09/Sep/2022:13:12:38 -0700] "GET /dirac/dfkim11c.jpg HTTP/1.1" 200 34801 "https://ysfine.com/dirac/dirfeyn.html" "Mozilla/5.0 (Macintosh; Intel Mac OS X 10_15_7) AppleWebKit/537.36 (KHTML, like Gecko) Chrome/104.0.0.0 Safari/537.36" "ysfine.com"
136.152.143.32 - - [09/Sep/2022:13:12:38 -0700] "GET /dirac/nicodem11c.jpg HTTP/1.1" 200 72684 "https://ysfine.com/dirac/dirfeyn.html" "Mozilla/5.0 (Macintosh; Intel Mac OS X 10_15_7) AppleWebKit/537.36 (KHTML, like Gecko) Chrome/104.0.0.0 Safari/537.36" "ysfine.com"
136.152.143.32 - - [09/Sep/2022:13:12:38 -0700] "GET /dirac/2osc22c.jpg HTTP/1.1" 200 28929 "https://ysfine.com/dirac/dirfeyn.html" "Mozilla/5.0 (Macintosh; Intel Mac OS X 10_15_7) AppleWebKit/537.36 (KHTML, like Gecko) Chrome/104.0.0.0 Safari/537.36" "ysfine.com"
136.152.143.32 - - [09/Sep/2022:13:12:38 -0700] "GET /feynman/jacdrum11c.jpg HTTP/1.1" 200 39178 "https://ysfine.com/dirac/dirfeyn.html" "Mozilla/5.0 (Macintosh; Intel Mac OS X 10_15_7) AppleWebKit/537.36 (KHTML, like Gecko) Chrome/104.0.0.0 Safari/537.36" "ysfine.com"
136.152.143.32 - - [09/Sep/2022:13:12:38 -0700] "GET /wigner/wigkim11c.jpg HTTP/1.1" 200 30443 "https://ysfine.com/dirac/dirfeyn.html" "Mozilla/5.0 (Macintosh; Intel Mac OS X 10_15_7) AppleWebKit/537.36 (KHTML, like Gecko) Chrome/104.0.0.0 Safari/537.36" "ysfine.com"
136.152.143.32 - - [09/Sep/2022:13:12:38 -0700] "GET /people/sbt11c.jpg HTTP/1.1" 200 31479 "https://ysfine.com/dirac/dirfeyn.html" "Mozilla/5.0 (Macintosh; Intel Mac OS X 10_15_7) AppleWebKit/537.36 (KHTML, like Gecko) Chrome/104.0.0.0 Safari/537.36" "ysfine.com"
136.152.143.32 - - [09/Sep/2022:13:12:38 -0700] "GET /wigner/isomor66c.jpg HTTP/1.1" 200 47632 "https://ysfine.com/dirac/dirfeyn.html" "Mozilla/5.0 (Macintosh; Intel Mac OS X 10_15_7) AppleWebKit/537.36 (KHTML, like Gecko) Chrome/104.0.0.0 Safari/537.36" "ysfine.com"
136.152.143.32 - - [09/Sep/2022:13:12:38 -0700] "GET /eink/eink61c.jpg HTTP/1.1" 200 34119 "https://ysfine.com/dirac/dirfeyn.html" "Mozilla/5.0 (Macintosh; Intel Mac OS X 10_15_7) AppleWebKit/537.36 (KHTML, like Gecko) Chrome/104.0.0.0 Safari/537.36" "ysfine.com"
136.152.143.32 - - [09/Sep/2022:13:12:38 -0700] "GET /favicon.ico HTTP/1.1" 404 88 "https://ysfine.com/dirac/dirfeyn.html" "Mozilla/5.0 (Macintosh; Intel Mac OS X 10_15_7) AppleWebKit/537.36 (KHTML, like Gecko) Chrome/104.0.0.0 Safari/537.36" "ysfine.com"
185.191.171.12 - - [09/Sep/2022:13:13:30 -0700] "GET /style/venuspics.html HTTP/1.1" 200 794 "-" "Mozilla/5.0 (compatible; SemrushBot/7~bl; +http://www.semrush.com/bot.html)" "ysfine.com"
77.88.5.42 - - [09/Sep/2022:13:13:44 -0700] "GET /world/scandi/wignob02b.jpg HTTP/1.1" 200 31825 "-" "Mozilla/5.0 (compatible; YandexImages/3.0; +http://yandex.com/bots)" "ysfine.com"
51.222.253.10 - - [09/Sep/2022:13:14:57 -0700] "GET /eink/mose.html HTTP/1.1" 200 14315 "-" "Mozilla/5.0 (compatible; AhrefsBot/7.0; +http://ahrefs.com/robot/)" "ysfine.com"
51.222.253.2 - - [09/Sep/2022:13:14:59 -0700] "GET /eink/underw03d.jpg HTTP/1.1" 200 40793 "-" "Mozilla/5.0 (compatible; AhrefsBot/7.0; +http://ahrefs.com/robot/)" "ysfine.com"
51.222.253.19 - - [09/Sep/2022:13:14:59 -0700] "GET /eink/sorae01d.jpg HTTP/1.1" 200 35433 "-" "Mozilla/5.0 (compatible; AhrefsBot/7.0; +http://ahrefs.com/robot/)" "ysfine.com"
51.222.253.6 - - [09/Sep/2022:13:15:00 -0700] "GET /eink/milanf01d.jpg HTTP/1.1" 200 62371 "-" "Mozilla/5.0 (compatible; AhrefsBot/7.0; +http://ahrefs.com/robot/)" "ysfine.com"
51.222.253.8 - - [09/Sep/2022:13:15:00 -0700] "GET /eink/rheepr01d.jpg HTTP/1.1" 200 52650 "-" "Mozilla/5.0 (compatible; AhrefsBot/7.0; +http://ahrefs.com/robot/)" "ysfine.com"
51.222.253.4 - - [09/Sep/2022:13:15:01 -0700] "GET /eink/tollwig11d.jpg HTTP/1.1" 200 45634 "-" "Mozilla/5.0 (compatible; AhrefsBot/7.0; +http://ahrefs.com/robot/)" "ysfine.com"
51.222.253.13 - - [09/Sep/2022:13:15:01 -0700] "GET /eink/wigkim11d.jpg HTTP/1.1" 200 51892 "-" "Mozilla/5.0 (compatible; AhrefsBot/7.0; +http://ahrefs.com/robot/)" "ysfine.com"
51.222.253.14 - - [09/Sep/2022:13:15:02 -0700] "GET /eink/chungilk05f.jpg HTTP/1.1" 200 128213 "-" "Mozilla/5.0 (compatible; AhrefsBot/7.0; +http://ahrefs.com/robot/)" "ysfine.com"
51.222.253.17 - - [09/Sep/2022:13:15:03 -0700] "GET /eink/michwight22d.jpg HTTP/1.1" 200 47211 "-" "Mozilla/5.0 (compatible; AhrefsBot/7.0; +http://ahrefs.com/robot/)" "ysfine.com"
51.222.253.18 - - [09/Sep/2022:13:15:04 -0700] "GET /eink/tao55f.jpg HTTP/1.1" 200 128668 "-" "Mozilla/5.0 (compatible; AhrefsBot/7.0; +http://ahrefs.com/robot/)" "ysfine.com"
51.222.253.7 - - [09/Sep/2022:13:15:04 -0700] "GET /eink/moses450.jpg HTTP/1.1" 200 109858 "-" "Mozilla/5.0 (compatible; AhrefsBot/7.0; +http://ahrefs.com/robot/)" "ysfine.com"
51.222.253.10 - - [09/Sep/2022:13:15:05 -0700] "GET /eink/feygell88f.jpg HTTP/1.1" 200 96630 "-" "Mozilla/5.0 (compatible; AhrefsBot/7.0; +http://ahrefs.com/robot/)" "ysfine.com"
51.222.253.15 - - [09/Sep/2022:13:15:06 -0700] "GET /eink/ysrhee33d.jpg HTTP/1.1" 200 38065 "-" "Mozilla/5.0 (compatible; AhrefsBot/7.0; +http://ahrefs.com/robot/)" "ysfine.com"
51.222.253.12 - - [09/Sep/2022:13:15:06 -0700] "GET /eink/eintao55f.jpg HTTP/1.1" 200 110322 "-" "Mozilla/5.0 (compatible; AhrefsBot/7.0; +http://ahrefs.com/robot/)" "ysfine.com"
51.222.253.12 - - [09/Sep/2022:13:15:07 -0700] "GET /eink/eink26a.jpg HTTP/1.1" 200 48279 "-" "Mozilla/5.0 (compatible; AhrefsBot/7.0; +http://ahrefs.com/robot/)" "ysfine.com"
51.222.253.19 - - [09/Sep/2022:13:15:07 -0700] "GET /eink/kflag11c.jpg HTTP/1.1" 200 27284 "-" "Mozilla/5.0 (compatible; AhrefsBot/7.0; +http://ahrefs.com/robot/)" "ysfine.com"
51.222.253.11 - - [09/Sep/2022:13:15:08 -0700] "GET /eink/kantbooks11d.jpg HTTP/1.1" 200 39604 "-" "Mozilla/5.0 (compatible; AhrefsBot/7.0; +http://ahrefs.com/robot/)" "ysfine.com"
51.222.253.19 - - [09/Sep/2022:13:15:09 -0700] "GET /eink/eward11d.jpg HTTP/1.1" 200 76549 "-" "Mozilla/5.0 (compatible; AhrefsBot/7.0; +http://ahrefs.com/robot/)" "ysfine.com"
51.222.253.6 - - [09/Sep/2022:13:15:10 -0700] "GET /eink/inonu97d.jpg HTTP/1.1" 200 41351 "-" "Mozilla/5.0 (compatible; AhrefsBot/7.0; +http://ahrefs.com/robot/)" "ysfine.com"
51.222.253.9 - - [09/Sep/2022:13:15:10 -0700] "GET /eink/eintao55d.jpg HTTP/1.1" 200 50540 "-" "Mozilla/5.0 (compatible; AhrefsBot/7.0; +http://ahrefs.com/robot/)" "ysfine.com"
51.222.253.17 - - [09/Sep/2022:13:15:11 -0700] "GET /eink/eink400.jpg HTTP/1.1" 200 49740 "-" "Mozilla/5.0 (compatible; AhrefsBot/7.0; +http://ahrefs.com/robot/)" "ysfine.com"
51.222.253.13 - - [09/Sep/2022:13:15:11 -0700] "GET /eink/dirbust22d.jpg HTTP/1.1" 200 52160 "-" "Mozilla/5.0 (compatible; AhrefsBot/7.0; +http://ahrefs.com/robot/)" "ysfine.com"
51.222.253.10 - - [09/Sep/2022:13:15:12 -0700] "GET /eink/isomor55d.jpg HTTP/1.1" 200 54587 "-" "Mozilla/5.0 (compatible; AhrefsBot/7.0; +http://ahrefs.com/robot/)" "ysfine.com"
51.222.253.4 - - [09/Sep/2022:13:15:12 -0700] "GET /eink/reagan01d.jpg HTTP/1.1" 200 63614 "-" "Mozilla/5.0 (compatible; AhrefsBot/7.0; +http://ahrefs.com/robot/)" "ysfine.com"
51.222.253.14 - - [09/Sep/2022:13:15:13 -0700] "GET /eink/taylor11d.jpg HTTP/1.1" 200 42097 "-" "Mozilla/5.0 (compatible; AhrefsBot/7.0; +http://ahrefs.com/robot/)" "ysfine.com"
51.222.253.19 - - [09/Sep/2022:13:15:13 -0700] "GET /eink/church06d.jpg HTTP/1.1" 200 73777 "-" "Mozilla/5.0 (compatible; AhrefsBot/7.0; +http://ahrefs.com/robot/)" "ysfine.com"
51.222.253.4 - - [09/Sep/2022:13:15:14 -0700] "GET /eink/wsj21f.jpg HTTP/1.1" 200 172238 "-" "Mozilla/5.0 (compatible; AhrefsBot/7.0; +http://ahrefs.com/robot/)" "ysfine.com"
51.222.253.20 - - [09/Sep/2022:13:15:15 -0700] "GET /eink/evol77a.jpg HTTP/1.1" 200 87188 "-" "Mozilla/5.0 (compatible; AhrefsBot/7.0; +http://ahrefs.com/robot/)" "ysfine.com"
51.222.253.9 - - [09/Sep/2022:13:15:15 -0700] "GET /eink/zhuxi300.jpg HTTP/1.1" 200 49536 "-" "Mozilla/5.0 (compatible; AhrefsBot/7.0; +http://ahrefs.com/robot/)" "ysfine.com"
51.222.253.16 - - [09/Sep/2022:13:15:16 -0700] "GET /eink/bieden02d.jpg HTTP/1.1" 200 55623 "-" "Mozilla/5.0 (compatible; AhrefsBot/7.0; +http://ahrefs.com/robot/)" "ysfine.com"
51.222.253.14 - - [09/Sep/2022:13:15:16 -0700] "GET /home/facu450.jpg HTTP/1.1" 200 74535 "-" "Mozilla/5.0 (compatible; AhrefsBot/7.0; +http://ahrefs.com/robot/)" "ysfine.com"
51.222.253.4 - - [09/Sep/2022:13:15:17 -0700] "GET /eink/further22f.jpg HTTP/1.1" 200 99099 "-" "Mozilla/5.0 (compatible; AhrefsBot/7.0; +http://ahrefs.com/robot/)" "ysfine.com"
51.222.253.11 - - [09/Sep/2022:13:15:17 -0700] "GET /eink/pwk450.jpg HTTP/1.1" 200 84974 "-" "Mozilla/5.0 (compatible; AhrefsBot/7.0; +http://ahrefs.com/robot/)" "ysfine.com"
51.222.253.6 - - [09/Sep/2022:13:15:18 -0700] "GET /eink/feyfirm55c.jpg HTTP/1.1" 200 32171 "-" "Mozilla/5.0 (compatible; AhrefsBot/7.0; +http://ahrefs.com/robot/)" "ysfine.com"
51.222.253.18 - - [09/Sep/2022:13:15:18 -0700] "GET /eink/eintao33d.jpg HTTP/1.1" 200 51097 "-" "Mozilla/5.0 (compatible; AhrefsBot/7.0; +http://ahrefs.com/robot/)" "ysfine.com"
185.191.171.26 - - [09/Sep/2022:13:15:18 -0700] "GET /class54/class5470/total_data/sub_382.htm HTTP/1.1" 200 3306 "-" "Mozilla/5.0 (compatible; SemrushBot/7~bl; +http://www.semrush.com/bot.html)" "ysfine.com"
51.222.253.9 - - [09/Sep/2022:13:15:19 -0700] "GET /eink/eink54f.jpg HTTP/1.1" 200 98068 "-" "Mozilla/5.0 (compatible; AhrefsBot/7.0; +http://ahrefs.com/robot/)" "ysfine.com"
51.222.253.5 - - [09/Sep/2022:13:15:19 -0700] "GET /eink/parton33f.jpg HTTP/1.1" 200 87862 "-" "Mozilla/5.0 (compatible; AhrefsBot/7.0; +http://ahrefs.com/robot/)" "ysfine.com"
51.222.253.19 - - [09/Sep/2022:13:15:20 -0700] "GET /eink/michwight11d.jpg HTTP/1.1" 200 57798 "-" "Mozilla/5.0 (compatible; AhrefsBot/7.0; +http://ahrefs.com/robot/)" "ysfine.com"
51.222.253.8 - - [09/Sep/2022:13:15:21 -0700] "GET /eink/hegel09d.jpg HTTP/1.1" 200 51438 "-" "Mozilla/5.0 (compatible; AhrefsBot/7.0; +http://ahrefs.com/robot/)" "ysfine.com"
77.75.76.172 - - [09/Sep/2022:13:15:24 -0700] "GET /robots.txt HTTP/1.1" 404 88 "-" "Mozilla/5.0 (compatible; SeznamBot/3.2; +http://napoveda.seznam.cz/en/seznambot-intro/)" "ysfine.com"
77.75.76.172 - - [09/Sep/2022:13:15:25 -0700] "GET /beau/amkor/amparis02.jpg HTTP/1.1" 404 88 "-" "Mozilla/5.0 (compatible; SeznamBot/3.2; +http://napoveda.seznam.cz/en/seznambot-intro/)" "ysfine.com"
77.75.76.172 - - [09/Sep/2022:13:15:27 -0700] "GET /beau/amkor/kostu01.jpg HTTP/1.1" 404 88 "-" "Mozilla/5.0 (compatible; SeznamBot/3.2; +http://napoveda.seznam.cz/en/seznambot-intro/)" "ysfine.com"
77.75.76.172 - - [09/Sep/2022:13:15:27 -0700] "GET /beau/amkor/kostu10.jpg HTTP/1.1" 404 88 "-" "Mozilla/5.0 (compatible; SeznamBot/3.2; +http://napoveda.seznam.cz/en/seznambot-intro/)" "ysfine.com"
77.75.76.172 - - [09/Sep/2022:13:15:27 -0700] "GET /beau/russparis05.jpg HTTP/1.1" 404 88 "-" "Mozilla/5.0 (compatible; SeznamBot/3.2; +http://napoveda.seznam.cz/en/seznambot-intro/)" "ysfine.com"
77.75.76.172 - - [09/Sep/2022:13:15:28 -0700] "GET /beau/russparis02.jpg HTTP/1.1" 404 88 "-" "Mozilla/5.0 (compatible; SeznamBot/3.2; +http://napoveda.seznam.cz/en/seznambot-intro/)" "ysfine.com"
77.75.76.172 - - [09/Sep/2022:13:15:28 -0700] "GET /eink/eink54f%20.jpg HTTP/1.1" 404 88 "-" "Mozilla/5.0 (compatible; SeznamBot/3.2; +http://napoveda.seznam.cz/en/seznambot-intro/)" "ysfine.com"
77.75.76.172 - - [09/Sep/2022:13:15:29 -0700] "GET /dirac/dirk6292.jpg HTTP/1.1" 404 88 "-" "Mozilla/5.0 (compatible; SeznamBot/3.2; +http://napoveda.seznam.cz/en/seznambot-intro/)" "ysfine.com"
77.75.76.172 - - [09/Sep/2022:13:15:29 -0700] "GET /wigner/neupol.jpg HTTP/1.1" 404 88 "-" "Mozilla/5.0 (compatible; SeznamBot/3.2; +http://napoveda.seznam.cz/en/seznambot-intro/)" "ysfine.com"
77.75.76.172 - - [09/Sep/2022:13:15:30 -0700] "GET /kobak/yoonhm.jpg HTTP/1.1" 200 150232 "-" "Mozilla/5.0 (compatible; SeznamBot/3.2; +http://napoveda.seznam.cz/en/seznambot-intro/)" "ysfine.com"
77.75.76.172 - - [09/Sep/2022:13:15:34 -0700] "GET /beau/moso15.jpg HTTP/1.1" 404 88 "-" "Mozilla/5.0 (compatible; SeznamBot/3.2; +http://napoveda.seznam.cz/en/seznambot-intro/)" "ysfine.com"
61.135.159.131 - - [09/Sep/2022:13:17:09 -0700] "GET / HTTP/1.1" 200 5283 "-" "Sogou web spider/4.0(+http://www.sogou.com/docs/help/webmasters.htm#07)" "www.ysfine.com"
40.77.167.33 - - [09/Sep/2022:13:17:38 -0700] "GET /sbk/2008viln11.jpg HTTP/1.1" 200 123883 "-" "Mozilla/5.0 (compatible; bingbot/2.0; +http://www.bing.com/bingbot.htm)" "ysfine.com"
95.163.255.63 - - [09/Sep/2022:13:18:53 -0700] "GET /robots.txt HTTP/1.1" 404 73 "-" "Mozilla/5.0 (compatible; Linux x86_64; Mail.RU_Bot/2.0; +https://help.mail.ru/webmaster/indexing/robots)" "ysfine.com"
40.77.167.35 - - [09/Sep/2022:13:18:57 -0700] "GET /world/russ/czar05.jpg HTTP/1.1" 200 123045 "-" "Mozilla/5.0 (compatible; bingbot/2.0; +http://www.bing.com/bingbot.htm)" "www.ysfine.com"
95.163.255.68 - - [09/Sep/2022:13:18:59 -0700] "GET /robots.txt HTTP/1.1" 404 73 "-" "Mozilla/5.0 (compatible; Linux x86_64; Mail.RU_Bot/2.0; +https://help.mail.ru/webmaster/indexing/robots)" "www.ysfine.com"
95.163.255.68 - - [09/Sep/2022:13:19:00 -0700] "GET /usca/pitt/cyclo.jpg HTTP/1.1" 200 102829 "-" "Mozilla/5.0 (compatible; Linux x86_64; Mail.RU_Bot/2.0; +https://help.mail.ru/webmaster/indexing/robots)" "ysfine.com"
185.191.171.5 - - [09/Sep/2022:13:19:45 -0700] "GET /dirac/index.html HTTP/1.1" 200 124 "-" "Mozilla/5.0 (compatible; SemrushBot/7~bl; +http://www.semrush.com/bot.html)" "ysfine.com"
185.191.171.10 - - [09/Sep/2022:13:20:58 -0700] "GET /class54/class5470/total_data/sub_351.htm HTTP/1.1" 200 3307 "-" "Mozilla/5.0 (compatible; SemrushBot/7~bl; +http://www.semrush.com/bot.html)" "ysfine.com"
35.160.27.221 - - [09/Sep/2022:13:22:03 -0700] "GET /robots.txt HTTP/1.1" 404 88 "-" "Mozilla/5.0 (compatible) SemanticScholarBot (+https://www.semanticscholar.org/crawler)" "ysfine.com"
35.160.27.221 - - [09/Sep/2022:13:22:32 -0700] "GET /robots.txt HTTP/1.1" 404 88 "-" "Mozilla/5.0 (compatible) SemanticScholarBot (+https://www.semanticscholar.org/crawler)" "ysfine.com"
157.55.39.146 - - [09/Sep/2022:13:23:04 -0700] "GET /maga/galtime.html HTTP/1.1" 304 - "-" "Mozilla/5.0 (compatible; bingbot/2.0; +http://www.bing.com/bingbot.htm)" "www.ysfine.com"
157.55.39.112 - - [09/Sep/2022:13:23:30 -0700] "GET /robots.txt HTTP/1.1" 404 88 "-" "Mozilla/5.0 (compatible; bingbot/2.0; +http://www.bing.com/bingbot.htm)" "ysfine.com"
157.55.39.146 - - [09/Sep/2022:13:23:36 -0700] "GET /world/latina/cancun11.jpg HTTP/1.1" 200 107098 "-" "Mozilla/5.0 (compatible; bingbot/2.0; +http://www.bing.com/bingbot.htm)" "ysfine.com"
51.222.253.15 - - [09/Sep/2022:13:23:42 -0700] "GET /style/slavianki.html HTTP/1.1" 200 2686 "-" "Mozilla/5.0 (compatible; AhrefsBot/7.0; +http://ahrefs.com/robot/)" "ysfine.com"
51.222.253.19 - - [09/Sep/2022:13:23:45 -0700] "GET /kowar/tanks/tank05b.jpg HTTP/1.1" 200 48742 "-" "Mozilla/5.0 (compatible; AhrefsBot/7.0; +http://ahrefs.com/robot/)" "ysfine.com"
51.222.253.9 - - [09/Sep/2022:13:23:46 -0700] "GET /world/russ/stalinorg11b.jpg HTTP/1.1" 200 47741 "-" "Mozilla/5.0 (compatible; AhrefsBot/7.0; +http://ahrefs.com/robot/)" "ysfine.com"
51.222.253.2 - - [09/Sep/2022:13:23:47 -0700] "GET /world/russ/spbf34b.jpg HTTP/1.1" 200 26357 "-" "Mozilla/5.0 (compatible; AhrefsBot/7.0; +http://ahrefs.com/robot/)" "ysfine.com"
51.222.253.13 - - [09/Sep/2022:13:23:48 -0700] "GET /world/russ/roskei11b.jpg HTTP/1.1" 200 44463 "-" "Mozilla/5.0 (compatible; AhrefsBot/7.0; +http://ahrefs.com/robot/)" "ysfine.com"
51.222.253.15 - - [09/Sep/2022:13:23:49 -0700] "GET /world/russ/roskei90b.jpg HTTP/1.1" 200 50111 "-" "Mozilla/5.0 (compatible; AhrefsBot/7.0; +http://ahrefs.com/robot/)" "ysfine.com"
40.77.167.27 - - [09/Sep/2022:13:23:56 -0700] "GET /world/china/china006.gif HTTP/1.1" 200 105398 "-" "Mozilla/5.0 (compatible; bingbot/2.0; +http://www.bing.com/bingbot.htm)" "ysfine.com"
35.160.27.221 - - [09/Sep/2022:13:26:34 -0700] "GET /robots.txt HTTP/1.1" 404 88 "-" "Mozilla/5.0 (compatible) SemanticScholarBot (+https://www.semanticscholar.org/crawler)" "ysfine.com"
35.160.27.221 - - [09/Sep/2022:13:26:48 -0700] "GET /robots.txt HTTP/1.1" 404 88 "-" "Mozilla/5.0 (compatible) SemanticScholarBot (+https://www.semanticscholar.org/crawler)" "ysfine.com"
35.160.27.221 - - [09/Sep/2022:13:27:02 -0700] "GET /feynman/feykant.htm HTTP/1.1" 404 88 "-" "Mozilla/5.0 (compatible) SemanticScholarBot (+https://www.semanticscholar.org/crawler)" "ysfine.com"
12.245.64.42 - - [09/Sep/2022:13:28:07 -0700] "GET /world/baltic/kalinmap99.jpg HTTP/1.1" 200 104807 "https://www.google.com/" "Mozilla/5.0 (X11; CrOS x86_64 14816.131.0) AppleWebKit/537.36 (KHTML, like Gecko) Chrome/103.0.0.0 Safari/537.36" "ysfine.com"
12.245.64.42 - - [09/Sep/2022:13:28:28 -0700] "GET /world/baltic/kalinmap99.jpg HTTP/1.1" 200 104807 "https://www.google.com/" "Mozilla/5.0 (X11; CrOS x86_64 14816.131.0) AppleWebKit/537.36 (KHTML, like Gecko) Chrome/103.0.0.0 Safari/537.36" "ysfine.com"
86.145.210.40 - - [09/Sep/2022:13:30:00 -0700] "GET /wdc/capitol07.jpg HTTP/1.1" 200 138407 "https://www.google.co.uk/" "Mozilla/5.0 (iPhone; CPU iPhone OS 14_8_1 like Mac OS X) AppleWebKit/605.1.15 (KHTML, like Gecko) Version/14.1.2 Mobile/15E148 Safari/604.1" "ysfine.com"
184.170.240.212 - - [09/Sep/2022:13:30:25 -0700] "GET / HTTP/1.1" 200 5283 "-" "Mozilla/5.0 (Windows; U; Windows NT 6.1; en-US; rv:1.9.1.5) Gecko/20091102 Firefox/3.5.5 (.NET CLR 3.5.30729)" "ysfine.com"
51.222.253.9 - - [09/Sep/2022:13:31:32 -0700] "GET /home/wcartoon.html HTTP/1.1" 200 6127 "-" "Mozilla/5.0 (compatible; AhrefsBot/7.0; +http://ahrefs.com/robot/)" "ysfine.com"
51.222.253.15 - - [09/Sep/2022:13:31:33 -0700] "GET /feynman/feyn86b.jpg HTTP/1.1" 200 26190 "-" "Mozilla/5.0 (compatible; AhrefsBot/7.0; +http://ahrefs.com/robot/)" "ysfine.com"
51.222.253.8 - - [09/Sep/2022:13:31:34 -0700] "GET /dirac/diracqm33b.jpg HTTP/1.1" 200 44237 "-" "Mozilla/5.0 (compatible; AhrefsBot/7.0; +http://ahrefs.com/robot/)" "ysfine.com"
51.222.253.16 - - [09/Sep/2022:13:31:34 -0700] "GET /dirac/dirac88b.jpg HTTP/1.1" 200 23985 "-" "Mozilla/5.0 (compatible; AhrefsBot/7.0; +http://ahrefs.com/robot/)" "ysfine.com"
51.222.253.6 - - [09/Sep/2022:13:31:35 -0700] "GET /eink/eink24b.jpg HTTP/1.1" 200 42003 "-" "Mozilla/5.0 (compatible; AhrefsBot/7.0; +http://ahrefs.com/robot/)" "ysfine.com"
51.222.253.8 - - [09/Sep/2022:13:31:35 -0700] "GET /dirac/sq66b.jpg HTTP/1.1" 200 22242 "-" "Mozilla/5.0 (compatible; AhrefsBot/7.0; +http://ahrefs.com/robot/)" "ysfine.com"
51.222.253.3 - - [09/Sep/2022:13:31:35 -0700] "GET /home/wheestat11b.jpg HTTP/1.1" 200 37827 "-" "Mozilla/5.0 (compatible; AhrefsBot/7.0; +http://ahrefs.com/robot/)" "ysfine.com"
40.77.167.35 - - [09/Sep/2022:13:31:49 -0700] "GET /world/ital/capri02.jpg HTTP/1.1" 200 101368 "-" "Mozilla/5.0 (compatible; bingbot/2.0; +http://www.bing.com/bingbot.htm)" "ysfine.com"
185.211.179.60 - - [09/Sep/2022:13:32:29 -0700] "GET /world/brit/etonharrow.html HTTP/1.1" 200 4546 "https://www.google.co.uk/" "Mozilla/5.0 (iPhone; CPU iPhone OS 15_6 like Mac OS X) AppleWebKit/605.1.15 (KHTML, like Gecko) Version/15.6 Mobile/15E148 Safari/604.1" "ysfine.com"
185.211.179.60 - - [09/Sep/2022:13:32:30 -0700] "GET /world/brit/winston01b.jpg HTTP/1.1" 200 38436 "https://ysfine.com/world/brit/etonharrow.html" "Mozilla/5.0 (iPhone; CPU iPhone OS 15_6 like Mac OS X) AppleWebKit/605.1.15 (KHTML, like Gecko) Version/15.6 Mobile/15E148 Safari/604.1" "ysfine.com"
185.211.179.60 - - [09/Sep/2022:13:32:30 -0700] "GET /world/brit/nehru11b.jpg HTTP/1.1" 200 43052 "https://ysfine.com/world/brit/etonharrow.html" "Mozilla/5.0 (iPhone; CPU iPhone OS 15_6 like Mac OS X) AppleWebKit/605.1.15 (KHTML, like Gecko) Version/15.6 Mobile/15E148 Safari/604.1" "ysfine.com"
185.211.179.60 - - [09/Sep/2022:13:32:30 -0700] "GET /world/brit/eton07b.jpg HTTP/1.1" 200 36566 "https://ysfine.com/world/brit/etonharrow.html" "Mozilla/5.0 (iPhone; CPU iPhone OS 15_6 like Mac OS X) AppleWebKit/605.1.15 (KHTML, like Gecko) Version/15.6 Mobile/15E148 Safari/604.1" "ysfine.com"
185.211.179.60 - - [09/Sep/2022:13:32:30 -0700] "GET /world/brit/eton02b.jpg HTTP/1.1" 200 39432 "https://ysfine.com/world/brit/etonharrow.html" "Mozilla/5.0 (iPhone; CPU iPhone OS 15_6 like Mac OS X) AppleWebKit/605.1.15 (KHTML, like Gecko) Version/15.6 Mobile/15E148 Safari/604.1" "ysfine.com"
185.211.179.60 - - [09/Sep/2022:13:32:30 -0700] "GET /world/brit/eton01b.jpg HTTP/1.1" 200 47771 "https://ysfine.com/world/brit/etonharrow.html" "Mozilla/5.0 (iPhone; CPU iPhone OS 15_6 like Mac OS X) AppleWebKit/605.1.15 (KHTML, like Gecko) Version/15.6 Mobile/15E148 Safari/604.1" "ysfine.com"
185.211.179.60 - - [09/Sep/2022:13:32:30 -0700] "GET /kobak/kwk11b.jpg HTTP/1.1" 200 46888 "https://ysfine.com/world/brit/etonharrow.html" "Mozilla/5.0 (iPhone; CPU iPhone OS 15_6 like Mac OS X) AppleWebKit/605.1.15 (KHTML, like Gecko) Version/15.6 Mobile/15E148 Safari/604.1" "ysfine.com"
185.211.179.60 - - [09/Sep/2022:13:32:30 -0700] "GET /world/brit/windsor02b.jpg HTTP/1.1" 200 40724 "https://ysfine.com/world/brit/etonharrow.html" "Mozilla/5.0 (iPhone; CPU iPhone OS 15_6 like Mac OS X) AppleWebKit/605.1.15 (KHTML, like Gecko) Version/15.6 Mobile/15E148 Safari/604.1" "ysfine.com"
185.211.179.60 - - [09/Sep/2022:13:32:30 -0700] "GET /world/brit/harrow12b.jpg HTTP/1.1" 200 45104 "https://ysfine.com/world/brit/etonharrow.html" "Mozilla/5.0 (iPhone; CPU iPhone OS 15_6 like Mac OS X) AppleWebKit/605.1.15 (KHTML, like Gecko) Version/15.6 Mobile/15E148 Safari/604.1" "ysfine.com"
185.211.179.60 - - [09/Sep/2022:13:32:30 -0700] "GET /world/brit/eton03b.jpg HTTP/1.1" 200 45141 "https://ysfine.com/world/brit/etonharrow.html" "Mozilla/5.0 (iPhone; CPU iPhone OS 15_6 like Mac OS X) AppleWebKit/605.1.15 (KHTML, like Gecko) Version/15.6 Mobile/15E148 Safari/604.1" "ysfine.com"
185.211.179.60 - - [09/Sep/2022:13:32:30 -0700] "GET /world/brit/harrow01b.jpg HTTP/1.1" 200 54632 "https://ysfine.com/world/brit/etonharrow.html" "Mozilla/5.0 (iPhone; CPU iPhone OS 15_6 like Mac OS X) AppleWebKit/605.1.15 (KHTML, like Gecko) Version/15.6 Mobile/15E148 Safari/604.1" "ysfine.com"
185.211.179.60 - - [09/Sep/2022:13:32:30 -0700] "GET /world/brit/harrow09b.jpg HTTP/1.1" 200 48797 "https://ysfine.com/world/brit/etonharrow.html" "Mozilla/5.0 (iPhone; CPU iPhone OS 15_6 like Mac OS X) AppleWebKit/605.1.15 (KHTML, like Gecko) Version/15.6 Mobile/15E148 Safari/604.1" "ysfine.com"
185.211.179.60 - - [09/Sep/2022:13:32:30 -0700] "GET /world/brit/harrow04b.jpg HTTP/1.1" 200 48004 "https://ysfine.com/world/brit/etonharrow.html" "Mozilla/5.0 (iPhone; CPU iPhone OS 15_6 like Mac OS X) AppleWebKit/605.1.15 (KHTML, like Gecko) Version/15.6 Mobile/15E148 Safari/604.1" "ysfine.com"
185.211.179.60 - - [09/Sep/2022:13:32:30 -0700] "GET /world/brit/harrow11b.jpg HTTP/1.1" 200 42533 "https://ysfine.com/world/brit/etonharrow.html" "Mozilla/5.0 (iPhone; CPU iPhone OS 15_6 like Mac OS X) AppleWebKit/605.1.15 (KHTML, like Gecko) Version/15.6 Mobile/15E148 Safari/604.1" "ysfine.com"
185.211.179.60 - - [09/Sep/2022:13:32:30 -0700] "GET /kobak/taylor33c.jpg HTTP/1.1" 200 39951 "https://ysfine.com/world/brit/etonharrow.html" "Mozilla/5.0 (iPhone; CPU iPhone OS 15_6 like Mac OS X) AppleWebKit/605.1.15 (KHTML, like Gecko) Version/15.6 Mobile/15E148 Safari/604.1" "ysfine.com"
185.211.179.60 - - [09/Sep/2022:13:32:30 -0700] "GET /eink/pwk19c.jpg HTTP/1.1" 200 57759 "https://ysfine.com/world/brit/etonharrow.html" "Mozilla/5.0 (iPhone; CPU iPhone OS 15_6 like Mac OS X) AppleWebKit/605.1.15 (KHTML, like Gecko) Version/15.6 Mobile/15E148 Safari/604.1" "ysfine.com"
185.211.179.60 - - [09/Sep/2022:13:32:31 -0700] "GET /favicon.ico HTTP/1.1" 404 88 "https://ysfine.com/world/brit/etonharrow.html" "Mozilla/5.0 (iPhone; CPU iPhone OS 15_6 like Mac OS X) AppleWebKit/605.1.15 (KHTML, like Gecko) Version/15.6 Mobile/15E148 Safari/604.1" "ysfine.com"
80.132.143.39 - - [09/Sep/2022:13:32:44 -0700] "GET /world/brit/parlia09.jpg HTTP/1.1" 200 123817 "https://www.bing.com/" "Mozilla/5.0 (Macintosh; Intel Mac OS X 10_15_6) AppleWebKit/605.1.15 (KHTML, like Gecko) Version/15.6.1 Safari/605.1.15" "ysfine.com"
40.77.167.28 - - [09/Sep/2022:13:35:09 -0700] "GET /wdc/gtown23b.jpg HTTP/1.1" 200 37749 "-" "Mozilla/5.0 AppleWebKit/537.36 (KHTML, like Gecko; compatible; bingbot/2.0; +http://www.bing.com/bingbot.htm) Chrome/103.0.5060.134 Safari/537.36" "www.ysfine.com"
185.191.171.12 - - [09/Sep/2022:13:37:54 -0700] "GET /robots.txt HTTP/1.1" 404 88 "-" "Mozilla/5.0 (compatible; SemrushBot/7~bl; +http://www.semrush.com/bot.html)" "ysfine.com"
185.191.171.15 - - [09/Sep/2022:13:37:55 -0700] "GET /dirac/dirac63.html HTTP/1.1" 404 88 "-" "Mozilla/5.0 (compatible; SemrushBot/7~bl; +http://www.semrush.com/bot.html)" "ysfine.com"
114.119.128.143 - - [09/Sep/2022:13:39:38 -0700] "GET / HTTP/1.1" 200 5283 "-" "Mozilla/5.0 (Linux; Android 7.0;) AppleWebKit/537.36 (KHTML, like Gecko) Mobile Safari/537.36 (compatible; PetalBot;+https://webmaster.petalsearch.com/site/petalbot)" "www.ysfine.com"
51.222.253.6 - - [09/Sep/2022:13:39:47 -0700] "GET /wisdom/wk01.html HTTP/1.1" 200 88106 "-" "Mozilla/5.0 (compatible; AhrefsBot/7.0; +http://ahrefs.com/robot/)" "ysfine.com"
74.72.44.92 - - [09/Sep/2022:13:40:30 -0700] "GET /eink/isomor55d.jpg HTTP/1.1" 200 54587 "https://www.google.com/" "Mozilla/5.0 (Macintosh; Intel Mac OS X 10_15_6) AppleWebKit/605.1.15 (KHTML, like Gecko) Version/15.6.1 Safari/605.1.15" "ysfine.com"
2.34.191.79 - - [09/Sep/2022:13:40:32 -0700] "GET /wigner/wigpoinc.html HTTP/1.1" 200 6586 "https://www.google.it/" "Mozilla/5.0 (Macintosh; Intel Mac OS X 10_15_7) AppleWebKit/605.1.15 (KHTML, like Gecko) Version/15.6.1 Safari/605.1.15" "ysfine.com"
2.34.191.79 - - [09/Sep/2022:13:40:32 -0700] "GET /wigner/wigsharp2.jpg HTTP/1.1" 200 34860 "https://ysfine.com/wigner/wigpoinc.html" "Mozilla/5.0 (Macintosh; Intel Mac OS X 10_15_7) AppleWebKit/605.1.15 (KHTML, like Gecko) Version/15.6.1 Safari/605.1.15" "ysfine.com"
2.34.191.79 - - [09/Sep/2022:13:40:33 -0700] "GET /wigner/neupol01b.jpg HTTP/1.1" 200 30797 "https://ysfine.com/wigner/wigpoinc.html" "Mozilla/5.0 (Macintosh; Intel Mac OS X 10_15_7) AppleWebKit/605.1.15 (KHTML, like Gecko) Version/15.6.1 Safari/605.1.15" "ysfine.com"
2.34.191.79 - - [09/Sep/2022:13:40:33 -0700] "GET /wigner/isomor66b.jpg HTTP/1.1" 200 60963 "https://ysfine.com/wigner/wigpoinc.html" "Mozilla/5.0 (Macintosh; Intel Mac OS X 10_15_7) AppleWebKit/605.1.15 (KHTML, like Gecko) Version/15.6.1 Safari/605.1.15" "ysfine.com"
2.34.191.79 - - [09/Sep/2022:13:40:33 -0700] "GET /wigner/lorentzgr01b.jpg HTTP/1.1" 200 33834 "https://ysfine.com/wigner/wigpoinc.html" "Mozilla/5.0 (Macintosh; Intel Mac OS X 10_15_7) AppleWebKit/605.1.15 (KHTML, like Gecko) Version/15.6.1 Safari/605.1.15" "ysfine.com"
2.34.191.79 - - [09/Sep/2022:13:40:33 -0700] "GET /wigner/michel2.jpg HTTP/1.1" 200 72183 "https://ysfine.com/wigner/wigpoinc.html" "Mozilla/5.0 (Macintosh; Intel Mac OS X 10_15_7) AppleWebKit/605.1.15 (KHTML, like Gecko) Version/15.6.1 Safari/605.1.15" "ysfine.com"
2.34.191.79 - - [09/Sep/2022:13:40:33 -0700] "GET /dirac/sq66b.jpg HTTP/1.1" 200 22242 "https://ysfine.com/wigner/wigpoinc.html" "Mozilla/5.0 (Macintosh; Intel Mac OS X 10_15_7) AppleWebKit/605.1.15 (KHTML, like Gecko) Version/15.6.1 Safari/605.1.15" "ysfine.com"
2.34.191.79 - - [09/Sep/2022:13:40:33 -0700] "GET /maga/phys/psphere01b.jpg HTTP/1.1" 200 55011 "https://ysfine.com/wigner/wigpoinc.html" "Mozilla/5.0 (Macintosh; Intel Mac OS X 10_15_7) AppleWebKit/605.1.15 (KHTML, like Gecko) Version/15.6.1 Safari/605.1.15" "ysfine.com"
2.34.191.79 - - [09/Sep/2022:13:40:33 -0700] "GET /eink/eink61c.jpg HTTP/1.1" 200 34119 "https://ysfine.com/wigner/wigpoinc.html" "Mozilla/5.0 (Macintosh; Intel Mac OS X 10_15_7) AppleWebKit/605.1.15 (KHTML, like Gecko) Version/15.6.1 Safari/605.1.15" "ysfine.com"
2.34.191.79 - - [09/Sep/2022:13:40:34 -0700] "GET /favicon.ico HTTP/1.1" 404 88 "https://ysfine.com/wigner/wigpoinc.html" "Mozilla/5.0 (Macintosh; Intel Mac OS X 10_15_7) AppleWebKit/605.1.15 (KHTML, like Gecko) Version/15.6.1 Safari/605.1.15" "ysfine.com"
114.119.128.154 - - [09/Sep/2022:13:41:26 -0700] "GET /princeton/dulles.html HTTP/1.1" 200 2700 "https://ysfine.com/style/leica.html" "Mozilla/5.0 (Linux; Android 7.0;) AppleWebKit/537.36 (KHTML, like Gecko) Mobile Safari/537.36 (compatible; PetalBot;+https://webmaster.petalsearch.com/site/petalbot)" "ysfine.com"
40.77.167.27 - - [09/Sep/2022:13:42:28 -0700] "GET /sbk/index.html HTTP/1.1" 304 - "-" "Mozilla/5.0 (compatible; bingbot/2.0; +http://www.bing.com/bingbot.htm)" "www.ysfine.com"
51.104.180.53 - - [09/Sep/2022:13:42:37 -0700] "GET /world/scandi/sto001.jpg HTTP/1.1" 200 111684 "-" "DuckDuckBot/1.1; (+http://duckduckgo.com/duckduckbot.html)" "www.ysfine.com"
89.144.211.107 - - [09/Sep/2022:13:42:46 -0700] "GET /maga/phys/landau35b.jpg HTTP/1.1" 200 26143 "https://www.google.com/" "Mozilla/5.0 (iPhone; CPU iPhone OS 15_6_1 like Mac OS X) AppleWebKit/605.1.15 (KHTML, like Gecko) GSA/218.0.456502374 Mobile/19G82 Safari/604.1" "ysfine.com"
114.119.128.143 - - [09/Sep/2022:13:42:58 -0700] "GET /beau/amkor/kostu16b.jpg HTTP/1.1" 404 88 "https://ysfine.com/kobak/korigh.html" "Mozilla/5.0 (Linux; Android 7.0;) AppleWebKit/537.36 (KHTML, like Gecko) Mobile Safari/537.36 (compatible; PetalBot;+https://webmaster.petalsearch.com/site/petalbot)" "ysfine.com"
157.55.39.146 - - [09/Sep/2022:13:43:17 -0700] "GET /world/russ/spbf35.jpg HTTP/1.1" 200 145404 "-" "Mozilla/5.0 (compatible; bingbot/2.0; +http://www.bing.com/bingbot.htm)" "www.ysfine.com"
77.240.183.232 - - [09/Sep/2022:13:43:47 -0700] "GET /awards/iao.html HTTP/1.1" 200 7183 "-" "Mozilla/5.0 (compatible; SpiderLing (a SPIDER for LINGustic research); +http://nlp.fi.muni.cz/projects/biwec/)" "ysfine.com"
157.55.39.146 - - [09/Sep/2022:13:44:26 -0700] "GET /world/china/hongkong72.jpg HTTP/1.1" 200 93488 "-" "Mozilla/5.0 (compatible; bingbot/2.0; +http://www.bing.com/bingbot.htm)" "ysfine.com"
114.119.128.162 - - [09/Sep/2022:13:45:15 -0700] "GET /class54/class5470/total_data/sub_8174.htm HTTP/1.1" 200 3496 "https://ysfine.com/class54/class5470/total_data/sub_8158.htm" "Mozilla/5.0 (Linux; Android 7.0;) AppleWebKit/537.36 (KHTML, like Gecko) Mobile Safari/537.36 (compatible; PetalBot;+https://webmaster.petalsearch.com/site/petalbot)" "ysfine.com"
40.77.167.28 - - [09/Sep/2022:13:45:31 -0700] "GET /dongio/polish.html HTTP/1.1" 404 88 "-" "Mozilla/5.0 (compatible; bingbot/2.0; +http://www.bing.com/bingbot.htm)" "ysfine.com"
157.55.39.146 - - [09/Sep/2022:13:46:36 -0700] "GET /world/scandi/copenf21.jpg HTTP/1.1" 200 81767 "-" "Mozilla/5.0 (compatible; bingbot/2.0; +http://www.bing.com/bingbot.htm)" "www.ysfine.com"
114.119.128.14 - - [09/Sep/2022:13:46:56 -0700] "GET /home/mathrev.html HTTP/1.1" 200 1802 "https://www.ysfine.com/maga/boltzmann.html" "Mozilla/5.0 (Linux; Android 7.0;) AppleWebKit/537.36 (KHTML, like Gecko) Mobile Safari/537.36 (compatible; PetalBot;+https://webmaster.petalsearch.com/site/petalbot)" "www.ysfine.com"
40.77.167.27 - - [09/Sep/2022:13:47:33 -0700] "GET /yspapers/yukawa65.pdf HTTP/1.1" 200 293173 "-" "Mozilla/5.0 (compatible; bingbot/2.0; +http://www.bing.com/bingbot.htm)" "www.ysfine.com"
40.77.167.27 - - [09/Sep/2022:13:47:33 -0700] "GET /kowar/gi002b.jpg HTTP/1.1" 200 42820 "-" "Mozilla/5.0 (compatible; bingbot/2.0; +http://www.bing.com/bingbot.htm)" "www.ysfine.com"
114.119.128.158 - - [09/Sep/2022:13:48:36 -0700] "GET /yspapers/newphys75.pdf HTTP/1.1" 200 264527 "https://ysfine.com/yspapers/index.html" "Mozilla/5.0 (Linux; Android 7.0;) AppleWebKit/537.36 (KHTML, like Gecko) Mobile Safari/537.36 (compatible; PetalBot;+https://webmaster.petalsearch.com/site/petalbot)" "ysfine.com"
73.71.218.233 - - [09/Sep/2022:13:49:06 -0700] "GET /princeton/alexan22.jpg HTTP/1.1" 200 175436 "https://www.google.com/" "Mozilla/5.0 (Macintosh; Intel Mac OS X 10_15_7) AppleWebKit/537.36 (KHTML, like Gecko) Chrome/104.0.0.0 Safari/537.36" "ysfine.com"
77.240.183.232 - - [09/Sep/2022:13:49:18 -0700] "GET /maga/popov.html HTTP/1.1" 200 23359 "-" "Mozilla/5.0 (compatible; SpiderLing (a SPIDER for LINGustic research); +http://nlp.fi.muni.cz/projects/biwec/)" "ysfine.com"
157.55.39.146 - - [09/Sep/2022:13:49:28 -0700] "GET /newyork/leshalles28.jpg HTTP/1.1" 200 215157 "-" "Mozilla/5.0 (compatible; bingbot/2.0; +http://www.bing.com/bingbot.htm)" "ysfine.com"
40.77.167.28 - - [09/Sep/2022:13:49:38 -0700] "GET /world/israel/jeru15.jpg HTTP/1.1" 200 108220 "-" "Mozilla/5.0 (compatible; bingbot/2.0; +http://www.bing.com/bingbot.htm)" "ysfine.com"
