108.35.228.120 - - [09/Sep/2022:19:22:36 -0700] "GET /people/sbt11b.jpg HTTP/1.1" 200 29397 "https://ysfine.com/people/peo.html" "Mozilla/5.0 (Macintosh; Intel Mac OS X 10_15_7) AppleWebKit/537.36 (KHTML, like Gecko) Chrome/105.0.0.0 Safari/537.36" "ysfine.com"
108.35.228.120 - - [09/Sep/2022:19:22:36 -0700] "GET /princeton/pcomm01b.jpg HTTP/1.1" 200 46796 "https://ysfine.com/people/peo.html" "Mozilla/5.0 (Macintosh; Intel Mac OS X 10_15_7) AppleWebKit/537.36 (KHTML, like Gecko) Chrome/105.0.0.0 Safari/537.36" "ysfine.com"
108.35.228.120 - - [09/Sep/2022:19:22:36 -0700] "GET /princeton/nphd2.jpg HTTP/1.1" 200 42916 "https://ysfine.com/people/peo.html" "Mozilla/5.0 (Macintosh; Intel Mac OS X 10_15_7) AppleWebKit/537.36 (KHTML, like Gecko) Chrome/105.0.0.0 Safari/537.36" "ysfine.com"
108.35.228.120 - - [09/Sep/2022:19:22:36 -0700] "GET /people/carnation61b.jpg HTTP/1.1" 200 48369 "https://ysfine.com/people/peo.html" "Mozilla/5.0 (Macintosh; Intel Mac OS X 10_15_7) AppleWebKit/537.36 (KHTML, like Gecko) Chrome/105.0.0.0 Safari/537.36" "ysfine.com"
108.35.228.120 - - [09/Sep/2022:19:22:36 -0700] "GET /kobak/rhee10b.jpg HTTP/1.1" 200 29337 "https://ysfine.com/people/peo.html" "Mozilla/5.0 (Macintosh; Intel Mac OS X 10_15_7) AppleWebKit/537.36 (KHTML, like Gecko) Chrome/105.0.0.0 Safari/537.36" "ysfine.com"
108.35.228.120 - - [09/Sep/2022:19:22:36 -0700] "GET /wigner/wighome2.jpg HTTP/1.1" 200 48701 "https://ysfine.com/people/peo.html" "Mozilla/5.0 (Macintosh; Intel Mac OS X 10_15_7) AppleWebKit/537.36 (KHTML, like Gecko) Chrome/105.0.0.0 Safari/537.36" "ysfine.com"
108.35.228.120 - - [09/Sep/2022:19:22:36 -0700] "GET /wigner/neum/pvn05b.jpg HTTP/1.1" 200 45464 "https://ysfine.com/people/peo.html" "Mozilla/5.0 (Macintosh; Intel Mac OS X 10_15_7) AppleWebKit/537.36 (KHTML, like Gecko) Chrome/105.0.0.0 Safari/537.36" "ysfine.com"
108.35.228.120 - - [09/Sep/2022:19:22:36 -0700] "GET /feynman/feyjad33b.jpg HTTP/1.1" 200 32306 "https://ysfine.com/people/peo.html" "Mozilla/5.0 (Macintosh; Intel Mac OS X 10_15_7) AppleWebKit/537.36 (KHTML, like Gecko) Chrome/105.0.0.0 Safari/537.36" "ysfine.com"
108.35.228.120 - - [09/Sep/2022:19:22:36 -0700] "GET /wigner/fitch2.jpg HTTP/1.1" 200 36807 "https://ysfine.com/people/peo.html" "Mozilla/5.0 (Macintosh; Intel Mac OS X 10_15_7) AppleWebKit/537.36 (KHTML, like Gecko) Chrome/105.0.0.0 Safari/537.36" "ysfine.com"
108.35.228.120 - - [09/Sep/2022:19:22:36 -0700] "GET /people/sbtwein2.jpg HTTP/1.1" 200 30398 "https://ysfine.com/people/peo.html" "Mozilla/5.0 (Macintosh; Intel Mac OS X 10_15_7) AppleWebKit/537.36 (KHTML, like Gecko) Chrome/105.0.0.0 Safari/537.36" "ysfine.com"
108.35.228.120 - - [09/Sep/2022:19:22:36 -0700] "GET /people/wheemaine2.jpg HTTP/1.1" 200 34617 "https://ysfine.com/people/peo.html" "Mozilla/5.0 (Macintosh; Intel Mac OS X 10_15_7) AppleWebKit/537.36 (KHTML, like Gecko) Chrome/105.0.0.0 Safari/537.36" "ysfine.com"
108.35.228.120 - - [09/Sep/2022:19:22:36 -0700] "GET /people/towhee2.jpg HTTP/1.1" 200 32584 "https://ysfine.com/people/peo.html" "Mozilla/5.0 (Macintosh; Intel Mac OS X 10_15_7) AppleWebKit/537.36 (KHTML, like Gecko) Chrome/105.0.0.0 Safari/537.36" "ysfine.com"
108.35.228.120 - - [09/Sep/2022:19:22:36 -0700] "GET /people/tollwig300.jpg HTTP/1.1" 200 27969 "https://ysfine.com/people/peo.html" "Mozilla/5.0 (Macintosh; Intel Mac OS X 10_15_7) AppleWebKit/537.36 (KHTML, like Gecko) Chrome/105.0.0.0 Safari/537.36" "ysfine.com"
108.35.228.120 - - [09/Sep/2022:19:22:36 -0700] "GET /people/facu63c.jpg HTTP/1.1" 200 39839 "https://ysfine.com/people/peo.html" "Mozilla/5.0 (Macintosh; Intel Mac OS X 10_15_7) AppleWebKit/537.36 (KHTML, like Gecko) Chrome/105.0.0.0 Safari/537.36" "ysfine.com"
108.35.228.120 - - [09/Sep/2022:19:22:36 -0700] "GET /people/wboys2.jpg HTTP/1.1" 200 40344 "https://ysfine.com/people/peo.html" "Mozilla/5.0 (Macintosh; Intel Mac OS X 10_15_7) AppleWebKit/537.36 (KHTML, like Gecko) Chrome/105.0.0.0 Safari/537.36" "ysfine.com"
108.35.228.120 - - [09/Sep/2022:19:22:36 -0700] "GET /people/princeton68b.jpg HTTP/1.1" 200 40218 "https://ysfine.com/people/peo.html" "Mozilla/5.0 (Macintosh; Intel Mac OS X 10_15_7) AppleWebKit/537.36 (KHTML, like Gecko) Chrome/105.0.0.0 Safari/537.36" "ysfine.com"
108.35.228.120 - - [09/Sep/2022:19:22:36 -0700] "GET /people/redgreen300.jpg HTTP/1.1" 200 40144 "https://ysfine.com/people/peo.html" "Mozilla/5.0 (Macintosh; Intel Mac OS X 10_15_7) AppleWebKit/537.36 (KHTML, like Gecko) Chrome/105.0.0.0 Safari/537.36" "ysfine.com"
108.35.228.120 - - [09/Sep/2022:19:22:36 -0700] "GET /people/jweber300.jpg HTTP/1.1" 200 23956 "https://ysfine.com/people/peo.html" "Mozilla/5.0 (Macintosh; Intel Mac OS X 10_15_7) AppleWebKit/537.36 (KHTML, like Gecko) Chrome/105.0.0.0 Safari/537.36" "ysfine.com"
108.35.228.120 - - [09/Sep/2022:19:22:36 -0700] "GET /people/bhagat2.jpg HTTP/1.1" 200 33854 "https://ysfine.com/people/peo.html" "Mozilla/5.0 (Macintosh; Intel Mac OS X 10_15_7) AppleWebKit/537.36 (KHTML, like Gecko) Chrome/105.0.0.0 Safari/537.36" "ysfine.com"
108.35.228.120 - - [09/Sep/2022:19:22:36 -0700] "GET /people/eastman01b.jpg HTTP/1.1" 200 42893 "https://ysfine.com/people/peo.html" "Mozilla/5.0 (Macintosh; Intel Mac OS X 10_15_7) AppleWebKit/537.36 (KHTML, like Gecko) Chrome/105.0.0.0 Safari/537.36" "ysfine.com"
108.35.228.120 - - [09/Sep/2022:19:22:36 -0700] "GET /people/klauder06c.jpg HTTP/1.1" 200 42613 "https://ysfine.com/people/peo.html" "Mozilla/5.0 (Macintosh; Intel Mac OS X 10_15_7) AppleWebKit/537.36 (KHTML, like Gecko) Chrome/105.0.0.0 Safari/537.36" "ysfine.com"
108.35.228.120 - - [09/Sep/2022:19:22:36 -0700] "GET /people/baran300.jpg HTTP/1.1" 200 22100 "https://ysfine.com/people/peo.html" "Mozilla/5.0 (Macintosh; Intel Mac OS X 10_15_7) AppleWebKit/537.36 (KHTML, like Gecko) Chrome/105.0.0.0 Safari/537.36" "ysfine.com"
108.35.228.120 - - [09/Sep/2022:19:22:36 -0700] "GET /people/logunov11b.jpg HTTP/1.1" 200 26659 "https://ysfine.com/people/peo.html" "Mozilla/5.0 (Macintosh; Intel Mac OS X 10_15_7) AppleWebKit/537.36 (KHTML, like Gecko) Chrome/105.0.0.0 Safari/537.36" "ysfine.com"
108.35.228.120 - - [09/Sep/2022:19:22:36 -0700] "GET /wdc/kopol01b.jpg HTTP/1.1" 200 34148 "https://ysfine.com/people/peo.html" "Mozilla/5.0 (Macintosh; Intel Mac OS X 10_15_7) AppleWebKit/537.36 (KHTML, like Gecko) Chrome/105.0.0.0 Safari/537.36" "ysfine.com"
108.35.228.120 - - [09/Sep/2022:19:22:36 -0700] "GET /people/sakharov01c.jpg HTTP/1.1" 200 42636 "https://ysfine.com/people/peo.html" "Mozilla/5.0 (Macintosh; Intel Mac OS X 10_15_7) AppleWebKit/537.36 (KHTML, like Gecko) Chrome/105.0.0.0 Safari/537.36" "ysfine.com"
108.35.228.120 - - [09/Sep/2022:19:22:36 -0700] "GET /wigner/inokim2.jpg HTTP/1.1" 200 29903 "https://ysfine.com/people/peo.html" "Mozilla/5.0 (Macintosh; Intel Mac OS X 10_15_7) AppleWebKit/537.36 (KHTML, like Gecko) Chrome/105.0.0.0 Safari/537.36" "ysfine.com"
108.35.228.120 - - [09/Sep/2022:19:22:36 -0700] "GET /people/janszky04b.jpg HTTP/1.1" 200 38233 "https://ysfine.com/people/peo.html" "Mozilla/5.0 (Macintosh; Intel Mac OS X 10_15_7) AppleWebKit/537.36 (KHTML, like Gecko) Chrome/105.0.0.0 Safari/537.36" "ysfine.com"
108.35.228.120 - - [09/Sep/2022:19:22:36 -0700] "GET /people/sibelbas11c.jpg HTTP/1.1" 200 31836 "https://ysfine.com/people/peo.html" "Mozilla/5.0 (Macintosh; Intel Mac OS X 10_15_7) AppleWebKit/537.36 (KHTML, like Gecko) Chrome/105.0.0.0 Safari/537.36" "ysfine.com"
108.35.228.120 - - [09/Sep/2022:19:22:36 -0700] "GET /ffriends/amkor/elena01c.jpg HTTP/1.1" 200 37341 "https://ysfine.com/people/peo.html" "Mozilla/5.0 (Macintosh; Intel Mac OS X 10_15_7) AppleWebKit/537.36 (KHTML, like Gecko) Chrome/105.0.0.0 Safari/537.36" "ysfine.com"
108.35.228.120 - - [09/Sep/2022:19:22:36 -0700] "GET /people/giacobino03b.jpg HTTP/1.1" 200 35593 "https://ysfine.com/people/peo.html" "Mozilla/5.0 (Macintosh; Intel Mac OS X 10_15_7) AppleWebKit/537.36 (KHTML, like Gecko) Chrome/105.0.0.0 Safari/537.36" "ysfine.com"
108.35.228.120 - - [09/Sep/2022:19:22:36 -0700] "GET /world/russ/filippov01b.jpg HTTP/1.1" 200 45154 "https://ysfine.com/people/peo.html" "Mozilla/5.0 (Macintosh; Intel Mac OS X 10_15_7) AppleWebKit/537.36 (KHTML, like Gecko) Chrome/105.0.0.0 Safari/537.36" "ysfine.com"
108.35.228.120 - - [09/Sep/2022:19:22:36 -0700] "GET /people/solimeno11b.jpg HTTP/1.1" 200 39705 "https://ysfine.com/people/peo.html" "Mozilla/5.0 (Macintosh; Intel Mac OS X 10_15_7) AppleWebKit/537.36 (KHTML, like Gecko) Chrome/105.0.0.0 Safari/537.36" "ysfine.com"
108.35.228.120 - - [09/Sep/2022:19:22:36 -0700] "GET /people/lipkin02b.jpg HTTP/1.1" 200 44829 "https://ysfine.com/people/peo.html" "Mozilla/5.0 (Macintosh; Intel Mac OS X 10_15_7) AppleWebKit/537.36 (KHTML, like Gecko) Chrome/105.0.0.0 Safari/537.36" "ysfine.com"
108.35.228.120 - - [09/Sep/2022:19:22:36 -0700] "GET /people/catto02b.jpg HTTP/1.1" 200 52505 "https://ysfine.com/people/peo.html" "Mozilla/5.0 (Macintosh; Intel Mac OS X 10_15_7) AppleWebKit/537.36 (KHTML, like Gecko) Chrome/105.0.0.0 Safari/537.36" "ysfine.com"
108.35.228.120 - - [09/Sep/2022:19:22:36 -0700] "GET /people/glauber01c.jpg HTTP/1.1" 200 31202 "https://ysfine.com/people/peo.html" "Mozilla/5.0 (Macintosh; Intel Mac OS X 10_15_7) AppleWebKit/537.36 (KHTML, like Gecko) Chrome/105.0.0.0 Safari/537.36" "ysfine.com"
108.35.228.120 - - [09/Sep/2022:19:22:36 -0700] "GET /world/russ/afanasiev01b.jpg HTTP/1.1" 200 40004 "https://ysfine.com/people/peo.html" "Mozilla/5.0 (Macintosh; Intel Mac OS X 10_15_7) AppleWebKit/537.36 (KHTML, like Gecko) Chrome/105.0.0.0 Safari/537.36" "ysfine.com"
108.35.228.120 - - [09/Sep/2022:19:22:36 -0700] "GET /people/zeilinger01b.jpg HTTP/1.1" 200 30410 "https://ysfine.com/people/peo.html" "Mozilla/5.0 (Macintosh; Intel Mac OS X 10_15_7) AppleWebKit/537.36 (KHTML, like Gecko) Chrome/105.0.0.0 Safari/537.36" "ysfine.com"
108.35.228.120 - - [09/Sep/2022:19:22:36 -0700] "GET /eink/eink61c.jpg HTTP/1.1" 200 34119 "https://ysfine.com/people/peo.html" "Mozilla/5.0 (Macintosh; Intel Mac OS X 10_15_7) AppleWebKit/537.36 (KHTML, like Gecko) Chrome/105.0.0.0 Safari/537.36" "ysfine.com"
108.35.228.120 - - [09/Sep/2022:19:22:37 -0700] "GET /favicon.ico HTTP/1.1" 404 88 "https://ysfine.com/people/peo.html" "Mozilla/5.0 (Macintosh; Intel Mac OS X 10_15_7) AppleWebKit/537.36 (KHTML, like Gecko) Chrome/105.0.0.0 Safari/537.36" "ysfine.com"
50.38.74.74 - - [09/Sep/2022:19:23:08 -0700] "GET /world/scandi/sto001.jpg HTTP/1.1" 200 111684 "https://www.google.com/" "Mozilla/5.0 (Linux; Android 12; SM-A426U) AppleWebKit/537.36 (KHTML, like Gecko) Chrome/103.0.0.0 Mobile Safari/537.36" "ysfine.com"
51.222.253.4 - - [09/Sep/2022:19:23:28 -0700] "GET /style/shops.html HTTP/1.1" 200 2829 "-" "Mozilla/5.0 (compatible; AhrefsBot/7.0; +http://ahrefs.com/robot/)" "ysfine.com"
114.119.128.158 - - [09/Sep/2022:19:24:16 -0700] "GET /class54/class5470/total_data/sub_807.htm HTTP/1.1" 200 3558 "-" "Mozilla/5.0 (Linux; Android 7.0;) AppleWebKit/537.36 (KHTML, like Gecko) Mobile Safari/537.36 (compatible; PetalBot;+https://webmaster.petalsearch.com/site/petalbot)" "ysfine.com"
222.121.60.29 - - [09/Sep/2022:19:25:07 -0700] "GET /dirac/dircanal.html HTTP/1.1" 200 10551 "http://www.ysfine.com/dirac/dircanal.html" "Mozilla/5.0 Chrome/90.0.4430.212" "www.ysfine.com"
173.73.80.118 - - [09/Sep/2022:19:25:11 -0700] "GET /home/kowis33.html HTTP/1.1" 200 2096 "https://www.ysfine.com/ys11/index.html" "Mozilla/5.0 (Linux; Android 5.1.1; KFSUWI) AppleWebKit/537.36 (KHTML, like Gecko) Silk/102.4.13 like Chrome/102.0.5005.171 Safari/537.36" "www.ysfine.com"
173.73.80.118 - - [09/Sep/2022:19:25:11 -0700] "GET /home/rhee22c.jpg HTTP/1.1" 200 62201 "https://www.ysfine.com/home/kowis33.html" "Mozilla/5.0 (Linux; Android 5.1.1; KFSUWI) AppleWebKit/537.36 (KHTML, like Gecko) Silk/102.4.13 like Chrome/102.0.5005.171 Safari/537.36" "www.ysfine.com"
173.73.80.118 - - [09/Sep/2022:19:25:11 -0700] "GET /home/wigkim11d.jpg HTTP/1.1" 200 55171 "https://www.ysfine.com/home/kowis33.html" "Mozilla/5.0 (Linux; Android 5.1.1; KFSUWI) AppleWebKit/537.36 (KHTML, like Gecko) Silk/102.4.13 like Chrome/102.0.5005.171 Safari/537.36" "www.ysfine.com"
173.73.80.118 - - [09/Sep/2022:19:25:11 -0700] "GET /home/fotos/einhaus450.jpg HTTP/1.1" 200 65369 "https://www.ysfine.com/home/kowis33.html" "Mozilla/5.0 (Linux; Android 5.1.1; KFSUWI) AppleWebKit/537.36 (KHTML, like Gecko) Silk/102.4.13 like Chrome/102.0.5005.171 Safari/537.36" "www.ysfine.com"
173.73.80.118 - - [09/Sep/2022:19:25:45 -0700] "GET /home/bio77.html HTTP/1.1" 200 10347 "https://www.ysfine.com/home/kowis33.html" "Mozilla/5.0 (Linux; Android 5.1.1; KFSUWI) AppleWebKit/537.36 (KHTML, like Gecko) Silk/102.4.13 like Chrome/102.0.5005.171 Safari/537.36" "www.ysfine.com"
173.73.80.118 - - [09/Sep/2022:19:25:45 -0700] "GET /home/eink450.jpg HTTP/1.1" 200 66794 "https://www.ysfine.com/home/bio77.html" "Mozilla/5.0 (Linux; Android 5.1.1; KFSUWI) AppleWebKit/537.36 (KHTML, like Gecko) Silk/102.4.13 like Chrome/102.0.5005.171 Safari/537.36" "www.ysfine.com"
173.73.80.118 - - [09/Sep/2022:19:25:45 -0700] "GET /home/sbt11d.jpg HTTP/1.1" 200 41029 "https://www.ysfine.com/home/bio77.html" "Mozilla/5.0 (Linux; Android 5.1.1; KFSUWI) AppleWebKit/537.36 (KHTML, like Gecko) Silk/102.4.13 like Chrome/102.0.5005.171 Safari/537.36" "www.ysfine.com"
173.73.80.118 - - [09/Sep/2022:19:25:45 -0700] "GET /home/wigkim450.jpg HTTP/1.1" 200 46980 "https://www.ysfine.com/home/bio77.html" "Mozilla/5.0 (Linux; Android 5.1.1; KFSUWI) AppleWebKit/537.36 (KHTML, like Gecko) Silk/102.4.13 like Chrome/102.0.5005.171 Safari/537.36" "www.ysfine.com"
173.73.80.118 - - [09/Sep/2022:19:25:45 -0700] "GET /home/fig33/michwight840.jpg HTTP/1.1" 200 75836 "https://www.ysfine.com/home/bio77.html" "Mozilla/5.0 (Linux; Android 5.1.1; KFSUWI) AppleWebKit/537.36 (KHTML, like Gecko) Silk/102.4.13 like Chrome/102.0.5005.171 Safari/537.36" "www.ysfine.com"
173.73.80.118 - - [09/Sep/2022:19:25:45 -0700] "GET /home/tollwig11d.jpg HTTP/1.1" 200 39722 "https://www.ysfine.com/home/bio77.html" "Mozilla/5.0 (Linux; Android 5.1.1; KFSUWI) AppleWebKit/537.36 (KHTML, like Gecko) Silk/102.4.13 like Chrome/102.0.5005.171 Safari/537.36" "www.ysfine.com"
173.73.80.118 - - [09/Sep/2022:19:25:45 -0700] "GET /home/fotos/einmu41d.jpg HTTP/1.1" 200 62005 "https://www.ysfine.com/home/bio77.html" "Mozilla/5.0 (Linux; Android 5.1.1; KFSUWI) AppleWebKit/537.36 (KHTML, like Gecko) Silk/102.4.13 like Chrome/102.0.5005.171 Safari/537.36" "www.ysfine.com"
173.73.80.118 - - [09/Sep/2022:19:25:45 -0700] "GET /home/wigner22d.jpg HTTP/1.1" 200 70992 "https://www.ysfine.com/home/bio77.html" "Mozilla/5.0 (Linux; Android 5.1.1; KFSUWI) AppleWebKit/537.36 (KHTML, like Gecko) Silk/102.4.13 like Chrome/102.0.5005.171 Safari/537.36" "www.ysfine.com"
173.73.80.118 - - [09/Sep/2022:19:25:45 -0700] "GET /home/truck/truck840.jpg HTTP/1.1" 200 81303 "https://www.ysfine.com/home/bio77.html" "Mozilla/5.0 (Linux; Android 5.1.1; KFSUWI) AppleWebKit/537.36 (KHTML, like Gecko) Silk/102.4.13 like Chrome/102.0.5005.171 Safari/537.36" "www.ysfine.com"
173.73.80.118 - - [09/Sep/2022:19:25:45 -0700] "GET /home/wigein11d.jpg HTTP/1.1" 200 38446 "https://www.ysfine.com/home/bio77.html" "Mozilla/5.0 (Linux; Android 5.1.1; KFSUWI) AppleWebKit/537.36 (KHTML, like Gecko) Silk/102.4.13 like Chrome/102.0.5005.171 Safari/537.36" "www.ysfine.com"
173.73.80.118 - - [09/Sep/2022:19:25:46 -0700] "GET /home/fig33/parton77g.jpg HTTP/1.1" 200 111292 "https://www.ysfine.com/home/bio77.html" "Mozilla/5.0 (Linux; Android 5.1.1; KFSUWI) AppleWebKit/537.36 (KHTML, like Gecko) Silk/102.4.13 like Chrome/102.0.5005.171 Safari/537.36" "www.ysfine.com"
173.73.80.118 - - [09/Sep/2022:19:25:46 -0700] "GET /home/fig33/sbtwein450.jpg HTTP/1.1" 200 73194 "https://www.ysfine.com/home/bio77.html" "Mozilla/5.0 (Linux; Android 5.1.1; KFSUWI) AppleWebKit/537.36 (KHTML, like Gecko) Silk/102.4.13 like Chrome/102.0.5005.171 Safari/537.36" "www.ysfine.com"
173.73.80.118 - - [09/Sep/2022:19:25:46 -0700] "GET /home/further22f.jpg HTTP/1.1" 200 99099 "https://www.ysfine.com/home/bio77.html" "Mozilla/5.0 (Linux; Android 5.1.1; KFSUWI) AppleWebKit/537.36 (KHTML, like Gecko) Silk/102.4.13 like Chrome/102.0.5005.171 Safari/537.36" "www.ysfine.com"
173.73.80.118 - - [09/Sep/2022:19:25:46 -0700] "GET /home/fig33/einbohr77g.jpg HTTP/1.1" 200 171912 "https://www.ysfine.com/home/bio77.html" "Mozilla/5.0 (Linux; Android 5.1.1; KFSUWI) AppleWebKit/537.36 (KHTML, like Gecko) Silk/102.4.13 like Chrome/102.0.5005.171 Safari/537.36" "www.ysfine.com"
173.73.80.118 - - [09/Sep/2022:19:25:46 -0700] "GET /home/ewk86f.jpg HTTP/1.1" 200 123121 "https://www.ysfine.com/home/bio77.html" "Mozilla/5.0 (Linux; Android 5.1.1; KFSUWI) AppleWebKit/537.36 (KHTML, like Gecko) Silk/102.4.13 like Chrome/102.0.5005.171 Safari/537.36" "www.ysfine.com"
173.73.80.118 - - [09/Sep/2022:19:25:46 -0700] "GET /home/comet40f.jpg HTTP/1.1" 200 101816 "https://www.ysfine.com/home/bio77.html" "Mozilla/5.0 (Linux; Android 5.1.1; KFSUWI) AppleWebKit/537.36 (KHTML, like Gecko) Silk/102.4.13 like Chrome/102.0.5005.171 Safari/537.36" "www.ysfine.com"
173.73.80.118 - - [09/Sep/2022:19:25:46 -0700] "GET /home/o32inho22g.jpg HTTP/1.1" 200 90429 "https://www.ysfine.com/home/bio77.html" "Mozilla/5.0 (Linux; Android 5.1.1; KFSUWI) AppleWebKit/537.36 (KHTML, like Gecko) Silk/102.4.13 like Chrome/102.0.5005.171 Safari/537.36" "www.ysfine.com"
108.35.228.120 - - [09/Sep/2022:19:26:07 -0700] "GET /people/catto02.jpg HTTP/1.1" 200 95385 "https://ysfine.com/people/peo.html" "Mozilla/5.0 (Macintosh; Intel Mac OS X 10_15_7) AppleWebKit/537.36 (KHTML, like Gecko) Chrome/105.0.0.0 Safari/537.36" "ysfine.com"
114.119.128.14 - - [09/Sep/2022:19:26:21 -0700] "GET /class54/class5470/total_data/sub_301.htm HTTP/1.1" 200 3324 "-" "Mozilla/5.0 (Linux; Android 7.0;) AppleWebKit/537.36 (KHTML, like Gecko) Mobile Safari/537.36 (compatible; PetalBot;+https://webmaster.petalsearch.com/site/petalbot)" "ysfine.com"
108.35.228.120 - - [09/Sep/2022:19:26:33 -0700] "GET /people/balabars.jpg HTTP/1.1" 200 74827 "https://ysfine.com/people/peo.html" "Mozilla/5.0 (Macintosh; Intel Mac OS X 10_15_7) AppleWebKit/537.36 (KHTML, like Gecko) Chrome/105.0.0.0 Safari/537.36" "ysfine.com"
51.222.253.12 - - [09/Sep/2022:19:26:37 -0700] "GET /remote/wigner111/index.html HTTP/1.1" 200 907 "-" "Mozilla/5.0 (compatible; AhrefsBot/7.0; +http://ahrefs.com/robot/)" "www.ysfine.com"
114.119.128.14 - - [09/Sep/2022:19:27:20 -0700] "GET /style/beetho.jpg HTTP/1.1" 404 88 "-" "Mozilla/5.0 (Linux; Android 7.0;) AppleWebKit/537.36 (KHTML, like Gecko) Mobile Safari/537.36 (compatible; PetalBot;+https://webmaster.petalsearch.com/site/petalbot)" "ysfine.com"
173.73.80.118 - - [09/Sep/2022:19:27:43 -0700] "GET /home/kowis33.html HTTP/1.1" 304 - "https://www.ysfine.com/ys11/index.html" "Mozilla/5.0 (Linux; Android 5.1.1; KFSUWI) AppleWebKit/537.36 (KHTML, like Gecko) Silk/102.4.13 like Chrome/102.0.5005.171 Safari/537.36" "www.ysfine.com"
40.77.167.33 - - [09/Sep/2022:19:29:14 -0700] "GET /kowar/panmun03.jpg HTTP/1.1" 200 137789 "-" "Mozilla/5.0 (compatible; bingbot/2.0; +http://www.bing.com/bingbot.htm)" "ysfine.com"
114.119.128.154 - - [09/Sep/2022:19:29:28 -0700] "GET /einstein/maric22c.jpg HTTP/1.1" 200 37172 "-" "Mozilla/5.0 (Linux; Android 7.0;) AppleWebKit/537.36 (KHTML, like Gecko) Mobile Safari/537.36 (compatible; PetalBot;+https://webmaster.petalsearch.com/site/petalbot)" "ysfine.com"
51.222.253.5 - - [09/Sep/2022:19:29:28 -0700] "GET /remote/wigner111/frame14.html HTTP/1.1" 200 728 "-" "Mozilla/5.0 (compatible; AhrefsBot/7.0; +http://ahrefs.com/robot/)" "www.ysfine.com"
40.77.167.27 - - [09/Sep/2022:19:30:43 -0700] "GET /archives/class5470/total_data/refer_img/2-13_f.jpg HTTP/1.1" 404 88 "-" "Mozilla/5.0 (compatible; bingbot/2.0; +http://www.bing.com/bingbot.htm)" "www.ysfine.com"
114.119.128.158 - - [09/Sep/2022:19:31:53 -0700] "GET /class54/class5470/total_data/sub_704.htm HTTP/1.1" 200 3295 "-" "Mozilla/5.0 (Linux; Android 7.0;) AppleWebKit/537.36 (KHTML, like Gecko) Mobile Safari/537.36 (compatible; PetalBot;+https://webmaster.petalsearch.com/site/petalbot)" "ysfine.com"
51.222.253.9 - - [09/Sep/2022:19:32:12 -0700] "GET /dirac/dirheisen.html HTTP/1.1" 200 4650 "-" "Mozilla/5.0 (compatible; AhrefsBot/7.0; +http://ahrefs.com/robot/)" "ysfine.com"
51.222.253.11 - - [09/Sep/2022:19:32:14 -0700] "GET /dirac/dirfoc62b.jpg HTTP/1.1" 200 29874 "-" "Mozilla/5.0 (compatible; AhrefsBot/7.0; +http://ahrefs.com/robot/)" "ysfine.com"
51.222.253.14 - - [09/Sep/2022:19:32:21 -0700] "GET /dirac/2osc22a.jpg HTTP/1.1" 200 69742 "-" "Mozilla/5.0 (compatible; AhrefsBot/7.0; +http://ahrefs.com/robot/)" "ysfine.com"
51.222.253.10 - - [09/Sep/2022:19:32:22 -0700] "GET /people/yuen01b.jpg HTTP/1.1" 200 24922 "-" "Mozilla/5.0 (compatible; AhrefsBot/7.0; +http://ahrefs.com/robot/)" "ysfine.com"
51.222.253.17 - - [09/Sep/2022:19:32:22 -0700] "GET /wigner/wigheis11b.jpg HTTP/1.1" 200 38703 "-" "Mozilla/5.0 (compatible; AhrefsBot/7.0; +http://ahrefs.com/robot/)" "ysfine.com"
51.222.253.4 - - [09/Sep/2022:19:32:22 -0700] "GET /dirac/dirac63b.jpg HTTP/1.1" 200 41617 "-" "Mozilla/5.0 (compatible; AhrefsBot/7.0; +http://ahrefs.com/robot/)" "ysfine.com"
40.77.167.35 - - [09/Sep/2022:19:32:23 -0700] "GET /world/hungary/buda029.jpg HTTP/1.1" 200 124868 "-" "Mozilla/5.0 (compatible; bingbot/2.0; +http://www.bing.com/bingbot.htm)" "www.ysfine.com"
51.222.253.1 - - [09/Sep/2022:19:32:23 -0700] "GET /wdc/sakura04b.jpg HTTP/1.1" 200 32713 "-" "Mozilla/5.0 (compatible; AhrefsBot/7.0; +http://ahrefs.com/robot/)" "ysfine.com"
51.222.253.10 - - [09/Sep/2022:19:32:23 -0700] "GET /wigner/tollwig11b.jpg HTTP/1.1" 200 31891 "-" "Mozilla/5.0 (compatible; AhrefsBot/7.0; +http://ahrefs.com/robot/)" "ysfine.com"
51.222.253.7 - - [09/Sep/2022:19:32:24 -0700] "GET /dirac/michelan01b.jpg HTTP/1.1" 200 50306 "-" "Mozilla/5.0 (compatible; AhrefsBot/7.0; +http://ahrefs.com/robot/)" "ysfine.com"
51.222.253.13 - - [09/Sep/2022:19:32:24 -0700] "GET /people/facu63b.jpg HTTP/1.1" 200 47712 "-" "Mozilla/5.0 (compatible; AhrefsBot/7.0; +http://ahrefs.com/robot/)" "ysfine.com"
51.222.253.5 - - [09/Sep/2022:19:32:24 -0700] "GET /people/towhee11b.jpg HTTP/1.1" 200 32584 "-" "Mozilla/5.0 (compatible; AhrefsBot/7.0; +http://ahrefs.com/robot/)" "ysfine.com"
51.222.253.3 - - [09/Sep/2022:19:32:25 -0700] "GET /people/glauber01b.jpg HTTP/1.1" 200 26433 "-" "Mozilla/5.0 (compatible; AhrefsBot/7.0; +http://ahrefs.com/robot/)" "ysfine.com"
173.73.80.118 - - [09/Sep/2022:19:33:26 -0700] "GET /home/bio44.html?fbclid=IwAR25MpO0N7PDNAvbHMSW6FQWz54x9wQS42XhyYeSxxOsmCkniJRaKtBAkko HTTP/1.1" 200 14525 "https://m.facebook.com/" "Mozilla/5.0 (Linux; Android 5.1.1; KFSUWI) AppleWebKit/537.36 (KHTML, like Gecko) Silk/102.4.13 like Chrome/102.0.5005.171 Safari/537.36" "ysfine.com"
114.119.128.154 - - [09/Sep/2022:19:34:14 -0700] "GET /awards/timeline11,jpg HTTP/1.1" 404 88 "-" "Mozilla/5.0 (Linux; Android 7.0;) AppleWebKit/537.36 (KHTML, like Gecko) Mobile Safari/537.36 (compatible; PetalBot;+https://webmaster.petalsearch.com/site/petalbot)" "ysfine.com"
66.249.70.4 - - [09/Sep/2022:19:34:19 -0700] "GET /robots.txt HTTP/1.1" 404 88 "-" "Mozilla/5.0 (compatible; Googlebot/2.1; +http://www.google.com/bot.html)" "ysfine.com"
154.54.249.206 - - [09/Sep/2022:19:34:35 -0700] "GET /index.html HTTP/1.1" 200 5283 "-" "Mozilla/5.0 (compatible; Barkrowler/0.9; +https://babbar.tech/crawler)" "ysfine.com"
109.70.150.185 - - [09/Sep/2022:19:34:36 -0700] "GET /kowar/panmun04.jpg HTTP/1.1" 200 126386 "https://www.google.com/" "Mozilla/5.0 (Windows NT 10.0; Win64; x64; rv:104.0) Gecko/20100101 Firefox/104.0" "ysfine.com"
154.54.249.206 - - [09/Sep/2022:19:35:04 -0700] "GET /people/sbt.html HTTP/1.1" 304 - "-" "Mozilla/5.0 (compatible; Barkrowler/0.9; +https://babbar.tech/crawler)" "www.ysfine.com"
51.222.253.20 - - [09/Sep/2022:19:35:04 -0700] "GET /ffriends/index.html HTTP/1.1" 200 151 "-" "Mozilla/5.0 (compatible; AhrefsBot/7.0; +http://ahrefs.com/robot/)" "ysfine.com"
173.73.80.118 - - [09/Sep/2022:19:35:38 -0700] "GET /home/pgh/highland03.jpg HTTP/1.1" 200 116000 "https://ysfine.com/home/bio44.html?fbclid=IwAR25MpO0N7PDNAvbHMSW6FQWz54x9wQS42XhyYeSxxOsmCkniJRaKtBAkko" "Mozilla/5.0 (Linux; Android 5.1.1; KFSUWI) AppleWebKit/537.36 (KHTML, like Gecko) Silk/102.4.13 like Chrome/102.0.5005.171 Safari/537.36" "ysfine.com"
114.119.128.154 - - [09/Sep/2022:19:36:10 -0700] "GET /style/lincolnc11.jpg HTTP/1.1" 404 88 "-" "Mozilla/5.0 (Linux; Android 7.0;) AppleWebKit/537.36 (KHTML, like Gecko) Mobile Safari/537.36 (compatible; PetalBot;+https://webmaster.petalsearch.com/site/petalbot)" "ysfine.com"
185.191.171.16 - - [09/Sep/2022:19:37:01 -0700] "GET /maga/home/index.html HTTP/1.1" 404 88 "-" "Mozilla/5.0 (compatible; SemrushBot/7~bl; +http://www.semrush.com/bot.html)" "www.ysfine.com"
40.77.167.27 - - [09/Sep/2022:19:37:13 -0700] "GET /world/russ/mosko04.jpg HTTP/1.1" 200 75311 "-" "Mozilla/5.0 AppleWebKit/537.36 (KHTML, like Gecko; compatible; bingbot/2.0; +http://www.bing.com/bingbot.htm) Chrome/103.0.5060.134 Safari/537.36" "ysfine.com"
40.77.167.35 - - [09/Sep/2022:19:37:22 -0700] "GET /world/germany/oktf07.jpg HTTP/1.1" 200 95069 "-" "Mozilla/5.0 (compatible; bingbot/2.0; +http://www.bing.com/bingbot.htm)" "www.ysfine.com"
107.199.173.131 - - [09/Sep/2022:19:37:57 -0700] "GET /kobak/sohnwi01.jpg HTTP/1.1" 200 67716 "https://www.google.com/" "Mozilla/5.0 (Windows NT 10.0; Win64; x64) AppleWebKit/537.36 (KHTML, like Gecko) Chrome/105.0.0.0 Safari/537.36" "ysfine.com"
51.222.253.19 - - [09/Sep/2022:19:38:21 -0700] "GET /houses/christmas.html HTTP/1.1" 200 459 "-" "Mozilla/5.0 (compatible; AhrefsBot/7.0; +http://ahrefs.com/robot/)" "ysfine.com"
114.119.128.162 - - [09/Sep/2022:19:38:38 -0700] "GET /class54/class5470/total_data/sub_832.htm HTTP/1.1" 200 3561 "-" "Mozilla/5.0 (Linux; Android 7.0;) AppleWebKit/537.36 (KHTML, like Gecko) Mobile Safari/537.36 (compatible; PetalBot;+https://webmaster.petalsearch.com/site/petalbot)" "ysfine.com"
99.6.81.184 - - [09/Sep/2022:19:38:46 -0700] "GET /kobak/underw26.jpg HTTP/1.1" 200 214978 "https://images.search.yahoo.com/search/images;_ylt=AwrOuNPE9xtj..oIriKJzbkF;_ylu=c2VjA3NlYXJjaARzbGsDYnV0dG9u;_ylc=X1MDOTYwNjI4NTcEX3IDMgRhY3RuA2NsawRjc3JjcHZpZANkNV9SVWpFeU55NV9Nb1h4WXcuOUhnRUNPVGt1TmdBQUFBQ0JaSGNfBGZyA3lmcC10BGZyMgNzYS1ncARncHJpZANDbzBwRnJoWFFXaUw2TkEzdDl3d3dBBG5fc3VnZwMwBG9yaWdpbgNpbWFnZXMuc2VhcmNoLnlhaG9vLmNvbQRwb3MDMARwcXN0cgMEcHFzdHJsAwRxc3RybAMzNARxdWVyeQNrb3JlYW4lMjBmaXJzdCUyMGludHJvZHVjZWQlMjAxOTQ5BHRfc3RtcAMxNjYyNzc3NTE2?p=korean+first+introduced+1949&fr=yfp-t&fr2=sb-top-images.search&ei=UTF-8&x=wrt" "Mozilla/5.0 (Windows NT 10.0; Win64; x64) AppleWebKit/537.36 (KHTML, like Gecko) Chrome/102.0.0.0 Safari/537.36" "www.ysfine.com"
40.77.167.35 - - [09/Sep/2022:19:39:43 -0700] "GET /world/france/sorbonne33.jpg HTTP/1.1" 200 125876 "-" "Mozilla/5.0 (compatible; bingbot/2.0; +http://www.bing.com/bingbot.htm)" "ysfine.com"
40.77.167.35 - - [09/Sep/2022:19:40:34 -0700] "GET /world/poland/polnobel01.jpg HTTP/1.1" 200 123761 "-" "Mozilla/5.0 (compatible; bingbot/2.0; +http://www.bing.com/bingbot.htm)" "www.ysfine.com"
185.191.171.44 - - [09/Sep/2022:19:40:55 -0700] "GET /class54/class5470/total_data/sub_329.htm HTTP/1.1" 200 3319 "-" "Mozilla/5.0 (compatible; SemrushBot/7~bl; +http://www.semrush.com/bot.html)" "ysfine.com"
114.119.128.143 - - [09/Sep/2022:19:41:10 -0700] "GET /class54/class5470/total_data/sub_802.htm HTTP/1.1" 200 3565 "-" "Mozilla/5.0 (Linux; Android 7.0;) AppleWebKit/537.36 (KHTML, like Gecko) Mobile Safari/537.36 (compatible; PetalBot;+https://webmaster.petalsearch.com/site/petalbot)" "ysfine.com"
173.73.80.118 - - [09/Sep/2022:19:41:22 -0700] "GET /home/bio44.html?fbclid=IwAR1Jny86SPf3d_K07-PMysJZzxCSf-iT-FaryCcgPlHDbYySnNTWYdNg1R8 HTTP/1.1" 200 14525 "https://l.facebook.com/" "Mozilla/5.0 (Windows NT 10.0; Win64; x64) AppleWebKit/537.36 (KHTML, like Gecko) Chrome/105.0.0.0 Safari/537.36" "ysfine.com"
173.73.80.118 - - [09/Sep/2022:19:41:23 -0700] "GET /princeton/yspr58b.jpg HTTP/1.1" 200 32105 "https://ysfine.com/home/bio44.html?fbclid=IwAR1Jny86SPf3d_K07-PMysJZzxCSf-iT-FaryCcgPlHDbYySnNTWYdNg1R8" "Mozilla/5.0 (Windows NT 10.0; Win64; x64) AppleWebKit/537.36 (KHTML, like Gecko) Chrome/105.0.0.0 Safari/537.36" "ysfine.com"
173.73.80.118 - - [09/Sep/2022:19:41:23 -0700] "GET /favicon.ico HTTP/1.1" 404 88 "https://ysfine.com/home/bio44.html?fbclid=IwAR1Jny86SPf3d_K07-PMysJZzxCSf-iT-FaryCcgPlHDbYySnNTWYdNg1R8" "Mozilla/5.0 (Windows NT 10.0; Win64; x64) AppleWebKit/537.36 (KHTML, like Gecko) Chrome/105.0.0.0 Safari/537.36" "ysfine.com"
51.222.253.10 - - [09/Sep/2022:19:41:28 -0700] "GET /maga/sartre.html HTTP/1.1" 200 7719 "-" "Mozilla/5.0 (compatible; AhrefsBot/7.0; +http://ahrefs.com/robot/)" "www.ysfine.com"
185.191.171.6 - - [09/Sep/2022:19:42:11 -0700] "GET /einstein/index.html HTTP/1.1" 200 135 "-" "Mozilla/5.0 (compatible; SemrushBot/7~bl; +http://www.semrush.com/bot.html)" "ysfine.com"
49.7.21.114 - - [09/Sep/2022:19:43:08 -0700] "GET / HTTP/1.1" 200 5283 "-" "Sogou web spider/4.0(+http://www.sogou.com/docs/help/webmasters.htm#07)" "www.ysfine.com"
114.119.128.143 - - [09/Sep/2022:19:43:10 -0700] "GET /class54/class5470/total_data/sub_710.htm HTTP/1.1" 200 3294 "-" "Mozilla/5.0 (Linux; Android 7.0;) AppleWebKit/537.36 (KHTML, like Gecko) Mobile Safari/537.36 (compatible; PetalBot;+https://webmaster.petalsearch.com/site/petalbot)" "ysfine.com"
51.222.253.3 - - [09/Sep/2022:19:44:37 -0700] "GET /home/index.html HTTP/1.1" 200 142 "-" "Mozilla/5.0 (compatible; AhrefsBot/7.0; +http://ahrefs.com/robot/)" "ysfine.com"
114.119.128.154 - - [09/Sep/2022:19:44:53 -0700] "GET /class54/class5470/total_data/sub_819.htm HTTP/1.1" 200 3566 "-" "Mozilla/5.0 (Linux; Android 7.0;) AppleWebKit/537.36 (KHTML, like Gecko) Mobile Safari/537.36 (compatible; PetalBot;+https://webmaster.petalsearch.com/site/petalbot)" "ysfine.com"
173.73.80.118 - - [09/Sep/2022:19:45:14 -0700] "GET /home/top21c.jpg HTTP/1.1" 200 53120 "https://www.bing.com/" "Mozilla/5.0 (Windows NT 10.0; Win64; x64) AppleWebKit/537.36 (KHTML, like Gecko) Chrome/105.0.0.0 Safari/537.36 Edg/105.0.1343.27" "ysfine.com"
173.73.80.118 - - [09/Sep/2022:19:45:14 -0700] "GET /home/ysrhee33c.jpg HTTP/1.1" 200 26817 "https://www.bing.com/" "Mozilla/5.0 (Windows NT 10.0; Win64; x64) AppleWebKit/537.36 (KHTML, like Gecko) Chrome/105.0.0.0 Safari/537.36 Edg/105.0.1343.27" "ysfine.com"
173.73.80.118 - - [09/Sep/2022:19:46:19 -0700] "GET /home/yshome.html HTTP/1.1" 304 - "-" "Mozilla/5.0 (Windows NT 10.0; Win64; x64) AppleWebKit/537.36 (KHTML, like Gecko) Chrome/105.0.0.0 Safari/537.36" "ysfine.com"
173.73.80.118 - - [09/Sep/2022:19:46:19 -0700] "GET /favicon.ico HTTP/1.1" 404 88 "https://ysfine.com/home/yshome.html" "Mozilla/5.0 (Windows NT 10.0; Win64; x64) AppleWebKit/537.36 (KHTML, like Gecko) Chrome/105.0.0.0 Safari/537.36" "ysfine.com"
157.55.39.146 - - [09/Sep/2022:19:46:22 -0700] "GET /wdc/umd03.jpg HTTP/1.1" 200 85600 "-" "Mozilla/5.0 (compatible; bingbot/2.0; +http://www.bing.com/bingbot.htm)" "ysfine.com"
173.73.80.118 - - [09/Sep/2022:19:46:28 -0700] "GET /ys11/ HTTP/1.1" 304 - "-" "Mozilla/5.0 (Windows NT 10.0; Win64; x64) AppleWebKit/537.36 (KHTML, like Gecko) Chrome/105.0.0.0 Safari/537.36" "ysfine.com"
173.73.80.118 - - [09/Sep/2022:19:46:33 -0700] "GET /ys22/dondon.html HTTP/1.1" 401 90 "https://ysfine.com/ys11/" "Mozilla/5.0 (Windows NT 10.0; Win64; x64) AppleWebKit/537.36 (KHTML, like Gecko) Chrome/105.0.0.0 Safari/537.36" "ysfine.com"
114.119.128.142 - - [09/Sep/2022:19:46:39 -0700] "GET /class54/class5470/total_data/sub_831.htm HTTP/1.1" 200 3561 "-" "Mozilla/5.0 (Linux; Android 7.0;) AppleWebKit/537.36 (KHTML, like Gecko) Mobile Safari/537.36 (compatible; PetalBot;+https://webmaster.petalsearch.com/site/petalbot)" "ysfine.com"
173.73.80.118 - - [09/Sep/2022:19:46:42 -0700] "GET /ys22/dondon.html HTTP/1.1" 401 90 "https://ysfine.com/ys11/" "Mozilla/5.0 (Windows NT 10.0; Win64; x64) AppleWebKit/537.36 (KHTML, like Gecko) Chrome/105.0.0.0 Safari/537.36" "ysfine.com"
173.73.80.118 - - [09/Sep/2022:19:46:51 -0700] "GET /favicon.ico HTTP/1.1" 404 88 "https://ysfine.com/ys11/" "Mozilla/5.0 (Windows NT 10.0; Win64; x64) AppleWebKit/537.36 (KHTML, like Gecko) Chrome/104.0.5112.102 Safari/537.36" "ysfine.com"
40.77.167.35 - - [09/Sep/2022:19:46:53 -0700] "GET /maga/weyl.html HTTP/1.1" 200 4239 "-" "Mozilla/5.0 (compatible; bingbot/2.0; +http://www.bing.com/bingbot.htm)" "ysfine.com"
72.200.108.199 - - [09/Sep/2022:19:47:01 -0700] "GET /style/smithonian.jpg HTTP/1.1" 200 88645 "https://www.google.com/" "Mozilla/5.0 (Windows NT 10.0; Win64; x64) AppleWebKit/537.36 (KHTML, like Gecko) Chrome/105.0.0.0 Safari/537.36" "ysfine.com"
24.62.106.21 - - [09/Sep/2022:19:47:04 -0700] "GET /world/ital/padova06b.jpg HTTP/1.1" 200 46448 "https://www.google.com/" "Mozilla/5.0 (Macintosh; Intel Mac OS X 10_15_7) AppleWebKit/537.36 (KHTML, like Gecko) Chrome/104.0.0.0 Safari/537.36" "ysfine.com"
66.249.88.23 - - [09/Sep/2022:19:47:05 -0700] "GET /style/smithonian.jpg HTTP/1.1" 200 88645 "-" "Google-Lens" "ysfine.com"
24.62.106.21 - - [09/Sep/2022:19:47:21 -0700] "GET /world/ital/pisa2.jpg HTTP/1.1" 200 37000 "https://www.google.com/" "Mozilla/5.0 (Macintosh; Intel Mac OS X 10_15_7) AppleWebKit/537.36 (KHTML, like Gecko) Chrome/104.0.0.0 Safari/537.36" "ysfine.com"
51.222.253.8 - - [09/Sep/2022:19:47:24 -0700] "GET /home/yshome.html HTTP/1.1" 200 5699 "-" "Mozilla/5.0 (compatible; AhrefsBot/7.0; +http://ahrefs.com/robot/)" "ysfine.com"
154.54.249.206 - - [09/Sep/2022:19:47:30 -0700] "GET /newyork/ HTTP/1.1" 304 - "-" "Mozilla/5.0 (compatible; Barkrowler/0.9; +https://babbar.tech/crawler)" "ysfine.com"
24.32.7.150 - - [09/Sep/2022:19:48:00 -0700] "GET /kowar/tanks/m24.jpg HTTP/1.1" 200 86947 "https://www.google.com/" "Mozilla/5.0 (iPhone; CPU iPhone OS 15_6 like Mac OS X) AppleWebKit/605.1.15 (KHTML, like Gecko) Version/15.6 Mobile/15E148 Safari/604.1" "ysfine.com"
154.54.249.206 - - [09/Sep/2022:19:48:04 -0700] "GET /awards/index.html HTTP/1.1" 200 9991 "-" "Mozilla/5.0 (compatible; Barkrowler/0.9; +https://babbar.tech/crawler)" "www.ysfine.com"
157.55.39.146 - - [09/Sep/2022:19:48:32 -0700] "GET /kobak/repose55.jpg HTTP/1.1" 200 103660 "-" "Mozilla/5.0 (compatible; bingbot/2.0; +http://www.bing.com/bingbot.htm)" "ysfine.com"
114.119.128.154 - - [09/Sep/2022:19:48:36 -0700] "GET /friends/arianna01b.jpg HTTP/1.1" 404 88 "-" "Mozilla/5.0 (Linux; Android 7.0;) AppleWebKit/537.36 (KHTML, like Gecko) Mobile Safari/537.36 (compatible; PetalBot;+https://webmaster.petalsearch.com/site/petalbot)" "ysfine.com"
40.77.167.28 - - [09/Sep/2022:19:49:05 -0700] "GET /world/russ/spbpi03b.jpg HTTP/1.1" 200 39436 "-" "Mozilla/5.0 AppleWebKit/537.36 (KHTML, like Gecko; compatible; bingbot/2.0; +http://www.bing.com/bingbot.htm) Chrome/103.0.5060.134 Safari/537.36" "ysfine.com"
185.191.171.43 - - [09/Sep/2022:19:49:44 -0700] "GET /robots.txt HTTP/1.1" 404 88 "-" "Mozilla/5.0 (compatible; SemrushBot/7~bl; +http://www.semrush.com/bot.html)" "www.ysfine.com"
40.77.167.27 - - [09/Sep/2022:19:49:44 -0700] "GET /feynman/feynma2.jpg HTTP/1.1" 200 41543 "-" "Mozilla/5.0 (compatible; bingbot/2.0; +http://www.bing.com/bingbot.htm)" "www.ysfine.com"
185.191.171.23 - - [09/Sep/2022:19:49:44 -0700] "GET /class54/class5470/total_data/sub_606.htm HTTP/1.1" 200 3192 "-" "Mozilla/5.0 (compatible; SemrushBot/7~bl; +http://www.semrush.com/bot.html)" "www.ysfine.com"
114.119.128.154 - - [09/Sep/2022:19:50:26 -0700] "GET /friends/russrio22c.jpg HTTP/1.1" 404 88 "-" "Mozilla/5.0 (Linux; Android 7.0;) AppleWebKit/537.36 (KHTML, like Gecko) Mobile Safari/537.36 (compatible; PetalBot;+https://webmaster.petalsearch.com/site/petalbot)" "ysfine.com"
40.77.167.35 - - [09/Sep/2022:19:50:34 -0700] "GET /kobak/sonja2.jpg HTTP/1.1" 200 31693 "-" "Mozilla/5.0 (compatible; bingbot/2.0; +http://www.bing.com/bingbot.htm)" "ysfine.com"
220.181.51.90 - - [09/Sep/2022:19:51:06 -0700] "GET /feynman/feynman.jpg HTTP/1.1" 200 40536 "-" "Mozilla/5.0 (Windows NT 10.0; WOW64) AppleWebKit/537.36 (KHTML, like Gecko) Chrome/48.0.2564.116 Safari/537.36" "ysfine.com"
157.55.39.146 - - [09/Sep/2022:19:51:33 -0700] "GET /style/cameras/comedians.jpg HTTP/1.1" 200 159639 "-" "Mozilla/5.0 (compatible; bingbot/2.0; +http://www.bing.com/bingbot.htm)" "ysfine.com"
40.77.167.35 - - [09/Sep/2022:19:51:43 -0700] "GET /wisdom/bigpower01.jpg HTTP/1.1" 200 77902 "-" "Mozilla/5.0 (compatible; bingbot/2.0; +http://www.bing.com/bingbot.htm)" "www.ysfine.com"
51.222.253.14 - - [09/Sep/2022:19:53:09 -0700] "GET /class54/class5470/total_data/sub_629.htm HTTP/1.1" 200 3206 "-" "Mozilla/5.0 (compatible; AhrefsBot/7.0; +http://ahrefs.com/robot/)" "www.ysfine.com"
114.119.128.142 - - [09/Sep/2022:19:53:16 -0700] "GET /friends/amkor/amrome01b.jpg HTTP/1.1" 404 88 "-" "Mozilla/5.0 (Linux; Android 7.0;) AppleWebKit/537.36 (KHTML, like Gecko) Mobile Safari/537.36 (compatible; PetalBot;+https://webmaster.petalsearch.com/site/petalbot)" "ysfine.com"
123.125.109.142 - - [09/Sep/2022:19:53:17 -0700] "GET / HTTP/1.1" 200 5283 "-" "Sogou web spider/4.0(+http://www.sogou.com/docs/help/webmasters.htm#07)" "www.ysfine.com"
24.32.7.150 - - [09/Sep/2022:19:53:53 -0700] "GET /kowar/tanks/m46a.jpg HTTP/1.1" 200 150661 "https://www.google.com/" "Mozilla/5.0 (iPhone; CPU iPhone OS 15_6 like Mac OS X) AppleWebKit/605.1.15 (KHTML, like Gecko) Version/15.6 Mobile/15E148 Safari/604.1" "ysfine.com"
40.77.167.33 - - [09/Sep/2022:19:54:25 -0700] "GET /world/israel/jeru45c.jpg HTTP/1.1" 200 49227 "-" "Mozilla/5.0 (compatible; bingbot/2.0; +http://www.bing.com/bingbot.htm)" "ysfine.com"
174.44.81.81 - - [09/Sep/2022:19:54:49 -0700] "GET /princeton/firestone11.jpg HTTP/1.1" 200 219648 "https://www.google.com/" "Mozilla/5.0 (Linux; Android 12; SM-S908U) AppleWebKit/537.36 (KHTML, like Gecko) Chrome/103.0.0.0 Mobile Safari/537.36" "ysfine.com"
114.119.128.154 - - [09/Sep/2022:19:55:06 -0700] "GET /ffriends/amkor/amstu06c.jpg HTTP/1.1" 200 44945 "-" "Mozilla/5.0 (Linux; Android 7.0;) AppleWebKit/537.36 (KHTML, like Gecko) Mobile Safari/537.36 (compatible; PetalBot;+https://webmaster.petalsearch.com/site/petalbot)" "ysfine.com"
174.44.81.81 - - [09/Sep/2022:19:55:36 -0700] "GET /princeton/nasshall03.jpg HTTP/1.1" 200 147463 "https://www.google.com/" "Mozilla/5.0 (Linux; Android 12; SM-S908U) AppleWebKit/537.36 (KHTML, like Gecko) Chrome/103.0.0.0 Mobile Safari/537.36" "ysfine.com"
51.222.253.1 - - [09/Sep/2022:19:56:32 -0700] "GET /style/artlove.html HTTP/1.1" 200 16005 "-" "Mozilla/5.0 (compatible; AhrefsBot/7.0; +http://ahrefs.com/robot/)" "ysfine.com"
40.77.167.27 - - [09/Sep/2022:19:56:55 -0700] "GET /world/france/stras23.jpg HTTP/1.1" 200 147192 "-" "Mozilla/5.0 (compatible; bingbot/2.0; +http://www.bing.com/bingbot.htm)" "ysfine.com"
157.55.39.146 - - [09/Sep/2022:19:57:12 -0700] "GET /dongio/nordocs11b.jpg HTTP/1.1" 404 88 "-" "Mozilla/5.0 (compatible; bingbot/2.0; +http://www.bing.com/bingbot.htm)" "ysfine.com"
114.119.128.154 - - [09/Sep/2022:19:57:15 -0700] "GET /class54/class5470/total_data/sub_101.htm HTTP/1.1" 200 3251 "-" "Mozilla/5.0 (Linux; Android 7.0;) AppleWebKit/537.36 (KHTML, like Gecko) Mobile Safari/537.36 (compatible; PetalBot;+https://webmaster.petalsearch.com/site/petalbot)" "ysfine.com"
66.249.70.30 - - [09/Sep/2022:19:57:19 -0700] "GET /maga/phys/yukafeyn.jpg HTTP/1.1" 200 111167 "-" "Googlebot-Image/1.0" "ysfine.com"
40.77.167.35 - - [09/Sep/2022:19:57:25 -0700] "GET /feynman/restof11a.jpg HTTP/1.1" 200 51846 "-" "Mozilla/5.0 (compatible; bingbot/2.0; +http://www.bing.com/bingbot.htm)" "www.ysfine.com"
40.77.167.35 - - [09/Sep/2022:19:58:15 -0700] "GET /people/princeton68.jpg HTTP/1.1" 200 192633 "-" "Mozilla/5.0 (compatible; bingbot/2.0; +http://www.bing.com/bingbot.htm)" "ysfine.com"
114.119.128.154 - - [09/Sep/2022:19:58:33 -0700] "GET /friends/amkor/lekeg04c.jpg HTTP/1.1" 404 88 "-" "Mozilla/5.0 (Linux; Android 7.0;) AppleWebKit/537.36 (KHTML, like Gecko) Mobile Safari/537.36 (compatible; PetalBot;+https://webmaster.petalsearch.com/site/petalbot)" "ysfine.com"
51.222.253.4 - - [09/Sep/2022:19:59:33 -0700] "GET /princeton/prade.html HTTP/1.1" 200 9863 "-" "Mozilla/5.0 (compatible; AhrefsBot/7.0; +http://ahrefs.com/robot/)" "ysfine.com"
154.54.249.206 - - [09/Sep/2022:19:59:38 -0700] "GET /people/index.html HTTP/1.1" 304 - "-" "Mozilla/5.0 (compatible; Barkrowler/0.9; +https://babbar.tech/crawler)" "ysfine.com"
154.54.249.206 - - [09/Sep/2022:20:00:09 -0700] "GET /world/budapest.html HTTP/1.1" 304 - "-" "Mozilla/5.0 (compatible; Barkrowler/0.9; +https://babbar.tech/crawler)" "www.ysfine.com"
95.163.255.63 - - [09/Sep/2022:20:00:45 -0700] "GET /robots.txt HTTP/1.1" 404 73 "-" "Mozilla/5.0 (compatible; Linux x86_64; Mail.RU_Bot/2.0; +https://help.mail.ru/webmaster/indexing/robots)" "www.ysfine.com"
185.191.171.1 - - [09/Sep/2022:20:01:12 -0700] "GET /people/sbtwein.html HTTP/1.1" 200 313 "-" "Mozilla/5.0 (compatible; SemrushBot/7~bl; +http://www.semrush.com/bot.html)" "ysfine.com"
114.119.128.154 - - [09/Sep/2022:20:01:53 -0700] "GET /ffriends/amkor/amstu20c.jpg HTTP/1.1" 200 45455 "-" "Mozilla/5.0 (Linux; Android 7.0;) AppleWebKit/537.36 (KHTML, like Gecko) Mobile Safari/537.36 (compatible; PetalBot;+https://webmaster.petalsearch.com/site/petalbot)" "ysfine.com"
114.119.128.154 - - [09/Sep/2022:20:03:35 -0700] "GET /ffriends/amkor/amstu11c.jpg HTTP/1.1" 200 47983 "-" "Mozilla/5.0 (Linux; Android 7.0;) AppleWebKit/537.36 (KHTML, like Gecko) Mobile Safari/537.36 (compatible; PetalBot;+https://webmaster.petalsearch.com/site/petalbot)" "ysfine.com"
44.231.195.240 - - [09/Sep/2022:20:03:38 -0700] "HEAD /world/brit/nehru11b.jpg HTTP/1.1" 200 - "-" "-" "www.ysfine.com"
44.231.195.240 - - [09/Sep/2022:20:03:38 -0700] "GET /world/brit/nehru11b.jpg HTTP/1.1" 200 43052 "-" "-" "www.ysfine.com"
173.73.80.118 - - [09/Sep/2022:20:03:56 -0700] "GET /ys11/ HTTP/1.1" 304 - "-" "Mozilla/5.0 (Windows NT 10.0; Win64; x64) AppleWebKit/537.36 (KHTML, like Gecko) Chrome/104.0.5112.102 Safari/537.36 OPR/90.0.4480.84" "ysfine.com"
173.73.80.118 - - [09/Sep/2022:20:03:56 -0700] "GET /favicon.ico HTTP/1.1" 404 88 "-" "Mozilla/5.0 (Windows NT 10.0; Win64; x64) AppleWebKit/537.36 (KHTML, like Gecko) Chrome/104.0.5112.102 Safari/537.36 OPR/90.0.4480.84" "ysfine.com"
72.83.153.91 - - [09/Sep/2022:20:04:01 -0700] "GET /einstein/einplanck3.jpg HTTP/1.1" 200 37784 "https://www.google.com/" "Mozilla/5.0 (iPhone; CPU iPhone OS 15_4_1 like Mac OS X) AppleWebKit/605.1.15 (KHTML, like Gecko) Version/15.4 Mobile/15E148 Safari/604.1" "ysfine.com"
114.119.128.162 - - [09/Sep/2022:20:04:23 -0700] "GET /ffriends/mongo04b.jpg HTTP/1.1" 200 45678 "-" "Mozilla/5.0 (Linux; Android 7.0;) AppleWebKit/537.36 (KHTML, like Gecko) Mobile Safari/537.36 (compatible; PetalBot;+https://webmaster.petalsearch.com/site/petalbot)" "ysfine.com"
17.121.112.87 - - [09/Sep/2022:20:04:31 -0700] "GET /robots.txt HTTP/1.1" 404 88 "-" "Mozilla/5.0 (Macintosh; Intel Mac OS X 10_15_5) AppleWebKit/605.1.15 (KHTML, like Gecko) Version/13.1.1 Safari/605.1.15 (Applebot/0.1; +http://www.apple.com/go/applebot)" "ysfine.com"
17.121.112.87 - - [09/Sep/2022:20:04:31 -0700] "GET /confer/conbot.html HTTP/1.1" 200 124 "-" "Mozilla/5.0 (Macintosh; Intel Mac OS X 10_15_5) AppleWebKit/605.1.15 (KHTML, like Gecko) Version/13.1.1 Safari/605.1.15 (Applebot/0.1; +http://www.apple.com/go/applebot)" "ysfine.com"
157.55.39.146 - - [09/Sep/2022:20:05:04 -0700] "GET /style/cameras/deer11.jpg HTTP/1.1" 200 75896 "-" "Mozilla/5.0 AppleWebKit/537.36 (KHTML, like Gecko; compatible; bingbot/2.0; +http://www.bing.com/bingbot.htm) Chrome/103.0.5060.134 Safari/537.36" "ysfine.com"
114.119.128.143 - - [09/Sep/2022:20:06:17 -0700] "GET /ffriends/romania01c.jpg HTTP/1.1" 200 29222 "-" "Mozilla/5.0 (Linux; Android 7.0;) AppleWebKit/537.36 (KHTML, like Gecko) Mobile Safari/537.36 (compatible; PetalBot;+https://webmaster.petalsearch.com/site/petalbot)" "ysfine.com"
185.191.171.9 - - [09/Sep/2022:20:06:44 -0700] "GET /ffriends/scanf.html HTTP/1.1" 404 88 "-" "Mozilla/5.0 (compatible; SemrushBot/7~bl; +http://www.semrush.com/bot.html)" "ysfine.com"
40.77.167.28 - - [09/Sep/2022:20:07:58 -0700] "GET /wdc/gtown34.jpg HTTP/1.1" 200 89523 "-" "Mozilla/5.0 (compatible; bingbot/2.0; +http://www.bing.com/bingbot.htm)" "www.ysfine.com"
114.119.128.162 - - [09/Sep/2022:20:08:40 -0700] "GET /ffriends/aline/lufthan05b.jpg HTTP/1.1" 200 39090 "-" "Mozilla/5.0 (Linux; Android 7.0;) AppleWebKit/537.36 (KHTML, like Gecko) Mobile Safari/537.36 (compatible; PetalBot;+https://webmaster.petalsearch.com/site/petalbot)" "ysfine.com"
40.77.167.35 - - [09/Sep/2022:20:09:46 -0700] "GET /maga/phil/adamsmith02.jpg HTTP/1.1" 200 108657 "-" "Mozilla/5.0 (compatible; bingbot/2.0; +http://www.bing.com/bingbot.htm)" "ysfine.com"
113.23.49.58 - - [09/Sep/2022:20:09:46 -0700] "GET /kobak/roskei90.jpg HTTP/1.1" 200 110306 "https://images.search.yahoo.com/search/images;_ylt=AwrjYoKu9Btj5cUVDFFXNyoA;_ylu=Y29sbwNncTEEcG9zAzEEdnRpZAMEc2VjA3BpdnM-?p=soviet+uniform+1990&fr2=piv-web&type=E210US91213G0&fr=mcafee" "Mozilla/5.0 (Windows NT 10.0; Win64; x64) AppleWebKit/537.36 (KHTML, like Gecko) Chrome/105.0.0.0 Safari/537.36" "ysfine.com"
114.119.128.142 - - [09/Sep/2022:20:09:50 -0700] "GET /friends/india01.jpg HTTP/1.1" 404 88 "-" "Mozilla/5.0 (Linux; Android 7.0;) AppleWebKit/537.36 (KHTML, like Gecko) Mobile Safari/537.36 (compatible; PetalBot;+https://webmaster.petalsearch.com/site/petalbot)" "ysfine.com"
185.191.171.44 - - [09/Sep/2022:20:10:01 -0700] "GET /einstein/eward33 HTTP/1.1" 406 93 "-" "Mozilla/5.0 (compatible; SemrushBot/7~bl; +http://www.semrush.com/bot.html)" "ysfine.com"
40.77.167.28 - - [09/Sep/2022:20:10:09 -0700] "GET /wisdom/yksgrave2.jpg HTTP/1.1" 200 41493 "-" "Mozilla/5.0 (compatible; bingbot/2.0; +http://www.bing.com/bingbot.htm)" "www.ysfine.com"
157.55.39.146 - - [09/Sep/2022:20:10:15 -0700] "GET /wdc/wasopera11.jpg HTTP/1.1" 200 70236 "-" "Mozilla/5.0 (compatible; bingbot/2.0; +http://www.bing.com/bingbot.htm)" "ysfine.com"
114.119.128.14 - - [09/Sep/2022:20:11:12 -0700] "GET /class54/class5470/total_data/photo_img/7-41.jpg HTTP/1.1" 200 208686 "https://ysfine.com/class54/class5470/total_data/sub_741.htm" "Mozilla/5.0 (Linux; Android 7.0;) AppleWebKit/537.36 (KHTML, like Gecko) Mobile Safari/537.36 (compatible; PetalBot;+https://webmaster.petalsearch.com/site/petalbot)" "ysfine.com"
173.73.80.118 - - [09/Sep/2022:20:13:22 -0700] "GET /favicon.ico HTTP/1.1" 404 88 "https://ysfine.com/ys11/" "Mozilla/5.0 (Windows NT 10.0; Win64; x64) AppleWebKit/537.36 (KHTML, like Gecko) Chrome/105.0.0.0 Safari/537.36 Edg/105.0.1343.27" "ysfine.com"
73.101.12.186 - - [09/Sep/2022:20:13:28 -0700] "GET /world/russ/minsk016.jpg HTTP/1.1" 200 84472 "https://www.ysfine.com/world/minsk.html" "webcollage/1.183" "www.ysfine.com"
20.104.219.218 - - [09/Sep/2022:20:13:40 -0700] "GET //wordpress/wp-includes/wlwmanifest.xml HTTP/1.1" 404 73 "-" "Mozilla/5.0 (Windows NT 10.0; Win64; x64) AppleWebKit/537.36 (KHTML, like Gecko) Chrome/78.0.3904.108 Safari/537.36" "ysfine.com"
20.104.219.218 - - [09/Sep/2022:20:13:41 -0700] "GET //wp/wp-includes/wlwmanifest.xml HTTP/1.1" 404 73 "-" "Mozilla/5.0 (Windows NT 10.0; Win64; x64) AppleWebKit/537.36 (KHTML, like Gecko) Chrome/78.0.3904.108 Safari/537.36" "ysfine.com"
20.104.219.218 - - [09/Sep/2022:20:13:41 -0700] "GET //2018/wp-includes/wlwmanifest.xml HTTP/1.1" 404 73 "-" "Mozilla/5.0 (Windows NT 10.0; Win64; x64) AppleWebKit/537.36 (KHTML, like Gecko) Chrome/78.0.3904.108 Safari/537.36" "ysfine.com"
20.104.219.218 - - [09/Sep/2022:20:13:41 -0700] "GET //wp1/wp-includes/wlwmanifest.xml HTTP/1.1" 404 73 "-" "Mozilla/5.0 (Windows NT 10.0; Win64; x64) AppleWebKit/537.36 (KHTML, like Gecko) Chrome/78.0.3904.108 Safari/537.36" "ysfine.com"
67.175.57.173 - - [09/Sep/2022:20:14:28 -0700] "GET /world/scandi/sto001.jpg HTTP/1.1" 200 111684 "https://www.google.com/" "Mozilla/5.0 (iPhone; CPU iPhone OS 15_6 like Mac OS X) AppleWebKit/605.1.15 (KHTML, like Gecko) CriOS/105.0.5195.100 Mobile/15E148 Safari/604.1" "ysfine.com"
173.73.80.118 - - [09/Sep/2022:20:16:07 -0700] "GET /favicon.ico HTTP/1.1" 404 88 "https://www.ysfine.com/ys11/index.html" "Mozilla/5.0 (Windows NT 10.0; Win64; x64) AppleWebKit/537.36 (KHTML, like Gecko) Chrome/105.0.0.0 Safari/537.36 Edg/105.0.1343.27" "www.ysfine.com"
40.77.167.28 - - [09/Sep/2022:20:16:22 -0700] "GET /world/baltic/riga32.jpg HTTP/1.1" 200 72804 "-" "Mozilla/5.0 (compatible; bingbot/2.0; +http://www.bing.com/bingbot.htm)" "ysfine.com"
40.77.167.28 - - [09/Sep/2022:20:16:32 -0700] "GET /einstein/eindcmap.jpg HTTP/1.1" 200 88773 "-" "Mozilla/5.0 (compatible; bingbot/2.0; +http://www.bing.com/bingbot.htm)" "ysfine.com"
185.191.171.26 - - [09/Sep/2022:20:16:59 -0700] "GET /robots.txt HTTP/1.1" 404 88 "-" "Mozilla/5.0 (compatible; SemrushBot/7~bl; +http://www.semrush.com/bot.html)" "ysfine.com"
185.191.171.1 - - [09/Sep/2022:20:17:01 -0700] "GET /dirac/wigsis.html HTTP/1.1" 200 10275 "-" "Mozilla/5.0 (compatible; SemrushBot/7~bl; +http://www.semrush.com/bot.html)" "ysfine.com"
114.119.128.154 - - [09/Sep/2022:20:17:10 -0700] "GET /world/brit/bucking08b.jpg HTTP/1.1" 200 39839 "https://www.ysfine.com/world/london.html" "Mozilla/5.0 (Linux; Android 7.0;) AppleWebKit/537.36 (KHTML, like Gecko) Mobile Safari/537.36 (compatible; PetalBot;+https://webmaster.petalsearch.com/site/petalbot)" "www.ysfine.com"
72.134.116.42 - - [09/Sep/2022:20:18:02 -0700] "GET /wigner/neum/ymath.jpg HTTP/1.1" 200 64930 "https://www.google.com/" "Mozilla/5.0 (iPhone; CPU iPhone OS 15_2 like Mac OS X) AppleWebKit/605.1.15 (KHTML, like Gecko) Version/15.2 Mobile/15E148 Safari/604.1" "ysfine.com"
144.217.64.134 - - [09/Sep/2022:20:18:23 -0700] "GET /robots.txt HTTP/1.1" 404 73 "-" "Mozilla/5.0 (compatible; MJ12bot/v1.4.8; http://mj12bot.com/)" "www.ysfine.com"
