81.17.57.144 - - [09/Sep/2022:02:54:07 -0700] "GET /robots.txt HTTP/1.1" 404 73 "-" "Mozilla/5.0 (compatible; MJ12bot/v1.4.8; http://mj12bot.com/)" "www.ysfine.com"
40.77.167.28 - - [09/Sep/2022:02:54:08 -0700] "GET /ffriends/kmc.html HTTP/1.1" 200 2186 "-" "Mozilla/5.0 (compatible; bingbot/2.0; +http://www.bing.com/bingbot.htm)" "ysfine.com"
81.17.57.144 - - [09/Sep/2022:02:54:14 -0700] "GET / HTTP/1.1" 200 5283 "-" "Mozilla/5.0 (compatible; MJ12bot/v1.4.8; http://mj12bot.com/)" "www.ysfine.com"
157.55.39.146 - - [09/Sep/2022:02:57:03 -0700] "GET /sbk/2014nara33.jpg HTTP/1.1" 200 202030 "-" "Mozilla/5.0 (compatible; bingbot/2.0; +http://www.bing.com/bingbot.htm)" "www.ysfine.com"
51.222.253.17 - - [09/Sep/2022:02:57:06 -0700] "GET /people/wheeler.html HTTP/1.1" 200 3348 "-" "Mozilla/5.0 (compatible; AhrefsBot/7.0; +http://ahrefs.com/robot/)" "ysfine.com"
51.222.253.1 - - [09/Sep/2022:02:57:08 -0700] "GET /people/wheekim2.jpg HTTP/1.1" 200 46245 "-" "Mozilla/5.0 (compatible; AhrefsBot/7.0; +http://ahrefs.com/robot/)" "ysfine.com"
51.222.253.8 - - [09/Sep/2022:02:57:09 -0700] "GET /people/wheegris2.jpg HTTP/1.1" 200 31718 "-" "Mozilla/5.0 (compatible; AhrefsBot/7.0; +http://ahrefs.com/robot/)" "ysfine.com"
51.222.253.17 - - [09/Sep/2022:02:57:09 -0700] "GET /people/wheemos2.jpg HTTP/1.1" 200 46241 "-" "Mozilla/5.0 (compatible; AhrefsBot/7.0; +http://ahrefs.com/robot/)" "ysfine.com"
40.77.167.33 - - [09/Sep/2022:02:57:10 -0700] "GET /world/germany/vienna15.jpg HTTP/1.1" 200 138576 "-" "Mozilla/5.0 (compatible; bingbot/2.0; +http://www.bing.com/bingbot.htm)" "www.ysfine.com"
66.249.70.4 - - [09/Sep/2022:03:01:06 -0700] "GET /maga/invent/edison33b.jpg HTTP/1.1" 200 37412 "-" "Googlebot-Image/1.0" "ysfine.com"
157.55.39.146 - - [09/Sep/2022:03:01:14 -0700] "GET /kowar/tanks.html HTTP/1.1" 304 - "-" "Mozilla/5.0 (compatible; bingbot/2.0; +http://www.bing.com/bingbot.htm)" "www.ysfine.com"
51.222.253.4 - - [09/Sep/2022:03:02:01 -0700] "GET /dirac/wigsis.html HTTP/1.1" 200 10275 "-" "Mozilla/5.0 (compatible; AhrefsBot/7.0; +http://ahrefs.com/robot/)" "ysfine.com"
185.106.28.186 - - [09/Sep/2022:03:02:05 -0700] "GET /dirac/dirheisen31b.jpg HTTP/1.1" 200 39248 "https://www.google.com/" "Mozilla/5.0 (Windows NT 10.0; Win64; x64) AppleWebKit/537.36 (KHTML, like Gecko) Chrome/105.0.0.0 Safari/537.36" "ysfine.com"
185.191.171.15 - - [09/Sep/2022:03:03:42 -0700] "GET /class54/class5470/total_data/sub_363.htm HTTP/1.1" 200 3304 "-" "Mozilla/5.0 (compatible; SemrushBot/7~bl; +http://www.semrush.com/bot.html)" "www.ysfine.com"
103.191.41.17 - - [09/Sep/2022:03:03:46 -0700] "GET /dirac/dirac63.jpg HTTP/1.1" 200 83306 "https://www.google.com/" "Mozilla/5.0 (Windows NT 10.0; Win64; x64) AppleWebKit/537.36 (KHTML, like Gecko) Chrome/105.0.0.0 Safari/537.36" "ysfine.com"
157.55.39.146 - - [09/Sep/2022:03:06:05 -0700] "GET /world/poland/gdnf08.jpg HTTP/1.1" 200 138844 "-" "Mozilla/5.0 (compatible; bingbot/2.0; +http://www.bing.com/bingbot.htm)" "www.ysfine.com"
157.55.39.146 - - [09/Sep/2022:03:06:05 -0700] "GET /einstein/canal11b.jpg HTTP/1.1" 200 32504 "-" "Mozilla/5.0 (compatible; bingbot/2.0; +http://www.bing.com/bingbot.htm)" "ysfine.com"
180.253.30.232 - - [09/Sep/2022:03:06:19 -0700] "GET /ys11/index.html HTTP/1.1" 200 3377 "https://www.bing.com/" "Mozilla/5.0 (Windows NT 10.0; Win64; x64) AppleWebKit/537.36 (KHTML, like Gecko) Chrome/105.0.0.0 Safari/537.36" "www.ysfine.com"
180.253.30.232 - - [09/Sep/2022:03:06:22 -0700] "GET /favicon.ico HTTP/1.1" 404 88 "https://www.ysfine.com/ys11/index.html" "Mozilla/5.0 (Windows NT 10.0; Win64; x64) AppleWebKit/537.36 (KHTML, like Gecko) Chrome/105.0.0.0 Safari/537.36" "www.ysfine.com"
40.77.167.35 - - [09/Sep/2022:03:08:00 -0700] "GET /maga/pupin.html HTTP/1.1" 304 - "-" "Mozilla/5.0 (compatible; bingbot/2.0; +http://www.bing.com/bingbot.htm)" "www.ysfine.com"
40.77.167.35 - - [09/Sep/2022:03:08:39 -0700] "GET /world/travel.html HTTP/1.1" 200 1633 "-" "Mozilla/5.0 AppleWebKit/537.36 (KHTML, like Gecko; compatible; bingbot/2.0; +http://www.bing.com/bingbot.htm) Chrome/103.0.5060.134 Safari/537.36" "ysfine.com"
40.77.167.27 - - [09/Sep/2022:03:08:58 -0700] "GET /class54/acs/cafe33.jpg HTTP/1.1" 200 222016 "-" "Mozilla/5.0 (compatible; bingbot/2.0; +http://www.bing.com/bingbot.htm)" "www.ysfine.com"
40.77.167.35 - - [09/Sep/2022:03:10:16 -0700] "GET /world/russ/spbf01b.jpg HTTP/1.1" 200 45937 "-" "Mozilla/5.0 (compatible; bingbot/2.0; +http://www.bing.com/bingbot.htm)" "ysfine.com"
157.55.39.146 - - [09/Sep/2022:03:11:15 -0700] "GET /maga/huygens.html HTTP/1.1" 200 5039 "-" "Mozilla/5.0 (compatible; bingbot/2.0; +http://www.bing.com/bingbot.htm)" "www.ysfine.com"
157.55.39.146 - - [09/Sep/2022:03:11:25 -0700] "GET /feynman/feygell22c.jpg HTTP/1.1" 200 28834 "-" "Mozilla/5.0 (compatible; bingbot/2.0; +http://www.bing.com/bingbot.htm)" "ysfine.com"
40.77.167.28 - - [09/Sep/2022:03:11:29 -0700] "GET /style/musee/ath004.jpg HTTP/1.1" 200 108040 "-" "Mozilla/5.0 (compatible; bingbot/2.0; +http://www.bing.com/bingbot.htm)" "ysfine.com"
157.55.39.146 - - [09/Sep/2022:03:12:35 -0700] "GET /class54/samjiyon11d.jpg HTTP/1.1" 200 69561 "-" "Mozilla/5.0 (compatible; bingbot/2.0; +http://www.bing.com/bingbot.htm)" "ysfine.com"
185.191.171.35 - - [09/Sep/2022:03:15:52 -0700] "GET /style/britmu.html HTTP/1.1" 200 5093 "-" "Mozilla/5.0 (compatible; SemrushBot/7~bl; +http://www.semrush.com/bot.html)" "www.ysfine.com"
40.77.167.35 - - [09/Sep/2022:03:18:07 -0700] "GET /einstein/eink07b.jpg HTTP/1.1" 200 35608 "-" "Mozilla/5.0 (compatible; bingbot/2.0; +http://www.bing.com/bingbot.htm)" "ysfine.com"
73.63.41.111 - - [09/Sep/2022:03:18:40 -0700] "GET /favicon.ico HTTP/1.1" 404 88 "-" "Mozilla/5.0 (X11; Linux x86_64; rv:68.0) Gecko/20100101 Goanna/5.2 Firefox/68.0 PaleMoon/31.2.0.1" "ysfine.com"
73.63.41.111 - - [09/Sep/2022:03:18:40 -0700] "GET /favicon.ico HTTP/1.1" 404 88 "-" "Mozilla/5.0 (X11; Linux x86_64; rv:68.0) Gecko/20100101 Goanna/5.2 Firefox/68.0 PaleMoon/31.2.0.1" "ysfine.com"
66.249.64.172 - - [09/Sep/2022:03:19:17 -0700] "GET /friends/fdbot.html HTTP/1.1" 404 88 "-" "Mozilla/5.0 (Linux; Android 6.0.1; Nexus 5X Build/MMB29P) AppleWebKit/537.36 (KHTML, like Gecko) Chrome/104.0.5112.101 Mobile Safari/537.36 (compatible; Googlebot/2.1; +http://www.google.com/bot.html)" "www.ysfine.com"
185.191.171.43 - - [09/Sep/2022:03:19:51 -0700] "GET /class54/class5470/total_data/sub_711.htm HTTP/1.1" 200 3294 "-" "Mozilla/5.0 (compatible; SemrushBot/7~bl; +http://www.semrush.com/bot.html)" "www.ysfine.com"
157.55.39.146 - - [09/Sep/2022:03:22:37 -0700] "GET /newyork/wallst04.jpg HTTP/1.1" 200 110454 "-" "Mozilla/5.0 (compatible; bingbot/2.0; +http://www.bing.com/bingbot.htm)" "www.ysfine.com"
40.77.167.27 - - [09/Sep/2022:03:23:50 -0700] "GET /kobak/kimjap11b.jpg HTTP/1.1" 200 63075 "-" "Mozilla/5.0 (compatible; bingbot/2.0; +http://www.bing.com/bingbot.htm)" "www.ysfine.com"
40.77.167.35 - - [09/Sep/2022:03:24:10 -0700] "GET /style/kievopera55.jpg HTTP/1.1" 200 93047 "-" "Mozilla/5.0 (compatible; bingbot/2.0; +http://www.bing.com/bingbot.htm)" "ysfine.com"
157.55.39.146 - - [09/Sep/2022:03:24:46 -0700] "GET /dirac/coupo06.jpg HTTP/1.1" 200 87233 "-" "Mozilla/5.0 (compatible; bingbot/2.0; +http://www.bing.com/bingbot.htm)" "ysfine.com"
40.77.167.28 - - [09/Sep/2022:03:24:59 -0700] "GET /newyork/trump43b.jpg HTTP/1.1" 200 47074 "-" "Mozilla/5.0 (compatible; bingbot/2.0; +http://www.bing.com/bingbot.htm)" "ysfine.com"
5.102.173.71 - - [09/Sep/2022:03:25:34 -0700] "GET /robots.txt HTTP/1.1" 404 88 "-" "Mozilla/5.0 (compatible; MojeekBot/0.11; +https://www.mojeek.com/bot.html)" "ysfine.com"
5.102.173.71 - - [09/Sep/2022:03:25:34 -0700] "GET /usca/pitt/westifn.html HTTP/1.1" 200 1525 "-" "Mozilla/5.0 (compatible; MojeekBot/0.11; +https://www.mojeek.com/bot.html)" "ysfine.com"
185.191.171.25 - - [09/Sep/2022:03:25:51 -0700] "GET /robots.txt HTTP/1.1" 404 88 "-" "Mozilla/5.0 (compatible; SemrushBot/7~bl; +http://www.semrush.com/bot.html)" "ysfine.com"
185.191.171.18 - - [09/Sep/2022:03:25:51 -0700] "GET /class54/class5470/total_data/sub_374.htm HTTP/1.1" 200 3328 "-" "Mozilla/5.0 (compatible; SemrushBot/7~bl; +http://www.semrush.com/bot.html)" "ysfine.com"
185.191.171.36 - - [09/Sep/2022:03:26:45 -0700] "GET /style/britmu.html HTTP/1.1" 200 5093 "-" "Mozilla/5.0 (compatible; SemrushBot/7~bl; +http://www.semrush.com/bot.html)" "ysfine.com"
185.229.144.22 - - [09/Sep/2022:03:27:08 -0700] "GET / HTTP/1.1" 200 5283 "-" "Mozilla/5.0 (compatible; MSIE 10.0; Windows NT 6.1; Trident/6.0) LinkCheck by Siteimprove.com" "ysfine.com"
40.77.167.27 - - [09/Sep/2022:03:27:40 -0700] "GET /wisdom/quovadis11b.jpg HTTP/1.1" 200 81567 "-" "Mozilla/5.0 (compatible; bingbot/2.0; +http://www.bing.com/bingbot.htm)" "ysfine.com"
167.235.14.81 - - [09/Sep/2022:03:30:22 -0700] "GET /world/china/shanghai001.jpg HTTP/1.1" 200 99793 "https://www.bing.com/" "Mozilla/5.0 (X11; Linux x86_64) AppleWebKit/537.36 (KHTML, like Gecko) HeadlessChrome/104.0.5112.101 Safari/537.36" "www.ysfine.com"
40.77.167.35 - - [09/Sep/2022:03:31:29 -0700] "GET /world/japan/osakaf04.jpg HTTP/1.1" 200 99704 "-" "Mozilla/5.0 (compatible; bingbot/2.0; +http://www.bing.com/bingbot.htm)" "ysfine.com"
40.77.167.28 - - [09/Sep/2022:03:34:01 -0700] "GET /style/musee/perga12.jpg HTTP/1.1" 200 112089 "-" "Mozilla/5.0 (compatible; bingbot/2.0; +http://www.bing.com/bingbot.htm)" "ysfine.com"
40.77.167.27 - - [09/Sep/2022:03:34:52 -0700] "GET /style/cameras/canonp11.jpg HTTP/1.1" 200 110095 "-" "Mozilla/5.0 (compatible; bingbot/2.0; +http://www.bing.com/bingbot.htm)" "ysfine.com"
40.77.167.35 - - [09/Sep/2022:03:35:02 -0700] "GET /feynman/millik.jpg HTTP/1.1" 200 79301 "-" "Mozilla/5.0 (compatible; bingbot/2.0; +http://www.bing.com/bingbot.htm)" "www.ysfine.com"
42.118.8.17 - - [09/Sep/2022:03:35:32 -0700] "GET /kobak/1014c.jpg HTTP/1.1" 200 164928 "https://www.google.com/" "Mozilla/5.0 (Linux; Android 11; SM-A022F Build/RP1A.200720.012; wv) AppleWebKit/537.36 (KHTML, like Gecko) Version/4.0 Chrome/104.0.5112.97 Mobile Safari/537.36 GoogleApp/13.34.12.26.arm" "ysfine.com"
157.55.39.146 - - [09/Sep/2022:03:35:47 -0700] "GET /sbk/2004nyc11.jpg HTTP/1.1" 200 135920 "-" "Mozilla/5.0 (compatible; bingbot/2.0; +http://www.bing.com/bingbot.htm)" "www.ysfine.com"
40.77.167.28 - - [09/Sep/2022:03:36:21 -0700] "GET /world/france/stras16.jpg HTTP/1.1" 200 127061 "-" "Mozilla/5.0 (compatible; bingbot/2.0; +http://www.bing.com/bingbot.htm)" "www.ysfine.com"
40.77.167.33 - - [09/Sep/2022:03:36:32 -0700] "GET /maga/phys/schrod03.jpg HTTP/1.1" 200 184623 "-" "Mozilla/5.0 (compatible; bingbot/2.0; +http://www.bing.com/bingbot.htm)" "ysfine.com"
40.77.167.33 - - [09/Sep/2022:03:37:42 -0700] "GET /awards/timessq11d.jpg HTTP/1.1" 200 105546 "-" "Mozilla/5.0 (compatible; bingbot/2.0; +http://www.bing.com/bingbot.htm)" "www.ysfine.com"
40.77.167.28 - - [09/Sep/2022:03:37:51 -0700] "GET /world/baltic/kalin02.jpg HTTP/1.1" 200 89989 "-" "Mozilla/5.0 (compatible; bingbot/2.0; +http://www.bing.com/bingbot.htm)" "ysfine.com"
40.77.167.27 - - [09/Sep/2022:03:38:11 -0700] "GET /sbk/2011rio33.jpg HTTP/1.1" 200 76177 "-" "Mozilla/5.0 (compatible; bingbot/2.0; +http://www.bing.com/bingbot.htm)" "www.ysfine.com"
51.222.253.13 - - [09/Sep/2022:03:38:12 -0700] "GET / HTTP/1.1" 200 5283 "-" "Mozilla/5.0 (compatible; AhrefsBot/7.0; +http://ahrefs.com/robot/)" "ysfine.com"
170.239.53.11 - - [09/Sep/2022:03:39:58 -0700] "GET /wigner/neum/vnc01.jpg HTTP/1.1" 200 133641 "https://www.google.com/" "Mozilla/5.0 (Windows NT 10.0; Win64; x64) AppleWebKit/537.36 (KHTML, like Gecko) Chrome/105.0.0.0 Safari/537.36" "ysfine.com"
40.77.167.27 - - [09/Sep/2022:03:40:43 -0700] "GET / HTTP/1.1" 200 5283 "-" "Mozilla/5.0 (compatible; bingbot/2.0; +http://www.bing.com/bingbot.htm)" "www.ysfine.com"
114.119.128.143 - - [09/Sep/2022:03:41:12 -0700] "GET /phil/kantao.html HTTP/1.1" 404 88 "-" "Mozilla/5.0 (Linux; Android 7.0;) AppleWebKit/537.36 (KHTML, like Gecko) Mobile Safari/537.36 (compatible; PetalBot;+https://webmaster.petalsearch.com/site/petalbot)" "ysfine.com"
85.208.98.23 - - [09/Sep/2022:03:42:11 -0700] "GET /robots.txt HTTP/1.1" 404 88 "http://www.ysfine.com/robots.txt" "Mozilla/5.0 (compatible; SemrushBot-BA; +http://www.semrush.com/bot.html)" "www.ysfine.com"
85.208.98.31 - - [09/Sep/2022:03:42:49 -0700] "GET /ys11/index.html HTTP/1.1" 200 3377 "-" "Mozilla/5.0 (compatible; SemrushBot-BA; +http://www.semrush.com/bot.html)" "www.ysfine.com"
40.77.167.28 - - [09/Sep/2022:03:42:52 -0700] "GET /world/russ/spb08b.jpg HTTP/1.1" 200 32881 "-" "Mozilla/5.0 (compatible; bingbot/2.0; +http://www.bing.com/bingbot.htm)" "ysfine.com"
91.193.179.244 - - [09/Sep/2022:03:43:12 -0700] "GET /einstein/eincurie11.jpg HTTP/1.1" 200 71229 "https://www.google.com/" "Mozilla/5.0 (iPad; CPU OS 15_6 like Mac OS X) AppleWebKit/605.1.15 (KHTML, like Gecko) Version/15.6 Mobile/15E148 Safari/604.1" "ysfine.com"
40.77.167.27 - - [09/Sep/2022:03:43:42 -0700] "GET /newyork/nyharbor15.jpg HTTP/1.1" 200 95901 "-" "Mozilla/5.0 AppleWebKit/537.36 (KHTML, like Gecko; compatible; bingbot/2.0; +http://www.bing.com/bingbot.htm) Chrome/103.0.5060.134 Safari/537.36" "ysfine.com"
51.75.241.40 - - [09/Sep/2022:03:44:02 -0700] "GET /robots.txt HTTP/1.1" 404 88 "-" "INETDEX-BOT/1.5 (Mozilla/5.0; https://inetdex.com/; info at inetdex dot com)" "www.ysfine.com"
114.119.128.154 - - [09/Sep/2022:03:44:25 -0700] "GET /world/poland/polstu03.html HTTP/1.1" 404 88 "-" "Mozilla/5.0 (Linux; Android 7.0;) AppleWebKit/537.36 (KHTML, like Gecko) Mobile Safari/537.36 (compatible; PetalBot;+https://webmaster.petalsearch.com/site/petalbot)" "ysfine.com"
114.119.128.154 - - [09/Sep/2022:03:45:30 -0700] "GET /class54/class5470/total_data/sub_809.htm HTTP/1.1" 200 3558 "-" "Mozilla/5.0 (Linux; Android 7.0;) AppleWebKit/537.36 (KHTML, like Gecko) Mobile Safari/537.36 (compatible; PetalBot;+https://webmaster.petalsearch.com/site/petalbot)" "ysfine.com"
218.8.50.138 - - [09/Sep/2022:03:46:11 -0700] "GET /kobak/1014c270.jpg HTTP/1.1" 200 56853 "https://cn.bing.com/" "Mozilla/5.0 (Windows NT 10.0; Win64; x64; rv:104.0) Gecko/20100101 Firefox/104.0" "www.ysfine.com"
79.118.123.71 - - [09/Sep/2022:03:46:31 -0700] "GET /einstein/places/einha05.jpg HTTP/1.1" 200 138021 "https://www.google.com/" "Mozilla/5.0 (Linux; Android 12; SM-G990B Build/SP1A.210812.016; wv) AppleWebKit/537.36 (KHTML, like Gecko) Version/4.0 Chrome/104.0.5112.97 Mobile Safari/537.36 GoogleApp/13.34.12.26.arm64" "ysfine.com"
66.249.70.3 - - [09/Sep/2022:03:46:54 -0700] "GET /einstein/fantova/fanto11c.jpg HTTP/1.1" 304 - "-" "Googlebot-Image/1.0" "ysfine.com"
40.77.167.28 - - [09/Sep/2022:03:47:06 -0700] "GET /kobak/1919.html HTTP/1.1" 200 6884 "-" "Mozilla/5.0 AppleWebKit/537.36 (KHTML, like Gecko; compatible; bingbot/2.0; +http://www.bing.com/bingbot.htm) Chrome/103.0.5060.134 Safari/537.36" "ysfine.com"
114.119.128.154 - - [09/Sep/2022:03:47:07 -0700] "GET /awards/rpress.docx HTTP/1.1" 200 100796 "-" "Mozilla/5.0 (Linux; Android 7.0;) AppleWebKit/537.36 (KHTML, like Gecko) Mobile Safari/537.36 (compatible; PetalBot;+https://webmaster.petalsearch.com/site/petalbot)" "ysfine.com"
40.77.167.27 - - [09/Sep/2022:03:47:22 -0700] "GET /kobak/kostu01.jpg HTTP/1.1" 200 100600 "-" "Mozilla/5.0 (compatible; bingbot/2.0; +http://www.bing.com/bingbot.htm)" "ysfine.com"
89.136.38.194 - - [09/Sep/2022:03:47:40 -0700] "GET / HTTP/1.1" 200 5283 "http://ysfine.com" "Mozilla/5.0 (Macintosh; Intel Mac OS X 10_13_1) AppleWebKit/537.36 (KHTML, like Gecko) Chrome/66.0.3359.139 Safari/537.36" "ysfine.com"
89.136.38.194 - - [09/Sep/2022:03:47:43 -0700] "GET /jobs/index.html HTTP/1.1" 200 123 "http://ysfine.com/jobs/index.html" "Mozilla/5.0 (Macintosh; Intel Mac OS X 10_13_1) AppleWebKit/537.36 (KHTML, like Gecko) Chrome/66.0.3359.139 Safari/537.36" "ysfine.com"
89.136.38.194 - - [09/Sep/2022:03:47:45 -0700] "GET /style/stbot.html HTTP/1.1" 200 122 "http://ysfine.com/style/stbot.html" "Mozilla/5.0 (Macintosh; Intel Mac OS X 10_13_1) AppleWebKit/537.36 (KHTML, like Gecko) Chrome/66.0.3359.139 Safari/537.36" "ysfine.com"
89.136.38.194 - - [09/Sep/2022:03:47:47 -0700] "GET /eink/mose.html HTTP/1.1" 200 14315 "http://ysfine.com/eink/mose.html" "Mozilla/5.0 (Macintosh; Intel Mac OS X 10_13_1) AppleWebKit/537.36 (KHTML, like Gecko) Chrome/66.0.3359.139 Safari/537.36" "ysfine.com"
89.136.38.194 - - [09/Sep/2022:03:47:49 -0700] "GET /world/ysworld.html HTTP/1.1" 200 3195 "http://ysfine.com/world/ysworld.html" "Mozilla/5.0 (Macintosh; Intel Mac OS X 10_13_1) AppleWebKit/537.36 (KHTML, like Gecko) Chrome/66.0.3359.139 Safari/537.36" "ysfine.com"
89.136.38.194 - - [09/Sep/2022:03:47:50 -0700] "GET /home/bio.html HTTP/1.1" 200 15081 "http://ysfine.com/home/bio.html" "Mozilla/5.0 (Macintosh; Intel Mac OS X 10_13_1) AppleWebKit/537.36 (KHTML, like Gecko) Chrome/66.0.3359.139 Safari/537.36" "ysfine.com"
89.136.38.194 - - [09/Sep/2022:03:47:52 -0700] "GET /princeton/yspr.html HTTP/1.1" 200 5439 "http://ysfine.com/princeton/yspr.html" "Mozilla/5.0 (Macintosh; Intel Mac OS X 10_13_1) AppleWebKit/537.36 (KHTML, like Gecko) Chrome/66.0.3359.139 Safari/537.36" "ysfine.com"
89.136.38.194 - - [09/Sep/2022:03:47:54 -0700] "GET /eink/index.html HTTP/1.1" 200 17659 "http://ysfine.com/eink/index.html" "Mozilla/5.0 (Macintosh; Intel Mac OS X 10_13_1) AppleWebKit/537.36 (KHTML, like Gecko) Chrome/66.0.3359.139 Safari/537.36" "ysfine.com"
89.136.38.194 - - [09/Sep/2022:03:47:56 -0700] "GET /einstein/index.html HTTP/1.1" 200 135 "http://ysfine.com/einstein/index.html" "Mozilla/5.0 (Macintosh; Intel Mac OS X 10_13_1) AppleWebKit/537.36 (KHTML, like Gecko) Chrome/66.0.3359.139 Safari/537.36" "ysfine.com"
89.136.38.194 - - [09/Sep/2022:03:47:58 -0700] "GET /home/bio77.html HTTP/1.1" 200 10347 "http://ysfine.com/home/bio77.html" "Mozilla/5.0 (Macintosh; Intel Mac OS X 10_13_1) AppleWebKit/537.36 (KHTML, like Gecko) Chrome/66.0.3359.139 Safari/537.36" "ysfine.com"
89.136.38.194 - - [09/Sep/2022:03:48:00 -0700] "GET /home/index.html HTTP/1.1" 200 142 "http://ysfine.com/home/index.html" "Mozilla/5.0 (Macintosh; Intel Mac OS X 10_13_1) AppleWebKit/537.36 (KHTML, like Gecko) Chrome/66.0.3359.139 Safari/537.36" "ysfine.com"
89.136.38.194 - - [09/Sep/2022:03:48:01 -0700] "GET /yspapers/index.html HTTP/1.1" 200 21306 "http://ysfine.com/yspapers/index.html" "Mozilla/5.0 (Macintosh; Intel Mac OS X 10_13_1) AppleWebKit/537.36 (KHTML, like Gecko) Chrome/66.0.3359.139 Safari/537.36" "ysfine.com"
89.136.38.194 - - [09/Sep/2022:03:48:03 -0700] "GET /home/bio22.html HTTP/1.1" 200 12014 "http://ysfine.com/home/bio22.html" "Mozilla/5.0 (Macintosh; Intel Mac OS X 10_13_1) AppleWebKit/537.36 (KHTML, like Gecko) Chrome/66.0.3359.139 Safari/537.36" "ysfine.com"
89.136.38.194 - - [09/Sep/2022:03:48:05 -0700] "GET /feynman/index.html HTTP/1.1" 200 124 "http://ysfine.com/feynman/index.html" "Mozilla/5.0 (Macintosh; Intel Mac OS X 10_13_1) AppleWebKit/537.36 (KHTML, like Gecko) Chrome/66.0.3359.139 Safari/537.36" "ysfine.com"
89.136.38.194 - - [09/Sep/2022:03:48:06 -0700] "GET /sbk/index.html HTTP/1.1" 200 198 "http://ysfine.com/sbk/index.html" "Mozilla/5.0 (Macintosh; Intel Mac OS X 10_13_1) AppleWebKit/537.36 (KHTML, like Gecko) Chrome/66.0.3359.139 Safari/537.36" "ysfine.com"
89.136.38.194 - - [09/Sep/2022:03:48:07 -0700] "GET /people/peo.html HTTP/1.1" 200 13502 "http://ysfine.com/people/peo.html" "Mozilla/5.0 (Macintosh; Intel Mac OS X 10_13_1) AppleWebKit/537.36 (KHTML, like Gecko) Chrome/66.0.3359.139 Safari/537.36" "ysfine.com"
89.136.38.194 - - [09/Sep/2022:03:48:08 -0700] "GET /houses/myhouse.html HTTP/1.1" 200 1473 "http://ysfine.com/houses/myhouse.html" "Mozilla/5.0 (Macintosh; Intel Mac OS X 10_13_1) AppleWebKit/537.36 (KHTML, like Gecko) Chrome/66.0.3359.139 Safari/537.36" "ysfine.com"
89.136.38.194 - - [09/Sep/2022:03:48:09 -0700] "GET /kobak/index.html HTTP/1.1" 200 130 "http://ysfine.com/kobak/index.html" "Mozilla/5.0 (Macintosh; Intel Mac OS X 10_13_1) AppleWebKit/537.36 (KHTML, like Gecko) Chrome/66.0.3359.139 Safari/537.36" "ysfine.com"
89.136.38.194 - - [09/Sep/2022:03:48:10 -0700] "GET /wdc/index.html HTTP/1.1" 200 141 "http://ysfine.com/wdc/index.html" "Mozilla/5.0 (Macintosh; Intel Mac OS X 10_13_1) AppleWebKit/537.36 (KHTML, like Gecko) Chrome/66.0.3359.139 Safari/537.36" "ysfine.com"
89.136.38.194 - - [09/Sep/2022:03:48:12 -0700] "GET /usca/pgh.html HTTP/1.1" 200 13572 "http://ysfine.com/usca/pgh.html" "Mozilla/5.0 (Macintosh; Intel Mac OS X 10_13_1) AppleWebKit/537.36 (KHTML, like Gecko) Chrome/66.0.3359.139 Safari/537.36" "ysfine.com"
89.136.38.194 - - [09/Sep/2022:03:48:13 -0700] "GET /home/genea.html HTTP/1.1" 200 2872 "http://ysfine.com/home/genea.html" "Mozilla/5.0 (Macintosh; Intel Mac OS X 10_13_1) AppleWebKit/537.36 (KHTML, like Gecko) Chrome/66.0.3359.139 Safari/537.36" "ysfine.com"
89.136.38.194 - - [09/Sep/2022:03:48:14 -0700] "GET /princeton/index.html HTTP/1.1" 200 140 "http://ysfine.com/princeton/index.html" "Mozilla/5.0 (Macintosh; Intel Mac OS X 10_13_1) AppleWebKit/537.36 (KHTML, like Gecko) Chrome/66.0.3359.139 Safari/537.36" "ysfine.com"
89.136.38.194 - - [09/Sep/2022:03:48:15 -0700] "GET /home/dwf.html HTTP/1.1" 200 4126 "http://ysfine.com/home/dwf.html" "Mozilla/5.0 (Macintosh; Intel Mac OS X 10_13_1) AppleWebKit/537.36 (KHTML, like Gecko) Chrome/66.0.3359.139 Safari/537.36" "ysfine.com"
89.136.38.194 - - [09/Sep/2022:03:48:17 -0700] "GET /awards/index.html HTTP/1.1" 200 9991 "http://ysfine.com/awards/index.html" "Mozilla/5.0 (Macintosh; Intel Mac OS X 10_13_1) AppleWebKit/537.36 (KHTML, like Gecko) Chrome/66.0.3359.139 Safari/537.36" "ysfine.com"
89.136.38.194 - - [09/Sep/2022:03:48:19 -0700] "GET /dirac/index.html HTTP/1.1" 200 124 "http://ysfine.com/dirac/index.html" "Mozilla/5.0 (Macintosh; Intel Mac OS X 10_13_1) AppleWebKit/537.36 (KHTML, like Gecko) Chrome/66.0.3359.139 Safari/537.36" "ysfine.com"
89.136.38.194 - - [09/Sep/2022:03:48:20 -0700] "GET /maga/herod.html HTTP/1.1" 200 4341 "http://ysfine.com/maga/herod.html" "Mozilla/5.0 (Macintosh; Intel Mac OS X 10_13_1) AppleWebKit/537.36 (KHTML, like Gecko) Chrome/66.0.3359.139 Safari/537.36" "ysfine.com"
89.136.38.194 - - [09/Sep/2022:03:48:21 -0700] "GET /dirac/dirk62.html HTTP/1.1" 200 3930 "http://ysfine.com/dirac/dirk62.html" "Mozilla/5.0 (Macintosh; Intel Mac OS X 10_13_1) AppleWebKit/537.36 (KHTML, like Gecko) Chrome/66.0.3359.139 Safari/537.36" "ysfine.com"
89.136.38.194 - - [09/Sep/2022:03:48:22 -0700] "GET /home/dashen.html HTTP/1.1" 200 4015 "http://ysfine.com/home/dashen.html" "Mozilla/5.0 (Macintosh; Intel Mac OS X 10_13_1) AppleWebKit/537.36 (KHTML, like Gecko) Chrome/66.0.3359.139 Safari/537.36" "ysfine.com"
89.136.38.194 - - [09/Sep/2022:03:48:23 -0700] "GET /wigner/index.html HTTP/1.1" 200 124 "http://ysfine.com/wigner/index.html" "Mozilla/5.0 (Macintosh; Intel Mac OS X 10_13_1) AppleWebKit/537.36 (KHTML, like Gecko) Chrome/66.0.3359.139 Safari/537.36" "ysfine.com"
89.136.38.194 - - [09/Sep/2022:03:48:24 -0700] "GET /home/easy.html HTTP/1.1" 200 7877 "http://ysfine.com/home/easy.html" "Mozilla/5.0 (Macintosh; Intel Mac OS X 10_13_1) AppleWebKit/537.36 (KHTML, like Gecko) Chrome/66.0.3359.139 Safari/537.36" "ysfine.com"
89.136.38.194 - - [09/Sep/2022:03:48:25 -0700] "GET /wigner/wigner39.html HTTP/1.1" 200 330 "http://ysfine.com/wigner/wigner39.html" "Mozilla/5.0 (Macintosh; Intel Mac OS X 10_13_1) AppleWebKit/537.36 (KHTML, like Gecko) Chrome/66.0.3359.139 Safari/537.36" "ysfine.com"
77.88.5.126 - - [09/Sep/2022:03:48:41 -0700] "GET /robots.txt HTTP/1.1" 404 73 "-" "Mozilla/5.0 (compatible; YandexBot/3.0; +http://yandex.com/bots)" "ysfine.com"
114.119.128.154 - - [09/Sep/2022:03:48:45 -0700] "GET /class54/class5470/total_data/sub_706.htm HTTP/1.1" 200 3299 "-" "Mozilla/5.0 (Linux; Android 7.0;) AppleWebKit/537.36 (KHTML, like Gecko) Mobile Safari/537.36 (compatible; PetalBot;+https://webmaster.petalsearch.com/site/petalbot)" "ysfine.com"
93.158.161.74 - - [09/Sep/2022:03:48:45 -0700] "GET /robots.txt HTTP/1.1" 404 73 "-" "Mozilla/5.0 (compatible; YandexBot/3.0; +http://yandex.com/bots)" "ysfine.com"
93.158.161.74 - - [09/Sep/2022:03:48:48 -0700] "GET /wdc/whouse06.jpg HTTP/1.1" 200 87253 "-" "Mozilla/5.0 (compatible; YandexImages/3.0; +http://yandex.com/bots)" "ysfine.com"
40.77.167.35 - - [09/Sep/2022:03:50:10 -0700] "GET /ffriends/amkor/amwash01c.jpg HTTP/1.1" 200 37250 "-" "Mozilla/5.0 (compatible; bingbot/2.0; +http://www.bing.com/bingbot.htm)" "ysfine.com"
40.77.167.28 - - [09/Sep/2022:03:50:32 -0700] "GET /world/ital/itstu01.jpg HTTP/1.1" 200 70806 "-" "Mozilla/5.0 AppleWebKit/537.36 (KHTML, like Gecko; compatible; bingbot/2.0; +http://www.bing.com/bingbot.htm) Chrome/103.0.5060.134 Safari/537.36" "ysfine.com"
114.119.128.154 - - [09/Sep/2022:03:51:32 -0700] "GET /class54/class5470/total_data/sub_713.htm HTTP/1.1" 200 3294 "-" "Mozilla/5.0 (Linux; Android 7.0;) AppleWebKit/537.36 (KHTML, like Gecko) Mobile Safari/537.36 (compatible; PetalBot;+https://webmaster.petalsearch.com/site/petalbot)" "ysfine.com"
184.22.90.96 - - [09/Sep/2022:03:53:10 -0700] "GET /maga/histo/desiree22.jpg HTTP/1.1" 200 113561 "https://www.google.com/" "Mozilla/5.0 (Windows NT 10.0; Win64; x64) AppleWebKit/537.36 (KHTML, like Gecko) Chrome/105.0.0.0 Safari/537.36" "ysfine.com"
114.119.128.154 - - [09/Sep/2022:03:53:14 -0700] "GET /beau/garden.html HTTP/1.1" 404 88 "https://ysfine.com/kobak/korigh.html" "Mozilla/5.0 (Linux; Android 7.0;) AppleWebKit/537.36 (KHTML, like Gecko) Mobile Safari/537.36 (compatible; PetalBot;+https://webmaster.petalsearch.com/site/petalbot)" "ysfine.com"
223.189.64.7 - - [09/Sep/2022:03:53:18 -0700] "GET /world/ital/vicenza05.jpg HTTP/1.1" 200 107232 "https://www.google.com/" "Mozilla/5.0 (Linux; Android 11; M2103K19PI) AppleWebKit/537.36 (KHTML, like Gecko) Chrome/105.0.0.0 Mobile Safari/537.36" "ysfine.com"
114.119.128.142 - - [09/Sep/2022:03:54:48 -0700] "GET /confer/petrov.html HTTP/1.1" 404 88 "https://listserv.umd.edu/cgi-bin/wa?A2=PHYS-CONFERENCE-ANNOUNCE%3Bd3923310.1002" "Mozilla/5.0 (Linux; Android 7.0;) AppleWebKit/537.36 (KHTML, like Gecko) Mobile Safari/537.36 (compatible; PetalBot;+https://webmaster.petalsearch.com/site/petalbot)" "ysfine.com"
185.191.171.6 - - [09/Sep/2022:03:55:53 -0700] "GET /feynman/feynbot.html HTTP/1.1" 200 138 "-" "Mozilla/5.0 (compatible; SemrushBot/7~bl; +http://www.semrush.com/bot.html)" "ysfine.com"
58.7.188.126 - - [09/Sep/2022:03:56:08 -0700] "GET /world/brit/eton01.jpg HTTP/1.1" 200 126845 "https://www.google.com/" "Mozilla/5.0 (Windows NT 10.0; Win64; x64) AppleWebKit/537.36 (KHTML, like Gecko) Chrome/105.0.0.0 Safari/537.36" "ysfine.com"
114.119.128.14 - - [09/Sep/2022:03:56:43 -0700] "GET /class54/class5480/Pictures/1.%C3%AC%C2%A0%C2%91%C3%AC%C2%88%C2%98%C3%AB%C2%B0%C2%8F%C3%AD%C2%99%C2%98%C3%AB%C2%8B%C2%B4/Thumbs.db HTTP/1.1" 200 27136 "https://www.ysfine.com/class54/class5480/Pictures/1.%c3%ac%c2%a0%c2%91%c3%ac%c2%88%c2%98%c3%ab%c2%b0%c2%8f%c3%ad%c2%99%c2%98%c3%ab%c2%8b%c2%b4/?C=N%3BO%3DD" "Mozilla/5.0 (Linux; Android 7.0;) AppleWebKit/537.36 (KHTML, like Gecko) Mobile Safari/537.36 (compatible; PetalBot;+https://webmaster.petalsearch.com/site/petalbot)" "www.ysfine.com"
40.77.167.35 - - [09/Sep/2022:03:57:04 -0700] "GET /remote/wigner111/frame18.html HTTP/1.1" 200 1033 "-" "Mozilla/5.0 (compatible; bingbot/2.0; +http://www.bing.com/bingbot.htm)" "ysfine.com"
185.191.171.11 - - [09/Sep/2022:03:57:22 -0700] "GET /robots.txt HTTP/1.1" 404 88 "-" "Mozilla/5.0 (compatible; SemrushBot/7~bl; +http://www.semrush.com/bot.html)" "www.ysfine.com"
185.191.171.23 - - [09/Sep/2022:03:57:23 -0700] "GET /class54/class5470/total_data/sub_316.htm HTTP/1.1" 200 3323 "-" "Mozilla/5.0 (compatible; SemrushBot/7~bl; +http://www.semrush.com/bot.html)" "www.ysfine.com"
187.3.142.17 - - [09/Sep/2022:03:57:59 -0700] "GET /maga/bohrkierk.html HTTP/1.1" 200 2947 "https://www.google.com/" "Mozilla/5.0 (X11; CrOS x86_64 14909.132.0) AppleWebKit/537.36 (KHTML, like Gecko) Chrome/104.0.0.0 Safari/537.36" "ysfine.com"
187.3.142.17 - - [09/Sep/2022:03:58:00 -0700] "GET /maga/phys/bohr11b.jpg HTTP/1.1" 200 30607 "https://ysfine.com/maga/bohrkierk.html" "Mozilla/5.0 (X11; CrOS x86_64 14909.132.0) AppleWebKit/537.36 (KHTML, like Gecko) Chrome/104.0.0.0 Safari/537.36" "ysfine.com"
187.3.142.17 - - [09/Sep/2022:03:58:00 -0700] "GET /maga/phil/kierke11b.jpg HTTP/1.1" 200 32163 "https://ysfine.com/maga/bohrkierk.html" "Mozilla/5.0 (X11; CrOS x86_64 14909.132.0) AppleWebKit/537.36 (KHTML, like Gecko) Chrome/104.0.0.0 Safari/537.36" "ysfine.com"
187.3.142.17 - - [09/Sep/2022:03:58:00 -0700] "GET /maga/phys/bohr22b.jpg HTTP/1.1" 200 31482 "https://ysfine.com/maga/bohrkierk.html" "Mozilla/5.0 (X11; CrOS x86_64 14909.132.0) AppleWebKit/537.36 (KHTML, like Gecko) Chrome/104.0.0.0 Safari/537.36" "ysfine.com"
187.3.142.17 - - [09/Sep/2022:03:58:00 -0700] "GET /world/france/magots03b.jpg HTTP/1.1" 200 48195 "https://ysfine.com/maga/bohrkierk.html" "Mozilla/5.0 (X11; CrOS x86_64 14909.132.0) AppleWebKit/537.36 (KHTML, like Gecko) Chrome/104.0.0.0 Safari/537.36" "ysfine.com"
187.3.142.17 - - [09/Sep/2022:03:58:00 -0700] "GET /einstein/evol22b.jpg HTTP/1.1" 200 29614 "https://ysfine.com/maga/bohrkierk.html" "Mozilla/5.0 (X11; CrOS x86_64 14909.132.0) AppleWebKit/537.36 (KHTML, like Gecko) Chrome/104.0.0.0 Safari/537.36" "ysfine.com"
187.3.142.17 - - [09/Sep/2022:03:58:00 -0700] "GET /feynman/chewfra2.jpg HTTP/1.1" 200 40458 "https://ysfine.com/maga/bohrkierk.html" "Mozilla/5.0 (X11; CrOS x86_64 14909.132.0) AppleWebKit/537.36 (KHTML, like Gecko) Chrome/104.0.0.0 Safari/537.36" "ysfine.com"
187.3.142.17 - - [09/Sep/2022:03:58:00 -0700] "GET /eink/eink61c.jpg HTTP/1.1" 200 34119 "https://ysfine.com/maga/bohrkierk.html" "Mozilla/5.0 (X11; CrOS x86_64 14909.132.0) AppleWebKit/537.36 (KHTML, like Gecko) Chrome/104.0.0.0 Safari/537.36" "ysfine.com"
187.3.142.17 - - [09/Sep/2022:03:58:02 -0700] "GET /favicon.ico HTTP/1.1" 404 88 "https://ysfine.com/maga/bohrkierk.html" "Mozilla/5.0 (X11; CrOS x86_64 14909.132.0) AppleWebKit/537.36 (KHTML, like Gecko) Chrome/104.0.0.0 Safari/537.36" "ysfine.com"
114.119.128.142 - - [09/Sep/2022:03:59:21 -0700] "GET /awards/acs20f.jpg HTTP/1.1" 200 145842 "https://ysfine.com/awards/index.html" "Mozilla/5.0 (Linux; Android 7.0;) AppleWebKit/537.36 (KHTML, like Gecko) Mobile Safari/537.36 (compatible; PetalBot;+https://webmaster.petalsearch.com/site/petalbot)" "ysfine.com"
157.55.39.146 - - [09/Sep/2022:03:59:29 -0700] "GET /style/cameras/beijing95.jpg HTTP/1.1" 200 94883 "-" "Mozilla/5.0 (compatible; bingbot/2.0; +http://www.bing.com/bingbot.htm)" "www.ysfine.com"
40.77.167.35 - - [09/Sep/2022:03:59:40 -0700] "GET /home/backgr.html HTTP/1.1" 200 4414 "-" "Mozilla/5.0 (compatible; bingbot/2.0; +http://www.bing.com/bingbot.htm)" "ysfine.com"
114.119.128.158 - - [09/Sep/2022:04:00:48 -0700] "GET /maga/phys/poinsf/frame41.html HTTP/1.1" 200 323 "https://www.ysfine.com/maga/phys/poinsf/frame40.html" "Mozilla/5.0 (Linux; Android 7.0;) AppleWebKit/537.36 (KHTML, like Gecko) Mobile Safari/537.36 (compatible; PetalBot;+https://webmaster.petalsearch.com/site/petalbot)" "www.ysfine.com"
5.172.233.5 - - [09/Sep/2022:04:01:16 -0700] "GET /feynman/page55.jpg HTTP/1.1" 200 98479 "https://www.google.com/" "Mozilla/5.0 (Linux; Android 10; Redmi Note 7) AppleWebKit/537.36 (KHTML, like Gecko) Chrome/104.0.0.0 Mobile Safari/537.36" "ysfine.com"
40.77.167.33 - - [09/Sep/2022:04:01:56 -0700] "GET /princeton/cosmic.html HTTP/1.1" 200 933 "-" "Mozilla/5.0 (compatible; bingbot/2.0; +http://www.bing.com/bingbot.htm)" "www.ysfine.com"
51.222.253.20 - - [09/Sep/2022:04:02:08 -0700] "GET /ffriends/russian.html HTTP/1.1" 200 33919 "-" "Mozilla/5.0 (compatible; AhrefsBot/7.0; +http://ahrefs.com/robot/)" "ysfine.com"
143.198.146.134 - - [09/Sep/2022:04:02:08 -0700] "GET / HTTP/1.1" 200 15910 "-" "Mozlila/5.0 (Linux; Android 7.0; SM-G892A Bulid/NRD90M; wv) AppleWebKit/537.36 (KHTML, like Gecko) Version/4.0 Chrome/60.0.3112.107 Moblie Safari/537.36" "ysfine.com"
143.198.146.134 - - [09/Sep/2022:04:02:08 -0700] "POST /ALFA_DATA/alfacgiapi/perl.alfa HTTP/1.1" 404 73 "www.google.com" "Mozlila/5.0 (Linux; Android 7.0; SM-G892A Bulid/NRD90M; wv) AppleWebKit/537.36 (KHTML, like Gecko) Version/4.0 Chrome/60.0.3112.107 Moblie Safari/537.36" "ysfine.com"
143.198.146.134 - - [09/Sep/2022:04:02:08 -0700] "POST /wp-plain.php HTTP/1.1" 404 73 "www.google.com" "Mozilla/5.0 (Linux; Android 7.0; SM-G892A Bulid/NRD90M; wv) AppleWebKit/537.36 (KHTML, like Gecko) Version/4.0 Chrome/60.0.3112.107 Moblie Safari/537.36" "ysfine.com"
143.198.146.134 - - [09/Sep/2022:04:02:08 -0700] "GET /ugotnihd.php?Fox=d3wL7 HTTP/1.1" 404 73 "www.google.com" "Mozilla/5.0 (Linux; Android 7.0; SM-G892A Bulid/NRD90M; wv) AppleWebKit/537.36 (KHTML, like Gecko) Version/4.0 Chrome/60.0.3112.107 Moblie Safari/537.36" "ysfine.com"
143.198.146.134 - - [09/Sep/2022:04:02:08 -0700] "POST /alfacgiapi/perl.alfa HTTP/1.1" 404 73 "www.google.com" "Mozlila/5.0 (Linux; Android 7.0; SM-G892A Bulid/NRD90M; wv) AppleWebKit/537.36 (KHTML, like Gecko) Version/4.0 Chrome/60.0.3112.107 Moblie Safari/537.36" "ysfine.com"
114.119.128.14 - - [09/Sep/2022:04:02:22 -0700] "GET /maga/phil/sisfa12/frame52.html HTTP/1.1" 200 319 "https://www.ysfine.com/maga/phil/sisfa12/frame51.html" "Mozilla/5.0 (Linux; Android 7.0;) AppleWebKit/537.36 (KHTML, like Gecko) Mobile Safari/537.36 (compatible; PetalBot;+https://webmaster.petalsearch.com/site/petalbot)" "www.ysfine.com"
157.55.39.146 - - [09/Sep/2022:04:04:11 -0700] "GET /world/baltic/kantm09.jpg HTTP/1.1" 200 132684 "-" "Mozilla/5.0 (compatible; bingbot/2.0; +http://www.bing.com/bingbot.htm)" "ysfine.com"
40.77.167.28 - - [09/Sep/2022:04:04:44 -0700] "GET /maga/phil/marxvalue11.jpg HTTP/1.1" 200 109000 "-" "Mozilla/5.0 (compatible; bingbot/2.0; +http://www.bing.com/bingbot.htm)" "ysfine.com"
40.77.167.27 - - [09/Sep/2022:04:05:03 -0700] "GET /wdc/gtown44.jpg HTTP/1.1" 200 143028 "-" "Mozilla/5.0 (compatible; bingbot/2.0; +http://www.bing.com/bingbot.htm)" "www.ysfine.com"
114.119.128.154 - - [09/Sep/2022:04:05:09 -0700] "GET /home/figs/contrac05f.jpg HTTP/1.1" 200 27323 "https://ysfine.com/home/bio33a.html" "Mozilla/5.0 (Linux; Android 7.0;) AppleWebKit/537.36 (KHTML, like Gecko) Mobile Safari/537.36 (compatible; PetalBot;+https://webmaster.petalsearch.com/site/petalbot)" "ysfine.com"
40.77.167.28 - - [09/Sep/2022:04:05:36 -0700] "GET /usca/pitt/mtwash02.jpg HTTP/1.1" 200 151113 "-" "Mozilla/5.0 (compatible; bingbot/2.0; +http://www.bing.com/bingbot.htm)" "www.ysfine.com"
40.77.167.33 - - [09/Sep/2022:04:05:45 -0700] "GET /manko/bacoli.jpg HTTP/1.1" 200 54484 "-" "Mozilla/5.0 (compatible; bingbot/2.0; +http://www.bing.com/bingbot.htm)" "ysfine.com"
40.77.167.35 - - [09/Sep/2022:04:06:22 -0700] "GET /world/baltic/riga56b.jpg HTTP/1.1" 200 29485 "-" "Mozilla/5.0 (compatible; bingbot/2.0; +http://www.bing.com/bingbot.htm)" "ysfine.com"
114.119.128.154 - - [09/Sep/2022:04:06:48 -0700] "GET /class54/class5470/total_data/photo_img/8-16.jpg HTTP/1.1" 200 177933 "https://ysfine.com/class54/class5470/total_data/sub_816.htm" "Mozilla/5.0 (Linux; Android 7.0;) AppleWebKit/537.36 (KHTML, like Gecko) Mobile Safari/537.36 (compatible; PetalBot;+https://webmaster.petalsearch.com/site/petalbot)" "ysfine.com"
100.0.221.132 - - [09/Sep/2022:04:06:54 -0700] "GET /world/brit/eton01.jpg HTTP/1.1" 200 126845 "https://www.google.com/" "Mozilla/5.0 (Windows NT 10.0; Win64; x64) AppleWebKit/537.36 (KHTML, like Gecko) Chrome/105.0.0.0 Safari/537.36" "ysfine.com"
72.138.95.26 - - [09/Sep/2022:04:07:09 -0700] "GET /home/figs/quapar55.jpg HTTP/1.1" 200 113966 "https://www.google.com/" "Mozilla/5.0 (Windows NT 10.0; Win64; x64) AppleWebKit/537.36 (KHTML, like Gecko) Chrome/104.0.0.0 Safari/537.36" "ysfine.com"
40.77.167.35 - - [09/Sep/2022:04:07:14 -0700] "GET /world/brit/lontaxi09.jpg HTTP/1.1" 200 77332 "-" "Mozilla/5.0 (compatible; bingbot/2.0; +http://www.bing.com/bingbot.htm)" "www.ysfine.com"
40.77.167.27 - - [09/Sep/2022:04:07:44 -0700] "GET /jobs/spainj.html HTTP/1.1" 200 1603 "-" "Mozilla/5.0 (compatible; bingbot/2.0; +http://www.bing.com/bingbot.htm)" "ysfine.com"
100.26.177.46 - - [09/Sep/2022:04:08:28 -0700] "GET /sitemap.xml HTTP/1.1" 304 - "https://www.google.com/" "Mozilla/5.0 (Windows NT 10.0; Win64; x64) AppleWebKit/537.36 (KHTML, like Gecko) Chrome/80.0.3987.122 Safari/537.36 Edg/80.0.361.62" "www.ysfine.com"
40.77.167.28 - - [09/Sep/2022:04:08:36 -0700] "GET /kobak/alexvic11b.jpg HTTP/1.1" 200 47312 "-" "Mozilla/5.0 (compatible; bingbot/2.0; +http://www.bing.com/bingbot.htm)" "www.ysfine.com"
88.198.90.9 - - [09/Sep/2022:04:08:49 -0700] "GET /world/paris.html HTTP/1.1" 200 18129 "-" "Mozilla/5.0 (Macintosh; Intel Mac OS X 10_14_6) AppleWebKit/605.1.15 (KHTML, like Gecko) Version/14.0.1 Safari/605.1.15" "ysfine.com"
40.77.167.33 - - [09/Sep/2022:04:09:26 -0700] "GET /newyork/colum01b.jpg HTTP/1.1" 200 44600 "-" "Mozilla/5.0 (compatible; bingbot/2.0; +http://www.bing.com/bingbot.htm)" "www.ysfine.com"
114.119.128.154 - - [09/Sep/2022:04:10:37 -0700] "GET /kowar/warbot.html HTTP/1.1" 200 127 "-" "Mozilla/5.0 (Linux; Android 7.0;) AppleWebKit/537.36 (KHTML, like Gecko) Mobile Safari/537.36 (compatible; PetalBot;+https://webmaster.petalsearch.com/site/petalbot)" "ysfine.com"
157.55.39.146 - - [09/Sep/2022:04:11:01 -0700] "GET /princeton/elephant11b.jpg HTTP/1.1" 200 65393 "-" "Mozilla/5.0 (compatible; bingbot/2.0; +http://www.bing.com/bingbot.htm)" "ysfine.com"
3.131.137.87 - - [09/Sep/2022:04:11:14 -0700] "GET /ads.txt HTTP/1.1" 404 88 "http://ysfine.com/ads.txt" "AdsTxtCrawler/1.0; +https://github.com/InteractiveAdvertisingBureau/adstxtcrawler" "ysfine.com"
157.55.39.146 - - [09/Sep/2022:04:11:30 -0700] "GET /princeton/ias11.jpg HTTP/1.1" 200 76978 "-" "Mozilla/5.0 (compatible; bingbot/2.0; +http://www.bing.com/bingbot.htm)" "www.ysfine.com"
114.119.128.14 - - [09/Sep/2022:04:13:23 -0700] "GET /class54/class5470/total_data/photo_img/6-9.jpg HTTP/1.1" 200 199357 "https://ysfine.com/class54/class5470/total_data/sub_609.htm" "Mozilla/5.0 (Linux; Android 7.0;) AppleWebKit/537.36 (KHTML, like Gecko) Mobile Safari/537.36 (compatible; PetalBot;+https://webmaster.petalsearch.com/site/petalbot)" "ysfine.com"
20.191.45.212 - - [09/Sep/2022:04:14:30 -0700] "GET / HTTP/1.1" 200 5283 "https://ysfine.com/" "Mozilla/5.0 (compatible; DuckDuckGo-Favicons-Bot/1.0; +http://duckduckgo.com)" "ysfine.com"
20.191.45.212 - - [09/Sep/2022:04:14:30 -0700] "GET /favicon.ico HTTP/1.1" 404 88 "https://ysfine.com/favicon.ico" "Mozilla/5.0 (compatible; DuckDuckGo-Favicons-Bot/1.0; +http://duckduckgo.com)" "ysfine.com"
20.191.45.212 - - [09/Sep/2022:04:14:30 -0700] "GET /favicon.ico HTTP/1.1" 404 88 "https://ysfine.com/favicon.ico" "Mozilla/5.0 (compatible; DuckDuckGo-Favicons-Bot/1.0; +http://duckduckgo.com)" "ysfine.com"
157.55.39.146 - - [09/Sep/2022:04:15:31 -0700] "GET /maga/phil/yy10b.jpg HTTP/1.1" 200 24920 "-" "Mozilla/5.0 (compatible; bingbot/2.0; +http://www.bing.com/bingbot.htm)" "ysfine.com"
213.55.225.7 - - [09/Sep/2022:04:15:46 -0700] "GET /einstein/bern.html HTTP/1.1" 200 8265 "https://www.google.ru/" "Mozilla/5.0 (iPhone; CPU iPhone OS 14_4_2 like Mac OS X) AppleWebKit/605.1.15 (KHTML, like Gecko) Version/14.0.3 Mobile/15E148 Safari/604.1" "ysfine.com"
213.55.225.7 - - [09/Sep/2022:04:15:47 -0700] "GET /einstein/places/einha01b.jpg HTTP/1.1" 200 41574 "https://ysfine.com/" "Mozilla/5.0 (iPhone; CPU iPhone OS 14_4_2 like Mac OS X) AppleWebKit/605.1.15 (KHTML, like Gecko) Version/14.0.3 Mobile/15E148 Safari/604.1" "ysfine.com"
213.55.225.7 - - [09/Sep/2022:04:15:47 -0700] "GET /einstein/places/einha02b.jpg HTTP/1.1" 200 35565 "https://ysfine.com/" "Mozilla/5.0 (iPhone; CPU iPhone OS 14_4_2 like Mac OS X) AppleWebKit/605.1.15 (KHTML, like Gecko) Version/14.0.3 Mobile/15E148 Safari/604.1" "ysfine.com"
213.55.225.7 - - [09/Sep/2022:04:15:47 -0700] "GET /einstein/places/einha36b.jpg HTTP/1.1" 200 45524 "https://ysfine.com/" "Mozilla/5.0 (iPhone; CPU iPhone OS 14_4_2 like Mac OS X) AppleWebKit/605.1.15 (KHTML, like Gecko) Version/14.0.3 Mobile/15E148 Safari/604.1" "ysfine.com"
213.55.225.7 - - [09/Sep/2022:04:15:47 -0700] "GET /einstein/places/einha05b.jpg HTTP/1.1" 200 51007 "https://ysfine.com/" "Mozilla/5.0 (iPhone; CPU iPhone OS 14_4_2 like Mac OS X) AppleWebKit/605.1.15 (KHTML, like Gecko) Version/14.0.3 Mobile/15E148 Safari/604.1" "ysfine.com"
213.55.225.7 - - [09/Sep/2022:04:15:47 -0700] "GET /einstein/places/einha23b.jpg HTTP/1.1" 200 30374 "https://ysfine.com/" "Mozilla/5.0 (iPhone; CPU iPhone OS 14_4_2 like Mac OS X) AppleWebKit/605.1.15 (KHTML, like Gecko) Version/14.0.3 Mobile/15E148 Safari/604.1" "ysfine.com"
40.77.167.35 - - [09/Sep/2022:04:16:45 -0700] "GET /world/china/opium02.jpg HTTP/1.1" 200 125532 "-" "Mozilla/5.0 (compatible; bingbot/2.0; +http://www.bing.com/bingbot.htm)" "ysfine.com"
114.119.128.162 - - [09/Sep/2022:04:17:05 -0700] "GET /usca/pitt/westim11b.jpg HTTP/1.1" 200 39786 "https://ysfine.com/usca/pgh22.html" "Mozilla/5.0 (Linux; Android 7.0;) AppleWebKit/537.36 (KHTML, like Gecko) Mobile Safari/537.36 (compatible; PetalBot;+https://webmaster.petalsearch.com/site/petalbot)" "ysfine.com"
40.77.167.35 - - [09/Sep/2022:04:17:13 -0700] "GET /world/russ/moschurch03b.jpg HTTP/1.1" 200 45942 "-" "Mozilla/5.0 (compatible; bingbot/2.0; +http://www.bing.com/bingbot.htm)" "ysfine.com"
185.191.171.22 - - [09/Sep/2022:04:17:20 -0700] "GET /beau/italia.html HTTP/1.1" 404 88 "-" "Mozilla/5.0 (compatible; SemrushBot/7~bl; +http://www.semrush.com/bot.html)" "www.ysfine.com"
85.208.98.23 - - [09/Sep/2022:04:17:38 -0700] "GET /robots.txt HTTP/1.1" 404 88 "http://www.ysfine.com/robots.txt" "Mozilla/5.0 (compatible; SemrushBot-BA; +http://www.semrush.com/bot.html)" "www.ysfine.com"
40.77.167.27 - - [09/Sep/2022:04:17:47 -0700] "GET /world/russ/proudm.html HTTP/1.1" 200 696 "-" "Mozilla/5.0 (compatible; bingbot/2.0; +http://www.bing.com/bingbot.htm)" "ysfine.com"
185.191.171.21 - - [09/Sep/2022:04:19:30 -0700] "GET /class54/class5470/total_data/sub_768.htm HTTP/1.1" 200 3289 "-" "Mozilla/5.0 (compatible; SemrushBot/7~bl; +http://www.semrush.com/bot.html)" "www.ysfine.com"
66.249.70.4 - - [09/Sep/2022:04:19:36 -0700] "GET /einstein/locoher88.jpg HTTP/1.1" 200 125299 "-" "Googlebot-Image/1.0" "ysfine.com"
114.119.128.162 - - [09/Sep/2022:04:19:37 -0700] "GET /dirac/bankers.html HTTP/1.1" 200 4453 "https://ysfine.com/maga/index.html" "Mozilla/5.0 (Linux; Android 7.0;) AppleWebKit/537.36 (KHTML, like Gecko) Mobile Safari/537.36 (compatible; PetalBot;+https://webmaster.petalsearch.com/site/petalbot)" "ysfine.com"
116.179.33.18 - - [09/Sep/2022:04:20:03 -0700] "GET /robots.txt HTTP/1.1" 404 88 "-" "Mozilla/5.0 (Windows NT 10.0; WOW64) AppleWebKit/537.36 (KHTML, like Gecko) Chrome/48.0.2564.116 Safari/537.36" "www.ysfine.com"
220.181.108.167 - - [09/Sep/2022:04:20:16 -0700] "GET /wigner/lunch.html HTTP/1.1" 304 - "-" "Mozilla/5.0 (compatible; Baiduspider/2.0; +http://www.baidu.com/search/spider.html)" "www.ysfine.com"
185.191.171.44 - - [09/Sep/2022:04:20:21 -0700] "GET /einstein/einkim.html HTTP/1.1" 200 3731 "-" "Mozilla/5.0 (compatible; SemrushBot/7~bl; +http://www.semrush.com/bot.html)" "www.ysfine.com"
213.55.225.7 - - [09/Sep/2022:04:21:04 -0700] "GET /einstein/places/einmu17b.jpg HTTP/1.1" 200 33255 "https://ysfine.com/" "Mozilla/5.0 (iPhone; CPU iPhone OS 14_4_2 like Mac OS X) AppleWebKit/605.1.15 (KHTML, like Gecko) Version/14.0.3 Mobile/15E148 Safari/604.1" "ysfine.com"
213.55.225.7 - - [09/Sep/2022:04:21:04 -0700] "GET /einstein/places/einmu10b.jpg HTTP/1.1" 200 63699 "https://ysfine.com/" "Mozilla/5.0 (iPhone; CPU iPhone OS 14_4_2 like Mac OS X) AppleWebKit/605.1.15 (KHTML, like Gecko) Version/14.0.3 Mobile/15E148 Safari/604.1" "ysfine.com"
213.55.225.7 - - [09/Sep/2022:04:21:04 -0700] "GET /einstein/places/einha39b.jpg HTTP/1.1" 200 50120 "https://ysfine.com/" "Mozilla/5.0 (iPhone; CPU iPhone OS 14_4_2 like Mac OS X) AppleWebKit/605.1.15 (KHTML, like Gecko) Version/14.0.3 Mobile/15E148 Safari/604.1" "ysfine.com"
213.55.225.7 - - [09/Sep/2022:04:21:04 -0700] "GET /einstein/places/einmu12b.jpg HTTP/1.1" 200 32736 "https://ysfine.com/" "Mozilla/5.0 (iPhone; CPU iPhone OS 14_4_2 like Mac OS X) AppleWebKit/605.1.15 (KHTML, like Gecko) Version/14.0.3 Mobile/15E148 Safari/604.1" "ysfine.com"
213.55.225.7 - - [09/Sep/2022:04:21:04 -0700] "GET /einstein/places/einmu22b.jpg HTTP/1.1" 200 41361 "https://ysfine.com/" "Mozilla/5.0 (iPhone; CPU iPhone OS 14_4_2 like Mac OS X) AppleWebKit/605.1.15 (KHTML, like Gecko) Version/14.0.3 Mobile/15E148 Safari/604.1" "ysfine.com"
213.55.225.7 - - [09/Sep/2022:04:21:04 -0700] "GET /einstein/places/einmu08b.jpg HTTP/1.1" 200 37748 "https://ysfine.com/" "Mozilla/5.0 (iPhone; CPU iPhone OS 14_4_2 like Mac OS X) AppleWebKit/605.1.15 (KHTML, like Gecko) Version/14.0.3 Mobile/15E148 Safari/604.1" "ysfine.com"
213.55.225.7 - - [09/Sep/2022:04:21:04 -0700] "GET /einstein/places/einmu16b.jpg HTTP/1.1" 200 34497 "https://ysfine.com/" "Mozilla/5.0 (iPhone; CPU iPhone OS 14_4_2 like Mac OS X) AppleWebKit/605.1.15 (KHTML, like Gecko) Version/14.0.3 Mobile/15E148 Safari/604.1" "ysfine.com"
213.55.225.7 - - [09/Sep/2022:04:21:05 -0700] "GET /einstein/places/einmu41b.jpg HTTP/1.1" 200 52501 "https://ysfine.com/" "Mozilla/5.0 (iPhone; CPU iPhone OS 14_4_2 like Mac OS X) AppleWebKit/605.1.15 (KHTML, like Gecko) Version/14.0.3 Mobile/15E148 Safari/604.1" "ysfine.com"
213.55.225.7 - - [09/Sep/2022:04:21:05 -0700] "GET /einstein/einhouse11b.jpg HTTP/1.1" 200 42717 "https://ysfine.com/" "Mozilla/5.0 (iPhone; CPU iPhone OS 14_4_2 like Mac OS X) AppleWebKit/605.1.15 (KHTML, like Gecko) Version/14.0.3 Mobile/15E148 Safari/604.1" "ysfine.com"
213.55.225.7 - - [09/Sep/2022:04:21:05 -0700] "GET /einstein/places/einmu52b.jpg HTTP/1.1" 200 38352 "https://ysfine.com/" "Mozilla/5.0 (iPhone; CPU iPhone OS 14_4_2 like Mac OS X) AppleWebKit/605.1.15 (KHTML, like Gecko) Version/14.0.3 Mobile/15E148 Safari/604.1" "ysfine.com"
213.55.225.7 - - [09/Sep/2022:04:21:05 -0700] "GET /wigner/wigein270.jpg HTTP/1.1" 200 21005 "https://ysfine.com/" "Mozilla/5.0 (iPhone; CPU iPhone OS 14_4_2 like Mac OS X) AppleWebKit/605.1.15 (KHTML, like Gecko) Version/14.0.3 Mobile/15E148 Safari/604.1" "ysfine.com"
213.55.225.7 - - [09/Sep/2022:04:21:05 -0700] "GET /einstein/einglaub01b.jpg HTTP/1.1" 200 48405 "https://ysfine.com/" "Mozilla/5.0 (iPhone; CPU iPhone OS 14_4_2 like Mac OS X) AppleWebKit/605.1.15 (KHTML, like Gecko) Version/14.0.3 Mobile/15E148 Safari/604.1" "ysfine.com"
213.55.225.7 - - [09/Sep/2022:04:21:05 -0700] "GET /einstein/places/einmu64b.jpg HTTP/1.1" 200 42063 "https://ysfine.com/" "Mozilla/5.0 (iPhone; CPU iPhone OS 14_4_2 like Mac OS X) AppleWebKit/605.1.15 (KHTML, like Gecko) Version/14.0.3 Mobile/15E148 Safari/604.1" "ysfine.com"
213.55.225.7 - - [09/Sep/2022:04:21:05 -0700] "GET /einstein/places/einmu62b.jpg HTTP/1.1" 200 31976 "https://ysfine.com/" "Mozilla/5.0 (iPhone; CPU iPhone OS 14_4_2 like Mac OS X) AppleWebKit/605.1.15 (KHTML, like Gecko) Version/14.0.3 Mobile/15E148 Safari/604.1" "ysfine.com"
213.55.225.7 - - [09/Sep/2022:04:21:05 -0700] "GET /maga/phil/kanthegel22b.jpg HTTP/1.1" 200 36974 "https://ysfine.com/" "Mozilla/5.0 (iPhone; CPU iPhone OS 14_4_2 like Mac OS X) AppleWebKit/605.1.15 (KHTML, like Gecko) Version/14.0.3 Mobile/15E148 Safari/604.1" "ysfine.com"
213.55.225.7 - - [09/Sep/2022:04:21:05 -0700] "GET /maga/phys/heisen33b.jpg HTTP/1.1" 200 78035 "https://ysfine.com/" "Mozilla/5.0 (iPhone; CPU iPhone OS 14_4_2 like Mac OS X) AppleWebKit/605.1.15 (KHTML, like Gecko) Version/14.0.3 Mobile/15E148 Safari/604.1" "ysfine.com"
213.55.225.7 - - [09/Sep/2022:04:21:05 -0700] "GET /maga/phys/yukaein2.jpg HTTP/1.1" 200 42863 "https://ysfine.com/" "Mozilla/5.0 (iPhone; CPU iPhone OS 14_4_2 like Mac OS X) AppleWebKit/605.1.15 (KHTML, like Gecko) Version/14.0.3 Mobile/15E148 Safari/604.1" "ysfine.com"
40.77.167.28 - - [09/Sep/2022:04:21:19 -0700] "GET /world/germany/humboldt29.jpg HTTP/1.1" 200 88071 "-" "Mozilla/5.0 (compatible; bingbot/2.0; +http://www.bing.com/bingbot.htm)" "www.ysfine.com"
185.191.171.15 - - [09/Sep/2022:04:21:27 -0700] "GET /einstein/einqm.html HTTP/1.1" 200 4504 "-" "Mozilla/5.0 (compatible; SemrushBot/7~bl; +http://www.semrush.com/bot.html)" "ysfine.com"
213.55.225.7 - - [09/Sep/2022:04:21:33 -0700] "GET /einstein/bern.html HTTP/1.1" 200 8265 "https://www.google.ru/" "Mozilla/5.0 (iPhone; CPU iPhone OS 14_4_2 like Mac OS X) AppleWebKit/605.1.15 (KHTML, like Gecko) Version/14.0.3 Mobile/15E148 Safari/604.1" "ysfine.com"
213.55.225.7 - - [09/Sep/2022:04:21:33 -0700] "GET /einstein/places/einha02b.jpg HTTP/1.1" 200 35565 "https://ysfine.com/einstein/bern.html" "Mozilla/5.0 (iPhone; CPU iPhone OS 14_4_2 like Mac OS X) AppleWebKit/605.1.15 (KHTML, like Gecko) Version/14.0.3 Mobile/15E148 Safari/604.1" "ysfine.com"
213.55.225.7 - - [09/Sep/2022:04:21:33 -0700] "GET /einstein/places/einha23b.jpg HTTP/1.1" 200 30374 "https://ysfine.com/einstein/bern.html" "Mozilla/5.0 (iPhone; CPU iPhone OS 14_4_2 like Mac OS X) AppleWebKit/605.1.15 (KHTML, like Gecko) Version/14.0.3 Mobile/15E148 Safari/604.1" "ysfine.com"
213.55.225.7 - - [09/Sep/2022:04:21:33 -0700] "GET /einstein/places/einha05b.jpg HTTP/1.1" 200 51007 "https://ysfine.com/einstein/bern.html" "Mozilla/5.0 (iPhone; CPU iPhone OS 14_4_2 like Mac OS X) AppleWebKit/605.1.15 (KHTML, like Gecko) Version/14.0.3 Mobile/15E148 Safari/604.1" "ysfine.com"
213.55.225.7 - - [09/Sep/2022:04:21:33 -0700] "GET /einstein/places/einha36b.jpg HTTP/1.1" 200 45524 "https://ysfine.com/einstein/bern.html" "Mozilla/5.0 (iPhone; CPU iPhone OS 14_4_2 like Mac OS X) AppleWebKit/605.1.15 (KHTML, like Gecko) Version/14.0.3 Mobile/15E148 Safari/604.1" "ysfine.com"
