173.73.80.118 - - [09/Sep/2022:18:24:14 -0700] "GET /princeton/yspr60.jpg HTTP/1.1" 200 82357 "https://ysfine.com/home/bio44" "Mozilla/5.0 (Linux; Android 5.1.1; KFSUWI) AppleWebKit/537.36 (KHTML, like Gecko) Silk/102.4.13 like Chrome/102.0.5005.171 Safari/537.36" "ysfine.com"
173.73.80.118 - - [09/Sep/2022:18:24:52 -0700] "GET /home/pgh/scotkrk.jpg HTTP/1.1" 200 101142 "https://ysfine.com/home/bio44" "Mozilla/5.0 (Linux; Android 5.1.1; KFSUWI) AppleWebKit/537.36 (KHTML, like Gecko) Silk/102.4.13 like Chrome/102.0.5005.171 Safari/537.36" "ysfine.com"
173.73.80.118 - - [09/Sep/2022:18:25:18 -0700] "GET /einstein/index.html HTTP/1.1" 200 135 "https://ysfine.com/home/bio44" "Mozilla/5.0 (Linux; Android 5.1.1; KFSUWI) AppleWebKit/537.36 (KHTML, like Gecko) Silk/102.4.13 like Chrome/102.0.5005.171 Safari/537.36" "ysfine.com"
173.73.80.118 - - [09/Sep/2022:18:25:18 -0700] "GET /einstein/eintop.html HTTP/1.1" 200 431 "https://ysfine.com/einstein/index.html" "Mozilla/5.0 (Linux; Android 5.1.1; KFSUWI) AppleWebKit/537.36 (KHTML, like Gecko) Silk/102.4.13 like Chrome/102.0.5005.171 Safari/537.36" "ysfine.com"
173.73.80.118 - - [09/Sep/2022:18:25:18 -0700] "GET /einstein/einbot.html HTTP/1.1" 200 126 "https://ysfine.com/einstein/index.html" "Mozilla/5.0 (Linux; Android 5.1.1; KFSUWI) AppleWebKit/537.36 (KHTML, like Gecko) Silk/102.4.13 like Chrome/102.0.5005.171 Safari/537.36" "ysfine.com"
173.73.80.118 - - [09/Sep/2022:18:25:19 -0700] "GET /einstein/einkim.html HTTP/1.1" 200 3731 "https://ysfine.com/einstein/einbot.html" "Mozilla/5.0 (Linux; Android 5.1.1; KFSUWI) AppleWebKit/537.36 (KHTML, like Gecko) Silk/102.4.13 like Chrome/102.0.5005.171 Safari/537.36" "ysfine.com"
173.73.80.118 - - [09/Sep/2022:18:25:18 -0700] "GET /einstein/einleft.html HTTP/1.1" 200 735 "https://ysfine.com/einstein/einbot.html" "Mozilla/5.0 (Linux; Android 5.1.1; KFSUWI) AppleWebKit/537.36 (KHTML, like Gecko) Silk/102.4.13 like Chrome/102.0.5005.171 Safari/537.36" "ysfine.com"
173.73.80.118 - - [09/Sep/2022:18:25:19 -0700] "GET /einstein/eins47c.jpg HTTP/1.1" 200 43054 "https://ysfine.com/einstein/einkim.html" "Mozilla/5.0 (Linux; Android 5.1.1; KFSUWI) AppleWebKit/537.36 (KHTML, like Gecko) Silk/102.4.13 like Chrome/102.0.5005.171 Safari/537.36" "ysfine.com"
173.73.80.118 - - [09/Sep/2022:18:25:19 -0700] "GET /einstein/orren11c.jpg HTTP/1.1" 200 21314 "https://ysfine.com/einstein/einkim.html" "Mozilla/5.0 (Linux; Android 5.1.1; KFSUWI) AppleWebKit/537.36 (KHTML, like Gecko) Silk/102.4.13 like Chrome/102.0.5005.171 Safari/537.36" "ysfine.com"
173.73.80.118 - - [09/Sep/2022:18:25:19 -0700] "GET /einstein/einbohr33c.jpg HTTP/1.1" 200 36410 "https://ysfine.com/einstein/einkim.html" "Mozilla/5.0 (Linux; Android 5.1.1; KFSUWI) AppleWebKit/537.36 (KHTML, like Gecko) Silk/102.4.13 like Chrome/102.0.5005.171 Safari/537.36" "ysfine.com"
173.73.80.118 - - [09/Sep/2022:18:25:19 -0700] "GET /einstein/ysturner11c.jpg HTTP/1.1" 200 39604 "https://ysfine.com/einstein/einkim.html" "Mozilla/5.0 (Linux; Android 5.1.1; KFSUWI) AppleWebKit/537.36 (KHTML, like Gecko) Silk/102.4.13 like Chrome/102.0.5005.171 Safari/537.36" "ysfine.com"
173.73.80.118 - - [09/Sep/2022:18:25:19 -0700] "GET /eink/eink54a.jpg HTTP/1.1" 200 79717 "https://ysfine.com/einstein/einkim.html" "Mozilla/5.0 (Linux; Android 5.1.1; KFSUWI) AppleWebKit/537.36 (KHTML, like Gecko) Silk/102.4.13 like Chrome/102.0.5005.171 Safari/537.36" "ysfine.com"
173.73.80.118 - - [09/Sep/2022:18:25:19 -0700] "GET /einstein/pdugard17a.jpg HTTP/1.1" 200 92931 "https://ysfine.com/einstein/einkim.html" "Mozilla/5.0 (Linux; Android 5.1.1; KFSUWI) AppleWebKit/537.36 (KHTML, like Gecko) Silk/102.4.13 like Chrome/102.0.5005.171 Safari/537.36" "ysfine.com"
173.73.80.118 - - [09/Sep/2022:18:25:19 -0700] "GET /einstein/keigel77a.jpg HTTP/1.1" 200 59466 "https://ysfine.com/einstein/einkim.html" "Mozilla/5.0 (Linux; Android 5.1.1; KFSUWI) AppleWebKit/537.36 (KHTML, like Gecko) Silk/102.4.13 like Chrome/102.0.5005.171 Safari/537.36" "ysfine.com"
173.73.80.118 - - [09/Sep/2022:18:25:19 -0700] "GET /home/dwf55a.jpg HTTP/1.1" 200 54743 "https://ysfine.com/einstein/einkim.html" "Mozilla/5.0 (Linux; Android 5.1.1; KFSUWI) AppleWebKit/537.36 (KHTML, like Gecko) Silk/102.4.13 like Chrome/102.0.5005.171 Safari/537.36" "ysfine.com"
173.73.80.118 - - [09/Sep/2022:18:25:19 -0700] "GET /home/resonance33c.jpg HTTP/1.1" 200 36247 "https://ysfine.com/einstein/einkim.html" "Mozilla/5.0 (Linux; Android 5.1.1; KFSUWI) AppleWebKit/537.36 (KHTML, like Gecko) Silk/102.4.13 like Chrome/102.0.5005.171 Safari/537.36" "ysfine.com"
173.73.80.118 - - [09/Sep/2022:18:25:19 -0700] "GET /einstein/eward33d.jpg HTTP/1.1" 200 61786 "https://ysfine.com/einstein/einkim.html" "Mozilla/5.0 (Linux; Android 5.1.1; KFSUWI) AppleWebKit/537.36 (KHTML, like Gecko) Silk/102.4.13 like Chrome/102.0.5005.171 Safari/537.36" "ysfine.com"
114.119.128.143 - - [09/Sep/2022:18:25:25 -0700] "GET /ffriends/london01b.jpg HTTP/1.1" 200 54700 "-" "Mozilla/5.0 (Linux; Android 7.0;) AppleWebKit/537.36 (KHTML, like Gecko) Mobile Safari/537.36 (compatible; PetalBot;+https://webmaster.petalsearch.com/site/petalbot)" "ysfine.com"
51.222.253.8 - - [09/Sep/2022:18:26:15 -0700] "GET /class54/class5470/total_data/sub_899.htm HTTP/1.1" 200 3499 "-" "Mozilla/5.0 (compatible; AhrefsBot/7.0; +http://ahrefs.com/robot/)" "www.ysfine.com"
93.158.161.33 - - [09/Sep/2022:18:26:26 -0700] "GET /wigner/rmp01c.jpg HTTP/1.1" 200 46261 "-" "Mozilla/5.0 (compatible; YandexImages/3.0; +http://yandex.com/bots)" "www.ysfine.com"
45.94.45.165 - - [09/Sep/2022:18:27:09 -0700] "GET /kobak/severance.jpg HTTP/1.1" 200 123261 "-" "Mozilla/5.0 (Windows NT 6.3; WOW64) AppleWebKit/537.36 (KHTML, like Gecko) Chrome/38.0.2125.111 Safari/537.36" "www.ysfine.com"
168.91.106.162 - - [09/Sep/2022:18:27:09 -0700] "GET /kobak/severance.jpg HTTP/1.1" 200 123261 "-" "Mozilla/5.0 (Windows NT 6.3; WOW64) AppleWebKit/537.36 (KHTML, like Gecko) Chrome/38.0.2125.111 Safari/537.36" "www.ysfine.com"
40.77.167.28 - - [09/Sep/2022:18:28:50 -0700] "GET /style/palmusic11.jpg HTTP/1.1" 200 102360 "-" "Mozilla/5.0 (compatible; bingbot/2.0; +http://www.bing.com/bingbot.htm)" "ysfine.com"
24.102.220.219 - - [09/Sep/2022:18:29:02 -0700] "GET /princeton/alexan22.jpg HTTP/1.1" 200 175436 "https://www.google.com/" "Mozilla/5.0 (iPhone; CPU iPhone OS 14_8_1 like Mac OS X) AppleWebKit/605.1.15 (KHTML, like Gecko) Version/14.1.2 Mobile/15E148 Safari/604.1" "ysfine.com"
51.222.253.3 - - [09/Sep/2022:18:29:11 -0700] "GET /class54/class5470/total_data/sub_8120.htm HTTP/1.1" 200 3499 "-" "Mozilla/5.0 (compatible; AhrefsBot/7.0; +http://ahrefs.com/robot/)" "www.ysfine.com"
114.119.128.158 - - [09/Sep/2022:18:30:46 -0700] "GET /friends/aline/lufthan11c.jpg HTTP/1.1" 404 88 "-" "Mozilla/5.0 (Linux; Android 7.0;) AppleWebKit/537.36 (KHTML, like Gecko) Mobile Safari/537.36 (compatible; PetalBot;+https://webmaster.petalsearch.com/site/petalbot)" "ysfine.com"
154.54.249.206 - - [09/Sep/2022:18:31:34 -0700] "GET /robots.txt HTTP/1.1" 404 88 "-" "Mozilla/5.0 (compatible; Barkrowler/0.9; +https://babbar.tech/crawler)" "ysfine.com"
154.54.249.206 - - [09/Sep/2022:18:31:48 -0700] "GET /robots.txt HTTP/1.1" 404 88 "-" "Mozilla/5.0 (compatible; Barkrowler/0.9; +https://babbar.tech/crawler)" "ysfine.com"
51.222.253.14 - - [09/Sep/2022:18:32:05 -0700] "GET /class54/class5470/total_data/sub_8122.htm HTTP/1.1" 200 3499 "-" "Mozilla/5.0 (compatible; AhrefsBot/7.0; +http://ahrefs.com/robot/)" "www.ysfine.com"
154.54.249.206 - - [09/Sep/2022:18:32:05 -0700] "GET /robots.txt HTTP/1.1" 404 88 "-" "Mozilla/5.0 (compatible; Barkrowler/0.9; +https://babbar.tech/crawler)" "www.ysfine.com"
51.222.253.12 - - [09/Sep/2022:18:32:06 -0700] "GET /class54/class5470/total_data/photo_img/8-122.jpg HTTP/1.1" 200 249928 "-" "Mozilla/5.0 (compatible; AhrefsBot/7.0; +http://ahrefs.com/robot/)" "www.ysfine.com"
114.119.128.14 - - [09/Sep/2022:18:32:22 -0700] "GET /friends/amkor/amstu27c.jpg HTTP/1.1" 404 88 "-" "Mozilla/5.0 (Linux; Android 7.0;) AppleWebKit/537.36 (KHTML, like Gecko) Mobile Safari/537.36 (compatible; PetalBot;+https://webmaster.petalsearch.com/site/petalbot)" "ysfine.com"
157.55.39.146 - - [09/Sep/2022:18:33:35 -0700] "GET /world/russ/kazan050.jpg HTTP/1.1" 200 73963 "-" "Mozilla/5.0 (compatible; bingbot/2.0; +http://www.bing.com/bingbot.htm)" "www.ysfine.com"
114.119.128.143 - - [09/Sep/2022:18:34:25 -0700] "GET /wdc/monticello03.jpg HTTP/1.1" 404 88 "-" "Mozilla/5.0 (Linux; Android 7.0;) AppleWebKit/537.36 (KHTML, like Gecko) Mobile Safari/537.36 (compatible; PetalBot;+https://webmaster.petalsearch.com/site/petalbot)" "ysfine.com"
186.15.117.82 - - [09/Sep/2022:18:34:37 -0700] "GET /wigner/neum/vnc18.jpg HTTP/1.1" 200 89614 "https://www.google.co.cr/" "Mozilla/5.0 (iPhone; CPU iPhone OS 15_6_1 like Mac OS X) AppleWebKit/605.1.15 (KHTML, like Gecko) Version/15.6.1 Mobile/15E148 Safari/604.1" "ysfine.com"
51.222.253.13 - - [09/Sep/2022:18:34:43 -0700] "GET /class54/class5470/total_data/sub_8123.htm HTTP/1.1" 200 3499 "-" "Mozilla/5.0 (compatible; AhrefsBot/7.0; +http://ahrefs.com/robot/)" "www.ysfine.com"
40.77.167.35 - - [09/Sep/2022:18:35:17 -0700] "GET /einstein/infeld11c.jpg HTTP/1.1" 200 22805 "-" "Mozilla/5.0 (compatible; bingbot/2.0; +http://www.bing.com/bingbot.htm)" "ysfine.com"
157.55.39.146 - - [09/Sep/2022:18:35:26 -0700] "GET /world/hungary/hunstu10.jpg HTTP/1.1" 200 59037 "-" "Mozilla/5.0 (compatible; bingbot/2.0; +http://www.bing.com/bingbot.htm)" "www.ysfine.com"
114.119.128.154 - - [09/Sep/2022:18:36:03 -0700] "GET /friends/stephens11b.jpg HTTP/1.1" 404 88 "-" "Mozilla/5.0 (Linux; Android 7.0;) AppleWebKit/537.36 (KHTML, like Gecko) Mobile Safari/537.36 (compatible; PetalBot;+https://webmaster.petalsearch.com/site/petalbot)" "ysfine.com"
77.88.5.49 - - [09/Sep/2022:18:37:03 -0700] "GET /princeton/wilsonvers.html HTTP/1.1" 200 2207 "-" "Mozilla/5.0 (compatible; YandexBot/3.0; +http://yandex.com/bots)" "www.ysfine.com"
51.222.253.8 - - [09/Sep/2022:18:37:37 -0700] "GET /class54/class5470/total_data/sub_8125.htm HTTP/1.1" 200 3499 "-" "Mozilla/5.0 (compatible; AhrefsBot/7.0; +http://ahrefs.com/robot/)" "www.ysfine.com"
51.222.253.9 - - [09/Sep/2022:18:37:39 -0700] "GET /class54/class5470/total_data/photo_img/8-125.jpg HTTP/1.1" 200 202724 "-" "Mozilla/5.0 (compatible; AhrefsBot/7.0; +http://ahrefs.com/robot/)" "www.ysfine.com"
157.55.39.146 - - [09/Sep/2022:18:37:45 -0700] "GET /world/russ/volga18.jpg HTTP/1.1" 200 105922 "-" "Mozilla/5.0 (compatible; bingbot/2.0; +http://www.bing.com/bingbot.htm)" "ysfine.com"
114.119.128.162 - - [09/Sep/2022:18:37:45 -0700] "GET /friends/amkor/amcun55.jpg HTTP/1.1" 404 88 "-" "Mozilla/5.0 (Linux; Android 7.0;) AppleWebKit/537.36 (KHTML, like Gecko) Mobile Safari/537.36 (compatible; PetalBot;+https://webmaster.petalsearch.com/site/petalbot)" "ysfine.com"
40.77.167.28 - - [09/Sep/2022:18:38:16 -0700] "GET /wdc/vietwar33.jpg HTTP/1.1" 200 80788 "-" "Mozilla/5.0 (compatible; bingbot/2.0; +http://www.bing.com/bingbot.htm)" "ysfine.com"
186.15.117.82 - - [09/Sep/2022:18:38:52 -0700] "GET /wigner/neum/vnc03.jpg HTTP/1.1" 200 80421 "https://www.google.co.cr/" "Mozilla/5.0 (iPhone; CPU iPhone OS 15_6_1 like Mac OS X) AppleWebKit/605.1.15 (KHTML, like Gecko) Version/15.6.1 Mobile/15E148 Safari/604.1" "ysfine.com"
114.119.128.154 - - [09/Sep/2022:18:39:55 -0700] "GET /friends/argenwash01.jpg HTTP/1.1" 404 88 "-" "Mozilla/5.0 (Linux; Android 7.0;) AppleWebKit/537.36 (KHTML, like Gecko) Mobile Safari/537.36 (compatible; PetalBot;+https://webmaster.petalsearch.com/site/petalbot)" "ysfine.com"
51.222.253.8 - - [09/Sep/2022:18:40:15 -0700] "GET /class54/class5470/total_data/sub_8126.htm HTTP/1.1" 200 3489 "-" "Mozilla/5.0 (compatible; AhrefsBot/7.0; +http://ahrefs.com/robot/)" "www.ysfine.com"
77.88.5.220 - - [09/Sep/2022:18:41:17 -0700] "GET /robots.txt HTTP/1.1" 404 73 "-" "Mozilla/5.0 (compatible; YandexBot/3.0; +http://yandex.com/bots)" "ysfine.com"
77.88.5.25 - - [09/Sep/2022:18:41:21 -0700] "GET /world/russ/redsq53b.jpg HTTP/1.1" 200 39175 "-" "Mozilla/5.0 (compatible; YandexImages/3.0; +http://yandex.com/bots)" "ysfine.com"
114.119.128.154 - - [09/Sep/2022:18:41:41 -0700] "GET /ffriends/amkor/jpstoc22b.jpg HTTP/1.1" 200 40762 "-" "Mozilla/5.0 (Linux; Android 7.0;) AppleWebKit/537.36 (KHTML, like Gecko) Mobile Safari/537.36 (compatible; PetalBot;+https://webmaster.petalsearch.com/site/petalbot)" "ysfine.com"
98.227.97.146 - - [09/Sep/2022:18:41:49 -0700] "GET /einstein/eincurie11.jpg HTTP/1.1" 200 71229 "https://www.google.com/" "Mozilla/5.0 (X11; CrOS x86_64 14816.131.0) AppleWebKit/537.36 (KHTML, like Gecko) Chrome/103.0.0.0 Safari/537.36" "ysfine.com"
40.77.167.27 - - [09/Sep/2022:18:42:07 -0700] "GET /style/songs.html HTTP/1.1" 304 - "-" "Mozilla/5.0 (compatible; bingbot/2.0; +http://www.bing.com/bingbot.htm)" "www.ysfine.com"
51.222.253.18 - - [09/Sep/2022:18:43:01 -0700] "GET /class54/class5470/total_data/sub_8116.htm HTTP/1.1" 200 3499 "-" "Mozilla/5.0 (compatible; AhrefsBot/7.0; +http://ahrefs.com/robot/)" "www.ysfine.com"
154.54.249.206 - - [09/Sep/2022:18:43:07 -0700] "GET / HTTP/1.1" 200 5283 "-" "Mozilla/5.0 (compatible; Barkrowler/0.9; +https://babbar.tech/crawler)" "ysfine.com"
114.119.128.154 - - [09/Sep/2022:18:43:14 -0700] "GET /ffriends/amkor/kodresden18c.jpg HTTP/1.1" 200 32520 "-" "Mozilla/5.0 (Linux; Android 7.0;) AppleWebKit/537.36 (KHTML, like Gecko) Mobile Safari/537.36 (compatible; PetalBot;+https://webmaster.petalsearch.com/site/petalbot)" "ysfine.com"
154.54.249.206 - - [09/Sep/2022:18:43:41 -0700] "GET / HTTP/1.1" 200 5283 "-" "Mozilla/5.0 (compatible; Barkrowler/0.9; +https://babbar.tech/crawler)" "www.ysfine.com"
185.191.171.22 - - [09/Sep/2022:18:43:42 -0700] "GET /robots.txt HTTP/1.1" 404 88 "-" "Mozilla/5.0 (compatible; SemrushBot/7~bl; +http://www.semrush.com/bot.html)" "www.ysfine.com"
185.191.171.40 - - [09/Sep/2022:18:43:42 -0700] "GET /class54/class5470/total_data/sub_607.htm HTTP/1.1" 200 3192 "-" "Mozilla/5.0 (compatible; SemrushBot/7~bl; +http://www.semrush.com/bot.html)" "www.ysfine.com"
114.119.128.154 - - [09/Sep/2022:18:44:56 -0700] "GET /kowar/mil/tank02.jpg HTTP/1.1" 404 88 "-" "Mozilla/5.0 (Linux; Android 7.0;) AppleWebKit/537.36 (KHTML, like Gecko) Mobile Safari/537.36 (compatible; PetalBot;+https://webmaster.petalsearch.com/site/petalbot)" "ysfine.com"
40.77.167.33 - - [09/Sep/2022:18:46:10 -0700] "GET /world/ital/vatican55.jpg\" HTTP/1.1" 404 88 "-" "Mozilla/5.0 AppleWebKit/537.36 (KHTML, like Gecko; compatible; bingbot/2.0; +http://www.bing.com/bingbot.htm) Chrome/103.0.5060.134 Safari/537.36" "www.ysfine.com"
51.222.253.6 - - [09/Sep/2022:18:46:24 -0700] "GET /class54/class5470/total_data/sub_897.htm HTTP/1.1" 200 3484 "-" "Mozilla/5.0 (compatible; AhrefsBot/7.0; +http://ahrefs.com/robot/)" "www.ysfine.com"
49.150.164.125 - - [09/Sep/2022:18:46:49 -0700] "GET /feynman/fphoto.html HTTP/1.1" 200 3714 "-" "Mozilla/5.0 (Windows NT 10.0; Win64; x64) AppleWebKit/537.36 (KHTML, like Gecko) Chrome/105.0.0.0 Safari/537.36" "www.ysfine.com"
40.77.167.27 - - [09/Sep/2022:18:47:09 -0700] "GET /style/xiangran22b.jpg HTTP/1.1" 200 56332 "-" "Mozilla/5.0 (compatible; bingbot/2.0; +http://www.bing.com/bingbot.htm)" "ysfine.com"
114.119.128.154 - - [09/Sep/2022:18:47:14 -0700] "GET /wigner/neupol.jpg HTTP/1.1" 404 88 "-" "Mozilla/5.0 (Linux; Android 7.0;) AppleWebKit/537.36 (KHTML, like Gecko) Mobile Safari/537.36 (compatible; PetalBot;+https://webmaster.petalsearch.com/site/petalbot)" "ysfine.com"
77.88.5.209 - - [09/Sep/2022:18:47:42 -0700] "GET /home/yukawa.html HTTP/1.1" 404 88 "-" "Mozilla/5.0 (compatible; YandexBot/3.0; +http://yandex.com/bots)" "www.ysfine.com"
51.222.253.3 - - [09/Sep/2022:18:49:23 -0700] "GET /class54/class5470/total_data/sub_8112.htm HTTP/1.1" 200 3499 "-" "Mozilla/5.0 (compatible; AhrefsBot/7.0; +http://ahrefs.com/robot/)" "www.ysfine.com"
51.222.253.7 - - [09/Sep/2022:18:49:25 -0700] "GET /class54/class5470/total_data/photo_img/8-112.jpg HTTP/1.1" 200 216538 "-" "Mozilla/5.0 (compatible; AhrefsBot/7.0; +http://ahrefs.com/robot/)" "www.ysfine.com"
40.77.167.27 - - [09/Sep/2022:18:49:38 -0700] "GET /style/songs.html HTTP/1.1" 200 31570 "-" "Mozilla/5.0 (compatible; bingbot/2.0; +http://www.bing.com/bingbot.htm)" "ysfine.com"
114.119.128.154 - - [09/Sep/2022:18:49:41 -0700] "GET /kobak/tank01.jpg HTTP/1.1" 404 88 "-" "Mozilla/5.0 (Linux; Android 7.0;) AppleWebKit/537.36 (KHTML, like Gecko) Mobile Safari/537.36 (compatible; PetalBot;+https://webmaster.petalsearch.com/site/petalbot)" "ysfine.com"
40.77.167.28 - - [09/Sep/2022:18:49:43 -0700] "GET /world/kazan.html HTTP/1.1" 200 13929 "-" "Mozilla/5.0 (compatible; bingbot/2.0; +http://www.bing.com/bingbot.htm)" "ysfine.com"
114.119.128.154 - - [09/Sep/2022:18:51:20 -0700] "GET /ffriends/greeksalz01c.jpg HTTP/1.1" 200 38430 "-" "Mozilla/5.0 (Linux; Android 7.0;) AppleWebKit/537.36 (KHTML, like Gecko) Mobile Safari/537.36 (compatible; PetalBot;+https://webmaster.petalsearch.com/site/petalbot)" "ysfine.com"
51.222.253.6 - - [09/Sep/2022:18:51:56 -0700] "GET /class54/class5470/total_data/sub_8101.htm HTTP/1.1" 200 3485 "-" "Mozilla/5.0 (compatible; AhrefsBot/7.0; +http://ahrefs.com/robot/)" "www.ysfine.com"
51.222.253.9 - - [09/Sep/2022:18:51:57 -0700] "GET /class54/class5470/total_data/photo_img/8-101.jpg HTTP/1.1" 200 374363 "-" "Mozilla/5.0 (compatible; AhrefsBot/7.0; +http://ahrefs.com/robot/)" "www.ysfine.com"
95.163.255.71 - - [09/Sep/2022:18:52:39 -0700] "GET /robots.txt HTTP/1.1" 404 73 "-" "Mozilla/5.0 (compatible; Linux x86_64; Mail.RU_Bot/Img/2.0; +https://help.mail.ru/webmaster/indexing/robots)" "ysfine.com"
185.191.171.24 - - [09/Sep/2022:18:53:30 -0700] "GET /class54/class5470/total_data/sub_779.htm HTTP/1.1" 200 3289 "-" "Mozilla/5.0 (compatible; SemrushBot/7~bl; +http://www.semrush.com/bot.html)" "www.ysfine.com"
40.77.167.28 - - [09/Sep/2022:18:53:47 -0700] "GET /style/jpchildren.jpg HTTP/1.1" 200 86620 "-" "Mozilla/5.0 (compatible; bingbot/2.0; +http://www.bing.com/bingbot.htm)" "ysfine.com"
114.119.128.143 - - [09/Sep/2022:18:54:08 -0700] "GET /wdc/washmo77.jpg HTTP/1.1" 404 88 "-" "Mozilla/5.0 (Linux; Android 7.0;) AppleWebKit/537.36 (KHTML, like Gecko) Mobile Safari/537.36 (compatible; PetalBot;+https://webmaster.petalsearch.com/site/petalbot)" "ysfine.com"
51.222.253.12 - - [09/Sep/2022:18:54:24 -0700] "GET /class54/class5470/total_data/sub_8102.htm HTTP/1.1" 200 3488 "-" "Mozilla/5.0 (compatible; AhrefsBot/7.0; +http://ahrefs.com/robot/)" "www.ysfine.com"
51.222.253.11 - - [09/Sep/2022:18:54:31 -0700] "GET /class54/class5470/total_data/photo_img/8-102.jpg HTTP/1.1" 200 381664 "-" "Mozilla/5.0 (compatible; AhrefsBot/7.0; +http://ahrefs.com/robot/)" "www.ysfine.com"
172.56.104.5 - - [09/Sep/2022:18:54:56 -0700] "GET /princeton/alexan22.jpg HTTP/1.1" 200 175436 "https://www.google.com/" "Mozilla/5.0 (iPhone; CPU iPhone OS 15_6_1 like Mac OS X) AppleWebKit/605.1.15 (KHTML, like Gecko) Version/15.6.1 Mobile/15E148 Safari/604.1" "ysfine.com"
40.77.167.35 - - [09/Sep/2022:18:55:28 -0700] "GET /world/germany/oktf02.jpg HTTP/1.1" 200 119086 "-" "Mozilla/5.0 (compatible; bingbot/2.0; +http://www.bing.com/bingbot.htm)" "www.ysfine.com"
114.119.128.158 - - [09/Sep/2022:18:55:33 -0700] "GET /world/baltic/baltic/kalin30b.jpg HTTP/1.1" 404 88 "-" "Mozilla/5.0 (Linux; Android 7.0;) AppleWebKit/537.36 (KHTML, like Gecko) Mobile Safari/537.36 (compatible; PetalBot;+https://webmaster.petalsearch.com/site/petalbot)" "ysfine.com"
154.54.249.206 - - [09/Sep/2022:18:55:50 -0700] "GET /world/ HTTP/1.1" 304 - "-" "Mozilla/5.0 (compatible; Barkrowler/0.9; +https://babbar.tech/crawler)" "ysfine.com"
95.163.255.81 - - [09/Sep/2022:18:56:13 -0700] "GET /maga/phys/heisen22.jpg HTTP/1.1" 200 82807 "http://go.mail.ru/search_images" "Mozilla/5.0 (compatible; Linux x86_64; Mail.RU_Bot/Img/2.0; +https://help.mail.ru/webmaster/indexing/robots)" "ysfine.com"
154.54.249.206 - - [09/Sep/2022:18:56:19 -0700] "GET /class54/ HTTP/1.1" 304 - "-" "Mozilla/5.0 (compatible; Barkrowler/0.9; +https://babbar.tech/crawler)" "www.ysfine.com"
185.191.171.42 - - [09/Sep/2022:18:56:43 -0700] "GET /class54/class5470/total_data/sub_325.htm HTTP/1.1" 200 3319 "-" "Mozilla/5.0 (compatible; SemrushBot/7~bl; +http://www.semrush.com/bot.html)" "www.ysfine.com"
114.119.128.162 - - [09/Sep/2022:18:57:07 -0700] "GET /kobak/sherman51.jpg HTTP/1.1" 404 88 "-" "Mozilla/5.0 (Linux; Android 7.0;) AppleWebKit/537.36 (KHTML, like Gecko) Mobile Safari/537.36 (compatible; PetalBot;+https://webmaster.petalsearch.com/site/petalbot)" "ysfine.com"
51.222.253.2 - - [09/Sep/2022:18:57:08 -0700] "GET /class54/class5470/total_data/sub_8109.htm HTTP/1.1" 200 3499 "-" "Mozilla/5.0 (compatible; AhrefsBot/7.0; +http://ahrefs.com/robot/)" "www.ysfine.com"
173.73.80.118 - - [09/Sep/2022:18:57:12 -0700] "GET /favicon.ico HTTP/1.1" 404 88 "https://www.ysfine.com/ys11/index.html" "Mozilla/5.0 (Linux; Android 5.1.1; KFSUWI) AppleWebKit/537.36 (KHTML, like Gecko) Silk/102.4.13 like Chrome/102.0.5005.171 Safari/537.36" "www.ysfine.com"
40.77.167.27 - - [09/Sep/2022:18:57:40 -0700] "GET /world/russ/kazan048.jpg HTTP/1.1" 200 70594 "-" "Mozilla/5.0 (compatible; bingbot/2.0; +http://www.bing.com/bingbot.htm)" "ysfine.com"
40.77.167.27 - - [09/Sep/2022:18:58:30 -0700] "GET /world/china/nanjing01.jpg HTTP/1.1" 200 156303 "-" "Mozilla/5.0 (compatible; bingbot/2.0; +http://www.bing.com/bingbot.htm)" "ysfine.com"
114.119.128.143 - - [09/Sep/2022:18:59:01 -0700] "GET /friends/lithusp11.jpg HTTP/1.1" 404 88 "-" "Mozilla/5.0 (Linux; Android 7.0;) AppleWebKit/537.36 (KHTML, like Gecko) Mobile Safari/537.36 (compatible; PetalBot;+https://webmaster.petalsearch.com/site/petalbot)" "ysfine.com"
144.76.162.206 - - [09/Sep/2022:18:59:52 -0700] "GET /maga/hugo.html HTTP/1.1" 200 4000 "-" "Mozilla/5.0 (Macintosh; Intel Mac OS X 10_15_7) AppleWebKit/537.36 (KHTML, like Gecko) Chrome/86.0.4240.183 Safari/537.36" "ysfine.com"
40.77.167.35 - - [09/Sep/2022:19:00:09 -0700] "GET /awards/acs55f.jpg HTTP/1.1" 200 83340 "-" "Mozilla/5.0 (compatible; bingbot/2.0; +http://www.bing.com/bingbot.htm)" "www.ysfine.com"
27.34.22.201 - - [09/Sep/2022:19:00:13 -0700] "GET /world/places/ulm30.jpg HTTP/1.1" 200 130120 "https://www.bing.com/" "Mozilla/5.0 (Windows NT 10.0; Win64; x64) AppleWebKit/537.36 (KHTML, like Gecko) Chrome/105.0.0.0 Safari/537.36 Edg/105.0.1343.27" "www.ysfine.com"
51.222.253.14 - - [09/Sep/2022:19:00:22 -0700] "GET /class54/class5470/total_data/sub_274.htm HTTP/1.1" 200 3375 "-" "Mozilla/5.0 (compatible; AhrefsBot/7.0; +http://ahrefs.com/robot/)" "ysfine.com"
27.34.22.201 - - [09/Sep/2022:19:00:25 -0700] "GET /einstein/places/ulm26.jpg HTTP/1.1" 200 104983 "https://www.bing.com/" "Mozilla/5.0 (Windows NT 10.0; Win64; x64) AppleWebKit/537.36 (KHTML, like Gecko) Chrome/105.0.0.0 Safari/537.36 Edg/105.0.1343.27" "www.ysfine.com"
27.34.22.201 - - [09/Sep/2022:19:00:28 -0700] "GET /world/places/ulm21.jpg HTTP/1.1" 200 111448 "https://www.bing.com/" "Mozilla/5.0 (Windows NT 10.0; Win64; x64) AppleWebKit/537.36 (KHTML, like Gecko) Chrome/105.0.0.0 Safari/537.36 Edg/105.0.1343.27" "www.ysfine.com"
51.222.253.8 - - [09/Sep/2022:19:00:35 -0700] "GET /class54/class5470/total_data/img/home_logo.gif HTTP/1.1" 200 4562 "-" "Mozilla/5.0 (compatible; AhrefsBot/7.0; +http://ahrefs.com/robot/)" "ysfine.com"
51.222.253.9 - - [09/Sep/2022:19:00:36 -0700] "GET /class54/class5470/total_data/img/menu08_on.gif HTTP/1.1" 200 813 "-" "Mozilla/5.0 (compatible; AhrefsBot/7.0; +http://ahrefs.com/robot/)" "ysfine.com"
51.222.253.14 - - [09/Sep/2022:19:00:36 -0700] "GET /class54/class5470/total_data/img/menu07_on.gif HTTP/1.1" 200 578 "-" "Mozilla/5.0 (compatible; AhrefsBot/7.0; +http://ahrefs.com/robot/)" "ysfine.com"
51.222.253.9 - - [09/Sep/2022:19:00:37 -0700] "GET /class54/class5470/total_data/img/menu06_on.gif HTTP/1.1" 200 624 "-" "Mozilla/5.0 (compatible; AhrefsBot/7.0; +http://ahrefs.com/robot/)" "ysfine.com"
51.222.253.4 - - [09/Sep/2022:19:00:37 -0700] "GET /class54/class5470/total_data/img/menu05_on.gif HTTP/1.1" 200 691 "-" "Mozilla/5.0 (compatible; AhrefsBot/7.0; +http://ahrefs.com/robot/)" "ysfine.com"
51.222.253.15 - - [09/Sep/2022:19:00:37 -0700] "GET /class54/class5470/total_data/img/sm02_on.gif HTTP/1.1" 200 399 "-" "Mozilla/5.0 (compatible; AhrefsBot/7.0; +http://ahrefs.com/robot/)" "ysfine.com"
51.222.253.14 - - [09/Sep/2022:19:00:37 -0700] "GET /class54/class5470/total_data/img/menu03_on.gif HTTP/1.1" 200 600 "-" "Mozilla/5.0 (compatible; AhrefsBot/7.0; +http://ahrefs.com/robot/)" "ysfine.com"
51.222.253.7 - - [09/Sep/2022:19:00:38 -0700] "GET /class54/class5470/total_data/img/menu04_on.gif HTTP/1.1" 200 813 "-" "Mozilla/5.0 (compatible; AhrefsBot/7.0; +http://ahrefs.com/robot/)" "ysfine.com"
51.222.253.3 - - [09/Sep/2022:19:00:38 -0700] "GET /class54/class5470/total_data/photo_img/2-74.jpg HTTP/1.1" 200 124316 "-" "Mozilla/5.0 (compatible; AhrefsBot/7.0; +http://ahrefs.com/robot/)" "ysfine.com"
51.222.253.2 - - [09/Sep/2022:19:00:39 -0700] "GET /class54/class5470/total_data/img/02_schooldays.gif HTTP/1.1" 200 987 "-" "Mozilla/5.0 (compatible; AhrefsBot/7.0; +http://ahrefs.com/robot/)" "ysfine.com"
51.222.253.7 - - [09/Sep/2022:19:00:39 -0700] "GET /class54/class5470/total_data/img/bottom_title.gif HTTP/1.1" 200 14467 "-" "Mozilla/5.0 (compatible; AhrefsBot/7.0; +http://ahrefs.com/robot/)" "ysfine.com"
51.222.253.4 - - [09/Sep/2022:19:00:40 -0700] "GET /class54/class5470/total_data/img/menu01_on.gif HTTP/1.1" 200 688 "-" "Mozilla/5.0 (compatible; AhrefsBot/7.0; +http://ahrefs.com/robot/)" "ysfine.com"
51.222.253.18 - - [09/Sep/2022:19:00:40 -0700] "GET /class54/class5470/total_data/img/menu02_on.gif HTTP/1.1" 200 782 "-" "Mozilla/5.0 (compatible; AhrefsBot/7.0; +http://ahrefs.com/robot/)" "ysfine.com"
114.119.128.14 - - [09/Sep/2022:19:02:11 -0700] "GET /friends/aiine/pakis22.jpg HTTP/1.1" 404 88 "-" "Mozilla/5.0 (Linux; Android 7.0;) AppleWebKit/537.36 (KHTML, like Gecko) Mobile Safari/537.36 (compatible; PetalBot;+https://webmaster.petalsearch.com/site/petalbot)" "ysfine.com"
54.236.1.11 - - [09/Sep/2022:19:02:50 -0700] "GET /robots.txt HTTP/1.1" 404 88 "-" "Mozilla/5.0 (compatible; Pinterestbot/1.0; +http://www.pinterest.com/bot.html)" "ysfine.com"
54.236.1.11 - - [09/Sep/2022:19:02:50 -0700] "GET / HTTP/1.1" 200 5283 "-" "Mozilla/5.0 (compatible; Pinterestbot/1.0; +http://www.pinterest.com/bot.html)" "ysfine.com"
40.77.167.33 - - [09/Sep/2022:19:03:12 -0700] "GET /wdc/gtown32.jpg HTTP/1.1" 200 136508 "-" "Mozilla/5.0 (compatible; bingbot/2.0; +http://www.bing.com/bingbot.htm)" "www.ysfine.com"
51.222.253.7 - - [09/Sep/2022:19:03:15 -0700] "GET /class54/class5470/total_data/sub_254.htm HTTP/1.1" 200 3375 "-" "Mozilla/5.0 (compatible; AhrefsBot/7.0; +http://ahrefs.com/robot/)" "ysfine.com"
114.119.128.162 - - [09/Sep/2022:19:03:19 -0700] "GET /world/brit/firew09.jpg HTTP/1.1" 404 88 "-" "Mozilla/5.0 (Linux; Android 7.0;) AppleWebKit/537.36 (KHTML, like Gecko) Mobile Safari/537.36 (compatible; PetalBot;+https://webmaster.petalsearch.com/site/petalbot)" "ysfine.com"
173.73.80.118 - - [09/Sep/2022:19:03:38 -0700] "GET /home/bio44.html?fbclid=IwAR1Hpe6Icv-MYj5PUuwAWJqcourtRLiV2YXg_E84g3mCcK1pJ5h8eDlm-L8 HTTP/1.1" 200 14525 "https://m.facebook.com/" "Mozilla/5.0 (Linux; Android 5.1.1; KFSUWI) AppleWebKit/537.36 (KHTML, like Gecko) Silk/102.4.13 like Chrome/102.0.5005.171 Safari/537.36" "ysfine.com"
173.73.80.118 - - [09/Sep/2022:19:03:38 -0700] "GET /home/ys5458g.jpg HTTP/1.1" 200 109717 "https://ysfine.com/home/bio44.html?fbclid=IwAR1Hpe6Icv-MYj5PUuwAWJqcourtRLiV2YXg_E84g3mCcK1pJ5h8eDlm-L8" "Mozilla/5.0 (Linux; Android 5.1.1; KFSUWI) AppleWebKit/537.36 (KHTML, like Gecko) Silk/102.4.13 like Chrome/102.0.5005.171 Safari/537.36" "ysfine.com"
173.73.80.118 - - [09/Sep/2022:19:03:38 -0700] "GET /home/taylor500.jpg HTTP/1.1" 200 79197 "https://ysfine.com/home/bio44.html?fbclid=IwAR1Hpe6Icv-MYj5PUuwAWJqcourtRLiV2YXg_E84g3mCcK1pJ5h8eDlm-L8" "Mozilla/5.0 (Linux; Android 5.1.1; KFSUWI) AppleWebKit/537.36 (KHTML, like Gecko) Silk/102.4.13 like Chrome/102.0.5005.171 Safari/537.36" "ysfine.com"
173.73.80.118 - - [09/Sep/2022:19:03:38 -0700] "GET /home/eink54f.jpg HTTP/1.1" 200 96332 "https://ysfine.com/home/bio44.html?fbclid=IwAR1Hpe6Icv-MYj5PUuwAWJqcourtRLiV2YXg_E84g3mCcK1pJ5h8eDlm-L8" "Mozilla/5.0 (Linux; Android 5.1.1; KFSUWI) AppleWebKit/537.36 (KHTML, like Gecko) Silk/102.4.13 like Chrome/102.0.5005.171 Safari/537.36" "ysfine.com"
173.73.80.118 - - [09/Sep/2022:19:03:38 -0700] "GET /home/eward55f.jpg HTTP/1.1" 200 122802 "https://ysfine.com/home/bio44.html?fbclid=IwAR1Hpe6Icv-MYj5PUuwAWJqcourtRLiV2YXg_E84g3mCcK1pJ5h8eDlm-L8" "Mozilla/5.0 (Linux; Android 5.1.1; KFSUWI) AppleWebKit/537.36 (KHTML, like Gecko) Silk/102.4.13 like Chrome/102.0.5005.171 Safari/537.36" "ysfine.com"
173.73.80.118 - - [09/Sep/2022:19:03:39 -0700] "GET /favicon.ico HTTP/1.1" 404 88 "https://ysfine.com/home/bio44.html?fbclid=IwAR1Hpe6Icv-MYj5PUuwAWJqcourtRLiV2YXg_E84g3mCcK1pJ5h8eDlm-L8" "Mozilla/5.0 (Linux; Android 5.1.1; KFSUWI) AppleWebKit/537.36 (KHTML, like Gecko) Silk/102.4.13 like Chrome/102.0.5005.171 Safari/537.36" "ysfine.com"
95.163.255.66 - - [09/Sep/2022:19:03:40 -0700] "GET /world/baltic/appleb.jpg HTTP/1.1" 200 48720 "-" "Mozilla/5.0 (compatible; Linux x86_64; Mail.RU_Bot/2.0; +https://help.mail.ru/webmaster/indexing/robots)" "www.ysfine.com"
194.199.7.28 - - [09/Sep/2022:19:03:56 -0700] "GET /robots.txt HTTP/1.1" 404 73 "http://ysfine.com/robots.txt" "Mozilla/5.0 (compatible; bnf.fr_bot; +https://www.bnf.fr/fr/capture-de-votre-site-web-par-le-robot-de-la-bnf)" "ysfine.com"
194.199.7.28 - - [09/Sep/2022:19:03:59 -0700] "GET /princeton/gcollege22.jpg HTTP/1.1" 200 75914 "http://ysfine.com/princeton/gcollege22.jpg" "Mozilla/5.0 (compatible; bnf.fr_bot; +https://www.bnf.fr/fr/capture-de-votre-site-web-par-le-robot-de-la-bnf)" "ysfine.com"
194.199.7.28 - - [09/Sep/2022:19:04:07 -0700] "GET /favicon.ico HTTP/1.1" 404 73 "https://ysfine.com/princeton/gcollege22.jpg" "Mozilla/5.0 (compatible; bnf.fr_bot; +https://www.bnf.fr/fr/capture-de-votre-site-web-par-le-robot-de-la-bnf)" "ysfine.com"
66.249.70.30 - - [09/Sep/2022:19:04:18 -0700] "GET /ffriends/amkor/kofrank02b.jpg HTTP/1.1" 200 28263 "-" "Googlebot-Image/1.0" "ysfine.com"
185.191.171.18 - - [09/Sep/2022:19:04:40 -0700] "GET /maga/phys/http:/en.wikipedia.org/wiki/Henri_Poincar%C3%A9 HTTP/1.1" 404 88 "-" "Mozilla/5.0 (compatible; SemrushBot/7~bl; +http://www.semrush.com/bot.html)" "www.ysfine.com"
114.119.128.154 - - [09/Sep/2022:19:04:54 -0700] "GET /ffriends/israel11b.jpg HTTP/1.1" 200 51258 "-" "Mozilla/5.0 (Linux; Android 7.0;) AppleWebKit/537.36 (KHTML, like Gecko) Mobile Safari/537.36 (compatible; PetalBot;+https://webmaster.petalsearch.com/site/petalbot)" "ysfine.com"
157.55.39.146 - - [09/Sep/2022:19:05:08 -0700] "GET /dirac/diracbul270.jpg HTTP/1.1" 200 37621 "-" "Mozilla/5.0 (compatible; bingbot/2.0; +http://www.bing.com/bingbot.htm)" "www.ysfine.com"
40.77.167.35 - - [09/Sep/2022:19:05:30 -0700] "GET /world/china/hongkong63b.jpg HTTP/1.1" 200 42803 "-" "Mozilla/5.0 (compatible; bingbot/2.0; +http://www.bing.com/bingbot.htm)" "ysfine.com"
51.222.253.16 - - [09/Sep/2022:19:06:07 -0700] "GET /class54/class5470/total_data/sub_255.htm HTTP/1.1" 200 3359 "-" "Mozilla/5.0 (compatible; AhrefsBot/7.0; +http://ahrefs.com/robot/)" "ysfine.com"
51.222.253.16 - - [09/Sep/2022:19:06:10 -0700] "GET /class54/class5470/total_data/photo_img/2-55.jpg HTTP/1.1" 200 173643 "-" "Mozilla/5.0 (compatible; AhrefsBot/7.0; +http://ahrefs.com/robot/)" "ysfine.com"
114.119.128.154 - - [09/Sep/2022:19:06:41 -0700] "GET /ffriends/amkor/amparis03b.jpg HTTP/1.1" 200 19738 "-" "Mozilla/5.0 (Linux; Android 7.0;) AppleWebKit/537.36 (KHTML, like Gecko) Mobile Safari/537.36 (compatible; PetalBot;+https://webmaster.petalsearch.com/site/petalbot)" "ysfine.com"
173.73.80.118 - - [09/Sep/2022:19:06:48 -0700] "GET /home/pgh/donner07.jpg HTTP/1.1" 200 140442 "https://ysfine.com/home/bio44.html?fbclid=IwAR1Hpe6Icv-MYj5PUuwAWJqcourtRLiV2YXg_E84g3mCcK1pJ5h8eDlm-L8" "Mozilla/5.0 (Linux; Android 5.1.1; KFSUWI) AppleWebKit/537.36 (KHTML, like Gecko) Silk/102.4.13 like Chrome/102.0.5005.171 Safari/537.36" "ysfine.com"
40.77.167.35 - - [09/Sep/2022:19:07:00 -0700] "GET /sbk/1999fedres11.jpg HTTP/1.1" 200 208309 "-" "Mozilla/5.0 (compatible; bingbot/2.0; +http://www.bing.com/bingbot.htm)" "www.ysfine.com"
173.73.80.118 - - [09/Sep/2022:19:08:07 -0700] "GET /home/pgh/pitcn02.jpg HTTP/1.1" 200 170574 "https://ysfine.com/home/bio44.html?fbclid=IwAR1Hpe6Icv-MYj5PUuwAWJqcourtRLiV2YXg_E84g3mCcK1pJ5h8eDlm-L8" "Mozilla/5.0 (Linux; Android 5.1.1; KFSUWI) AppleWebKit/537.36 (KHTML, like Gecko) Silk/102.4.13 like Chrome/102.0.5005.171 Safari/537.36" "ysfine.com"
154.54.249.206 - - [09/Sep/2022:19:08:25 -0700] "GET /style/ HTTP/1.1" 304 - "-" "Mozilla/5.0 (compatible; Barkrowler/0.9; +https://babbar.tech/crawler)" "ysfine.com"
51.222.253.6 - - [09/Sep/2022:19:08:40 -0700] "GET /class54/class5470/total_data/sub_262.htm HTTP/1.1" 200 3361 "-" "Mozilla/5.0 (compatible; AhrefsBot/7.0; +http://ahrefs.com/robot/)" "ysfine.com"
154.54.249.206 - - [09/Sep/2022:19:08:59 -0700] "GET /home/bio.html HTTP/1.1" 200 15081 "-" "Mozilla/5.0 (compatible; Barkrowler/0.9; +https://babbar.tech/crawler)" "www.ysfine.com"
114.119.128.154 - - [09/Sep/2022:19:09:04 -0700] "GET /ffriends/aline/lufthan08b.jpg HTTP/1.1" 200 30046 "-" "Mozilla/5.0 (Linux; Android 7.0;) AppleWebKit/537.36 (KHTML, like Gecko) Mobile Safari/537.36 (compatible; PetalBot;+https://webmaster.petalsearch.com/site/petalbot)" "ysfine.com"
173.73.80.118 - - [09/Sep/2022:19:09:35 -0700] "GET /usca/pgh22.html HTTP/1.1" 200 11391 "https://ysfine.com/home/bio44.html?fbclid=IwAR1Hpe6Icv-MYj5PUuwAWJqcourtRLiV2YXg_E84g3mCcK1pJ5h8eDlm-L8" "Mozilla/5.0 (Linux; Android 5.1.1; KFSUWI) AppleWebKit/537.36 (KHTML, like Gecko) Silk/102.4.13 like Chrome/102.0.5005.171 Safari/537.36" "ysfine.com"
173.73.80.118 - - [09/Sep/2022:19:09:35 -0700] "GET /usca/pitt/giants55d.jpg HTTP/1.1" 200 63693 "https://ysfine.com/usca/pgh22.html" "Mozilla/5.0 (Linux; Android 5.1.1; KFSUWI) AppleWebKit/537.36 (KHTML, like Gecko) Silk/102.4.13 like Chrome/102.0.5005.171 Safari/537.36" "ysfine.com"
5.102.173.71 - - [09/Sep/2022:19:10:56 -0700] "GET /robots.txt HTTP/1.1" 404 88 "-" "Mozilla/5.0 (compatible; MojeekBot/0.11; +https://www.mojeek.com/bot.html)" "ysfine.com"
5.102.173.71 - - [09/Sep/2022:19:10:56 -0700] "GET /eink/mose.html HTTP/1.1" 200 14315 "-" "Mozilla/5.0 (compatible; MojeekBot/0.11; +https://www.mojeek.com/bot.html)" "ysfine.com"
40.77.167.28 - - [09/Sep/2022:19:11:08 -0700] "GET /world/russ/minskf74.jpg HTTP/1.1" 200 80531 "-" "Mozilla/5.0 (compatible; bingbot/2.0; +http://www.bing.com/bingbot.htm)" "www.ysfine.com"
40.77.167.28 - - [09/Sep/2022:19:11:09 -0700] "GET /kobak/kimc.html HTTP/1.1" 304 - "-" "Mozilla/5.0 (compatible; bingbot/2.0; +http://www.bing.com/bingbot.htm)" "www.ysfine.com"
114.119.128.154 - - [09/Sep/2022:19:11:13 -0700] "GET /ffriends/philipine01b.jpg HTTP/1.1" 200 42812 "-" "Mozilla/5.0 (Linux; Android 7.0;) AppleWebKit/537.36 (KHTML, like Gecko) Mobile Safari/537.36 (compatible; PetalBot;+https://webmaster.petalsearch.com/site/petalbot)" "ysfine.com"
51.222.253.20 - - [09/Sep/2022:19:11:55 -0700] "GET /class54/class5470/total_data/sub_263.htm HTTP/1.1" 200 3375 "-" "Mozilla/5.0 (compatible; AhrefsBot/7.0; +http://ahrefs.com/robot/)" "ysfine.com"
40.77.167.35 - - [09/Sep/2022:19:12:01 -0700] "GET /beau/dutch03.jpg HTTP/1.1" 404 88 "-" "Mozilla/5.0 (compatible; bingbot/2.0; +http://www.bing.com/bingbot.htm)" "ysfine.com"
185.191.171.9 - - [09/Sep/2022:19:12:05 -0700] "GET /robots.txt HTTP/1.1" 404 88 "-" "Mozilla/5.0 (compatible; SemrushBot/7~bl; +http://www.semrush.com/bot.html)" "ysfine.com"
185.191.171.20 - - [09/Sep/2022:19:12:05 -0700] "GET /philo/herod.html HTTP/1.1" 200 2403 "-" "Mozilla/5.0 (compatible; SemrushBot/7~bl; +http://www.semrush.com/bot.html)" "ysfine.com"
77.88.5.28 - - [09/Sep/2022:19:12:54 -0700] "GET /robots.txt HTTP/1.1" 404 73 "-" "Mozilla/5.0 (compatible; YandexBot/3.0; +http://yandex.com/bots)" "ysfine.com"
77.88.5.242 - - [09/Sep/2022:19:12:58 -0700] "GET /feynman/feynma2.jpg HTTP/1.1" 200 41543 "-" "Mozilla/5.0 (compatible; YandexImages/3.0; +http://yandex.com/bots)" "ysfine.com"
40.77.167.35 - - [09/Sep/2022:19:13:01 -0700] "GET /world/latina/rio083.jpg HTTP/1.1" 200 117572 "-" "Mozilla/5.0 (compatible; bingbot/2.0; +http://www.bing.com/bingbot.htm)" "www.ysfine.com"
114.119.128.143 - - [09/Sep/2022:19:13:03 -0700] "GET /class54/class5470/total_data/sub_818.htm HTTP/1.1" 200 3566 "-" "Mozilla/5.0 (Linux; Android 7.0;) AppleWebKit/537.36 (KHTML, like Gecko) Mobile Safari/537.36 (compatible; PetalBot;+https://webmaster.petalsearch.com/site/petalbot)" "ysfine.com"
40.77.167.99 - - [09/Sep/2022:19:13:53 -0700] "GET /robots.txt HTTP/1.1" 404 88 "-" "Mozilla/5.0 (compatible; bingbot/2.0; +http://www.bing.com/bingbot.htm)" "ysfine.com"
40.77.167.27 - - [09/Sep/2022:19:14:01 -0700] "GET /maga/phil/sartre11.jpg HTTP/1.1" 200 164394 "-" "Mozilla/5.0 (compatible; bingbot/2.0; +http://www.bing.com/bingbot.htm)" "ysfine.com"
191.54.173.194 - - [09/Sep/2022:19:14:24 -0700] "GET /wigner/neum/vnc01.jpg HTTP/1.1" 200 133641 "https://sites.google.com/" "Mozilla/5.0 (Linux; Android 11; Redmi Note 9 Pro) AppleWebKit/537.36 (KHTML, like Gecko) Chrome/105.0.0.0 Mobile Safari/537.36" "ysfine.com"
40.77.167.35 - - [09/Sep/2022:19:14:31 -0700] "GET /feynman/feychin.jpg HTTP/1.1" 200 33472 "-" "Mozilla/5.0 (compatible; bingbot/2.0; +http://www.bing.com/bingbot.htm)" "www.ysfine.com"
40.77.167.28 - - [09/Sep/2022:19:14:41 -0700] "GET /world/ital/tdlee01b.jpg HTTP/1.1" 200 37170 "-" "Mozilla/5.0 (compatible; bingbot/2.0; +http://www.bing.com/bingbot.htm)" "ysfine.com"
51.222.253.1 - - [09/Sep/2022:19:14:44 -0700] "GET /class54/class5470/total_data/sub_264.htm HTTP/1.1" 200 3359 "-" "Mozilla/5.0 (compatible; AhrefsBot/7.0; +http://ahrefs.com/robot/)" "ysfine.com"
72.14.201.97 - - [09/Sep/2022:19:15:07 -0700] "GET /world/feynrio.html HTTP/1.1" 200 8831 "-" "Mozilla/5.0 (Linux; Android 10; K) AppleWebKit/537.36 (KHTML, like Gecko) Chrome/105.0.0.0 Mobile Safari/537.36" "ysfine.com"
114.119.128.143 - - [09/Sep/2022:19:15:24 -0700] "GET /class54/class5470/total_data/sub_865.htm HTTP/1.1" 200 3509 "-" "Mozilla/5.0 (Linux; Android 7.0;) AppleWebKit/537.36 (KHTML, like Gecko) Mobile Safari/537.36 (compatible; PetalBot;+https://webmaster.petalsearch.com/site/petalbot)" "ysfine.com"
85.237.234.204 - - [09/Sep/2022:19:15:38 -0700] "GET /world/latina/rio025b.jpg HTTP/1.1" 200 39082 "https://ysfine.com/world/feynrio.html" "Mozilla/5.0 (Linux; Android 8.1.0; BBE100-4) AppleWebKit/537.36 (KHTML, like Gecko) Chrome/105.0.0.0 Mobile Safari/537.36" "ysfine.com"
85.237.234.204 - - [09/Sep/2022:19:15:38 -0700] "GET /world/latina/rio004b.jpg HTTP/1.1" 200 40739 "https://ysfine.com/world/feynrio.html" "Mozilla/5.0 (Linux; Android 8.1.0; BBE100-4) AppleWebKit/537.36 (KHTML, like Gecko) Chrome/105.0.0.0 Mobile Safari/537.36" "ysfine.com"
85.237.234.204 - - [09/Sep/2022:19:15:38 -0700] "GET /world/latina/sambario11b.jpg HTTP/1.1" 200 31272 "https://ysfine.com/world/feynrio.html" "Mozilla/5.0 (Linux; Android 8.1.0; BBE100-4) AppleWebKit/537.36 (KHTML, like Gecko) Chrome/105.0.0.0 Mobile Safari/537.36" "ysfine.com"
85.237.234.204 - - [09/Sep/2022:19:15:38 -0700] "GET /world/latina/sambario18b.jpg HTTP/1.1" 200 53856 "https://ysfine.com/world/feynrio.html" "Mozilla/5.0 (Linux; Android 8.1.0; BBE100-4) AppleWebKit/537.36 (KHTML, like Gecko) Chrome/105.0.0.0 Mobile Safari/537.36" "ysfine.com"
85.237.234.204 - - [09/Sep/2022:19:15:38 -0700] "GET /world/latina/sambario10b.jpg HTTP/1.1" 200 33490 "https://ysfine.com/world/feynrio.html" "Mozilla/5.0 (Linux; Android 8.1.0; BBE100-4) AppleWebKit/537.36 (KHTML, like Gecko) Chrome/105.0.0.0 Mobile Safari/537.36" "ysfine.com"
85.237.234.204 - - [09/Sep/2022:19:15:38 -0700] "GET /world/latina/sambario05b.jpg HTTP/1.1" 200 30071 "https://ysfine.com/world/feynrio.html" "Mozilla/5.0 (Linux; Android 8.1.0; BBE100-4) AppleWebKit/537.36 (KHTML, like Gecko) Chrome/105.0.0.0 Mobile Safari/537.36" "ysfine.com"
85.237.234.204 - - [09/Sep/2022:19:15:38 -0700] "GET /princeton/prospect22b.jpg HTTP/1.1" 200 46073 "https://ysfine.com/world/feynrio.html" "Mozilla/5.0 (Linux; Android 8.1.0; BBE100-4) AppleWebKit/537.36 (KHTML, like Gecko) Chrome/105.0.0.0 Mobile Safari/537.36" "ysfine.com"
85.237.234.204 - - [09/Sep/2022:19:15:38 -0700] "GET /princeton/sambapr01b.jpg HTTP/1.1" 200 53107 "https://ysfine.com/world/feynrio.html" "Mozilla/5.0 (Linux; Android 8.1.0; BBE100-4) AppleWebKit/537.36 (KHTML, like Gecko) Chrome/105.0.0.0 Mobile Safari/537.36" "ysfine.com"
85.237.234.204 - - [09/Sep/2022:19:15:38 -0700] "GET /world/latina/rio051b.jpg HTTP/1.1" 200 21302 "https://ysfine.com/world/feynrio.html" "Mozilla/5.0 (Linux; Android 8.1.0; BBE100-4) AppleWebKit/537.36 (KHTML, like Gecko) Chrome/105.0.0.0 Mobile Safari/537.36" "ysfine.com"
85.237.234.204 - - [09/Sep/2022:19:15:38 -0700] "GET /world/latina/rio056b.jpg HTTP/1.1" 200 30911 "https://ysfine.com/world/feynrio.html" "Mozilla/5.0 (Linux; Android 8.1.0; BBE100-4) AppleWebKit/537.36 (KHTML, like Gecko) Chrome/105.0.0.0 Mobile Safari/537.36" "ysfine.com"
85.237.234.204 - - [09/Sep/2022:19:15:38 -0700] "GET /ffriends/russrio22b.jpg HTTP/1.1" 200 28891 "https://ysfine.com/world/feynrio.html" "Mozilla/5.0 (Linux; Android 8.1.0; BBE100-4) AppleWebKit/537.36 (KHTML, like Gecko) Chrome/105.0.0.0 Mobile Safari/537.36" "ysfine.com"
85.237.234.204 - - [09/Sep/2022:19:15:39 -0700] "GET /world/latina/rio081b.jpg HTTP/1.1" 200 33294 "https://ysfine.com/world/feynrio.html" "Mozilla/5.0 (Linux; Android 8.1.0; BBE100-4) AppleWebKit/537.36 (KHTML, like Gecko) Chrome/105.0.0.0 Mobile Safari/537.36" "ysfine.com"
85.237.234.204 - - [09/Sep/2022:19:15:39 -0700] "GET /world/latina/rio097b.jpg HTTP/1.1" 200 43071 "https://ysfine.com/world/feynrio.html" "Mozilla/5.0 (Linux; Android 8.1.0; BBE100-4) AppleWebKit/537.36 (KHTML, like Gecko) Chrome/105.0.0.0 Mobile Safari/537.36" "ysfine.com"
85.237.234.204 - - [09/Sep/2022:19:15:39 -0700] "GET /world/latina/rio003b.jpg HTTP/1.1" 200 28468 "https://ysfine.com/world/feynrio.html" "Mozilla/5.0 (Linux; Android 8.1.0; BBE100-4) AppleWebKit/537.36 (KHTML, like Gecko) Chrome/105.0.0.0 Mobile Safari/537.36" "ysfine.com"
85.237.234.204 - - [09/Sep/2022:19:15:39 -0700] "GET /world/latina/rio024b.jpg HTTP/1.1" 200 31606 "https://ysfine.com/world/feynrio.html" "Mozilla/5.0 (Linux; Android 8.1.0; BBE100-4) AppleWebKit/537.36 (KHTML, like Gecko) Chrome/105.0.0.0 Mobile Safari/537.36" "ysfine.com"
85.237.234.204 - - [09/Sep/2022:19:15:39 -0700] "GET /world/latina/rio021b.jpg HTTP/1.1" 200 48636 "https://ysfine.com/world/feynrio.html" "Mozilla/5.0 (Linux; Android 8.1.0; BBE100-4) AppleWebKit/537.36 (KHTML, like Gecko) Chrome/105.0.0.0 Mobile Safari/537.36" "ysfine.com"
85.237.234.204 - - [09/Sep/2022:19:15:39 -0700] "GET /world/latina/rio103b.jpg HTTP/1.1" 200 37857 "https://ysfine.com/world/feynrio.html" "Mozilla/5.0 (Linux; Android 8.1.0; BBE100-4) AppleWebKit/537.36 (KHTML, like Gecko) Chrome/105.0.0.0 Mobile Safari/537.36" "ysfine.com"
85.237.234.204 - - [09/Sep/2022:19:15:39 -0700] "GET /style/venus6.jpg HTTP/1.1" 200 36692 "https://ysfine.com/world/feynrio.html" "Mozilla/5.0 (Linux; Android 8.1.0; BBE100-4) AppleWebKit/537.36 (KHTML, like Gecko) Chrome/105.0.0.0 Mobile Safari/537.36" "ysfine.com"
85.237.234.204 - - [09/Sep/2022:19:15:39 -0700] "GET /ffriends/telefon2.jpg HTTP/1.1" 200 50541 "https://ysfine.com/world/feynrio.html" "Mozilla/5.0 (Linux; Android 8.1.0; BBE100-4) AppleWebKit/537.36 (KHTML, like Gecko) Chrome/105.0.0.0 Mobile Safari/537.36" "ysfine.com"
85.237.234.204 - - [09/Sep/2022:19:15:39 -0700] "GET /world/latina/rio073b.jpg HTTP/1.1" 200 38788 "https://ysfine.com/world/feynrio.html" "Mozilla/5.0 (Linux; Android 8.1.0; BBE100-4) AppleWebKit/537.36 (KHTML, like Gecko) Chrome/105.0.0.0 Mobile Safari/537.36" "ysfine.com"
85.237.234.204 - - [09/Sep/2022:19:15:39 -0700] "GET /ffriends/parthen03b.jpg HTTP/1.1" 200 47400 "https://ysfine.com/world/feynrio.html" "Mozilla/5.0 (Linux; Android 8.1.0; BBE100-4) AppleWebKit/537.36 (KHTML, like Gecko) Chrome/105.0.0.0 Mobile Safari/537.36" "ysfine.com"
85.237.234.204 - - [09/Sep/2022:19:15:39 -0700] "GET /world/germany/franko11b.jpg HTTP/1.1" 200 37524 "https://ysfine.com/world/feynrio.html" "Mozilla/5.0 (Linux; Android 8.1.0; BBE100-4) AppleWebKit/537.36 (KHTML, like Gecko) Chrome/105.0.0.0 Mobile Safari/537.36" "ysfine.com"
85.237.234.204 - - [09/Sep/2022:19:15:39 -0700] "GET /world/scandi/vaxdoll33b.jpg HTTP/1.1" 200 56336 "https://ysfine.com/world/feynrio.html" "Mozilla/5.0 (Linux; Android 8.1.0; BBE100-4) AppleWebKit/537.36 (KHTML, like Gecko) Chrome/105.0.0.0 Mobile Safari/537.36" "ysfine.com"
85.237.234.204 - - [09/Sep/2022:19:15:39 -0700] "GET /eink/pwk19c.jpg HTTP/1.1" 200 57759 "https://ysfine.com/world/feynrio.html" "Mozilla/5.0 (Linux; Android 8.1.0; BBE100-4) AppleWebKit/537.36 (KHTML, like Gecko) Chrome/105.0.0.0 Mobile Safari/537.36" "ysfine.com"
85.237.234.204 - - [09/Sep/2022:19:15:39 -0700] "GET /kobak/taylor450.jpg HTTP/1.1" 200 70219 "https://ysfine.com/world/feynrio.html" "Mozilla/5.0 (Linux; Android 8.1.0; BBE100-4) AppleWebKit/537.36 (KHTML, like Gecko) Chrome/105.0.0.0 Mobile Safari/537.36" "ysfine.com"
85.237.234.204 - - [09/Sep/2022:19:15:40 -0700] "GET /favicon.ico HTTP/1.1" 404 88 "https://ysfine.com/world/feynrio.html" "Mozilla/5.0 (Linux; Android 8.1.0; BBE100-4) AppleWebKit/537.36 (KHTML, like Gecko) Chrome/105.0.0.0 Mobile Safari/537.36" "ysfine.com"
85.237.234.204 - - [09/Sep/2022:19:15:44 -0700] "GET /world/feynrio.html HTTP/1.1" 200 8831 "https://www.google.com/" "Mozilla/5.0 (Linux; Android 8.1.0; BBE100-4) AppleWebKit/537.36 (KHTML, like Gecko) Chrome/105.0.0.0 Mobile Safari/537.36" "ysfine.com"
72.14.201.97 - - [09/Sep/2022:19:15:48 -0700] "GET /world/feynrio.html HTTP/1.1" 200 8831 "-" "Mozilla/5.0 (Linux; Android 10; K) AppleWebKit/537.36 (KHTML, like Gecko) Chrome/105.0.0.0 Mobile Safari/537.36" "ysfine.com"
114.119.128.14 - - [09/Sep/2022:19:17:06 -0700] "GET /friends/spany01.jpg HTTP/1.1" 404 88 "-" "Mozilla/5.0 (Linux; Android 7.0;) AppleWebKit/537.36 (KHTML, like Gecko) Mobile Safari/537.36 (compatible; PetalBot;+https://webmaster.petalsearch.com/site/petalbot)" "ysfine.com"
51.222.253.14 - - [09/Sep/2022:19:17:32 -0700] "GET /class54/class5470/total_data/sub_265.htm HTTP/1.1" 200 3374 "-" "Mozilla/5.0 (compatible; AhrefsBot/7.0; +http://ahrefs.com/robot/)" "ysfine.com"
173.73.80.118 - - [09/Sep/2022:19:18:39 -0700] "GET /home/pgh/ks58.jpg HTTP/1.1" 200 50520 "https://ysfine.com/home/bio44.html?fbclid=IwAR1Hpe6Icv-MYj5PUuwAWJqcourtRLiV2YXg_E84g3mCcK1pJ5h8eDlm-L8" "Mozilla/5.0 (Linux; Android 5.1.1; KFSUWI) AppleWebKit/537.36 (KHTML, like Gecko) Silk/102.4.13 like Chrome/102.0.5005.171 Safari/537.36" "ysfine.com"
114.119.128.14 - - [09/Sep/2022:19:18:51 -0700] "GET /ffriends/maga/fountain.html HTTP/1.1" 404 88 "-" "Mozilla/5.0 (Linux; Android 7.0;) AppleWebKit/537.36 (KHTML, like Gecko) Mobile Safari/537.36 (compatible; PetalBot;+https://webmaster.petalsearch.com/site/petalbot)" "ysfine.com"
51.222.253.4 - - [09/Sep/2022:19:20:36 -0700] "GET /class54/class5470/total_data/sub_266.htm HTTP/1.1" 200 3374 "-" "Mozilla/5.0 (compatible; AhrefsBot/7.0; +http://ahrefs.com/robot/)" "ysfine.com"
40.77.167.28 - - [09/Sep/2022:19:20:46 -0700] "GET /world/germany/hofbrau33b.jpg HTTP/1.1" 200 51219 "-" "Mozilla/5.0 (compatible; bingbot/2.0; +http://www.bing.com/bingbot.htm)" "www.ysfine.com"
140.213.44.176 - - [09/Sep/2022:19:21:03 -0700] "GET /princeton/brooke22.jpg HTTP/1.1" 200 87673 "https://www.google.com/" "Mozilla/5.0 (Windows NT 6.3; Win64; x64) AppleWebKit/537.36 (KHTML, like Gecko) Chrome/105.0.0.0 Safari/537.36" "ysfine.com"
114.119.128.143 - - [09/Sep/2022:19:21:33 -0700] "GET /ffriends/proudm.html HTTP/1.1" 404 88 "-" "Mozilla/5.0 (Linux; Android 7.0;) AppleWebKit/537.36 (KHTML, like Gecko) Mobile Safari/537.36 (compatible; PetalBot;+https://webmaster.petalsearch.com/site/petalbot)" "ysfine.com"
154.54.249.206 - - [09/Sep/2022:19:21:39 -0700] "GET /home/ HTTP/1.1" 200 142 "-" "Mozilla/5.0 (compatible; Barkrowler/0.9; +https://babbar.tech/crawler)" "ysfine.com"
154.54.249.206 - - [09/Sep/2022:19:22:07 -0700] "GET /people/peo.html HTTP/1.1" 304 - "-" "Mozilla/5.0 (compatible; Barkrowler/0.9; +https://babbar.tech/crawler)" "www.ysfine.com"
173.73.80.118 - - [09/Sep/2022:19:22:22 -0700] "GET /home/pgh/knee22.jpg HTTP/1.1" 200 98319 "https://ysfine.com/home/bio44.html?fbclid=IwAR1Hpe6Icv-MYj5PUuwAWJqcourtRLiV2YXg_E84g3mCcK1pJ5h8eDlm-L8" "Mozilla/5.0 (Linux; Android 5.1.1; KFSUWI) AppleWebKit/537.36 (KHTML, like Gecko) Silk/102.4.13 like Chrome/102.0.5005.171 Safari/537.36" "ysfine.com"
40.77.167.33 - - [09/Sep/2022:19:22:22 -0700] "GET /world/brit/covent01b.jpg HTTP/1.1" 200 31592 "-" "Mozilla/5.0 AppleWebKit/537.36 (KHTML, like Gecko; compatible; bingbot/2.0; +http://www.bing.com/bingbot.htm) Chrome/103.0.5060.134 Safari/537.36" "www.ysfine.com"
173.73.80.118 - - [09/Sep/2022:19:22:31 -0700] "GET /home/pgh/knee11.jpg HTTP/1.1" 200 70926 "https://ysfine.com/home/bio44.html?fbclid=IwAR1Hpe6Icv-MYj5PUuwAWJqcourtRLiV2YXg_E84g3mCcK1pJ5h8eDlm-L8" "Mozilla/5.0 (Linux; Android 5.1.1; KFSUWI) AppleWebKit/537.36 (KHTML, like Gecko) Silk/102.4.13 like Chrome/102.0.5005.171 Safari/537.36" "ysfine.com"
108.35.228.120 - - [09/Sep/2022:19:22:36 -0700] "GET /people/peo.html HTTP/1.1" 200 13502 "https://www.google.com/" "Mozilla/5.0 (Macintosh; Intel Mac OS X 10_15_7) AppleWebKit/537.36 (KHTML, like Gecko) Chrome/105.0.0.0 Safari/537.36" "ysfine.com"
