173.73.80.118 - - [09/Sep/2022:17:15:13 -0700] "GET /princeton/nassinf03b.jpg HTTP/1.1" 200 33593 "https://ysfine.com/princeton/campus.html" "Mozilla/5.0 (Windows NT 10.0; Win64; x64; rv:104.0) Gecko/20100101 Firefox/104.0" "ysfine.com"
173.73.80.118 - - [09/Sep/2022:17:15:13 -0700] "GET /princeton/nassinf35b.jpg HTTP/1.1" 200 45853 "https://ysfine.com/princeton/campus.html" "Mozilla/5.0 (Windows NT 10.0; Win64; x64; rv:104.0) Gecko/20100101 Firefox/104.0" "ysfine.com"
173.73.80.118 - - [09/Sep/2022:17:15:13 -0700] "GET /princeton/nassinf32b.jpg HTTP/1.1" 200 40214 "https://ysfine.com/princeton/campus.html" "Mozilla/5.0 (Windows NT 10.0; Win64; x64; rv:104.0) Gecko/20100101 Firefox/104.0" "ysfine.com"
173.73.80.118 - - [09/Sep/2022:17:15:13 -0700] "GET /princeton/annex11b.jpg HTTP/1.1" 200 39639 "https://ysfine.com/princeton/campus.html" "Mozilla/5.0 (Windows NT 10.0; Win64; x64; rv:104.0) Gecko/20100101 Firefox/104.0" "ysfine.com"
173.73.80.118 - - [09/Sep/2022:17:15:13 -0700] "GET /princeton/lahiere11b.jpg HTTP/1.1" 200 53024 "https://ysfine.com/princeton/campus.html" "Mozilla/5.0 (Windows NT 10.0; Win64; x64; rv:104.0) Gecko/20100101 Firefox/104.0" "ysfine.com"
173.73.80.118 - - [09/Sep/2022:17:15:13 -0700] "GET /princeton/hyatt33b.jpg HTTP/1.1" 200 34135 "https://ysfine.com/princeton/campus.html" "Mozilla/5.0 (Windows NT 10.0; Win64; x64; rv:104.0) Gecko/20100101 Firefox/104.0" "ysfine.com"
173.73.80.118 - - [09/Sep/2022:17:15:13 -0700] "GET /maga/invent/sarnoffco11b.jpg HTTP/1.1" 200 31031 "https://ysfine.com/princeton/campus.html" "Mozilla/5.0 (Windows NT 10.0; Win64; x64; rv:104.0) Gecko/20100101 Firefox/104.0" "ysfine.com"
173.73.80.118 - - [09/Sep/2022:17:15:13 -0700] "GET /princeton/nordisk11b.jpg HTTP/1.1" 200 30945 "https://ysfine.com/princeton/campus.html" "Mozilla/5.0 (Windows NT 10.0; Win64; x64; rv:104.0) Gecko/20100101 Firefox/104.0" "ysfine.com"
173.73.80.118 - - [09/Sep/2022:17:15:13 -0700] "GET /princeton/jj03b.jpg HTTP/1.1" 200 46731 "https://ysfine.com/princeton/campus.html" "Mozilla/5.0 (Windows NT 10.0; Win64; x64; rv:104.0) Gecko/20100101 Firefox/104.0" "ysfine.com"
209.209.11.236 - - [09/Sep/2022:17:15:14 -0700] "GET //world/andal.html HTTP/1.1" 200 10099 "-" "Mozilla/5.0 (compatible; MJ12bot/v1.4.8; http://mj12bot.com/)" "ysfine.com"
192.99.37.124 - - [09/Sep/2022:17:15:15 -0700] "GET /class54/class5480/Pictures/4.%C3%AA%C2%B8%C2%B0%C3%AB%C2%85%C2%90%C3%AC%C2%B4%C2%AC%C3%AC%C2%98%C2%81/%C3%AA%C2%B8%C2%B0%C3%AB%C2%85%C2%90%C3%AC%C2%B4%C2%AC%C3%AC%C2%98%C2%81%20(41).jpg HTTP/1.1" 200 9834148 "-" "Mozilla/5.0 (compatible; MJ12bot/v1.4.8; http://mj12bot.com/)" "ysfine.com"
192.99.37.124 - - [09/Sep/2022:17:15:16 -0700] "GET /class54/class5480/Pictures/4.%C3%AA%C2%B8%C2%B0%C3%AB%C2%85%C2%90%C3%AC%C2%B4%C2%AC%C3%AC%C2%98%C2%81/%C3%AA%C2%B8%C2%B0%C3%AB%C2%85%C2%90%C3%AC%C2%B4%C2%AC%C3%AC%C2%98%C2%81%20(42).jpg HTTP/1.1" 200 10410790 "-" "Mozilla/5.0 (compatible; MJ12bot/v1.4.8; http://mj12bot.com/)" "ysfine.com"
209.209.11.236 - - [09/Sep/2022:17:15:17 -0700] "GET //world/balkan/inophoto.html HTTP/1.1" 200 549 "-" "Mozilla/5.0 (compatible; MJ12bot/v1.4.8; http://mj12bot.com/)" "ysfine.com"
192.99.37.124 - - [09/Sep/2022:17:15:18 -0700] "GET /class54/class5480/Pictures/4.%C3%AA%C2%B8%C2%B0%C3%AB%C2%85%C2%90%C3%AC%C2%B4%C2%AC%C3%AC%C2%98%C2%81/%C3%AA%C2%B8%C2%B0%C3%AB%C2%85%C2%90%C3%AC%C2%B4%C2%AC%C3%AC%C2%98%C2%81%20(43).jpg HTTP/1.1" 200 9120447 "-" "Mozilla/5.0 (compatible; MJ12bot/v1.4.8; http://mj12bot.com/)" "ysfine.com"
209.209.11.236 - - [09/Sep/2022:17:15:18 -0700] "GET //world/balkan/inophoto.html HTTP/1.1" 200 549 "-" "Mozilla/5.0 (compatible; MJ12bot/v1.4.8; http://mj12bot.com/)" "ysfine.com"
173.73.80.118 - - [09/Sep/2022:17:15:19 -0700] "GET /princeton/prade.html HTTP/1.1" 200 9863 "https://ysfine.com/home/bio44" "Mozilla/5.0 (Windows NT 10.0; Win64; x64; rv:104.0) Gecko/20100101 Firefox/104.0" "ysfine.com"
173.73.80.118 - - [09/Sep/2022:17:15:19 -0700] "GET /princeton/stevenson11b.jpg HTTP/1.1" 200 42759 "https://ysfine.com/princeton/prade.html" "Mozilla/5.0 (Windows NT 10.0; Win64; x64; rv:104.0) Gecko/20100101 Firefox/104.0" "ysfine.com"
173.73.80.118 - - [09/Sep/2022:17:15:19 -0700] "GET /princeton/tilghman07b.jpg HTTP/1.1" 200 45925 "https://ysfine.com/princeton/prade.html" "Mozilla/5.0 (Windows NT 10.0; Win64; x64; rv:104.0) Gecko/20100101 Firefox/104.0" "ysfine.com"
173.73.80.118 - - [09/Sep/2022:17:15:19 -0700] "GET /princeton/puband05b.jpg HTTP/1.1" 200 46073 "https://ysfine.com/princeton/prade.html" "Mozilla/5.0 (Windows NT 10.0; Win64; x64; rv:104.0) Gecko/20100101 Firefox/104.0" "ysfine.com"
173.73.80.118 - - [09/Sep/2022:17:15:19 -0700] "GET /princeton/goheen11b.jpg HTTP/1.1" 200 41282 "https://ysfine.com/princeton/prade.html" "Mozilla/5.0 (Windows NT 10.0; Win64; x64; rv:104.0) Gecko/20100101 Firefox/104.0" "ysfine.com"
173.73.80.118 - - [09/Sep/2022:17:15:19 -0700] "GET /style/cameras/canonp66b.jpg HTTP/1.1" 200 30441 "https://ysfine.com/princeton/prade.html" "Mozilla/5.0 (Windows NT 10.0; Win64; x64; rv:104.0) Gecko/20100101 Firefox/104.0" "ysfine.com"
173.73.80.118 - - [09/Sep/2022:17:15:19 -0700] "GET /princeton/billbo11b.jpg HTTP/1.1" 200 46283 "https://ysfine.com/princeton/prade.html" "Mozilla/5.0 (Windows NT 10.0; Win64; x64; rv:104.0) Gecko/20100101 Firefox/104.0" "ysfine.com"
173.73.80.118 - - [09/Sep/2022:17:15:19 -0700] "GET /princeton/dulles2.jpg HTTP/1.1" 200 49555 "https://ysfine.com/princeton/prade.html" "Mozilla/5.0 (Windows NT 10.0; Win64; x64; rv:104.0) Gecko/20100101 Firefox/104.0" "ysfine.com"
173.73.80.118 - - [09/Sep/2022:17:15:19 -0700] "GET /princeton/puband10b.jpg HTTP/1.1" 200 48482 "https://ysfine.com/princeton/prade.html" "Mozilla/5.0 (Windows NT 10.0; Win64; x64; rv:104.0) Gecko/20100101 Firefox/104.0" "ysfine.com"
173.73.80.118 - - [09/Sep/2022:17:15:19 -0700] "GET /princeton/eisenhower61b.jpg HTTP/1.1" 200 44675 "https://ysfine.com/princeton/prade.html" "Mozilla/5.0 (Windows NT 10.0; Win64; x64; rv:104.0) Gecko/20100101 Firefox/104.0" "ysfine.com"
173.73.80.118 - - [09/Sep/2022:17:15:19 -0700] "GET /kobak/rheetr2.jpg HTTP/1.1" 200 43503 "https://ysfine.com/princeton/prade.html" "Mozilla/5.0 (Windows NT 10.0; Win64; x64; rv:104.0) Gecko/20100101 Firefox/104.0" "ysfine.com"
173.73.80.118 - - [09/Sep/2022:17:15:19 -0700] "GET /princeton/prford11b.jpg HTTP/1.1" 200 52307 "https://ysfine.com/princeton/prade.html" "Mozilla/5.0 (Windows NT 10.0; Win64; x64; rv:104.0) Gecko/20100101 Firefox/104.0" "ysfine.com"
173.73.80.118 - - [09/Sep/2022:17:15:19 -0700] "GET /princeton/elephant11b.jpg HTTP/1.1" 200 65393 "https://ysfine.com/princeton/prade.html" "Mozilla/5.0 (Windows NT 10.0; Win64; x64; rv:104.0) Gecko/20100101 Firefox/104.0" "ysfine.com"
173.73.80.118 - - [09/Sep/2022:17:15:19 -0700] "GET /princeton/brooke87b.jpg HTTP/1.1" 200 55274 "https://ysfine.com/princeton/prade.html" "Mozilla/5.0 (Windows NT 10.0; Win64; x64; rv:104.0) Gecko/20100101 Firefox/104.0" "ysfine.com"
173.73.80.118 - - [09/Sep/2022:17:15:19 -0700] "GET /princeton/horsewag2.jpg HTTP/1.1" 200 56236 "https://ysfine.com/princeton/prade.html" "Mozilla/5.0 (Windows NT 10.0; Win64; x64; rv:104.0) Gecko/20100101 Firefox/104.0" "ysfine.com"
173.73.80.118 - - [09/Sep/2022:17:15:19 -0700] "GET /princeton/class2007d.jpg HTTP/1.1" 200 52536 "https://ysfine.com/princeton/prade.html" "Mozilla/5.0 (Windows NT 10.0; Win64; x64; rv:104.0) Gecko/20100101 Firefox/104.0" "ysfine.com"
173.73.80.118 - - [09/Sep/2022:17:15:19 -0700] "GET /kowar/tanks/sherman58b.jpg HTTP/1.1" 200 37300 "https://ysfine.com/princeton/prade.html" "Mozilla/5.0 (Windows NT 10.0; Win64; x64; rv:104.0) Gecko/20100101 Firefox/104.0" "ysfine.com"
173.73.80.118 - - [09/Sep/2022:17:15:19 -0700] "GET /kowar/tanks/sherman44b.jpg HTTP/1.1" 200 34454 "https://ysfine.com/princeton/prade.html" "Mozilla/5.0 (Windows NT 10.0; Win64; x64; rv:104.0) Gecko/20100101 Firefox/104.0" "ysfine.com"
173.73.80.118 - - [09/Sep/2022:17:15:19 -0700] "GET /kowar/tanks/tank05b.jpg HTTP/1.1" 200 48742 "https://ysfine.com/princeton/prade.html" "Mozilla/5.0 (Windows NT 10.0; Win64; x64; rv:104.0) Gecko/20100101 Firefox/104.0" "ysfine.com"
173.73.80.118 - - [09/Sep/2022:17:15:19 -0700] "GET /feynman/feyprince2.jpg HTTP/1.1" 200 49143 "https://ysfine.com/princeton/prade.html" "Mozilla/5.0 (Windows NT 10.0; Win64; x64; rv:104.0) Gecko/20100101 Firefox/104.0" "ysfine.com"
173.73.80.118 - - [09/Sep/2022:17:15:19 -0700] "GET /princeton/nightbefore2.jpg HTTP/1.1" 200 47729 "https://ysfine.com/princeton/prade.html" "Mozilla/5.0 (Windows NT 10.0; Win64; x64; rv:104.0) Gecko/20100101 Firefox/104.0" "ysfine.com"
173.73.80.118 - - [09/Sep/2022:17:15:19 -0700] "GET /princeton/78th2.jpg HTTP/1.1" 200 55224 "https://ysfine.com/princeton/prade.html" "Mozilla/5.0 (Windows NT 10.0; Win64; x64; rv:104.0) Gecko/20100101 Firefox/104.0" "ysfine.com"
173.73.80.118 - - [09/Sep/2022:17:15:19 -0700] "GET /princeton/governer11b.jpg HTTP/1.1" 200 44721 "https://ysfine.com/princeton/prade.html" "Mozilla/5.0 (Windows NT 10.0; Win64; x64; rv:104.0) Gecko/20100101 Firefox/104.0" "ysfine.com"
173.73.80.118 - - [09/Sep/2022:17:15:19 -0700] "GET /princeton/bdinner11b.jpg HTTP/1.1" 200 50984 "https://ysfine.com/princeton/prade.html" "Mozilla/5.0 (Windows NT 10.0; Win64; x64; rv:104.0) Gecko/20100101 Firefox/104.0" "ysfine.com"
173.73.80.118 - - [09/Sep/2022:17:15:19 -0700] "GET /beau/amkor/prgr02b.jpg HTTP/1.1" 404 88 "https://ysfine.com/princeton/prade.html" "Mozilla/5.0 (Windows NT 10.0; Win64; x64; rv:104.0) Gecko/20100101 Firefox/104.0" "ysfine.com"
173.73.80.118 - - [09/Sep/2022:17:15:19 -0700] "GET /beau/amkor/prgr06b.jpg HTTP/1.1" 404 88 "https://ysfine.com/princeton/prade.html" "Mozilla/5.0 (Windows NT 10.0; Win64; x64; rv:104.0) Gecko/20100101 Firefox/104.0" "ysfine.com"
192.99.37.124 - - [09/Sep/2022:17:15:19 -0700] "GET /class54/class5480/Pictures/4.%C3%AA%C2%B8%C2%B0%C3%AB%C2%85%C2%90%C3%AC%C2%B4%C2%AC%C3%AC%C2%98%C2%81/%C3%AA%C2%B8%C2%B0%C3%AB%C2%85%C2%90%C3%AC%C2%B4%C2%AC%C3%AC%C2%98%C2%81%20(44).jpg HTTP/1.1" 200 11273849 "-" "Mozilla/5.0 (compatible; MJ12bot/v1.4.8; http://mj12bot.com/)" "ysfine.com"
209.209.11.236 - - [09/Sep/2022:17:15:21 -0700] "GET //world/baltic/arana.html HTTP/1.1" 200 3961 "-" "Mozilla/5.0 (compatible; MJ12bot/v1.4.8; http://mj12bot.com/)" "ysfine.com"
192.99.37.124 - - [09/Sep/2022:17:15:21 -0700] "GET /class54/class5480/Pictures/4.%C3%AA%C2%B8%C2%B0%C3%AB%C2%85%C2%90%C3%AC%C2%B4%C2%AC%C3%AC%C2%98%C2%81/%C3%AA%C2%B8%C2%B0%C3%AB%C2%85%C2%90%C3%AC%C2%B4%C2%AC%C3%AC%C2%98%C2%81%20(45).jpg HTTP/1.1" 200 11872676 "-" "Mozilla/5.0 (compatible; MJ12bot/v1.4.8; http://mj12bot.com/)" "ysfine.com"
192.99.37.124 - - [09/Sep/2022:17:15:22 -0700] "GET /class54/class5480/Pictures/4.%C3%AA%C2%B8%C2%B0%C3%AB%C2%85%C2%90%C3%AC%C2%B4%C2%AC%C3%AC%C2%98%C2%81/%C3%AA%C2%B8%C2%B0%C3%AB%C2%85%C2%90%C3%AC%C2%B4%C2%AC%C3%AC%C2%98%C2%81%20(46).jpg HTTP/1.1" 200 11377237 "-" "Mozilla/5.0 (compatible; MJ12bot/v1.4.8; http://mj12bot.com/)" "ysfine.com"
209.209.11.236 - - [09/Sep/2022:17:15:23 -0700] "GET //world/baltic/arana.html HTTP/1.1" 200 3961 "-" "Mozilla/5.0 (compatible; MJ12bot/v1.4.8; http://mj12bot.com/)" "ysfine.com"
192.99.37.124 - - [09/Sep/2022:17:15:24 -0700] "GET /class54/class5480/Pictures/4.%C3%AA%C2%B8%C2%B0%C3%AB%C2%85%C2%90%C3%AC%C2%B4%C2%AC%C3%AC%C2%98%C2%81/%C3%AA%C2%B8%C2%B0%C3%AB%C2%85%C2%90%C3%AC%C2%B4%C2%AC%C3%AC%C2%98%C2%81%20(47).jpg HTTP/1.1" 200 10145219 "-" "Mozilla/5.0 (compatible; MJ12bot/v1.4.8; http://mj12bot.com/)" "ysfine.com"
192.99.37.124 - - [09/Sep/2022:17:15:25 -0700] "GET /class54/class5480/Pictures/4.%C3%AA%C2%B8%C2%B0%C3%AB%C2%85%C2%90%C3%AC%C2%B4%C2%AC%C3%AC%C2%98%C2%81/%C3%AA%C2%B8%C2%B0%C3%AB%C2%85%C2%90%C3%AC%C2%B4%C2%AC%C3%AC%C2%98%C2%81%20(48).jpg HTTP/1.1" 200 9883419 "-" "Mozilla/5.0 (compatible; MJ12bot/v1.4.8; http://mj12bot.com/)" "ysfine.com"
209.209.11.236 - - [09/Sep/2022:17:15:26 -0700] "GET //world/baltic/kalinin.html HTTP/1.1" 404 88 "-" "Mozilla/5.0 (compatible; MJ12bot/v1.4.8; http://mj12bot.com/)" "ysfine.com"
192.99.37.124 - - [09/Sep/2022:17:15:27 -0700] "GET /class54/class5480/Pictures/4.%C3%AA%C2%B8%C2%B0%C3%AB%C2%85%C2%90%C3%AC%C2%B4%C2%AC%C3%AC%C2%98%C2%81/%C3%AA%C2%B8%C2%B0%C3%AB%C2%85%C2%90%C3%AC%C2%B4%C2%AC%C3%AC%C2%98%C2%81%20(49).jpg HTTP/1.1" 200 9107992 "-" "Mozilla/5.0 (compatible; MJ12bot/v1.4.8; http://mj12bot.com/)" "ysfine.com"
209.209.11.236 - - [09/Sep/2022:17:15:28 -0700] "GET //world/baltic/kalinmap44.html HTTP/1.1" 200 630 "-" "Mozilla/5.0 (compatible; MJ12bot/v1.4.8; http://mj12bot.com/)" "ysfine.com"
192.99.37.124 - - [09/Sep/2022:17:15:29 -0700] "GET /class54/class5480/Pictures/4.%C3%AA%C2%B8%C2%B0%C3%AB%C2%85%C2%90%C3%AC%C2%B4%C2%AC%C3%AC%C2%98%C2%81/%C3%AA%C2%B8%C2%B0%C3%AB%C2%85%C2%90%C3%AC%C2%B4%C2%AC%C3%AC%C2%98%C2%81%20(5).jpg HTTP/1.1" 200 8634493 "-" "Mozilla/5.0 (compatible; MJ12bot/v1.4.8; http://mj12bot.com/)" "ysfine.com"
209.209.11.236 - - [09/Sep/2022:17:15:30 -0700] "GET //world/baltic/kalinmap44.html HTTP/1.1" 200 630 "-" "Mozilla/5.0 (compatible; MJ12bot/v1.4.8; http://mj12bot.com/)" "ysfine.com"
192.99.37.124 - - [09/Sep/2022:17:15:30 -0700] "GET /class54/class5480/Pictures/4.%C3%AA%C2%B8%C2%B0%C3%AB%C2%85%C2%90%C3%AC%C2%B4%C2%AC%C3%AC%C2%98%C2%81/%C3%AA%C2%B8%C2%B0%C3%AB%C2%85%C2%90%C3%AC%C2%B4%C2%AC%C3%AC%C2%98%C2%81%20(50).jpg HTTP/1.1" 200 10413265 "-" "Mozilla/5.0 (compatible; MJ12bot/v1.4.8; http://mj12bot.com/)" "ysfine.com"
192.99.37.124 - - [09/Sep/2022:17:15:32 -0700] "GET /class54/class5480/Pictures/4.%C3%AA%C2%B8%C2%B0%C3%AB%C2%85%C2%90%C3%AC%C2%B4%C2%AC%C3%AC%C2%98%C2%81/%C3%AA%C2%B8%C2%B0%C3%AB%C2%85%C2%90%C3%AC%C2%B4%C2%AC%C3%AC%C2%98%C2%81%20(51).jpg HTTP/1.1" 200 10280024 "-" "Mozilla/5.0 (compatible; MJ12bot/v1.4.8; http://mj12bot.com/)" "ysfine.com"
209.209.11.236 - - [09/Sep/2022:17:15:33 -0700] "GET //world/brit/firew.html HTTP/1.1" 200 315 "-" "Mozilla/5.0 (compatible; MJ12bot/v1.4.8; http://mj12bot.com/)" "ysfine.com"
192.99.37.124 - - [09/Sep/2022:17:15:33 -0700] "GET /class54/class5480/Pictures/4.%C3%AA%C2%B8%C2%B0%C3%AB%C2%85%C2%90%C3%AC%C2%B4%C2%AC%C3%AC%C2%98%C2%81/%C3%AA%C2%B8%C2%B0%C3%AB%C2%85%C2%90%C3%AC%C2%B4%C2%AC%C3%AC%C2%98%C2%81%20(52).jpg HTTP/1.1" 200 11084472 "-" "Mozilla/5.0 (compatible; MJ12bot/v1.4.8; http://mj12bot.com/)" "ysfine.com"
209.209.11.236 - - [09/Sep/2022:17:15:34 -0700] "GET //world/brit/firew.html HTTP/1.1" 200 315 "-" "Mozilla/5.0 (compatible; MJ12bot/v1.4.8; http://mj12bot.com/)" "ysfine.com"
192.99.37.124 - - [09/Sep/2022:17:15:35 -0700] "GET /class54/class5480/Pictures/4.%C3%AA%C2%B8%C2%B0%C3%AB%C2%85%C2%90%C3%AC%C2%B4%C2%AC%C3%AC%C2%98%C2%81/%C3%AA%C2%B8%C2%B0%C3%AB%C2%85%C2%90%C3%AC%C2%B4%C2%AC%C3%AC%C2%98%C2%81%20(53).jpg HTTP/1.1" 200 9749043 "-" "Mozilla/5.0 (compatible; MJ12bot/v1.4.8; http://mj12bot.com/)" "ysfine.com"
68.238.166.239 - - [09/Sep/2022:17:15:35 -0700] "GET /kobak/sohnjd.pdf HTTP/1.1" 200 3257358 "https://www.google.com/" "Mozilla/5.0 (iPhone; CPU iPhone OS 13_3_1 like Mac OS X) AppleWebKit/605.1.15 (KHTML, like Gecko) Version/13.0.5 Mobile/15E148 Safari/604.1" "ysfine.com"
192.99.37.124 - - [09/Sep/2022:17:15:36 -0700] "GET /class54/class5480/Pictures/4.%C3%AA%C2%B8%C2%B0%C3%AB%C2%85%C2%90%C3%AC%C2%B4%C2%AC%C3%AC%C2%98%C2%81/%C3%AA%C2%B8%C2%B0%C3%AB%C2%85%C2%90%C3%AC%C2%B4%C2%AC%C3%AC%C2%98%C2%81%20(54).jpg HTTP/1.1" 200 8850113 "-" "Mozilla/5.0 (compatible; MJ12bot/v1.4.8; http://mj12bot.com/)" "ysfine.com"
209.209.11.236 - - [09/Sep/2022:17:15:37 -0700] "GET //world/brit/kensington.html HTTP/1.1" 200 296 "-" "Mozilla/5.0 (compatible; MJ12bot/v1.4.8; http://mj12bot.com/)" "ysfine.com"
192.99.37.124 - - [09/Sep/2022:17:15:38 -0700] "GET /class54/class5480/Pictures/4.%C3%AA%C2%B8%C2%B0%C3%AB%C2%85%C2%90%C3%AC%C2%B4%C2%AC%C3%AC%C2%98%C2%81/%C3%AA%C2%B8%C2%B0%C3%AB%C2%85%C2%90%C3%AC%C2%B4%C2%AC%C3%AC%C2%98%C2%81%20(55).jpg HTTP/1.1" 200 11522054 "-" "Mozilla/5.0 (compatible; MJ12bot/v1.4.8; http://mj12bot.com/)" "ysfine.com"
209.209.11.236 - - [09/Sep/2022:17:15:39 -0700] "GET //world/brit/kensington.html HTTP/1.1" 200 296 "-" "Mozilla/5.0 (compatible; MJ12bot/v1.4.8; http://mj12bot.com/)" "ysfine.com"
192.99.37.124 - - [09/Sep/2022:17:15:39 -0700] "GET /class54/class5480/Pictures/4.%C3%AA%C2%B8%C2%B0%C3%AB%C2%85%C2%90%C3%AC%C2%B4%C2%AC%C3%AC%C2%98%C2%81/%C3%AA%C2%B8%C2%B0%C3%AB%C2%85%C2%90%C3%AC%C2%B4%C2%AC%C3%AC%C2%98%C2%81%20(56).jpg HTTP/1.1" 200 10258427 "-" "Mozilla/5.0 (compatible; MJ12bot/v1.4.8; http://mj12bot.com/)" "ysfine.com"
192.99.37.124 - - [09/Sep/2022:17:15:41 -0700] "GET /class54/class5480/Pictures/4.%C3%AA%C2%B8%C2%B0%C3%AB%C2%85%C2%90%C3%AC%C2%B4%C2%AC%C3%AC%C2%98%C2%81/%C3%AA%C2%B8%C2%B0%C3%AB%C2%85%C2%90%C3%AC%C2%B4%C2%AC%C3%AC%C2%98%C2%81%20(57).jpg HTTP/1.1" 200 9169038 "-" "Mozilla/5.0 (compatible; MJ12bot/v1.4.8; http://mj12bot.com/)" "ysfine.com"
68.238.166.239 - - [09/Sep/2022:17:15:41 -0700] "GET /favicon.ico HTTP/1.1" 404 88 "https://ysfine.com/kobak/sohnjd.pdf" "Mozilla/5.0 (iPhone; CPU iPhone OS 13_3_1 like Mac OS X) AppleWebKit/605.1.15 (KHTML, like Gecko) Version/13.0.5 Mobile/15E148 Safari/604.1" "ysfine.com"
173.73.80.118 - - [09/Sep/2022:17:15:41 -0700] "GET /einstein/index.html HTTP/1.1" 304 - "https://ysfine.com/home/bio44" "Mozilla/5.0 (Windows NT 10.0; Win64; x64; rv:104.0) Gecko/20100101 Firefox/104.0" "ysfine.com"
173.73.80.118 - - [09/Sep/2022:17:15:41 -0700] "GET /einstein/eintop.html HTTP/1.1" 304 - "https://ysfine.com/einstein/index.html" "Mozilla/5.0 (Windows NT 10.0; Win64; x64; rv:104.0) Gecko/20100101 Firefox/104.0" "ysfine.com"
173.73.80.118 - - [09/Sep/2022:17:15:41 -0700] "GET /einstein/einbot.html HTTP/1.1" 304 - "https://ysfine.com/einstein/index.html" "Mozilla/5.0 (Windows NT 10.0; Win64; x64; rv:104.0) Gecko/20100101 Firefox/104.0" "ysfine.com"
173.73.80.118 - - [09/Sep/2022:17:15:41 -0700] "GET /einstein/einleft.html HTTP/1.1" 304 - "https://ysfine.com/einstein/einbot.html" "Mozilla/5.0 (Windows NT 10.0; Win64; x64; rv:104.0) Gecko/20100101 Firefox/104.0" "ysfine.com"
173.73.80.118 - - [09/Sep/2022:17:15:41 -0700] "GET /einstein/einkim.html HTTP/1.1" 304 - "https://ysfine.com/einstein/einbot.html" "Mozilla/5.0 (Windows NT 10.0; Win64; x64; rv:104.0) Gecko/20100101 Firefox/104.0" "ysfine.com"
173.73.80.118 - - [09/Sep/2022:17:15:41 -0700] "GET /einstein/keigel77a.jpg HTTP/1.1" 200 59466 "https://ysfine.com/einstein/einkim.html" "Mozilla/5.0 (Windows NT 10.0; Win64; x64; rv:104.0) Gecko/20100101 Firefox/104.0" "ysfine.com"
173.73.80.118 - - [09/Sep/2022:17:15:41 -0700] "GET /einstein/eward33d.jpg HTTP/1.1" 200 61786 "https://ysfine.com/einstein/einkim.html" "Mozilla/5.0 (Windows NT 10.0; Win64; x64; rv:104.0) Gecko/20100101 Firefox/104.0" "ysfine.com"
209.209.11.236 - - [09/Sep/2022:17:15:41 -0700] "GET //world/brit/loncafe.html HTTP/1.1" 200 374 "-" "Mozilla/5.0 (compatible; MJ12bot/v1.4.8; http://mj12bot.com/)" "ysfine.com"
192.99.37.124 - - [09/Sep/2022:17:15:42 -0700] "GET /class54/class5480/Pictures/4.%C3%AA%C2%B8%C2%B0%C3%AB%C2%85%C2%90%C3%AC%C2%B4%C2%AC%C3%AC%C2%98%C2%81/%C3%AA%C2%B8%C2%B0%C3%AB%C2%85%C2%90%C3%AC%C2%B4%C2%AC%C3%AC%C2%98%C2%81%20(58).jpg HTTP/1.1" 200 9327590 "-" "Mozilla/5.0 (compatible; MJ12bot/v1.4.8; http://mj12bot.com/)" "ysfine.com"
209.209.11.236 - - [09/Sep/2022:17:15:43 -0700] "GET //world/brit/loncafe.html HTTP/1.1" 200 374 "-" "Mozilla/5.0 (compatible; MJ12bot/v1.4.8; http://mj12bot.com/)" "ysfine.com"
192.99.37.124 - - [09/Sep/2022:17:15:44 -0700] "GET /class54/class5480/Pictures/4.%C3%AA%C2%B8%C2%B0%C3%AB%C2%85%C2%90%C3%AC%C2%B4%C2%AC%C3%AC%C2%98%C2%81/%C3%AA%C2%B8%C2%B0%C3%AB%C2%85%C2%90%C3%AC%C2%B4%C2%AC%C3%AC%C2%98%C2%81%20(59).jpg HTTP/1.1" 200 9290417 "-" "Mozilla/5.0 (compatible; MJ12bot/v1.4.8; http://mj12bot.com/)" "ysfine.com"
192.99.37.124 - - [09/Sep/2022:17:15:45 -0700] "GET /class54/class5480/Pictures/4.%C3%AA%C2%B8%C2%B0%C3%AB%C2%85%C2%90%C3%AC%C2%B4%C2%AC%C3%AC%C2%98%C2%81/%C3%AA%C2%B8%C2%B0%C3%AB%C2%85%C2%90%C3%AC%C2%B4%C2%AC%C3%AC%C2%98%C2%81%20(6).jpg HTTP/1.1" 200 8770019 "-" "Mozilla/5.0 (compatible; MJ12bot/v1.4.8; http://mj12bot.com/)" "ysfine.com"
209.209.11.236 - - [09/Sep/2022:17:15:46 -0700] "GET //world/brit/lonstore.html HTTP/1.1" 200 385 "-" "Mozilla/5.0 (compatible; MJ12bot/v1.4.8; http://mj12bot.com/)" "ysfine.com"
192.99.37.124 - - [09/Sep/2022:17:15:47 -0700] "GET /class54/class5480/Pictures/4.%C3%AA%C2%B8%C2%B0%C3%AB%C2%85%C2%90%C3%AC%C2%B4%C2%AC%C3%AC%C2%98%C2%81/%C3%AA%C2%B8%C2%B0%C3%AB%C2%85%C2%90%C3%AC%C2%B4%C2%AC%C3%AC%C2%98%C2%81%20(60).jpg HTTP/1.1" 200 9331537 "-" "Mozilla/5.0 (compatible; MJ12bot/v1.4.8; http://mj12bot.com/)" "ysfine.com"
209.209.11.236 - - [09/Sep/2022:17:15:47 -0700] "GET //world/brit/lonstore.html HTTP/1.1" 200 385 "-" "Mozilla/5.0 (compatible; MJ12bot/v1.4.8; http://mj12bot.com/)" "ysfine.com"
192.99.37.124 - - [09/Sep/2022:17:15:48 -0700] "GET /class54/class5480/Pictures/4.%C3%AA%C2%B8%C2%B0%C3%AB%C2%85%C2%90%C3%AC%C2%B4%C2%AC%C3%AC%C2%98%C2%81/%C3%AA%C2%B8%C2%B0%C3%AB%C2%85%C2%90%C3%AC%C2%B4%C2%AC%C3%AC%C2%98%C2%81%20(61).jpg HTTP/1.1" 200 9674430 "-" "Mozilla/5.0 (compatible; MJ12bot/v1.4.8; http://mj12bot.com/)" "ysfine.com"
192.99.37.124 - - [09/Sep/2022:17:15:50 -0700] "GET /class54/class5480/Pictures/4.%C3%AA%C2%B8%C2%B0%C3%AB%C2%85%C2%90%C3%AC%C2%B4%C2%AC%C3%AC%C2%98%C2%81/%C3%AA%C2%B8%C2%B0%C3%AB%C2%85%C2%90%C3%AC%C2%B4%C2%AC%C3%AC%C2%98%C2%81%20(62).jpg HTTP/1.1" 200 10553815 "-" "Mozilla/5.0 (compatible; MJ12bot/v1.4.8; http://mj12bot.com/)" "ysfine.com"
209.209.11.236 - - [09/Sep/2022:17:15:50 -0700] "GET //world/brit/lontaxi.html HTTP/1.1" 200 359 "-" "Mozilla/5.0 (compatible; MJ12bot/v1.4.8; http://mj12bot.com/)" "ysfine.com"
192.99.37.124 - - [09/Sep/2022:17:15:51 -0700] "GET /class54/class5480/Pictures/4.%C3%AA%C2%B8%C2%B0%C3%AB%C2%85%C2%90%C3%AC%C2%B4%C2%AC%C3%AC%C2%98%C2%81/%C3%AA%C2%B8%C2%B0%C3%AB%C2%85%C2%90%C3%AC%C2%B4%C2%AC%C3%AC%C2%98%C2%81%20(63).jpg HTTP/1.1" 200 8882147 "-" "Mozilla/5.0 (compatible; MJ12bot/v1.4.8; http://mj12bot.com/)" "ysfine.com"
209.209.11.236 - - [09/Sep/2022:17:15:51 -0700] "GET //world/brit/lontaxi.html HTTP/1.1" 200 359 "-" "Mozilla/5.0 (compatible; MJ12bot/v1.4.8; http://mj12bot.com/)" "ysfine.com"
192.99.37.124 - - [09/Sep/2022:17:15:52 -0700] "GET /class54/class5480/Pictures/4.%C3%AA%C2%B8%C2%B0%C3%AB%C2%85%C2%90%C3%AC%C2%B4%C2%AC%C3%AC%C2%98%C2%81/%C3%AA%C2%B8%C2%B0%C3%AB%C2%85%C2%90%C3%AC%C2%B4%C2%AC%C3%AC%C2%98%C2%81%20(64).jpg HTTP/1.1" 200 12213056 "-" "Mozilla/5.0 (compatible; MJ12bot/v1.4.8; http://mj12bot.com/)" "ysfine.com"
192.99.37.124 - - [09/Sep/2022:17:15:54 -0700] "GET /class54/class5480/Pictures/4.%C3%AA%C2%B8%C2%B0%C3%AB%C2%85%C2%90%C3%AC%C2%B4%C2%AC%C3%AC%C2%98%C2%81/%C3%AA%C2%B8%C2%B0%C3%AB%C2%85%C2%90%C3%AC%C2%B4%C2%AC%C3%AC%C2%98%C2%81%20(65).jpg HTTP/1.1" 200 9016970 "-" "Mozilla/5.0 (compatible; MJ12bot/v1.4.8; http://mj12bot.com/)" "ysfine.com"
209.209.11.236 - - [09/Sep/2022:17:15:54 -0700] "GET //world/brit/tower.html HTTP/1.1" 200 323 "-" "Mozilla/5.0 (compatible; MJ12bot/v1.4.8; http://mj12bot.com/)" "ysfine.com"
192.99.37.124 - - [09/Sep/2022:17:15:55 -0700] "GET /class54/class5480/Pictures/4.%C3%AA%C2%B8%C2%B0%C3%AB%C2%85%C2%90%C3%AC%C2%B4%C2%AC%C3%AC%C2%98%C2%81/%C3%AA%C2%B8%C2%B0%C3%AB%C2%85%C2%90%C3%AC%C2%B4%C2%AC%C3%AC%C2%98%C2%81%20(66).jpg HTTP/1.1" 200 8860849 "-" "Mozilla/5.0 (compatible; MJ12bot/v1.4.8; http://mj12bot.com/)" "ysfine.com"
209.209.11.236 - - [09/Sep/2022:17:15:56 -0700] "GET //world/brit/tower.html HTTP/1.1" 200 323 "-" "Mozilla/5.0 (compatible; MJ12bot/v1.4.8; http://mj12bot.com/)" "ysfine.com"
192.99.37.124 - - [09/Sep/2022:17:15:57 -0700] "GET /class54/class5480/Pictures/4.%C3%AA%C2%B8%C2%B0%C3%AB%C2%85%C2%90%C3%AC%C2%B4%C2%AC%C3%AC%C2%98%C2%81/%C3%AA%C2%B8%C2%B0%C3%AB%C2%85%C2%90%C3%AC%C2%B4%C2%AC%C3%AC%C2%98%C2%81%20(67).jpg HTTP/1.1" 200 8923461 "-" "Mozilla/5.0 (compatible; MJ12bot/v1.4.8; http://mj12bot.com/)" "ysfine.com"
209.209.11.236 - - [09/Sep/2022:17:15:57 -0700] "GET //world/china11.html HTTP/1.1" 200 24682 "-" "Mozilla/5.0 (compatible; MJ12bot/v1.4.8; http://mj12bot.com/)" "ysfine.com"
192.99.37.124 - - [09/Sep/2022:17:15:58 -0700] "GET /class54/class5480/Pictures/4.%C3%AA%C2%B8%C2%B0%C3%AB%C2%85%C2%90%C3%AC%C2%B4%C2%AC%C3%AC%C2%98%C2%81/%C3%AA%C2%B8%C2%B0%C3%AB%C2%85%C2%90%C3%AC%C2%B4%C2%AC%C3%AC%C2%98%C2%81%20(68).jpg HTTP/1.1" 200 9324901 "-" "Mozilla/5.0 (compatible; MJ12bot/v1.4.8; http://mj12bot.com/)" "ysfine.com"
40.77.167.27 - - [09/Sep/2022:17:16:00 -0700] "GET /dongio/russny07.jpg HTTP/1.1" 404 88 "-" "Mozilla/5.0 (compatible; bingbot/2.0; +http://www.bing.com/bingbot.htm)" "ysfine.com"
192.99.37.124 - - [09/Sep/2022:17:16:00 -0700] "GET /class54/class5480/Pictures/4.%C3%AA%C2%B8%C2%B0%C3%AB%C2%85%C2%90%C3%AC%C2%B4%C2%AC%C3%AC%C2%98%C2%81/%C3%AA%C2%B8%C2%B0%C3%AB%C2%85%C2%90%C3%AC%C2%B4%C2%AC%C3%AC%C2%98%C2%81%20(69).jpg HTTP/1.1" 200 9674965 "-" "Mozilla/5.0 (compatible; MJ12bot/v1.4.8; http://mj12bot.com/)" "ysfine.com"
209.209.11.236 - - [09/Sep/2022:17:16:00 -0700] "GET //world/cities.html HTTP/1.1" 200 1178 "-" "Mozilla/5.0 (compatible; MJ12bot/v1.4.8; http://mj12bot.com/)" "ysfine.com"
192.99.37.124 - - [09/Sep/2022:17:16:01 -0700] "GET /class54/class5480/Pictures/4.%C3%AA%C2%B8%C2%B0%C3%AB%C2%85%C2%90%C3%AC%C2%B4%C2%AC%C3%AC%C2%98%C2%81/%C3%AA%C2%B8%C2%B0%C3%AB%C2%85%C2%90%C3%AC%C2%B4%C2%AC%C3%AC%C2%98%C2%81%20(7).jpg HTTP/1.1" 200 8640267 "-" "Mozilla/5.0 (compatible; MJ12bot/v1.4.8; http://mj12bot.com/)" "ysfine.com"
209.209.11.236 - - [09/Sep/2022:17:16:01 -0700] "GET //world/cities.html HTTP/1.1" 200 1178 "-" "Mozilla/5.0 (compatible; MJ12bot/v1.4.8; http://mj12bot.com/)" "ysfine.com"
209.209.11.236 - - [09/Sep/2022:17:16:03 -0700] "GET //world/copen.html HTTP/1.1" 200 6582 "-" "Mozilla/5.0 (compatible; MJ12bot/v1.4.8; http://mj12bot.com/)" "ysfine.com"
192.99.37.124 - - [09/Sep/2022:17:16:03 -0700] "GET /class54/class5480/Pictures/4.%C3%AA%C2%B8%C2%B0%C3%AB%C2%85%C2%90%C3%AC%C2%B4%C2%AC%C3%AC%C2%98%C2%81/%C3%AA%C2%B8%C2%B0%C3%AB%C2%85%C2%90%C3%AC%C2%B4%C2%AC%C3%AC%C2%98%C2%81%20(70).jpg HTTP/1.1" 200 8939060 "-" "Mozilla/5.0 (compatible; MJ12bot/v1.4.8; http://mj12bot.com/)" "ysfine.com"
192.99.37.124 - - [09/Sep/2022:17:16:04 -0700] "GET /class54/class5480/Pictures/4.%C3%AA%C2%B8%C2%B0%C3%AB%C2%85%C2%90%C3%AC%C2%B4%C2%AC%C3%AC%C2%98%C2%81/%C3%AA%C2%B8%C2%B0%C3%AB%C2%85%C2%90%C3%AC%C2%B4%C2%AC%C3%AC%C2%98%C2%81%20(71).jpg HTTP/1.1" 200 10036622 "-" "Mozilla/5.0 (compatible; MJ12bot/v1.4.8; http://mj12bot.com/)" "ysfine.com"
209.209.11.236 - - [09/Sep/2022:17:16:06 -0700] "GET //world/dubna.html HTTP/1.1" 200 1604 "-" "Mozilla/5.0 (compatible; MJ12bot/v1.4.8; http://mj12bot.com/)" "ysfine.com"
192.99.37.124 - - [09/Sep/2022:17:16:06 -0700] "GET /class54/class5480/Pictures/4.%C3%AA%C2%B8%C2%B0%C3%AB%C2%85%C2%90%C3%AC%C2%B4%C2%AC%C3%AC%C2%98%C2%81/%C3%AA%C2%B8%C2%B0%C3%AB%C2%85%C2%90%C3%AC%C2%B4%C2%AC%C3%AC%C2%98%C2%81%20(72).jpg HTTP/1.1" 200 9703727 "-" "Mozilla/5.0 (compatible; MJ12bot/v1.4.8; http://mj12bot.com/)" "ysfine.com"
209.209.11.236 - - [09/Sep/2022:17:16:07 -0700] "GET //world/dubna.html HTTP/1.1" 200 1604 "-" "Mozilla/5.0 (compatible; MJ12bot/v1.4.8; http://mj12bot.com/)" "ysfine.com"
192.99.37.124 - - [09/Sep/2022:17:16:07 -0700] "GET /class54/class5480/Pictures/4.%C3%AA%C2%B8%C2%B0%C3%AB%C2%85%C2%90%C3%AC%C2%B4%C2%AC%C3%AC%C2%98%C2%81/%C3%AA%C2%B8%C2%B0%C3%AB%C2%85%C2%90%C3%AC%C2%B4%C2%AC%C3%AC%C2%98%C2%81%20(73).jpg HTTP/1.1" 200 9500952 "-" "Mozilla/5.0 (compatible; MJ12bot/v1.4.8; http://mj12bot.com/)" "ysfine.com"
98.213.176.11 - - [09/Sep/2022:17:16:08 -0700] "GET /world/france/stras10.jpg HTTP/1.1" 200 105338 "https://www.google.com/" "Mozilla/5.0 (iPhone; CPU iPhone OS 15_6_1 like Mac OS X) AppleWebKit/605.1.15 (KHTML, like Gecko) Version/15.6.1 Mobile/15E148 Safari/604.1" "ysfine.com"
209.209.11.236 - - [09/Sep/2022:17:16:08 -0700] "GET //world/florence.html HTTP/1.1" 200 9706 "-" "Mozilla/5.0 (compatible; MJ12bot/v1.4.8; http://mj12bot.com/)" "ysfine.com"
192.99.37.124 - - [09/Sep/2022:17:16:09 -0700] "GET /class54/class5480/Pictures/4.%C3%AA%C2%B8%C2%B0%C3%AB%C2%85%C2%90%C3%AC%C2%B4%C2%AC%C3%AC%C2%98%C2%81/%C3%AA%C2%B8%C2%B0%C3%AB%C2%85%C2%90%C3%AC%C2%B4%C2%AC%C3%AC%C2%98%C2%81%20(74).jpg HTTP/1.1" 200 9493702 "-" "Mozilla/5.0 (compatible; MJ12bot/v1.4.8; http://mj12bot.com/)" "ysfine.com"
209.209.11.236 - - [09/Sep/2022:17:16:10 -0700] "GET //world/florenw.html HTTP/1.1" 404 88 "-" "Mozilla/5.0 (compatible; MJ12bot/v1.4.8; http://mj12bot.com/)" "ysfine.com"
192.99.37.124 - - [09/Sep/2022:17:16:10 -0700] "GET /class54/class5480/Pictures/4.%C3%AA%C2%B8%C2%B0%C3%AB%C2%85%C2%90%C3%AC%C2%B4%C2%AC%C3%AC%C2%98%C2%81/%C3%AA%C2%B8%C2%B0%C3%AB%C2%85%C2%90%C3%AC%C2%B4%C2%AC%C3%AC%C2%98%C2%81%20(75).jpg HTTP/1.1" 200 9229520 "-" "Mozilla/5.0 (compatible; MJ12bot/v1.4.8; http://mj12bot.com/)" "ysfine.com"
185.191.171.26 - - [09/Sep/2022:17:16:11 -0700] "GET /robots.txt HTTP/1.1" 404 88 "-" "Mozilla/5.0 (compatible; SemrushBot/7~bl; +http://www.semrush.com/bot.html)" "ysfine.com"
192.99.37.124 - - [09/Sep/2022:17:16:12 -0700] "GET /class54/class5480/Pictures/4.%C3%AA%C2%B8%C2%B0%C3%AB%C2%85%C2%90%C3%AC%C2%B4%C2%AC%C3%AC%C2%98%C2%81/%C3%AA%C2%B8%C2%B0%C3%AB%C2%85%C2%90%C3%AC%C2%B4%C2%AC%C3%AC%C2%98%C2%81%20(76).jpg HTTP/1.1" 200 9163603 "-" "Mozilla/5.0 (compatible; MJ12bot/v1.4.8; http://mj12bot.com/)" "ysfine.com"
209.209.11.236 - - [09/Sep/2022:17:16:13 -0700] "GET //world/france/champ12.html HTTP/1.1" 200 339 "-" "Mozilla/5.0 (compatible; MJ12bot/v1.4.8; http://mj12bot.com/)" "ysfine.com"
192.99.37.124 - - [09/Sep/2022:17:16:13 -0700] "GET /class54/class5480/Pictures/4.%C3%AA%C2%B8%C2%B0%C3%AB%C2%85%C2%90%C3%AC%C2%B4%C2%AC%C3%AC%C2%98%C2%81/%C3%AA%C2%B8%C2%B0%C3%AB%C2%85%C2%90%C3%AC%C2%B4%C2%AC%C3%AC%C2%98%C2%81%20(77).jpg HTTP/1.1" 200 9118771 "-" "Mozilla/5.0 (compatible; MJ12bot/v1.4.8; http://mj12bot.com/)" "ysfine.com"
209.209.11.236 - - [09/Sep/2022:17:16:14 -0700] "GET //world/france/champ12.html HTTP/1.1" 200 339 "-" "Mozilla/5.0 (compatible; MJ12bot/v1.4.8; http://mj12bot.com/)" "ysfine.com"
192.99.37.124 - - [09/Sep/2022:17:16:15 -0700] "GET /class54/class5480/Pictures/4.%C3%AA%C2%B8%C2%B0%C3%AB%C2%85%C2%90%C3%AC%C2%B4%C2%AC%C3%AC%C2%98%C2%81/%C3%AA%C2%B8%C2%B0%C3%AB%C2%85%C2%90%C3%AC%C2%B4%C2%AC%C3%AC%C2%98%C2%81%20(78).jpg HTTP/1.1" 200 12951534 "-" "Mozilla/5.0 (compatible; MJ12bot/v1.4.8; http://mj12bot.com/)" "ysfine.com"
185.191.171.16 - - [09/Sep/2022:17:16:16 -0700] "GET /wisdom/yitol.html HTTP/1.1" 200 6261 "-" "Mozilla/5.0 (compatible; SemrushBot/7~bl; +http://www.semrush.com/bot.html)" "ysfine.com"
192.99.37.124 - - [09/Sep/2022:17:16:16 -0700] "GET /class54/class5480/Pictures/4.%C3%AA%C2%B8%C2%B0%C3%AB%C2%85%C2%90%C3%AC%C2%B4%C2%AC%C3%AC%C2%98%C2%81/%C3%AA%C2%B8%C2%B0%C3%AB%C2%85%C2%90%C3%AC%C2%B4%C2%AC%C3%AC%C2%98%C2%81%20(79).jpg HTTP/1.1" 200 13841358 "-" "Mozilla/5.0 (compatible; MJ12bot/v1.4.8; http://mj12bot.com/)" "ysfine.com"
209.209.11.236 - - [09/Sep/2022:17:16:17 -0700] "GET //world/france/champ96.html HTTP/1.1" 200 336 "-" "Mozilla/5.0 (compatible; MJ12bot/v1.4.8; http://mj12bot.com/)" "ysfine.com"
192.99.37.124 - - [09/Sep/2022:17:16:18 -0700] "GET /class54/class5480/Pictures/4.%C3%AA%C2%B8%C2%B0%C3%AB%C2%85%C2%90%C3%AC%C2%B4%C2%AC%C3%AC%C2%98%C2%81/%C3%AA%C2%B8%C2%B0%C3%AB%C2%85%C2%90%C3%AC%C2%B4%C2%AC%C3%AC%C2%98%C2%81%20(8).jpg HTTP/1.1" 200 9897932 "-" "Mozilla/5.0 (compatible; MJ12bot/v1.4.8; http://mj12bot.com/)" "ysfine.com"
209.209.11.236 - - [09/Sep/2022:17:16:19 -0700] "GET //world/france/champ96.html HTTP/1.1" 200 336 "-" "Mozilla/5.0 (compatible; MJ12bot/v1.4.8; http://mj12bot.com/)" "ysfine.com"
192.99.37.124 - - [09/Sep/2022:17:16:19 -0700] "GET /class54/class5480/Pictures/4.%C3%AA%C2%B8%C2%B0%C3%AB%C2%85%C2%90%C3%AC%C2%B4%C2%AC%C3%AC%C2%98%C2%81/%C3%AA%C2%B8%C2%B0%C3%AB%C2%85%C2%90%C3%AC%C2%B4%C2%AC%C3%AC%C2%98%C2%81%20(80).jpg HTTP/1.1" 200 15850452 "-" "Mozilla/5.0 (compatible; MJ12bot/v1.4.8; http://mj12bot.com/)" "ysfine.com"
192.99.37.124 - - [09/Sep/2022:17:16:21 -0700] "GET /class54/class5480/Pictures/4.%C3%AA%C2%B8%C2%B0%C3%AB%C2%85%C2%90%C3%AC%C2%B4%C2%AC%C3%AC%C2%98%C2%81/%C3%AA%C2%B8%C2%B0%C3%AB%C2%85%C2%90%C3%AC%C2%B4%C2%AC%C3%AC%C2%98%C2%81%20(81).jpg HTTP/1.1" 200 15107406 "-" "Mozilla/5.0 (compatible; MJ12bot/v1.4.8; http://mj12bot.com/)" "ysfine.com"
209.209.11.236 - - [09/Sep/2022:17:16:21 -0700] "GET //world/france/metznyork.html HTTP/1.1" 200 305 "-" "Mozilla/5.0 (compatible; MJ12bot/v1.4.8; http://mj12bot.com/)" "ysfine.com"
192.99.37.124 - - [09/Sep/2022:17:16:22 -0700] "GET /class54/class5480/Pictures/4.%C3%AA%C2%B8%C2%B0%C3%AB%C2%85%C2%90%C3%AC%C2%B4%C2%AC%C3%AC%C2%98%C2%81/%C3%AA%C2%B8%C2%B0%C3%AB%C2%85%C2%90%C3%AC%C2%B4%C2%AC%C3%AC%C2%98%C2%81%20(82).jpg HTTP/1.1" 200 15452526 "-" "Mozilla/5.0 (compatible; MJ12bot/v1.4.8; http://mj12bot.com/)" "ysfine.com"
192.99.37.124 - - [09/Sep/2022:17:16:25 -0700] "GET /class54/class5480/Pictures/4.%C3%AA%C2%B8%C2%B0%C3%AB%C2%85%C2%90%C3%AC%C2%B4%C2%AC%C3%AC%C2%98%C2%81/ HTTP/1.1" 200 995 "-" "Mozilla/5.0 (compatible; MJ12bot/v1.4.8; http://mj12bot.com/)" "ysfine.com"
209.209.11.236 - - [09/Sep/2022:17:16:26 -0700] "GET //world/germany.html HTTP/1.1" 200 474 "-" "Mozilla/5.0 (compatible; MJ12bot/v1.4.8; http://mj12bot.com/)" "ysfine.com"
192.99.37.124 - - [09/Sep/2022:17:16:28 -0700] "GET /einstein/ulm.html HTTP/1.1" 200 6713 "-" "Mozilla/5.0 (compatible; MJ12bot/v1.4.8; http://mj12bot.com/)" "www.ysfine.com"
209.209.11.236 - - [09/Sep/2022:17:16:29 -0700] "GET //world/greece.html HTTP/1.1" 200 291 "-" "Mozilla/5.0 (compatible; MJ12bot/v1.4.8; http://mj12bot.com/)" "ysfine.com"
209.209.11.236 - - [09/Sep/2022:17:16:32 -0700] "GET //world/index.html HTTP/1.1" 200 123 "-" "Mozilla/5.0 (compatible; MJ12bot/v1.4.8; http://mj12bot.com/)" "ysfine.com"
209.209.11.236 - - [09/Sep/2022:17:16:33 -0700] "GET //world/index.html HTTP/1.1" 200 123 "-" "Mozilla/5.0 (compatible; MJ12bot/v1.4.8; http://mj12bot.com/)" "ysfine.com"
209.209.11.236 - - [09/Sep/2022:17:16:35 -0700] "GET //world/israel.html HTTP/1.1" 200 333 "-" "Mozilla/5.0 (compatible; MJ12bot/v1.4.8; http://mj12bot.com/)" "ysfine.com"
209.209.11.236 - - [09/Sep/2022:17:16:36 -0700] "GET //world/israel/armen10.jpg HTTP/1.1" 200 80995 "-" "Mozilla/5.0 (compatible; MJ12bot/v1.4.8; http://mj12bot.com/)" "ysfine.com"
209.209.11.236 - - [09/Sep/2022:17:16:37 -0700] "GET //world/israel/armench11.jpg HTTP/1.1" 200 164935 "-" "Mozilla/5.0 (compatible; MJ12bot/v1.4.8; http://mj12bot.com/)" "ysfine.com"
209.209.11.236 - - [09/Sep/2022:17:16:39 -0700] "GET //world/israel/jeru02.jpg HTTP/1.1" 200 224547 "-" "Mozilla/5.0 (compatible; MJ12bot/v1.4.8; http://mj12bot.com/)" "ysfine.com"
209.209.11.236 - - [09/Sep/2022:17:16:42 -0700] "GET //world/israel/jeru07.jpg HTTP/1.1" 200 174726 "-" "Mozilla/5.0 (compatible; MJ12bot/v1.4.8; http://mj12bot.com/)" "ysfine.com"
209.209.11.236 - - [09/Sep/2022:17:16:44 -0700] "GET //world/israel/jeru12.jpg HTTP/1.1" 200 176438 "-" "Mozilla/5.0 (compatible; MJ12bot/v1.4.8; http://mj12bot.com/)" "ysfine.com"
209.209.11.236 - - [09/Sep/2022:17:16:45 -0700] "GET //world/israel/jeru15.jpg HTTP/1.1" 200 108220 "-" "Mozilla/5.0 (compatible; MJ12bot/v1.4.8; http://mj12bot.com/)" "ysfine.com"
209.209.11.236 - - [09/Sep/2022:17:16:47 -0700] "GET //world/israel/jeru16.jpg HTTP/1.1" 200 155771 "-" "Mozilla/5.0 (compatible; MJ12bot/v1.4.8; http://mj12bot.com/)" "ysfine.com"
209.209.11.236 - - [09/Sep/2022:17:16:48 -0700] "GET //world/israel/jeru19.jpg HTTP/1.1" 200 128815 "-" "Mozilla/5.0 (compatible; MJ12bot/v1.4.8; http://mj12bot.com/)" "ysfine.com"
209.209.11.236 - - [09/Sep/2022:17:16:50 -0700] "GET //world/israel/jeru20.jpg HTTP/1.1" 200 247932 "-" "Mozilla/5.0 (compatible; MJ12bot/v1.4.8; http://mj12bot.com/)" "ysfine.com"
209.209.11.236 - - [09/Sep/2022:17:16:51 -0700] "GET //world/israel/jeru22.jpg HTTP/1.1" 200 210034 "-" "Mozilla/5.0 (compatible; MJ12bot/v1.4.8; http://mj12bot.com/)" "ysfine.com"
209.209.11.236 - - [09/Sep/2022:17:16:52 -0700] "GET //world/israel/jeru26.jpg HTTP/1.1" 200 242747 "-" "Mozilla/5.0 (compatible; MJ12bot/v1.4.8; http://mj12bot.com/)" "ysfine.com"
209.209.11.236 - - [09/Sep/2022:17:16:54 -0700] "GET //world/israel/jeru42.jpg HTTP/1.1" 200 235135 "-" "Mozilla/5.0 (compatible; MJ12bot/v1.4.8; http://mj12bot.com/)" "ysfine.com"
209.209.11.236 - - [09/Sep/2022:17:16:55 -0700] "GET //world/israel/jeru43.jpg HTTP/1.1" 200 248686 "-" "Mozilla/5.0 (compatible; MJ12bot/v1.4.8; http://mj12bot.com/)" "ysfine.com"
209.209.11.236 - - [09/Sep/2022:17:16:57 -0700] "GET //world/israel/jeru51.jpg HTTP/1.1" 200 261732 "-" "Mozilla/5.0 (compatible; MJ12bot/v1.4.8; http://mj12bot.com/)" "ysfine.com"
209.209.11.236 - - [09/Sep/2022:17:16:58 -0700] "GET //world/israel/jeru64.jpg HTTP/1.1" 200 315270 "-" "Mozilla/5.0 (compatible; MJ12bot/v1.4.8; http://mj12bot.com/)" "ysfine.com"
209.209.11.236 - - [09/Sep/2022:17:16:59 -0700] "GET //world/israel/jeru65.jpg HTTP/1.1" 200 270763 "-" "Mozilla/5.0 (compatible; MJ12bot/v1.4.8; http://mj12bot.com/)" "ysfine.com"
209.209.11.236 - - [09/Sep/2022:17:17:01 -0700] "GET //world/israel/jeru66.jpg HTTP/1.1" 200 306341 "-" "Mozilla/5.0 (compatible; MJ12bot/v1.4.8; http://mj12bot.com/)" "ysfine.com"
209.209.11.236 - - [09/Sep/2022:17:17:02 -0700] "GET //world/israel/jeruf01.jpg HTTP/1.1" 200 221371 "-" "Mozilla/5.0 (compatible; MJ12bot/v1.4.8; http://mj12bot.com/)" "ysfine.com"
209.209.11.236 - - [09/Sep/2022:17:17:04 -0700] "GET //world/israel/jeruf02.jpg HTTP/1.1" 200 257627 "-" "Mozilla/5.0 (compatible; MJ12bot/v1.4.8; http://mj12bot.com/)" "ysfine.com"
209.209.11.236 - - [09/Sep/2022:17:17:05 -0700] "GET //world/israel/tlv03.jpg HTTP/1.1" 200 221469 "-" "Mozilla/5.0 (compatible; MJ12bot/v1.4.8; http://mj12bot.com/)" "ysfine.com"
209.209.11.236 - - [09/Sep/2022:17:17:06 -0700] "GET //world/israel/tlv05.jpg HTTP/1.1" 200 179243 "-" "Mozilla/5.0 (compatible; MJ12bot/v1.4.8; http://mj12bot.com/)" "ysfine.com"
209.209.11.236 - - [09/Sep/2022:17:17:08 -0700] "GET //world/israel/tlv07.jpg HTTP/1.1" 200 173297 "-" "Mozilla/5.0 (compatible; MJ12bot/v1.4.8; http://mj12bot.com/)" "ysfine.com"
209.209.11.236 - - [09/Sep/2022:17:17:09 -0700] "GET //world/israel/tlv11.jpg HTTP/1.1" 200 225821 "-" "Mozilla/5.0 (compatible; MJ12bot/v1.4.8; http://mj12bot.com/)" "ysfine.com"
209.209.11.236 - - [09/Sep/2022:17:17:11 -0700] "GET //world/israel/tlv12.jpg HTTP/1.1" 200 243504 "-" "Mozilla/5.0 (compatible; MJ12bot/v1.4.8; http://mj12bot.com/)" "ysfine.com"
209.209.11.236 - - [09/Sep/2022:17:17:12 -0700] "GET //world/israel/tlv22.jpg HTTP/1.1" 200 173065 "-" "Mozilla/5.0 (compatible; MJ12bot/v1.4.8; http://mj12bot.com/)" "ysfine.com"
209.209.11.236 - - [09/Sep/2022:17:17:13 -0700] "GET //world/israel/tlv23.jpg HTTP/1.1" 200 123995 "-" "Mozilla/5.0 (compatible; MJ12bot/v1.4.8; http://mj12bot.com/)" "ysfine.com"
209.209.11.236 - - [09/Sep/2022:17:17:15 -0700] "GET //world/israel/tlvf01.jpg HTTP/1.1" 200 215818 "-" "Mozilla/5.0 (compatible; MJ12bot/v1.4.8; http://mj12bot.com/)" "ysfine.com"
209.209.11.236 - - [09/Sep/2022:17:17:16 -0700] "GET //world/istanbul.html HTTP/1.1" 200 11361 "-" "Mozilla/5.0 (compatible; MJ12bot/v1.4.8; http://mj12bot.com/)" "ysfine.com"
209.209.11.236 - - [09/Sep/2022:17:17:18 -0700] "GET //world/jeru.html HTTP/1.1" 200 6991 "-" "Mozilla/5.0 (compatible; MJ12bot/v1.4.8; http://mj12bot.com/)" "ysfine.com"
209.209.11.236 - - [09/Sep/2022:17:17:21 -0700] "GET //world/kalinin.html HTTP/1.1" 200 9525 "-" "Mozilla/5.0 (compatible; MJ12bot/v1.4.8; http://mj12bot.com/)" "ysfine.com"
209.209.11.236 - - [09/Sep/2022:17:17:22 -0700] "GET //world/kalinin.html HTTP/1.1" 200 9525 "-" "Mozilla/5.0 (compatible; MJ12bot/v1.4.8; http://mj12bot.com/)" "ysfine.com"
209.209.11.236 - - [09/Sep/2022:17:17:24 -0700] "GET //world/kazan.html HTTP/1.1" 200 13929 "-" "Mozilla/5.0 (compatible; MJ12bot/v1.4.8; http://mj12bot.com/)" "ysfine.com"
209.209.11.236 - - [09/Sep/2022:17:17:27 -0700] "GET //world/latina/feynplate.html HTTP/1.1" 200 1525 "-" "Mozilla/5.0 (compatible; MJ12bot/v1.4.8; http://mj12bot.com/)" "ysfine.com"
209.209.11.236 - - [09/Sep/2022:17:17:29 -0700] "GET //world/latina/feynplate.html HTTP/1.1" 200 1525 "-" "Mozilla/5.0 (compatible; MJ12bot/v1.4.8; http://mj12bot.com/)" "ysfine.com"
209.209.11.236 - - [09/Sep/2022:17:17:32 -0700] "GET //world/lithuw.html HTTP/1.1" 404 88 "-" "Mozilla/5.0 (compatible; MJ12bot/v1.4.8; http://mj12bot.com/)" "ysfine.com"
209.209.11.236 - - [09/Sep/2022:17:17:33 -0700] "GET //world/minsk.html HTTP/1.1" 200 7116 "-" "Mozilla/5.0 (compatible; MJ12bot/v1.4.8; http://mj12bot.com/)" "ysfine.com"
209.209.11.236 - - [09/Sep/2022:17:17:35 -0700] "GET //world/moscow.html HTTP/1.1" 200 21363 "-" "Mozilla/5.0 (compatible; MJ12bot/v1.4.8; http://mj12bot.com/)" "ysfine.com"
209.209.11.236 - - [09/Sep/2022:17:17:36 -0700] "GET //world/muplace.html HTTP/1.1" 200 22028 "-" "Mozilla/5.0 (compatible; MJ12bot/v1.4.8; http://mj12bot.com/)" "ysfine.com"
51.222.253.7 - - [09/Sep/2022:17:17:37 -0700] "GET /class54/class5470/total_data/sub_259.htm HTTP/1.1" 200 3375 "-" "Mozilla/5.0 (compatible; AhrefsBot/7.0; +http://ahrefs.com/robot/)" "ysfine.com"
51.222.253.6 - - [09/Sep/2022:17:17:38 -0700] "GET /class54/class5470/total_data/photo_img/2-59.jpg HTTP/1.1" 200 114583 "-" "Mozilla/5.0 (compatible; AhrefsBot/7.0; +http://ahrefs.com/robot/)" "ysfine.com"
209.209.11.236 - - [09/Sep/2022:17:17:39 -0700] "GET //world/nice.html HTTP/1.1" 200 7230 "-" "Mozilla/5.0 (compatible; MJ12bot/v1.4.8; http://mj12bot.com/)" "ysfine.com"
209.209.11.236 - - [09/Sep/2022:17:17:41 -0700] "GET //world/nice.html HTTP/1.1" 200 7230 "-" "Mozilla/5.0 (compatible; MJ12bot/v1.4.8; http://mj12bot.com/)" "ysfine.com"
95.163.255.101 - - [09/Sep/2022:17:17:43 -0700] "GET /robots.txt HTTP/1.1" 404 73 "-" "Mozilla/5.0 (compatible; Linux x86_64; Mail.RU_Bot/Img/2.0; +https://help.mail.ru/webmaster/indexing/robots)" "ysfine.com"
209.209.11.236 - - [09/Sep/2022:17:17:44 -0700] "GET //world/paris.html HTTP/1.1" 200 18129 "-" "Mozilla/5.0 (compatible; MJ12bot/v1.4.8; http://mj12bot.com/)" "ysfine.com"
209.209.11.236 - - [09/Sep/2022:17:17:46 -0700] "GET //world/paris.html HTTP/1.1" 200 18129 "-" "Mozilla/5.0 (compatible; MJ12bot/v1.4.8; http://mj12bot.com/)" "ysfine.com"
209.209.11.236 - - [09/Sep/2022:17:17:49 -0700] "GET //world/poland/copernisq.html HTTP/1.1" 200 474 "-" "Mozilla/5.0 (compatible; MJ12bot/v1.4.8; http://mj12bot.com/)" "ysfine.com"
209.209.11.236 - - [09/Sep/2022:17:17:50 -0700] "GET //world/poland/copernisq.html HTTP/1.1" 200 474 "-" "Mozilla/5.0 (compatible; MJ12bot/v1.4.8; http://mj12bot.com/)" "ysfine.com"
209.209.11.236 - - [09/Sep/2022:17:17:53 -0700] "GET //world/poland/holycoper.html HTTP/1.1" 200 311 "-" "Mozilla/5.0 (compatible; MJ12bot/v1.4.8; http://mj12bot.com/)" "ysfine.com"
209.209.11.236 - - [09/Sep/2022:17:17:55 -0700] "GET //world/poland/holycoper.html HTTP/1.1" 200 311 "-" "Mozilla/5.0 (compatible; MJ12bot/v1.4.8; http://mj12bot.com/)" "ysfine.com"
209.209.11.236 - - [09/Sep/2022:17:17:58 -0700] "GET //world/poland/jarema.html HTTP/1.1" 200 334 "-" "Mozilla/5.0 (compatible; MJ12bot/v1.4.8; http://mj12bot.com/)" "ysfine.com"
209.209.11.236 - - [09/Sep/2022:17:17:59 -0700] "GET //world/poland/jarema.html HTTP/1.1" 200 334 "-" "Mozilla/5.0 (compatible; MJ12bot/v1.4.8; http://mj12bot.com/)" "ysfine.com"
209.209.11.236 - - [09/Sep/2022:17:18:01 -0700] "GET //world/polandk.html HTTP/1.1" 200 5993 "-" "Mozilla/5.0 (compatible; MJ12bot/v1.4.8; http://mj12bot.com/)" "ysfine.com"
95.163.255.90 - - [09/Sep/2022:17:18:02 -0700] "GET /world/germany/stutt06.jpg HTTP/1.1" 200 162119 "http://go.mail.ru/search_images" "Mozilla/5.0 (compatible; Linux x86_64; Mail.RU_Bot/Img/2.0; +https://help.mail.ru/webmaster/indexing/robots)" "ysfine.com"
209.209.11.236 - - [09/Sep/2022:17:18:02 -0700] "GET //world/ricksteves11.jpg HTTP/1.1" 200 81952 "-" "Mozilla/5.0 (compatible; MJ12bot/v1.4.8; http://mj12bot.com/)" "ysfine.com"
209.209.11.236 - - [09/Sep/2022:17:18:05 -0700] "GET //world/russ/basil.html HTTP/1.1" 200 519 "-" "Mozilla/5.0 (compatible; MJ12bot/v1.4.8; http://mj12bot.com/)" "ysfine.com"
209.209.11.236 - - [09/Sep/2022:17:18:07 -0700] "GET //world/russ/basil.html HTTP/1.1" 200 519 "-" "Mozilla/5.0 (compatible; MJ12bot/v1.4.8; http://mj12bot.com/)" "ysfine.com"
209.209.11.236 - - [09/Sep/2022:17:18:09 -0700] "GET //world/russ/dnepro.html HTTP/1.1" 200 439 "-" "Mozilla/5.0 (compatible; MJ12bot/v1.4.8; http://mj12bot.com/)" "ysfine.com"
209.209.11.236 - - [09/Sep/2022:17:18:11 -0700] "GET //world/russ/dnepro.html HTTP/1.1" 200 439 "-" "Mozilla/5.0 (compatible; MJ12bot/v1.4.8; http://mj12bot.com/)" "ysfine.com"
209.209.11.236 - - [09/Sep/2022:17:18:14 -0700] "GET //world/russ/filippov.html HTTP/1.1" 200 488 "-" "Mozilla/5.0 (compatible; MJ12bot/v1.4.8; http://mj12bot.com/)" "ysfine.com"
209.209.11.236 - - [09/Sep/2022:17:18:16 -0700] "GET //world/russ/filippov.html HTTP/1.1" 200 488 "-" "Mozilla/5.0 (compatible; MJ12bot/v1.4.8; http://mj12bot.com/)" "ysfine.com"
209.209.11.236 - - [09/Sep/2022:17:18:18 -0700] "GET //world/russ/khahi.html HTTP/1.1" 200 747 "-" "Mozilla/5.0 (compatible; MJ12bot/v1.4.8; http://mj12bot.com/)" "ysfine.com"
209.209.11.236 - - [09/Sep/2022:17:18:20 -0700] "GET //world/russ/khahi.html HTTP/1.1" 200 747 "-" "Mozilla/5.0 (compatible; MJ12bot/v1.4.8; http://mj12bot.com/)" "ysfine.com"
209.209.11.236 - - [09/Sep/2022:17:18:23 -0700] "GET //world/russ/minskwagon.html HTTP/1.1" 200 316 "-" "Mozilla/5.0 (compatible; MJ12bot/v1.4.8; http://mj12bot.com/)" "ysfine.com"
209.209.11.236 - - [09/Sep/2022:17:18:24 -0700] "GET //world/russ/minskwagon.html HTTP/1.1" 200 316 "-" "Mozilla/5.0 (compatible; MJ12bot/v1.4.8; http://mj12bot.com/)" "ysfine.com"
209.209.11.236 - - [09/Sep/2022:17:18:27 -0700] "GET //world/russ/mosriver.html HTTP/1.1" 200 446 "-" "Mozilla/5.0 (compatible; MJ12bot/v1.4.8; http://mj12bot.com/)" "ysfine.com"
209.209.11.236 - - [09/Sep/2022:17:18:29 -0700] "GET //world/russ/mosriver.html HTTP/1.1" 200 446 "-" "Mozilla/5.0 (compatible; MJ12bot/v1.4.8; http://mj12bot.com/)" "ysfine.com"
209.209.11.236 - - [09/Sep/2022:17:18:32 -0700] "GET //world/russ/petrovbio.html HTTP/1.1" 200 6395 "-" "Mozilla/5.0 (compatible; MJ12bot/v1.4.8; http://mj12bot.com/)" "ysfine.com"
209.209.11.236 - - [09/Sep/2022:17:18:33 -0700] "GET //world/russ/petrovbio.html HTTP/1.1" 200 6395 "-" "Mozilla/5.0 (compatible; MJ12bot/v1.4.8; http://mj12bot.com/)" "ysfine.com"
209.209.11.236 - - [09/Sep/2022:17:18:36 -0700] "GET //world/russ/promotion.html HTTP/1.1" 200 438 "-" "Mozilla/5.0 (compatible; MJ12bot/v1.4.8; http://mj12bot.com/)" "ysfine.com"
209.209.11.236 - - [09/Sep/2022:17:18:38 -0700] "GET //world/russ/promotion.html HTTP/1.1" 200 438 "-" "Mozilla/5.0 (compatible; MJ12bot/v1.4.8; http://mj12bot.com/)" "ysfine.com"
40.77.167.35 - - [09/Sep/2022:17:18:39 -0700] "GET /houses/etaylor.jpg HTTP/1.1" 200 81116 "-" "Mozilla/5.0 (compatible; bingbot/2.0; +http://www.bing.com/bingbot.htm)" "ysfine.com"
209.209.11.236 - - [09/Sep/2022:17:18:39 -0700] "GET //world/russ/proudm.html HTTP/1.1" 200 696 "-" "Mozilla/5.0 (compatible; MJ12bot/v1.4.8; http://mj12bot.com/)" "ysfine.com"
209.209.11.236 - - [09/Sep/2022:17:18:40 -0700] "GET //world/russ/spbpiano.html HTTP/1.1" 200 1667 "-" "Mozilla/5.0 (compatible; MJ12bot/v1.4.8; http://mj12bot.com/)" "ysfine.com"
209.209.11.236 - - [09/Sep/2022:17:18:43 -0700] "GET //world/russ/twosist.html HTTP/1.1" 200 400 "-" "Mozilla/5.0 (compatible; MJ12bot/v1.4.8; http://mj12bot.com/)" "ysfine.com"
209.209.11.236 - - [09/Sep/2022:17:18:45 -0700] "GET //world/russ/twosist.html HTTP/1.1" 200 400 "-" "Mozilla/5.0 (compatible; MJ12bot/v1.4.8; http://mj12bot.com/)" "ysfine.com"
209.209.11.236 - - [09/Sep/2022:17:18:48 -0700] "GET //world/scandi/copenhi.html HTTP/1.1" 200 377 "-" "Mozilla/5.0 (compatible; MJ12bot/v1.4.8; http://mj12bot.com/)" "ysfine.com"
209.209.11.236 - - [09/Sep/2022:17:18:50 -0700] "GET //world/scandi/copenhi.html HTTP/1.1" 200 377 "-" "Mozilla/5.0 (compatible; MJ12bot/v1.4.8; http://mj12bot.com/)" "ysfine.com"
209.209.11.236 - - [09/Sep/2022:17:18:52 -0700] "GET //world/trier.html HTTP/1.1" 200 6488 "-" "Mozilla/5.0 (compatible; MJ12bot/v1.4.8; http://mj12bot.com/)" "ysfine.com"
209.209.11.236 - - [09/Sep/2022:17:18:55 -0700] "GET //world/wd22.html HTTP/1.1" 200 120 "-" "Mozilla/5.0 (compatible; MJ12bot/v1.4.8; http://mj12bot.com/)" "ysfine.com"
209.209.11.236 - - [09/Sep/2022:17:18:57 -0700] "GET //world/wd22.html HTTP/1.1" 200 120 "-" "Mozilla/5.0 (compatible; MJ12bot/v1.4.8; http://mj12bot.com/)" "ysfine.com"
209.209.11.236 - - [09/Sep/2022:17:19:00 -0700] "GET //world/wdbot.html HTTP/1.1" 200 131 "-" "Mozilla/5.0 (compatible; MJ12bot/v1.4.8; http://mj12bot.com/)" "ysfine.com"
209.209.11.236 - - [09/Sep/2022:17:19:02 -0700] "GET //world/wdbot.html HTTP/1.1" 200 131 "-" "Mozilla/5.0 (compatible; MJ12bot/v1.4.8; http://mj12bot.com/)" "ysfine.com"
209.209.11.236 - - [09/Sep/2022:17:19:03 -0700] "GET //world/wdleft.html HTTP/1.1" 200 610 "-" "Mozilla/5.0 (compatible; MJ12bot/v1.4.8; http://mj12bot.com/)" "ysfine.com"
209.209.11.236 - - [09/Sep/2022:17:19:06 -0700] "GET //world/wdrigh.html HTTP/1.1" 200 2217 "-" "Mozilla/5.0 (compatible; MJ12bot/v1.4.8; http://mj12bot.com/)" "ysfine.com"
209.209.11.236 - - [09/Sep/2022:17:19:08 -0700] "GET //world/wdrigh.html HTTP/1.1" 200 2217 "-" "Mozilla/5.0 (compatible; MJ12bot/v1.4.8; http://mj12bot.com/)" "ysfine.com"
209.209.11.236 - - [09/Sep/2022:17:19:11 -0700] "GET //world/wdtop.html HTTP/1.1" 200 388 "-" "Mozilla/5.0 (compatible; MJ12bot/v1.4.8; http://mj12bot.com/)" "ysfine.com"
209.209.11.236 - - [09/Sep/2022:17:19:12 -0700] "GET //world/wdtop.html HTTP/1.1" 200 388 "-" "Mozilla/5.0 (compatible; MJ12bot/v1.4.8; http://mj12bot.com/)" "ysfine.com"
209.209.11.236 - - [09/Sep/2022:17:19:14 -0700] "GET //world/ysworld.html HTTP/1.1" 200 3195 "-" "Mozilla/5.0 (compatible; MJ12bot/v1.4.8; http://mj12bot.com/)" "ysfine.com"
