185.191.171.23 - - [08/Sep/2022:21:55:02 -0700] "GET /class54/class5470/total_data/sub_368.htm HTTP/1.1" 200 3316 "-" "Mozilla/5.0 (compatible; SemrushBot/7~bl; +http://www.semrush.com/bot.html)" "ysfine.com"
107.178.231.224 - - [08/Sep/2022:21:55:48 -0700] "GET /ads.txt HTTP/1.1" 404 73 "-" "IAB-Tech-Lab" "ysfine.com"
107.178.231.224 - - [08/Sep/2022:21:55:49 -0700] "GET /ads.txt HTTP/1.1" 404 73 "-" "IAB-Tech-Lab" "ysfine.com"
157.55.39.146 - - [08/Sep/2022:21:56:25 -0700] "GET /kobak/underw06.jpg HTTP/1.1" 200 250879 "-" "Mozilla/5.0 (compatible; bingbot/2.0; +http://www.bing.com/bingbot.htm)" "ysfine.com"
103.119.35.116 - - [08/Sep/2022:21:58:11 -0700] "GET /feynman/feydirac.jpg HTTP/1.1" 200 98378 "https://www.google.com/" "Mozilla/5.0 (Macintosh; Intel Mac OS X 10_15_7) AppleWebKit/537.36 (KHTML, like Gecko) Chrome/104.0.0.0 Safari/537.36" "ysfine.com"
40.77.167.27 - - [08/Sep/2022:21:58:19 -0700] "GET /wdc/jeffm08.jpg HTTP/1.1" 200 82292 "-" "Mozilla/5.0 (compatible; bingbot/2.0; +http://www.bing.com/bingbot.htm)" "ysfine.com"
103.119.35.116 - - [08/Sep/2022:21:59:04 -0700] "GET /feynman/feygell22c.jpg HTTP/1.1" 200 28834 "https://www.google.com/" "Mozilla/5.0 (Macintosh; Intel Mac OS X 10_15_7) AppleWebKit/537.36 (KHTML, like Gecko) Chrome/104.0.0.0 Safari/537.36" "ysfine.com"
103.119.35.116 - - [08/Sep/2022:21:59:44 -0700] "GET /feynman/feybial.jpg HTTP/1.1" 200 56284 "https://www.google.com/" "Mozilla/5.0 (Macintosh; Intel Mac OS X 10_15_7) AppleWebKit/537.36 (KHTML, like Gecko) Chrome/104.0.0.0 Safari/537.36" "ysfine.com"
157.55.39.146 - - [08/Sep/2022:22:01:15 -0700] "GET /world/poland/poznanf11b.jpg HTTP/1.1" 200 48822 "-" "Mozilla/5.0 (compatible; bingbot/2.0; +http://www.bing.com/bingbot.htm)" "www.ysfine.com"
157.55.39.146 - - [08/Sep/2022:22:01:24 -0700] "GET /world/baltic/tallin91.jpg HTTP/1.1" 200 120771 "-" "Mozilla/5.0 (compatible; bingbot/2.0; +http://www.bing.com/bingbot.htm)" "ysfine.com"
40.77.167.28 - - [08/Sep/2022:22:01:38 -0700] "GET /feynman/fc3.jpg HTTP/1.1" 200 89365 "-" "Mozilla/5.0 (compatible; bingbot/2.0; +http://www.bing.com/bingbot.htm)" "www.ysfine.com"
157.55.39.146 - - [08/Sep/2022:22:02:25 -0700] "GET /style/music/liszt06.jpg HTTP/1.1" 200 119697 "-" "Mozilla/5.0 (compatible; bingbot/2.0; +http://www.bing.com/bingbot.htm)" "ysfine.com"
175.176.15.154 - - [08/Sep/2022:22:03:30 -0700] "GET /kowar/mil/tank03.jpg HTTP/1.1" 404 88 "https://www.google.com/" "Mozilla/5.0 (Windows NT 10.0; Win64; x64) AppleWebKit/537.36 (KHTML, like Gecko) Chrome/105.0.0.0 Safari/537.36" "ysfine.com"
173.73.80.118 - - [08/Sep/2022:22:04:05 -0700] "GET /home/bio44.html?fbclid=IwAR3sGe6canRr_Yqckrvj2AnpYLBZs0UbJKpeJ_TCIhF9gOGglgzul2HWq_E HTTP/1.1" 200 14051 "https://m.facebook.com/" "Mozilla/5.0 (Linux; Android 5.1.1; KFSUWI) AppleWebKit/537.36 (KHTML, like Gecko) Silk/102.4.13 like Chrome/102.0.5005.171 Safari/537.36" "ysfine.com"
173.73.80.118 - - [08/Sep/2022:22:04:05 -0700] "GET /home/pgh/steelm01b.jpg HTTP/1.1" 200 24193 "https://ysfine.com/home/bio44.html?fbclid=IwAR3sGe6canRr_Yqckrvj2AnpYLBZs0UbJKpeJ_TCIhF9gOGglgzul2HWq_E" "Mozilla/5.0 (Linux; Android 5.1.1; KFSUWI) AppleWebKit/537.36 (KHTML, like Gecko) Silk/102.4.13 like Chrome/102.0.5005.171 Safari/537.36" "ysfine.com"
173.73.80.118 - - [08/Sep/2022:22:04:05 -0700] "GET /home/pgh/steelm02b.jpg HTTP/1.1" 200 27600 "https://ysfine.com/home/bio44.html?fbclid=IwAR3sGe6canRr_Yqckrvj2AnpYLBZs0UbJKpeJ_TCIhF9gOGglgzul2HWq_E" "Mozilla/5.0 (Linux; Android 5.1.1; KFSUWI) AppleWebKit/537.36 (KHTML, like Gecko) Silk/102.4.13 like Chrome/102.0.5005.171 Safari/537.36" "ysfine.com"
173.73.80.118 - - [08/Sep/2022:22:04:05 -0700] "GET /home/pgh/oldterm22b.jpg HTTP/1.1" 200 24276 "https://ysfine.com/home/bio44.html?fbclid=IwAR3sGe6canRr_Yqckrvj2AnpYLBZs0UbJKpeJ_TCIhF9gOGglgzul2HWq_E" "Mozilla/5.0 (Linux; Android 5.1.1; KFSUWI) AppleWebKit/537.36 (KHTML, like Gecko) Silk/102.4.13 like Chrome/102.0.5005.171 Safari/537.36" "ysfine.com"
173.73.80.118 - - [08/Sep/2022:22:04:05 -0700] "GET /home/pgh/oldterm33b.jpg HTTP/1.1" 200 32151 "https://ysfine.com/home/bio44.html?fbclid=IwAR3sGe6canRr_Yqckrvj2AnpYLBZs0UbJKpeJ_TCIhF9gOGglgzul2HWq_E" "Mozilla/5.0 (Linux; Android 5.1.1; KFSUWI) AppleWebKit/537.36 (KHTML, like Gecko) Silk/102.4.13 like Chrome/102.0.5005.171 Safari/537.36" "ysfine.com"
173.73.80.118 - - [08/Sep/2022:22:04:05 -0700] "GET /home/pgh/strcar2.jpg HTTP/1.1" 200 37764 "https://ysfine.com/home/bio44.html?fbclid=IwAR3sGe6canRr_Yqckrvj2AnpYLBZs0UbJKpeJ_TCIhF9gOGglgzul2HWq_E" "Mozilla/5.0 (Linux; Android 5.1.1; KFSUWI) AppleWebKit/537.36 (KHTML, like Gecko) Silk/102.4.13 like Chrome/102.0.5005.171 Safari/537.36" "ysfine.com"
173.73.80.118 - - [08/Sep/2022:22:04:05 -0700] "GET /home/pgh/pghrail11b.jpg HTTP/1.1" 200 30494 "https://ysfine.com/home/bio44.html?fbclid=IwAR3sGe6canRr_Yqckrvj2AnpYLBZs0UbJKpeJ_TCIhF9gOGglgzul2HWq_E" "Mozilla/5.0 (Linux; Android 5.1.1; KFSUWI) AppleWebKit/537.36 (KHTML, like Gecko) Silk/102.4.13 like Chrome/102.0.5005.171 Safari/537.36" "ysfine.com"
173.73.80.118 - - [08/Sep/2022:22:04:05 -0700] "GET /home/pgh/kerry11b.jpg HTTP/1.1" 200 29670 "https://ysfine.com/home/bio44.html?fbclid=IwAR3sGe6canRr_Yqckrvj2AnpYLBZs0UbJKpeJ_TCIhF9gOGglgzul2HWq_E" "Mozilla/5.0 (Linux; Android 5.1.1; KFSUWI) AppleWebKit/537.36 (KHTML, like Gecko) Silk/102.4.13 like Chrome/102.0.5005.171 Safari/537.36" "ysfine.com"
173.73.80.118 - - [08/Sep/2022:22:04:05 -0700] "GET /home/pgh/kwkpgh01b.jpg HTTP/1.1" 200 48537 "https://ysfine.com/home/bio44.html?fbclid=IwAR3sGe6canRr_Yqckrvj2AnpYLBZs0UbJKpeJ_TCIhF9gOGglgzul2HWq_E" "Mozilla/5.0 (Linux; Android 5.1.1; KFSUWI) AppleWebKit/537.36 (KHTML, like Gecko) Silk/102.4.13 like Chrome/102.0.5005.171 Safari/537.36" "ysfine.com"
173.73.80.118 - - [08/Sep/2022:22:04:05 -0700] "GET /home/pgh/gonew2.jpg HTTP/1.1" 200 50575 "https://ysfine.com/home/bio44.html?fbclid=IwAR3sGe6canRr_Yqckrvj2AnpYLBZs0UbJKpeJ_TCIhF9gOGglgzul2HWq_E" "Mozilla/5.0 (Linux; Android 5.1.1; KFSUWI) AppleWebKit/537.36 (KHTML, like Gecko) Silk/102.4.13 like Chrome/102.0.5005.171 Safari/537.36" "ysfine.com"
173.73.80.118 - - [08/Sep/2022:22:04:05 -0700] "GET /home/pgh/yspgh58b.jpg HTTP/1.1" 200 37403 "https://ysfine.com/home/bio44.html?fbclid=IwAR3sGe6canRr_Yqckrvj2AnpYLBZs0UbJKpeJ_TCIhF9gOGglgzul2HWq_E" "Mozilla/5.0 (Linux; Android 5.1.1; KFSUWI) AppleWebKit/537.36 (KHTML, like Gecko) Silk/102.4.13 like Chrome/102.0.5005.171 Safari/537.36" "ysfine.com"
173.73.80.118 - - [08/Sep/2022:22:04:05 -0700] "GET /home/pgh/knee22b.jpg HTTP/1.1" 200 43403 "https://ysfine.com/home/bio44.html?fbclid=IwAR3sGe6canRr_Yqckrvj2AnpYLBZs0UbJKpeJ_TCIhF9gOGglgzul2HWq_E" "Mozilla/5.0 (Linux; Android 5.1.1; KFSUWI) AppleWebKit/537.36 (KHTML, like Gecko) Silk/102.4.13 like Chrome/102.0.5005.171 Safari/537.36" "ysfine.com"
173.73.80.118 - - [08/Sep/2022:22:04:05 -0700] "GET /home/pgh/knee11b.jpg HTTP/1.1" 200 37513 "https://ysfine.com/home/bio44.html?fbclid=IwAR3sGe6canRr_Yqckrvj2AnpYLBZs0UbJKpeJ_TCIhF9gOGglgzul2HWq_E" "Mozilla/5.0 (Linux; Android 5.1.1; KFSUWI) AppleWebKit/537.36 (KHTML, like Gecko) Silk/102.4.13 like Chrome/102.0.5005.171 Safari/537.36" "ysfine.com"
173.73.80.118 - - [08/Sep/2022:22:04:05 -0700] "GET /home/pgh/sbk57b.jpg HTTP/1.1" 200 29223 "https://ysfine.com/home/bio44.html?fbclid=IwAR3sGe6canRr_Yqckrvj2AnpYLBZs0UbJKpeJ_TCIhF9gOGglgzul2HWq_E" "Mozilla/5.0 (Linux; Android 5.1.1; KFSUWI) AppleWebKit/537.36 (KHTML, like Gecko) Silk/102.4.13 like Chrome/102.0.5005.171 Safari/537.36" "ysfine.com"
173.73.80.118 - - [08/Sep/2022:22:04:05 -0700] "GET /home/pgh/cmall57b.jpg HTTP/1.1" 200 34082 "https://ysfine.com/home/bio44.html?fbclid=IwAR3sGe6canRr_Yqckrvj2AnpYLBZs0UbJKpeJ_TCIhF9gOGglgzul2HWq_E" "Mozilla/5.0 (Linux; Android 5.1.1; KFSUWI) AppleWebKit/537.36 (KHTML, like Gecko) Silk/102.4.13 like Chrome/102.0.5005.171 Safari/537.36" "ysfine.com"
173.73.80.118 - - [08/Sep/2022:22:04:05 -0700] "GET /home/pgh/cyclo2.jpg HTTP/1.1" 200 37426 "https://ysfine.com/home/bio44.html?fbclid=IwAR3sGe6canRr_Yqckrvj2AnpYLBZs0UbJKpeJ_TCIhF9gOGglgzul2HWq_E" "Mozilla/5.0 (Linux; Android 5.1.1; KFSUWI) AppleWebKit/537.36 (KHTML, like Gecko) Silk/102.4.13 like Chrome/102.0.5005.171 Safari/537.36" "ysfine.com"
173.73.80.118 - - [08/Sep/2022:22:04:05 -0700] "GET /home/pgh/carnlibra03b.jpg HTTP/1.1" 200 46999 "https://ysfine.com/home/bio44.html?fbclid=IwAR3sGe6canRr_Yqckrvj2AnpYLBZs0UbJKpeJ_TCIhF9gOGglgzul2HWq_E" "Mozilla/5.0 (Linux; Android 5.1.1; KFSUWI) AppleWebKit/537.36 (KHTML, like Gecko) Silk/102.4.13 like Chrome/102.0.5005.171 Safari/537.36" "ysfine.com"
173.73.80.118 - - [08/Sep/2022:22:04:05 -0700] "GET /home/pgh/carnlibra02b.jpg HTTP/1.1" 200 45947 "https://ysfine.com/home/bio44.html?fbclid=IwAR3sGe6canRr_Yqckrvj2AnpYLBZs0UbJKpeJ_TCIhF9gOGglgzul2HWq_E" "Mozilla/5.0 (Linux; Android 5.1.1; KFSUWI) AppleWebKit/537.36 (KHTML, like Gecko) Silk/102.4.13 like Chrome/102.0.5005.171 Safari/537.36" "ysfine.com"
173.73.80.118 - - [08/Sep/2022:22:04:05 -0700] "GET /home/pgh/syriamos11b.jpg HTTP/1.1" 200 28006 "https://ysfine.com/home/bio44.html?fbclid=IwAR3sGe6canRr_Yqckrvj2AnpYLBZs0UbJKpeJ_TCIhF9gOGglgzul2HWq_E" "Mozilla/5.0 (Linux; Android 5.1.1; KFSUWI) AppleWebKit/537.36 (KHTML, like Gecko) Silk/102.4.13 like Chrome/102.0.5005.171 Safari/537.36" "ysfine.com"
173.73.80.118 - - [08/Sep/2022:22:04:05 -0700] "GET /home/pgh/pittcath05b.jpg HTTP/1.1" 200 50596 "https://ysfine.com/home/bio44.html?fbclid=IwAR3sGe6canRr_Yqckrvj2AnpYLBZs0UbJKpeJ_TCIhF9gOGglgzul2HWq_E" "Mozilla/5.0 (Linux; Android 5.1.1; KFSUWI) AppleWebKit/537.36 (KHTML, like Gecko) Silk/102.4.13 like Chrome/102.0.5005.171 Safari/537.36" "ysfine.com"
173.73.80.118 - - [08/Sep/2022:22:04:05 -0700] "GET /home/pgh/syriamos22b.jpg HTTP/1.1" 200 30783 "https://ysfine.com/home/bio44.html?fbclid=IwAR3sGe6canRr_Yqckrvj2AnpYLBZs0UbJKpeJ_TCIhF9gOGglgzul2HWq_E" "Mozilla/5.0 (Linux; Android 5.1.1; KFSUWI) AppleWebKit/537.36 (KHTML, like Gecko) Silk/102.4.13 like Chrome/102.0.5005.171 Safari/537.36" "ysfine.com"
173.73.80.118 - - [08/Sep/2022:22:04:05 -0700] "GET /home/pgh/pittcath01b.jpg HTTP/1.1" 200 44385 "https://ysfine.com/home/bio44.html?fbclid=IwAR3sGe6canRr_Yqckrvj2AnpYLBZs0UbJKpeJ_TCIhF9gOGglgzul2HWq_E" "Mozilla/5.0 (Linux; Android 5.1.1; KFSUWI) AppleWebKit/537.36 (KHTML, like Gecko) Silk/102.4.13 like Chrome/102.0.5005.171 Safari/537.36" "ysfine.com"
173.73.80.118 - - [08/Sep/2022:22:04:05 -0700] "GET /home/pgh/hugh01b.jpg HTTP/1.1" 200 629471 "https://ysfine.com/home/bio44.html?fbclid=IwAR3sGe6canRr_Yqckrvj2AnpYLBZs0UbJKpeJ_TCIhF9gOGglgzul2HWq_E" "Mozilla/5.0 (Linux; Android 5.1.1; KFSUWI) AppleWebKit/537.36 (KHTML, like Gecko) Silk/102.4.13 like Chrome/102.0.5005.171 Safari/537.36" "ysfine.com"
173.73.80.118 - - [08/Sep/2022:22:04:05 -0700] "GET /home/pgh/sliderule2.jpg HTTP/1.1" 200 26399 "https://ysfine.com/home/bio44.html?fbclid=IwAR3sGe6canRr_Yqckrvj2AnpYLBZs0UbJKpeJ_TCIhF9gOGglgzul2HWq_E" "Mozilla/5.0 (Linux; Android 5.1.1; KFSUWI) AppleWebKit/537.36 (KHTML, like Gecko) Silk/102.4.13 like Chrome/102.0.5005.171 Safari/537.36" "ysfine.com"
173.73.80.118 - - [08/Sep/2022:22:04:05 -0700] "GET /home/pgh/tririver01b.jpg HTTP/1.1" 200 33477 "https://ysfine.com/home/bio44.html?fbclid=IwAR3sGe6canRr_Yqckrvj2AnpYLBZs0UbJKpeJ_TCIhF9gOGglgzul2HWq_E" "Mozilla/5.0 (Linux; Android 5.1.1; KFSUWI) AppleWebKit/537.36 (KHTML, like Gecko) Silk/102.4.13 like Chrome/102.0.5005.171 Safari/537.36" "ysfine.com"
173.73.80.118 - - [08/Sep/2022:22:04:05 -0700] "GET /home/pgh/fortpitt02b.jpg HTTP/1.1" 200 33944 "https://ysfine.com/home/bio44.html?fbclid=IwAR3sGe6canRr_Yqckrvj2AnpYLBZs0UbJKpeJ_TCIhF9gOGglgzul2HWq_E" "Mozilla/5.0 (Linux; Android 5.1.1; KFSUWI) AppleWebKit/537.36 (KHTML, like Gecko) Silk/102.4.13 like Chrome/102.0.5005.171 Safari/537.36" "ysfine.com"
173.73.80.118 - - [08/Sep/2022:22:04:05 -0700] "GET /home/pgh/fortpitt07b.jpg HTTP/1.1" 200 54745 "https://ysfine.com/home/bio44.html?fbclid=IwAR3sGe6canRr_Yqckrvj2AnpYLBZs0UbJKpeJ_TCIhF9gOGglgzul2HWq_E" "Mozilla/5.0 (Linux; Android 5.1.1; KFSUWI) AppleWebKit/537.36 (KHTML, like Gecko) Silk/102.4.13 like Chrome/102.0.5005.171 Safari/537.36" "ysfine.com"
173.73.80.118 - - [08/Sep/2022:22:04:05 -0700] "GET /home/pgh/highland03b.jpg HTTP/1.1" 200 25113 "https://ysfine.com/home/bio44.html?fbclid=IwAR3sGe6canRr_Yqckrvj2AnpYLBZs0UbJKpeJ_TCIhF9gOGglgzul2HWq_E" "Mozilla/5.0 (Linux; Android 5.1.1; KFSUWI) AppleWebKit/537.36 (KHTML, like Gecko) Silk/102.4.13 like Chrome/102.0.5005.171 Safari/537.36" "ysfine.com"
173.73.80.118 - - [08/Sep/2022:22:04:05 -0700] "GET /home/pgh/pitbridge01b.jpg HTTP/1.1" 200 40959 "https://ysfine.com/home/bio44.html?fbclid=IwAR3sGe6canRr_Yqckrvj2AnpYLBZs0UbJKpeJ_TCIhF9gOGglgzul2HWq_E" "Mozilla/5.0 (Linux; Android 5.1.1; KFSUWI) AppleWebKit/537.36 (KHTML, like Gecko) Silk/102.4.13 like Chrome/102.0.5005.171 Safari/537.36" "ysfine.com"
173.73.80.118 - - [08/Sep/2022:22:04:05 -0700] "GET /home/pgh/mtwash02b.jpg HTTP/1.1" 200 24526 "https://ysfine.com/home/bio44.html?fbclid=IwAR3sGe6canRr_Yqckrvj2AnpYLBZs0UbJKpeJ_TCIhF9gOGglgzul2HWq_E" "Mozilla/5.0 (Linux; Android 5.1.1; KFSUWI) AppleWebKit/537.36 (KHTML, like Gecko) Silk/102.4.13 like Chrome/102.0.5005.171 Safari/537.36" "ysfine.com"
173.73.80.118 - - [08/Sep/2022:22:04:06 -0700] "GET /home/pgh/heinzfld03b.jpg HTTP/1.1" 200 604034 "https://ysfine.com/home/bio44.html?fbclid=IwAR3sGe6canRr_Yqckrvj2AnpYLBZs0UbJKpeJ_TCIhF9gOGglgzul2HWq_E" "Mozilla/5.0 (Linux; Android 5.1.1; KFSUWI) AppleWebKit/537.36 (KHTML, like Gecko) Silk/102.4.13 like Chrome/102.0.5005.171 Safari/537.36" "ysfine.com"
173.73.80.118 - - [08/Sep/2022:22:04:06 -0700] "GET /home/pgh/pitmap03b.jpg HTTP/1.1" 200 56177 "https://ysfine.com/home/bio44.html?fbclid=IwAR3sGe6canRr_Yqckrvj2AnpYLBZs0UbJKpeJ_TCIhF9gOGglgzul2HWq_E" "Mozilla/5.0 (Linux; Android 5.1.1; KFSUWI) AppleWebKit/537.36 (KHTML, like Gecko) Silk/102.4.13 like Chrome/102.0.5005.171 Safari/537.36" "ysfine.com"
173.73.80.118 - - [08/Sep/2022:22:04:06 -0700] "GET /home/pgh/donner03b.jpg HTTP/1.1" 200 44291 "https://ysfine.com/home/bio44.html?fbclid=IwAR3sGe6canRr_Yqckrvj2AnpYLBZs0UbJKpeJ_TCIhF9gOGglgzul2HWq_E" "Mozilla/5.0 (Linux; Android 5.1.1; KFSUWI) AppleWebKit/537.36 (KHTML, like Gecko) Silk/102.4.13 like Chrome/102.0.5005.171 Safari/537.36" "ysfine.com"
173.73.80.118 - - [08/Sep/2022:22:04:06 -0700] "GET /home/pgh/donner07b.jpg HTTP/1.1" 200 49625 "https://ysfine.com/home/bio44.html?fbclid=IwAR3sGe6canRr_Yqckrvj2AnpYLBZs0UbJKpeJ_TCIhF9gOGglgzul2HWq_E" "Mozilla/5.0 (Linux; Android 5.1.1; KFSUWI) AppleWebKit/537.36 (KHTML, like Gecko) Silk/102.4.13 like Chrome/102.0.5005.171 Safari/537.36" "ysfine.com"
173.73.80.118 - - [08/Sep/2022:22:04:06 -0700] "GET /home/pgh/pitcn02b.jpg HTTP/1.1" 200 34422 "https://ysfine.com/home/bio44.html?fbclid=IwAR3sGe6canRr_Yqckrvj2AnpYLBZs0UbJKpeJ_TCIhF9gOGglgzul2HWq_E" "Mozilla/5.0 (Linux; Android 5.1.1; KFSUWI) AppleWebKit/537.36 (KHTML, like Gecko) Silk/102.4.13 like Chrome/102.0.5005.171 Safari/537.36" "ysfine.com"
173.73.80.118 - - [08/Sep/2022:22:04:06 -0700] "GET /home/pgh/poli55b.jpg HTTP/1.1" 200 39961 "https://ysfine.com/home/bio44.html?fbclid=IwAR3sGe6canRr_Yqckrvj2AnpYLBZs0UbJKpeJ_TCIhF9gOGglgzul2HWq_E" "Mozilla/5.0 (Linux; Android 5.1.1; KFSUWI) AppleWebKit/537.36 (KHTML, like Gecko) Silk/102.4.13 like Chrome/102.0.5005.171 Safari/537.36" "ysfine.com"
173.73.80.118 - - [08/Sep/2022:22:04:06 -0700] "GET /home/pgh/poli33b.jpg HTTP/1.1" 200 26807 "https://ysfine.com/home/bio44.html?fbclid=IwAR3sGe6canRr_Yqckrvj2AnpYLBZs0UbJKpeJ_TCIhF9gOGglgzul2HWq_E" "Mozilla/5.0 (Linux; Android 5.1.1; KFSUWI) AppleWebKit/537.36 (KHTML, like Gecko) Silk/102.4.13 like Chrome/102.0.5005.171 Safari/537.36" "ysfine.com"
173.73.80.118 - - [08/Sep/2022:22:04:06 -0700] "GET /home/pgh/pitcn01b.jpg HTTP/1.1" 200 45484 "https://ysfine.com/home/bio44.html?fbclid=IwAR3sGe6canRr_Yqckrvj2AnpYLBZs0UbJKpeJ_TCIhF9gOGglgzul2HWq_E" "Mozilla/5.0 (Linux; Android 5.1.1; KFSUWI) AppleWebKit/537.36 (KHTML, like Gecko) Silk/102.4.13 like Chrome/102.0.5005.171 Safari/537.36" "ysfine.com"
173.73.80.118 - - [08/Sep/2022:22:04:06 -0700] "GET /home/pgh/giants55b.jpg HTTP/1.1" 200 44448 "https://ysfine.com/home/bio44.html?fbclid=IwAR3sGe6canRr_Yqckrvj2AnpYLBZs0UbJKpeJ_TCIhF9gOGglgzul2HWq_E" "Mozilla/5.0 (Linux; Android 5.1.1; KFSUWI) AppleWebKit/537.36 (KHTML, like Gecko) Silk/102.4.13 like Chrome/102.0.5005.171 Safari/537.36" "ysfine.com"
173.73.80.118 - - [08/Sep/2022:22:04:06 -0700] "GET /home/pgh/scotam2.jpg HTTP/1.1" 200 46187 "https://ysfine.com/home/bio44.html?fbclid=IwAR3sGe6canRr_Yqckrvj2AnpYLBZs0UbJKpeJ_TCIhF9gOGglgzul2HWq_E" "Mozilla/5.0 (Linux; Android 5.1.1; KFSUWI) AppleWebKit/537.36 (KHTML, like Gecko) Silk/102.4.13 like Chrome/102.0.5005.171 Safari/537.36" "ysfine.com"
173.73.80.118 - - [08/Sep/2022:22:04:06 -0700] "GET /favicon.ico HTTP/1.1" 404 88 "https://ysfine.com/home/bio44.html?fbclid=IwAR3sGe6canRr_Yqckrvj2AnpYLBZs0UbJKpeJ_TCIhF9gOGglgzul2HWq_E" "Mozilla/5.0 (Linux; Android 5.1.1; KFSUWI) AppleWebKit/537.36 (KHTML, like Gecko) Silk/102.4.13 like Chrome/102.0.5005.171 Safari/537.36" "ysfine.com"
40.77.167.27 - - [08/Sep/2022:22:04:28 -0700] "GET /world/france/montmar17.jpg HTTP/1.1" 200 268313 "-" "Mozilla/5.0 (compatible; bingbot/2.0; +http://www.bing.com/bingbot.htm)" "ysfine.com"
173.73.80.118 - - [08/Sep/2022:22:05:00 -0700] "GET /home/pgh/cmall57.jpg HTTP/1.1" 200 81506 "https://ysfine.com/home/bio44.html?fbclid=IwAR3sGe6canRr_Yqckrvj2AnpYLBZs0UbJKpeJ_TCIhF9gOGglgzul2HWq_E" "Mozilla/5.0 (Linux; Android 5.1.1; KFSUWI) AppleWebKit/537.36 (KHTML, like Gecko) Silk/102.4.13 like Chrome/102.0.5005.171 Safari/537.36" "ysfine.com"
207.126.91.4 - - [08/Sep/2022:22:05:04 -0700] "GET /kobak/dprk.jpg HTTP/1.1" 200 88014 "https://www.google.com.hk/" "Mozilla/5.0 (Macintosh; Intel Mac OS X 10_15_7) AppleWebKit/537.36 (KHTML, like Gecko) Chrome/104.0.0.0 Safari/537.36" "ysfine.com"
185.191.171.40 - - [08/Sep/2022:22:05:23 -0700] "GET /sbk/photo21.html HTTP/1.1" 200 7762 "-" "Mozilla/5.0 (compatible; SemrushBot/7~bl; +http://www.semrush.com/bot.html)" "www.ysfine.com"
207.126.91.4 - - [08/Sep/2022:22:05:36 -0700] "GET /kobak/dprk.jpg HTTP/1.1" 200 88014 "https://www.google.com.hk/" "Mozilla/5.0 (Macintosh; Intel Mac OS X 10_15_7) AppleWebKit/537.36 (KHTML, like Gecko) Chrome/104.0.0.0 Safari/537.36" "ysfine.com"
173.73.80.118 - - [08/Sep/2022:22:05:41 -0700] "GET /home/pgh/syriamos22.jpg HTTP/1.1" 200 228174 "https://ysfine.com/home/bio44.html?fbclid=IwAR3sGe6canRr_Yqckrvj2AnpYLBZs0UbJKpeJ_TCIhF9gOGglgzul2HWq_E" "Mozilla/5.0 (Linux; Android 5.1.1; KFSUWI) AppleWebKit/537.36 (KHTML, like Gecko) Silk/102.4.13 like Chrome/102.0.5005.171 Safari/537.36" "ysfine.com"
173.73.80.118 - - [08/Sep/2022:22:06:11 -0700] "GET /home/pgh/highland03.jpg HTTP/1.1" 200 116000 "https://ysfine.com/home/bio44.html?fbclid=IwAR3sGe6canRr_Yqckrvj2AnpYLBZs0UbJKpeJ_TCIhF9gOGglgzul2HWq_E" "Mozilla/5.0 (Linux; Android 5.1.1; KFSUWI) AppleWebKit/537.36 (KHTML, like Gecko) Silk/102.4.13 like Chrome/102.0.5005.171 Safari/537.36" "ysfine.com"
51.222.253.16 - - [08/Sep/2022:22:06:19 -0700] "GET /class54/class5470/total_data/sub_299.htm HTTP/1.1" 200 3386 "-" "Mozilla/5.0 (compatible; AhrefsBot/7.0; +http://ahrefs.com/robot/)" "ysfine.com"
114.119.128.154 - - [08/Sep/2022:22:07:22 -0700] "GET /ffriends/amkor/amnorl02c.jpg HTTP/1.1" 200 37588 "-" "Mozilla/5.0 (Linux; Android 7.0;) AppleWebKit/537.36 (KHTML, like Gecko) Mobile Safari/537.36 (compatible; PetalBot;+https://webmaster.petalsearch.com/site/petalbot)" "ysfine.com"
173.73.80.118 - - [08/Sep/2022:22:07:55 -0700] "GET /home/pgh/pitcn02.jpg HTTP/1.1" 200 170574 "https://ysfine.com/home/bio44.html?fbclid=IwAR3sGe6canRr_Yqckrvj2AnpYLBZs0UbJKpeJ_TCIhF9gOGglgzul2HWq_E" "Mozilla/5.0 (Linux; Android 5.1.1; KFSUWI) AppleWebKit/537.36 (KHTML, like Gecko) Silk/102.4.13 like Chrome/102.0.5005.171 Safari/537.36" "ysfine.com"
114.119.128.154 - - [08/Sep/2022:22:08:48 -0700] "GET /wdc/umdbarn12.jpg HTTP/1.1" 404 88 "-" "Mozilla/5.0 (Linux; Android 7.0;) AppleWebKit/537.36 (KHTML, like Gecko) Mobile Safari/537.36 (compatible; PetalBot;+https://webmaster.petalsearch.com/site/petalbot)" "ysfine.com"
40.77.167.35 - - [08/Sep/2022:22:09:31 -0700] "GET /wdc/umd03b.jpg HTTP/1.1" 200 34740 "-" "Mozilla/5.0 AppleWebKit/537.36 (KHTML, like Gecko; compatible; bingbot/2.0; +http://www.bing.com/bingbot.htm) Chrome/103.0.5060.134 Safari/537.36" "ysfine.com"
173.73.80.118 - - [08/Sep/2022:22:09:57 -0700] "GET /home/pgh/pghrail11.jpg HTTP/1.1" 200 142534 "https://ysfine.com/home/bio44.html?fbclid=IwAR3sGe6canRr_Yqckrvj2AnpYLBZs0UbJKpeJ_TCIhF9gOGglgzul2HWq_E" "Mozilla/5.0 (Linux; Android 5.1.1; KFSUWI) AppleWebKit/537.36 (KHTML, like Gecko) Silk/102.4.13 like Chrome/102.0.5005.171 Safari/537.36" "ysfine.com"
114.119.128.158 - - [08/Sep/2022:22:10:08 -0700] "GET /kowar/mil/sherman44b.jpg HTTP/1.1" 404 88 "-" "Mozilla/5.0 (Linux; Android 7.0;) AppleWebKit/537.36 (KHTML, like Gecko) Mobile Safari/537.36 (compatible; PetalBot;+https://webmaster.petalsearch.com/site/petalbot)" "ysfine.com"
114.119.128.162 - - [08/Sep/2022:22:11:32 -0700] "GET /awards/iao.html HTTP/1.1" 200 2748 "-" "Mozilla/5.0 (Linux; Android 7.0;) AppleWebKit/537.36 (KHTML, like Gecko) Mobile Safari/537.36 (compatible; PetalBot;+https://webmaster.petalsearch.com/site/petalbot)" "ysfine.com"
157.55.39.146 - - [08/Sep/2022:22:11:46 -0700] "GET /world/ital/padova22.jpg HTTP/1.1" 200 80257 "-" "Mozilla/5.0 (compatible; bingbot/2.0; +http://www.bing.com/bingbot.htm)" "ysfine.com"
40.77.167.27 - - [08/Sep/2022:22:11:59 -0700] "GET /world/poland/sienkiew01.jpg HTTP/1.1" 200 309035 "-" "Mozilla/5.0 (compatible; bingbot/2.0; +http://www.bing.com/bingbot.htm)" "ysfine.com"
40.77.167.28 - - [08/Sep/2022:22:12:50 -0700] "GET /world/russ/basil05.jpg HTTP/1.1" 200 80836 "-" "Mozilla/5.0 (compatible; bingbot/2.0; +http://www.bing.com/bingbot.htm)" "ysfine.com"
114.119.128.162 - - [08/Sep/2022:22:12:53 -0700] "GET /ffriends/aline/northwes03c.jpg HTTP/1.1" 200 44263 "-" "Mozilla/5.0 (Linux; Android 7.0;) AppleWebKit/537.36 (KHTML, like Gecko) Mobile Safari/537.36 (compatible; PetalBot;+https://webmaster.petalsearch.com/site/petalbot)" "ysfine.com"
173.73.80.118 - - [08/Sep/2022:22:12:55 -0700] "GET /home/pgh/carnlibra02.jpg HTTP/1.1" 200 156354 "https://ysfine.com/home/bio44.html?fbclid=IwAR3sGe6canRr_Yqckrvj2AnpYLBZs0UbJKpeJ_TCIhF9gOGglgzul2HWq_E" "Mozilla/5.0 (Linux; Android 5.1.1; KFSUWI) AppleWebKit/537.36 (KHTML, like Gecko) Silk/102.4.13 like Chrome/102.0.5005.171 Safari/537.36" "ysfine.com"
173.73.80.118 - - [08/Sep/2022:22:13:26 -0700] "GET /home/pgh/steelm02.jpg HTTP/1.1" 200 122294 "https://ysfine.com/home/bio44.html?fbclid=IwAR3sGe6canRr_Yqckrvj2AnpYLBZs0UbJKpeJ_TCIhF9gOGglgzul2HWq_E" "Mozilla/5.0 (Linux; Android 5.1.1; KFSUWI) AppleWebKit/537.36 (KHTML, like Gecko) Silk/102.4.13 like Chrome/102.0.5005.171 Safari/537.36" "ysfine.com"
185.191.171.44 - - [08/Sep/2022:22:13:27 -0700] "GET /class54/class5470/total_data/sub_775.htm HTTP/1.1" 200 3289 "-" "Mozilla/5.0 (compatible; SemrushBot/7~bl; +http://www.semrush.com/bot.html)" "www.ysfine.com"
40.77.167.35 - - [08/Sep/2022:22:13:40 -0700] "GET /feynman/feyn70b.jpg HTTP/1.1" 200 17231 "-" "Mozilla/5.0 AppleWebKit/537.36 (KHTML, like Gecko; compatible; bingbot/2.0; +http://www.bing.com/bingbot.htm) Chrome/103.0.5060.134 Safari/537.36" "ysfine.com"
114.119.128.154 - - [08/Sep/2022:22:14:20 -0700] "GET /class54/class5470/total_data/sub_805.htm HTTP/1.1" 200 3558 "-" "Mozilla/5.0 (Linux; Android 7.0;) AppleWebKit/537.36 (KHTML, like Gecko) Mobile Safari/537.36 (compatible; PetalBot;+https://webmaster.petalsearch.com/site/petalbot)" "ysfine.com"
114.119.128.154 - - [08/Sep/2022:22:15:43 -0700] "GET /ffriends/amkor/ewha06c.jpg HTTP/1.1" 200 39575 "-" "Mozilla/5.0 (Linux; Android 7.0;) AppleWebKit/537.36 (KHTML, like Gecko) Mobile Safari/537.36 (compatible; PetalBot;+https://webmaster.petalsearch.com/site/petalbot)" "ysfine.com"
222.122.190.50 - - [08/Sep/2022:22:15:52 -0700] "GET / HTTP/1.1" 200 15910 "-" "Mozilla/5.0 (Windows NT 10.0; ZumBot/1.0; Win64; x64) AppleWebKit/537.36 (KHTML, like Gecko) Chrome/79.0.3945.130 Safari/537.36" "ysfine.com"
222.122.190.50 - - [08/Sep/2022:22:15:53 -0700] "GET / HTTP/1.1" 200 15910 "-" "Mozilla/5.0 (Windows NT 10.0; ZumBot/1.0; Win64; x64) AppleWebKit/537.36 (KHTML, like Gecko) Chrome/79.0.3945.130 Safari/537.36" "ysfine.com"
173.73.80.118 - - [08/Sep/2022:22:16:04 -0700] "GET /people/morningstar.jpg HTTP/1.1" 200 82131 "https://ysfine.com/home/bio44.html?fbclid=IwAR3sGe6canRr_Yqckrvj2AnpYLBZs0UbJKpeJ_TCIhF9gOGglgzul2HWq_E" "Mozilla/5.0 (Linux; Android 5.1.1; KFSUWI) AppleWebKit/537.36 (KHTML, like Gecko) Silk/102.4.13 like Chrome/102.0.5005.171 Safari/537.36" "ysfine.com"
157.55.39.146 - - [08/Sep/2022:22:16:06 -0700] "GET /sbk/1998berlin11.jpg HTTP/1.1" 200 111141 "-" "Mozilla/5.0 (compatible; bingbot/2.0; +http://www.bing.com/bingbot.htm)" "www.ysfine.com"
40.77.167.33 - - [08/Sep/2022:22:16:22 -0700] "GET /philo/pontdg10c.jpg HTTP/1.1" 200 48696 "-" "Mozilla/5.0 (compatible; bingbot/2.0; +http://www.bing.com/bingbot.htm)" "www.ysfine.com"
66.249.70.4 - - [08/Sep/2022:22:16:24 -0700] "GET /einstein/places/einmu17.jpg HTTP/1.1" 200 67347 "-" "Googlebot-Image/1.0" "ysfine.com"
114.119.128.154 - - [08/Sep/2022:22:17:05 -0700] "GET /ffriends/chinvien11b.jpg HTTP/1.1" 200 45727 "-" "Mozilla/5.0 (Linux; Android 7.0;) AppleWebKit/537.36 (KHTML, like Gecko) Mobile Safari/537.36 (compatible; PetalBot;+https://webmaster.petalsearch.com/site/petalbot)" "ysfine.com"
66.249.70.30 - - [08/Sep/2022:22:17:07 -0700] "GET /princeton/brooke04.jpg HTTP/1.1" 304 - "-" "Googlebot-Image/1.0" "ysfine.com"
173.73.80.118 - - [08/Sep/2022:22:17:15 -0700] "GET /usca/pgh22.html HTTP/1.1" 200 11312 "https://ysfine.com/home/bio44.html?fbclid=IwAR3sGe6canRr_Yqckrvj2AnpYLBZs0UbJKpeJ_TCIhF9gOGglgzul2HWq_E" "Mozilla/5.0 (Linux; Android 5.1.1; KFSUWI) AppleWebKit/537.36 (KHTML, like Gecko) Silk/102.4.13 like Chrome/102.0.5005.171 Safari/537.36" "ysfine.com"
173.73.80.118 - - [08/Sep/2022:22:17:15 -0700] "GET /usca/pitt/gw01b.jpg HTTP/1.1" 200 21992 "https://ysfine.com/usca/pgh22.html" "Mozilla/5.0 (Linux; Android 5.1.1; KFSUWI) AppleWebKit/537.36 (KHTML, like Gecko) Silk/102.4.13 like Chrome/102.0.5005.171 Safari/537.36" "ysfine.com"
173.73.80.118 - - [08/Sep/2022:22:17:15 -0700] "GET /usca/pitt/pitmap02b.jpg HTTP/1.1" 200 21396 "https://ysfine.com/usca/pgh22.html" "Mozilla/5.0 (Linux; Android 5.1.1; KFSUWI) AppleWebKit/537.36 (KHTML, like Gecko) Silk/102.4.13 like Chrome/102.0.5005.171 Safari/537.36" "ysfine.com"
173.73.80.118 - - [08/Sep/2022:22:17:15 -0700] "GET /usca/pitt/fortpitt08b.jpg HTTP/1.1" 200 55961 "https://ysfine.com/usca/pgh22.html" "Mozilla/5.0 (Linux; Android 5.1.1; KFSUWI) AppleWebKit/537.36 (KHTML, like Gecko) Silk/102.4.13 like Chrome/102.0.5005.171 Safari/537.36" "ysfine.com"
173.73.80.118 - - [08/Sep/2022:22:17:15 -0700] "GET /usca/pitt/fortpitt06b.jpg HTTP/1.1" 200 52725 "https://ysfine.com/usca/pgh22.html" "Mozilla/5.0 (Linux; Android 5.1.1; KFSUWI) AppleWebKit/537.36 (KHTML, like Gecko) Silk/102.4.13 like Chrome/102.0.5005.171 Safari/537.36" "ysfine.com"
173.73.80.118 - - [08/Sep/2022:22:17:15 -0700] "GET /usca/pitt/fortpitt03b.jpg HTTP/1.1" 200 34700 "https://ysfine.com/usca/pgh22.html" "Mozilla/5.0 (Linux; Android 5.1.1; KFSUWI) AppleWebKit/537.36 (KHTML, like Gecko) Silk/102.4.13 like Chrome/102.0.5005.171 Safari/537.36" "ysfine.com"
173.73.80.118 - - [08/Sep/2022:22:17:15 -0700] "GET /usca/pitt/fortpitt09b.jpg HTTP/1.1" 200 35987 "https://ysfine.com/usca/pgh22.html" "Mozilla/5.0 (Linux; Android 5.1.1; KFSUWI) AppleWebKit/537.36 (KHTML, like Gecko) Silk/102.4.13 like Chrome/102.0.5005.171 Safari/537.36" "ysfine.com"
173.73.80.118 - - [08/Sep/2022:22:17:15 -0700] "GET /wdc/capitol01b.jpg HTTP/1.1" 200 24723 "https://ysfine.com/usca/pgh22.html" "Mozilla/5.0 (Linux; Android 5.1.1; KFSUWI) AppleWebKit/537.36 (KHTML, like Gecko) Silk/102.4.13 like Chrome/102.0.5005.171 Safari/537.36" "ysfine.com"
173.73.80.118 - - [08/Sep/2022:22:17:15 -0700] "GET /wdc/vernon01b.jpg HTTP/1.1" 200 35297 "https://ysfine.com/usca/pgh22.html" "Mozilla/5.0 (Linux; Android 5.1.1; KFSUWI) AppleWebKit/537.36 (KHTML, like Gecko) Silk/102.4.13 like Chrome/102.0.5005.171 Safari/537.36" "ysfine.com"
173.73.80.118 - - [08/Sep/2022:22:17:15 -0700] "GET /wdc/washmo12b.jpg HTTP/1.1" 200 29326 "https://ysfine.com/usca/pgh22.html" "Mozilla/5.0 (Linux; Android 5.1.1; KFSUWI) AppleWebKit/537.36 (KHTML, like Gecko) Silk/102.4.13 like Chrome/102.0.5005.171 Safari/537.36" "ysfine.com"
173.73.80.118 - - [08/Sep/2022:22:17:15 -0700] "GET /usca/pitt/mellon11b.jpg HTTP/1.1" 200 27862 "https://ysfine.com/usca/pgh22.html" "Mozilla/5.0 (Linux; Android 5.1.1; KFSUWI) AppleWebKit/537.36 (KHTML, like Gecko) Silk/102.4.13 like Chrome/102.0.5005.171 Safari/537.36" "ysfine.com"
173.73.80.118 - - [08/Sep/2022:22:17:15 -0700] "GET /wdc/jfk01b.jpg HTTP/1.1" 200 32933 "https://ysfine.com/usca/pgh22.html" "Mozilla/5.0 (Linux; Android 5.1.1; KFSUWI) AppleWebKit/537.36 (KHTML, like Gecko) Silk/102.4.13 like Chrome/102.0.5005.171 Safari/537.36" "ysfine.com"
173.73.80.118 - - [08/Sep/2022:22:17:15 -0700] "GET /usca/pitt/mellon21b.jpg HTTP/1.1" 200 41063 "https://ysfine.com/usca/pgh22.html" "Mozilla/5.0 (Linux; Android 5.1.1; KFSUWI) AppleWebKit/537.36 (KHTML, like Gecko) Silk/102.4.13 like Chrome/102.0.5005.171 Safari/537.36" "ysfine.com"
173.73.80.118 - - [08/Sep/2022:22:17:15 -0700] "GET /wdc/treasury01b.jpg HTTP/1.1" 200 36911 "https://ysfine.com/usca/pgh22.html" "Mozilla/5.0 (Linux; Android 5.1.1; KFSUWI) AppleWebKit/537.36 (KHTML, like Gecko) Silk/102.4.13 like Chrome/102.0.5005.171 Safari/537.36" "ysfine.com"
173.73.80.118 - - [08/Sep/2022:22:17:15 -0700] "GET /wdc/nga12b.jpg HTTP/1.1" 200 37109 "https://ysfine.com/usca/pgh22.html" "Mozilla/5.0 (Linux; Android 5.1.1; KFSUWI) AppleWebKit/537.36 (KHTML, like Gecko) Silk/102.4.13 like Chrome/102.0.5005.171 Safari/537.36" "ysfine.com"
173.73.80.118 - - [08/Sep/2022:22:17:15 -0700] "GET /wdc/nga07b.jpg HTTP/1.1" 200 31781 "https://ysfine.com/usca/pgh22.html" "Mozilla/5.0 (Linux; Android 5.1.1; KFSUWI) AppleWebKit/537.36 (KHTML, like Gecko) Silk/102.4.13 like Chrome/102.0.5005.171 Safari/537.36" "ysfine.com"
173.73.80.118 - - [08/Sep/2022:22:17:15 -0700] "GET /usca/pitt/mellon35b.jpg HTTP/1.1" 200 39498 "https://ysfine.com/usca/pgh22.html" "Mozilla/5.0 (Linux; Android 5.1.1; KFSUWI) AppleWebKit/537.36 (KHTML, like Gecko) Silk/102.4.13 like Chrome/102.0.5005.171 Safari/537.36" "ysfine.com"
173.73.80.118 - - [08/Sep/2022:22:17:15 -0700] "GET /usca/pitt/mellon32b.jpg HTTP/1.1" 200 34672 "https://ysfine.com/usca/pgh22.html" "Mozilla/5.0 (Linux; Android 5.1.1; KFSUWI) AppleWebKit/537.36 (KHTML, like Gecko) Silk/102.4.13 like Chrome/102.0.5005.171 Safari/537.36" "ysfine.com"
173.73.80.118 - - [08/Sep/2022:22:17:15 -0700] "GET /usca/pitt/westing01b.jpg HTTP/1.1" 200 22462 "https://ysfine.com/usca/pgh22.html" "Mozilla/5.0 (Linux; Android 5.1.1; KFSUWI) AppleWebKit/537.36 (KHTML, like Gecko) Silk/102.4.13 like Chrome/102.0.5005.171 Safari/537.36" "ysfine.com"
173.73.80.118 - - [08/Sep/2022:22:17:15 -0700] "GET /usca/pitt/westim11b.jpg HTTP/1.1" 200 39786 "https://ysfine.com/usca/pgh22.html" "Mozilla/5.0 (Linux; Android 5.1.1; KFSUWI) AppleWebKit/537.36 (KHTML, like Gecko) Silk/102.4.13 like Chrome/102.0.5005.171 Safari/537.36" "ysfine.com"
173.73.80.118 - - [08/Sep/2022:22:17:15 -0700] "GET /usca/pitt/westim01b.jpg HTTP/1.1" 200 39928 "https://ysfine.com/usca/pgh22.html" "Mozilla/5.0 (Linux; Android 5.1.1; KFSUWI) AppleWebKit/537.36 (KHTML, like Gecko) Silk/102.4.13 like Chrome/102.0.5005.171 Safari/537.36" "ysfine.com"
173.73.80.118 - - [08/Sep/2022:22:17:15 -0700] "GET /maga/invent/inductmo2.jpg HTTP/1.1" 200 40426 "https://ysfine.com/usca/pgh22.html" "Mozilla/5.0 (Linux; Android 5.1.1; KFSUWI) AppleWebKit/537.36 (KHTML, like Gecko) Silk/102.4.13 like Chrome/102.0.5005.171 Safari/537.36" "ysfine.com"
173.73.80.118 - - [08/Sep/2022:22:17:15 -0700] "GET /usca/pitt/westim03b.jpg HTTP/1.1" 200 45776 "https://ysfine.com/usca/pgh22.html" "Mozilla/5.0 (Linux; Android 5.1.1; KFSUWI) AppleWebKit/537.36 (KHTML, like Gecko) Silk/102.4.13 like Chrome/102.0.5005.171 Safari/537.36" "ysfine.com"
173.73.80.118 - - [08/Sep/2022:22:17:15 -0700] "GET /usca/pitt/westim02b.jpg HTTP/1.1" 200 37091 "https://ysfine.com/usca/pgh22.html" "Mozilla/5.0 (Linux; Android 5.1.1; KFSUWI) AppleWebKit/537.36 (KHTML, like Gecko) Silk/102.4.13 like Chrome/102.0.5005.171 Safari/537.36" "ysfine.com"
173.73.80.118 - - [08/Sep/2022:22:17:15 -0700] "GET /usca/pitt/kdka01b.jpg HTTP/1.1" 200 39453 "https://ysfine.com/usca/pgh22.html" "Mozilla/5.0 (Linux; Android 5.1.1; KFSUWI) AppleWebKit/537.36 (KHTML, like Gecko) Silk/102.4.13 like Chrome/102.0.5005.171 Safari/537.36" "ysfine.com"
173.73.80.118 - - [08/Sep/2022:22:17:15 -0700] "GET /usca/pitt/westifn02b.jpg HTTP/1.1" 200 58594 "https://ysfine.com/usca/pgh22.html" "Mozilla/5.0 (Linux; Android 5.1.1; KFSUWI) AppleWebKit/537.36 (KHTML, like Gecko) Silk/102.4.13 like Chrome/102.0.5005.171 Safari/537.36" "ysfine.com"
173.73.80.118 - - [08/Sep/2022:22:17:15 -0700] "GET /usca/pitt/westim09b.jpg HTTP/1.1" 200 51881 "https://ysfine.com/usca/pgh22.html" "Mozilla/5.0 (Linux; Android 5.1.1; KFSUWI) AppleWebKit/537.36 (KHTML, like Gecko) Silk/102.4.13 like Chrome/102.0.5005.171 Safari/537.36" "ysfine.com"
173.73.80.118 - - [08/Sep/2022:22:17:15 -0700] "GET /usca/pitt/carnegie01b.jpg HTTP/1.1" 200 29768 "https://ysfine.com/usca/pgh22.html" "Mozilla/5.0 (Linux; Android 5.1.1; KFSUWI) AppleWebKit/537.36 (KHTML, like Gecko) Silk/102.4.13 like Chrome/102.0.5005.171 Safari/537.36" "ysfine.com"
173.73.80.118 - - [08/Sep/2022:22:17:15 -0700] "GET /usca/pitt/emblem01b.jpg HTTP/1.1" 200 61751 "https://ysfine.com/usca/pgh22.html" "Mozilla/5.0 (Linux; Android 5.1.1; KFSUWI) AppleWebKit/537.36 (KHTML, like Gecko) Silk/102.4.13 like Chrome/102.0.5005.171 Safari/537.36" "ysfine.com"
173.73.80.118 - - [08/Sep/2022:22:17:15 -0700] "GET /usca/pitt/hall01b.jpg HTTP/1.1" 200 36397 "https://ysfine.com/usca/pgh22.html" "Mozilla/5.0 (Linux; Android 5.1.1; KFSUWI) AppleWebKit/537.36 (KHTML, like Gecko) Silk/102.4.13 like Chrome/102.0.5005.171 Safari/537.36" "ysfine.com"
173.73.80.118 - - [08/Sep/2022:22:17:15 -0700] "GET /usca/pitt/alumin02b.jpg HTTP/1.1" 200 50569 "https://ysfine.com/usca/pgh22.html" "Mozilla/5.0 (Linux; Android 5.1.1; KFSUWI) AppleWebKit/537.36 (KHTML, like Gecko) Silk/102.4.13 like Chrome/102.0.5005.171 Safari/537.36" "ysfine.com"
173.73.80.118 - - [08/Sep/2022:22:17:15 -0700] "GET /usca/pitt/cmu80b.jpg HTTP/1.1" 200 36137 "https://ysfine.com/usca/pgh22.html" "Mozilla/5.0 (Linux; Android 5.1.1; KFSUWI) AppleWebKit/537.36 (KHTML, like Gecko) Silk/102.4.13 like Chrome/102.0.5005.171 Safari/537.36" "ysfine.com"
173.73.80.118 - - [08/Sep/2022:22:17:15 -0700] "GET /world/brit/dunf12b.jpg HTTP/1.1" 200 52267 "https://ysfine.com/usca/pgh22.html" "Mozilla/5.0 (Linux; Android 5.1.1; KFSUWI) AppleWebKit/537.36 (KHTML, like Gecko) Silk/102.4.13 like Chrome/102.0.5005.171 Safari/537.36" "ysfine.com"
173.73.80.118 - - [08/Sep/2022:22:17:15 -0700] "GET /world/brit/dunf15b.jpg HTTP/1.1" 200 41554 "https://ysfine.com/usca/pgh22.html" "Mozilla/5.0 (Linux; Android 5.1.1; KFSUWI) AppleWebKit/537.36 (KHTML, like Gecko) Silk/102.4.13 like Chrome/102.0.5005.171 Safari/537.36" "ysfine.com"
173.73.80.118 - - [08/Sep/2022:22:17:15 -0700] "GET /usca/pitt/machinery22b.jpg HTTP/1.1" 200 36540 "https://ysfine.com/usca/pgh22.html" "Mozilla/5.0 (Linux; Android 5.1.1; KFSUWI) AppleWebKit/537.36 (KHTML, like Gecko) Silk/102.4.13 like Chrome/102.0.5005.171 Safari/537.36" "ysfine.com"
173.73.80.118 - - [08/Sep/2022:22:17:15 -0700] "GET /world/europe/peacepal02b.jpg HTTP/1.1" 200 36456 "https://ysfine.com/usca/pgh22.html" "Mozilla/5.0 (Linux; Android 5.1.1; KFSUWI) AppleWebKit/537.36 (KHTML, like Gecko) Silk/102.4.13 like Chrome/102.0.5005.171 Safari/537.36" "ysfine.com"
173.73.80.118 - - [08/Sep/2022:22:17:15 -0700] "GET /eink/eink61c.jpg HTTP/1.1" 200 34119 "https://ysfine.com/usca/pgh22.html" "Mozilla/5.0 (Linux; Android 5.1.1; KFSUWI) AppleWebKit/537.36 (KHTML, like Gecko) Silk/102.4.13 like Chrome/102.0.5005.171 Safari/537.36" "ysfine.com"
40.77.167.35 - - [08/Sep/2022:22:17:43 -0700] "GET /awards/iao.html HTTP/1.1" 200 2748 "-" "Mozilla/5.0 (compatible; bingbot/2.0; +http://www.bing.com/bingbot.htm)" "ysfine.com"
173.73.80.118 - - [08/Sep/2022:22:18:01 -0700] "GET /home/pgh22.html HTTP/1.1" 404 88 "https://ysfine.com/home/bio44.html?fbclid=IwAR3sGe6canRr_Yqckrvj2AnpYLBZs0UbJKpeJ_TCIhF9gOGglgzul2HWq_E" "Mozilla/5.0 (Linux; Android 5.1.1; KFSUWI) AppleWebKit/537.36 (KHTML, like Gecko) Silk/102.4.13 like Chrome/102.0.5005.171 Safari/537.36" "ysfine.com"
185.191.171.37 - - [08/Sep/2022:22:18:07 -0700] "GET /feynman/feynrigh.html HTTP/1.1" 200 2183 "-" "Mozilla/5.0 (compatible; SemrushBot/7~bl; +http://www.semrush.com/bot.html)" "www.ysfine.com"
114.119.128.154 - - [08/Sep/2022:22:18:28 -0700] "GET /class54/class5470/total_data/sub_8158.htm HTTP/1.1" 200 3509 "-" "Mozilla/5.0 (Linux; Android 7.0;) AppleWebKit/537.36 (KHTML, like Gecko) Mobile Safari/537.36 (compatible; PetalBot;+https://webmaster.petalsearch.com/site/petalbot)" "ysfine.com"
173.73.80.118 - - [08/Sep/2022:22:18:29 -0700] "GET /usca/pitt/giants55.jpg HTTP/1.1" 200 107276 "https://ysfine.com/usca/pgh22.html" "Mozilla/5.0 (Linux; Android 5.1.1; KFSUWI) AppleWebKit/537.36 (KHTML, like Gecko) Silk/102.4.13 like Chrome/102.0.5005.171 Safari/537.36" "ysfine.com"
118.184.177.43 - - [08/Sep/2022:22:19:09 -0700] "GET / HTTP/1.1" 200 5283 "-" "Sogou web spider/4.0(+http://www.sogou.com/docs/help/webmasters.htm#07)" "www.ysfine.com"
40.77.167.35 - - [08/Sep/2022:22:19:11 -0700] "GET /world/germany/haber01.jpg HTTP/1.1" 200 86224 "-" "Mozilla/5.0 (compatible; bingbot/2.0; +http://www.bing.com/bingbot.htm)" "ysfine.com"
111.225.149.185 - - [08/Sep/2022:22:19:33 -0700] "GET /robots.txt HTTP/1.1" 404 88 "-" "Mozilla/5.0 (Linux; Android 5.0) AppleWebKit/537.36 (KHTML, like Gecko) Mobile Safari/537.36 (compatible; Bytespider; https://zhanzhang.toutiao.com/)" "ysfine.com"
114.119.128.154 - - [08/Sep/2022:22:19:53 -0700] "GET /class54/class5470/total_data/sub_718.htm HTTP/1.1" 200 3294 "-" "Mozilla/5.0 (Linux; Android 7.0;) AppleWebKit/537.36 (KHTML, like Gecko) Mobile Safari/537.36 (compatible; PetalBot;+https://webmaster.petalsearch.com/site/petalbot)" "ysfine.com"
173.73.80.118 - - [08/Sep/2022:22:20:06 -0700] "GET /home/pgh22.html HTTP/1.1" 404 88 "https://ysfine.com/home/bio44.html?fbclid=IwAR3sGe6canRr_Yqckrvj2AnpYLBZs0UbJKpeJ_TCIhF9gOGglgzul2HWq_E" "Mozilla/5.0 (Linux; Android 5.1.1; KFSUWI) AppleWebKit/537.36 (KHTML, like Gecko) Silk/102.4.13 like Chrome/102.0.5005.171 Safari/537.36" "ysfine.com"
66.249.70.3 - - [08/Sep/2022:22:20:17 -0700] "GET /home/ellipse53.jpg HTTP/1.1" 304 - "-" "Googlebot-Image/1.0" "ysfine.com"
40.77.167.35 - - [08/Sep/2022:22:20:22 -0700] "GET /maga/invent/edison22b.jpg HTTP/1.1" 200 23585 "-" "Mozilla/5.0 (compatible; bingbot/2.0; +http://www.bing.com/bingbot.htm)" "ysfine.com"
40.77.167.35 - - [08/Sep/2022:22:20:42 -0700] "GET /style/kirovken22.jpg HTTP/1.1" 200 102858 "-" "Mozilla/5.0 AppleWebKit/537.36 (KHTML, like Gecko; compatible; bingbot/2.0; +http://www.bing.com/bingbot.htm) Chrome/103.0.5060.134 Safari/537.36" "ysfine.com"
185.191.171.9 - - [08/Sep/2022:22:21:14 -0700] "GET /robots.txt HTTP/1.1" 404 88 "-" "Mozilla/5.0 (compatible; SemrushBot/7~bl; +http://www.semrush.com/bot.html)" "ysfine.com"
185.191.171.10 - - [08/Sep/2022:22:21:15 -0700] "GET /kobak/index.html HTTP/1.1" 200 130 "-" "Mozilla/5.0 (compatible; SemrushBot/7~bl; +http://www.semrush.com/bot.html)" "ysfine.com"
114.119.128.154 - - [08/Sep/2022:22:21:15 -0700] "GET /favicon.ico HTTP/1.1" 404 88 "-" "Mozilla/5.0 (Linux; Android 7.0;) AppleWebKit/537.36 (KHTML, like Gecko) Mobile Safari/537.36 (compatible; PetalBot;+https://webmaster.petalsearch.com/site/petalbot)" "ysfine.com"
173.73.80.118 - - [08/Sep/2022:22:21:17 -0700] "GET /home/pgh22.html HTTP/1.1" 404 88 "https://ysfine.com/home/bio44.html?fbclid=IwAR3sGe6canRr_Yqckrvj2AnpYLBZs0UbJKpeJ_TCIhF9gOGglgzul2HWq_E" "Mozilla/5.0 (Linux; Android 5.1.1; KFSUWI) AppleWebKit/537.36 (KHTML, like Gecko) Silk/102.4.13 like Chrome/102.0.5005.171 Safari/537.36" "ysfine.com"
173.73.80.118 - - [08/Sep/2022:22:21:36 -0700] "GET /home/pgh22.html HTTP/1.1" 404 88 "https://ysfine.com/home/bio44.html?fbclid=IwAR3sGe6canRr_Yqckrvj2AnpYLBZs0UbJKpeJ_TCIhF9gOGglgzul2HWq_E" "Mozilla/5.0 (Linux; Android 5.1.1; KFSUWI) AppleWebKit/537.36 (KHTML, like Gecko) Silk/102.4.13 like Chrome/102.0.5005.171 Safari/537.36" "ysfine.com"
66.249.70.4 - - [08/Sep/2022:22:21:42 -0700] "GET /kowar/tanks/sherman43b.jpg HTTP/1.1" 200 28142 "-" "Googlebot-Image/1.0" "ysfine.com"
173.73.80.118 - - [08/Sep/2022:22:21:48 -0700] "GET /home/pgh22.html HTTP/1.1" 404 88 "https://ysfine.com/home/bio44.html?fbclid=IwAR3sGe6canRr_Yqckrvj2AnpYLBZs0UbJKpeJ_TCIhF9gOGglgzul2HWq_E" "Mozilla/5.0 (Linux; Android 5.1.1; KFSUWI) AppleWebKit/537.36 (KHTML, like Gecko) Silk/102.4.13 like Chrome/102.0.5005.171 Safari/537.36" "ysfine.com"
173.73.80.118 - - [08/Sep/2022:22:21:56 -0700] "GET /home/pgh22.html HTTP/1.1" 404 88 "https://ysfine.com/home/bio44.html?fbclid=IwAR3sGe6canRr_Yqckrvj2AnpYLBZs0UbJKpeJ_TCIhF9gOGglgzul2HWq_E" "Mozilla/5.0 (Linux; Android 5.1.1; KFSUWI) AppleWebKit/537.36 (KHTML, like Gecko) Silk/102.4.13 like Chrome/102.0.5005.171 Safari/537.36" "ysfine.com"
173.73.80.118 - - [08/Sep/2022:22:22:08 -0700] "GET /maga/sarnoff.html HTTP/1.1" 200 7540 "https://ysfine.com/home/bio44.html?fbclid=IwAR3sGe6canRr_Yqckrvj2AnpYLBZs0UbJKpeJ_TCIhF9gOGglgzul2HWq_E" "Mozilla/5.0 (Linux; Android 5.1.1; KFSUWI) AppleWebKit/537.36 (KHTML, like Gecko) Silk/102.4.13 like Chrome/102.0.5005.171 Safari/537.36" "ysfine.com"
173.73.80.118 - - [08/Sep/2022:22:22:08 -0700] "GET /maga/invent/sarnoffco11c.jpg HTTP/1.1" 200 23780 "https://ysfine.com/maga/sarnoff.html" "Mozilla/5.0 (Linux; Android 5.1.1; KFSUWI) AppleWebKit/537.36 (KHTML, like Gecko) Silk/102.4.13 like Chrome/102.0.5005.171 Safari/537.36" "ysfine.com"
173.73.80.118 - - [08/Sep/2022:22:22:08 -0700] "GET /maga/invent/marconi01c.jpg HTTP/1.1" 200 28072 "https://ysfine.com/maga/sarnoff.html" "Mozilla/5.0 (Linux; Android 5.1.1; KFSUWI) AppleWebKit/537.36 (KHTML, like Gecko) Silk/102.4.13 like Chrome/102.0.5005.171 Safari/537.36" "ysfine.com"
173.73.80.118 - - [08/Sep/2022:22:22:08 -0700] "GET /maga/invent/marconi02c.jpg HTTP/1.1" 200 27154 "https://ysfine.com/maga/sarnoff.html" "Mozilla/5.0 (Linux; Android 5.1.1; KFSUWI) AppleWebKit/537.36 (KHTML, like Gecko) Silk/102.4.13 like Chrome/102.0.5005.171 Safari/537.36" "ysfine.com"
173.73.80.118 - - [08/Sep/2022:22:22:08 -0700] "GET /maga/invent/deforest33c.jpg HTTP/1.1" 200 47300 "https://ysfine.com/maga/sarnoff.html" "Mozilla/5.0 (Linux; Android 5.1.1; KFSUWI) AppleWebKit/537.36 (KHTML, like Gecko) Silk/102.4.13 like Chrome/102.0.5005.171 Safari/537.36" "ysfine.com"
173.73.80.118 - - [08/Sep/2022:22:22:08 -0700] "GET /maga/invent/armstrong11c.jpg HTTP/1.1" 200 68607 "https://ysfine.com/maga/sarnoff.html" "Mozilla/5.0 (Linux; Android 5.1.1; KFSUWI) AppleWebKit/537.36 (KHTML, like Gecko) Silk/102.4.13 like Chrome/102.0.5005.171 Safari/537.36" "ysfine.com"
173.73.80.118 - - [08/Sep/2022:22:22:08 -0700] "GET /maga/invent/sarnoff1922c.jpg HTTP/1.1" 200 40375 "https://ysfine.com/maga/sarnoff.html" "Mozilla/5.0 (Linux; Android 5.1.1; KFSUWI) AppleWebKit/537.36 (KHTML, like Gecko) Silk/102.4.13 like Chrome/102.0.5005.171 Safari/537.36" "ysfine.com"
173.73.80.118 - - [08/Sep/2022:22:22:08 -0700] "GET /maga/invent/marconi03c.jpg HTTP/1.1" 200 55919 "https://ysfine.com/maga/sarnoff.html" "Mozilla/5.0 (Linux; Android 5.1.1; KFSUWI) AppleWebKit/537.36 (KHTML, like Gecko) Silk/102.4.13 like Chrome/102.0.5005.171 Safari/537.36" "ysfine.com"
173.73.80.118 - - [08/Sep/2022:22:22:08 -0700] "GET /maga/invent/kdka11c.jpg HTTP/1.1" 200 28450 "https://ysfine.com/maga/sarnoff.html" "Mozilla/5.0 (Linux; Android 5.1.1; KFSUWI) AppleWebKit/537.36 (KHTML, like Gecko) Silk/102.4.13 like Chrome/102.0.5005.171 Safari/537.36" "ysfine.com"
173.73.80.118 - - [08/Sep/2022:22:22:08 -0700] "GET /maga/invent/mcintosh11c.jpg HTTP/1.1" 200 29642 "https://ysfine.com/maga/sarnoff.html" "Mozilla/5.0 (Linux; Android 5.1.1; KFSUWI) AppleWebKit/537.36 (KHTML, like Gecko) Silk/102.4.13 like Chrome/102.0.5005.171 Safari/537.36" "ysfine.com"
173.73.80.118 - - [08/Sep/2022:22:22:08 -0700] "GET /kobak/swr51c.jpg HTTP/1.1" 200 35677 "https://ysfine.com/maga/sarnoff.html" "Mozilla/5.0 (Linux; Android 5.1.1; KFSUWI) AppleWebKit/537.36 (KHTML, like Gecko) Silk/102.4.13 like Chrome/102.0.5005.171 Safari/537.36" "ysfine.com"
173.73.80.118 - - [08/Sep/2022:22:22:08 -0700] "GET /maga/invent/joak11c.jpg HTTP/1.1" 200 39212 "https://ysfine.com/maga/sarnoff.html" "Mozilla/5.0 (Linux; Android 5.1.1; KFSUWI) AppleWebKit/537.36 (KHTML, like Gecko) Silk/102.4.13 like Chrome/102.0.5005.171 Safari/537.36" "ysfine.com"
173.73.80.118 - - [08/Sep/2022:22:22:08 -0700] "GET /style/suwa66f.jpg HTTP/1.1" 200 86057 "https://ysfine.com/maga/sarnoff.html" "Mozilla/5.0 (Linux; Android 5.1.1; KFSUWI) AppleWebKit/537.36 (KHTML, like Gecko) Silk/102.4.13 like Chrome/102.0.5005.171 Safari/537.36" "ysfine.com"
40.77.167.33 - - [08/Sep/2022:22:22:15 -0700] "GET /wdc/eindc03c.jpg HTTP/1.1" 200 48446 "-" "Mozilla/5.0 (compatible; adidxbot/2.0; +http://www.bing.com/bingbot.htm)" "ysfine.com"
173.73.80.118 - - [08/Sep/2022:22:22:30 -0700] "GET /home/pgh22.html HTTP/1.1" 404 88 "https://ysfine.com/home/bio44.html?fbclid=IwAR3sGe6canRr_Yqckrvj2AnpYLBZs0UbJKpeJ_TCIhF9gOGglgzul2HWq_E" "Mozilla/5.0 (Linux; Android 5.1.1; KFSUWI) AppleWebKit/537.36 (KHTML, like Gecko) Silk/102.4.13 like Chrome/102.0.5005.171 Safari/537.36" "ysfine.com"
114.119.128.154 - - [08/Sep/2022:22:22:41 -0700] "GET /class54/class5470/total_data/sub_8127.htm HTTP/1.1" 200 3507 "-" "Mozilla/5.0 (Linux; Android 7.0;) AppleWebKit/537.36 (KHTML, like Gecko) Mobile Safari/537.36 (compatible; PetalBot;+https://webmaster.petalsearch.com/site/petalbot)" "ysfine.com"
173.73.80.118 - - [08/Sep/2022:22:22:51 -0700] "GET /home/pgh22.html HTTP/1.1" 404 88 "https://ysfine.com/home/bio44.html?fbclid=IwAR3sGe6canRr_Yqckrvj2AnpYLBZs0UbJKpeJ_TCIhF9gOGglgzul2HWq_E" "Mozilla/5.0 (Linux; Android 5.1.1; KFSUWI) AppleWebKit/537.36 (KHTML, like Gecko) Silk/102.4.13 like Chrome/102.0.5005.171 Safari/537.36" "ysfine.com"
40.77.167.35 - - [08/Sep/2022:22:23:39 -0700] "GET /style/kievopera66.jpg HTTP/1.1" 200 96773 "-" "Mozilla/5.0 (compatible; bingbot/2.0; +http://www.bing.com/bingbot.htm)" "ysfine.com"
40.77.167.35 - - [08/Sep/2022:22:23:42 -0700] "GET /princeton/dulles2.jpg HTTP/1.1" 200 49555 "-" "Mozilla/5.0 (compatible; bingbot/2.0; +http://www.bing.com/bingbot.htm)" "www.ysfine.com"
114.119.128.14 - - [08/Sep/2022:22:24:08 -0700] "GET /friends/amkor/kostu29c.jpg HTTP/1.1" 404 88 "-" "Mozilla/5.0 (Linux; Android 7.0;) AppleWebKit/537.36 (KHTML, like Gecko) Mobile Safari/537.36 (compatible; PetalBot;+https://webmaster.petalsearch.com/site/petalbot)" "ysfine.com"
173.73.80.118 - - [08/Sep/2022:22:24:33 -0700] "GET /favicon.ico HTTP/1.1" 404 88 "https://ysfine.com/ys11/" "Mozilla/5.0 (Windows NT 10.0; Win64; x64) AppleWebKit/537.36 (KHTML, like Gecko) Chrome/104.0.5112.102 Safari/537.36" "ysfine.com"
173.73.80.118 - - [08/Sep/2022:22:24:40 -0700] "GET /home/bio22.html HTTP/1.1" 200 12014 "https://ysfine.com/ys11/" "Mozilla/5.0 (Windows NT 10.0; Win64; x64) AppleWebKit/537.36 (KHTML, like Gecko) Chrome/104.0.5112.102 Safari/537.36" "ysfine.com"
173.73.80.118 - - [08/Sep/2022:22:24:40 -0700] "GET /home/fotos/flor14d.jpg HTTP/1.1" 200 95073 "https://ysfine.com/home/bio22.html" "Mozilla/5.0 (Windows NT 10.0; Win64; x64) AppleWebKit/537.36 (KHTML, like Gecko) Chrome/104.0.5112.102 Safari/537.36" "ysfine.com"
173.73.80.118 - - [08/Sep/2022:22:24:40 -0700] "GET /home/fig22/taylor54d.jpg HTTP/1.1" 200 77792 "https://ysfine.com/home/bio22.html" "Mozilla/5.0 (Windows NT 10.0; Win64; x64) AppleWebKit/537.36 (KHTML, like Gecko) Chrome/104.0.5112.102 Safari/537.36" "ysfine.com"
173.73.80.118 - - [08/Sep/2022:22:24:40 -0700] "GET /home/fig22/acs96f.jpg HTTP/1.1" 200 118636 "https://ysfine.com/home/bio22.html" "Mozilla/5.0 (Windows NT 10.0; Win64; x64) AppleWebKit/537.36 (KHTML, like Gecko) Chrome/104.0.5112.102 Safari/537.36" "ysfine.com"
173.73.80.118 - - [08/Sep/2022:22:24:40 -0700] "GET /home/fig22/acs22f.jpg HTTP/1.1" 200 107067 "https://ysfine.com/home/bio22.html" "Mozilla/5.0 (Windows NT 10.0; Win64; x64) AppleWebKit/537.36 (KHTML, like Gecko) Chrome/104.0.5112.102 Safari/537.36" "ysfine.com"
173.73.80.118 - - [08/Sep/2022:22:24:40 -0700] "GET /home/fotos/boy11f.jpg HTTP/1.1" 200 135177 "https://ysfine.com/home/bio22.html" "Mozilla/5.0 (Windows NT 10.0; Win64; x64) AppleWebKit/537.36 (KHTML, like Gecko) Chrome/104.0.5112.102 Safari/537.36" "ysfine.com"
173.73.80.118 - - [08/Sep/2022:22:24:40 -0700] "GET /home/fig22/acs73f.jpg HTTP/1.1" 200 284573 "https://ysfine.com/home/bio22.html" "Mozilla/5.0 (Windows NT 10.0; Win64; x64) AppleWebKit/537.36 (KHTML, like Gecko) Chrome/104.0.5112.102 Safari/537.36" "ysfine.com"
173.73.80.118 - - [08/Sep/2022:22:24:40 -0700] "GET /home/fig22/cafe33f.jpg HTTP/1.1" 200 147078 "https://ysfine.com/home/bio22.html" "Mozilla/5.0 (Windows NT 10.0; Win64; x64) AppleWebKit/537.36 (KHTML, like Gecko) Chrome/104.0.5112.102 Safari/537.36" "ysfine.com"
173.73.80.118 - - [08/Sep/2022:22:24:40 -0700] "GET /home/fotos/tank03d.jpg HTTP/1.1" 200 73123 "https://ysfine.com/home/bio22.html" "Mozilla/5.0 (Windows NT 10.0; Win64; x64) AppleWebKit/537.36 (KHTML, like Gecko) Chrome/104.0.5112.102 Safari/537.36" "ysfine.com"
