40.77.167.35 - - [09/Sep/2022:16:35:55 -0700] "GET /newyork/seaport02.jpg HTTP/1.1" 200 225662 "-" "Mozilla/5.0 (compatible; bingbot/2.0; +http://www.bing.com/bingbot.htm)" "www.ysfine.com"
40.77.167.35 - - [09/Sep/2022:16:35:57 -0700] "GET /feynman/feyn70.jpg HTTP/1.1" 200 41386 "-" "Mozilla/5.0 (compatible; bingbot/2.0; +http://www.bing.com/bingbot.htm)" "www.ysfine.com"
40.77.167.35 - - [09/Sep/2022:16:36:17 -0700] "GET /maga/phys/schrod22b.jpg HTTP/1.1" 200 25954 "-" "Mozilla/5.0 (compatible; bingbot/2.0; +http://www.bing.com/bingbot.htm)" "www.ysfine.com"
51.222.253.18 - - [09/Sep/2022:16:37:55 -0700] "GET /einstein/eingali.html HTTP/1.1" 200 2762 "-" "Mozilla/5.0 (compatible; AhrefsBot/7.0; +http://ahrefs.com/robot/)" "ysfine.com"
66.249.64.172 - - [09/Sep/2022:16:38:44 -0700] "GET /robots.txt HTTP/1.1" 404 88 "-" "Mozilla/5.0 (compatible; Googlebot/2.1; +http://www.google.com/bot.html)" "www.ysfine.com"
173.73.80.118 - - [09/Sep/2022:16:39:09 -0700] "GET /einstein/index.html HTTP/1.1" 304 - "https://www.ysfine.com/home/bio44" "Mozilla/5.0 (Windows NT 10.0; Win64; x64) AppleWebKit/537.36 (KHTML, like Gecko) Chrome/105.0.0.0 Safari/537.36 Edg/105.0.1343.27" "www.ysfine.com"
173.73.80.118 - - [09/Sep/2022:16:39:09 -0700] "GET /einstein/einbot.html HTTP/1.1" 304 - "https://www.ysfine.com/einstein/index.html" "Mozilla/5.0 (Windows NT 10.0; Win64; x64) AppleWebKit/537.36 (KHTML, like Gecko) Chrome/105.0.0.0 Safari/537.36 Edg/105.0.1343.27" "www.ysfine.com"
173.73.80.118 - - [09/Sep/2022:16:39:09 -0700] "GET /einstein/einkim.html HTTP/1.1" 304 - "https://www.ysfine.com/einstein/einbot.html" "Mozilla/5.0 (Windows NT 10.0; Win64; x64) AppleWebKit/537.36 (KHTML, like Gecko) Chrome/105.0.0.0 Safari/537.36 Edg/105.0.1343.27" "www.ysfine.com"
173.73.80.118 - - [09/Sep/2022:16:39:09 -0700] "GET /einstein/eins47c.jpg HTTP/1.1" 200 43054 "https://www.ysfine.com/einstein/einkim.html" "Mozilla/5.0 (Windows NT 10.0; Win64; x64) AppleWebKit/537.36 (KHTML, like Gecko) Chrome/105.0.0.0 Safari/537.36 Edg/105.0.1343.27" "www.ysfine.com"
173.73.80.118 - - [09/Sep/2022:16:39:09 -0700] "GET /einstein/einbohr33c.jpg HTTP/1.1" 200 36410 "https://www.ysfine.com/einstein/einkim.html" "Mozilla/5.0 (Windows NT 10.0; Win64; x64) AppleWebKit/537.36 (KHTML, like Gecko) Chrome/105.0.0.0 Safari/537.36 Edg/105.0.1343.27" "www.ysfine.com"
173.73.80.118 - - [09/Sep/2022:16:39:09 -0700] "GET /einstein/orren11c.jpg HTTP/1.1" 200 21314 "https://www.ysfine.com/einstein/einkim.html" "Mozilla/5.0 (Windows NT 10.0; Win64; x64) AppleWebKit/537.36 (KHTML, like Gecko) Chrome/105.0.0.0 Safari/537.36 Edg/105.0.1343.27" "www.ysfine.com"
173.73.80.118 - - [09/Sep/2022:16:39:09 -0700] "GET /einstein/ysturner11c.jpg HTTP/1.1" 200 39604 "https://www.ysfine.com/einstein/einkim.html" "Mozilla/5.0 (Windows NT 10.0; Win64; x64) AppleWebKit/537.36 (KHTML, like Gecko) Chrome/105.0.0.0 Safari/537.36 Edg/105.0.1343.27" "www.ysfine.com"
173.73.80.118 - - [09/Sep/2022:16:39:09 -0700] "GET /einstein/pdugard17a.jpg HTTP/1.1" 200 92931 "https://www.ysfine.com/einstein/einkim.html" "Mozilla/5.0 (Windows NT 10.0; Win64; x64) AppleWebKit/537.36 (KHTML, like Gecko) Chrome/105.0.0.0 Safari/537.36 Edg/105.0.1343.27" "www.ysfine.com"
173.73.80.118 - - [09/Sep/2022:16:39:09 -0700] "GET /eink/eink54a.jpg HTTP/1.1" 200 79717 "https://www.ysfine.com/einstein/einkim.html" "Mozilla/5.0 (Windows NT 10.0; Win64; x64) AppleWebKit/537.36 (KHTML, like Gecko) Chrome/105.0.0.0 Safari/537.36 Edg/105.0.1343.27" "www.ysfine.com"
173.73.80.118 - - [09/Sep/2022:16:39:10 -0700] "GET /einstein/eward33d.jpg HTTP/1.1" 200 61786 "https://www.ysfine.com/einstein/einkim.html" "Mozilla/5.0 (Windows NT 10.0; Win64; x64) AppleWebKit/537.36 (KHTML, like Gecko) Chrome/105.0.0.0 Safari/537.36 Edg/105.0.1343.27" "www.ysfine.com"
173.73.80.118 - - [09/Sep/2022:16:39:10 -0700] "GET /einstein/einleft.html HTTP/1.1" 304 - "https://www.ysfine.com/einstein/einbot.html" "Mozilla/5.0 (Windows NT 10.0; Win64; x64) AppleWebKit/537.36 (KHTML, like Gecko) Chrome/105.0.0.0 Safari/537.36 Edg/105.0.1343.27" "www.ysfine.com"
173.73.80.118 - - [09/Sep/2022:16:39:10 -0700] "GET /einstein/eintop.html HTTP/1.1" 304 - "https://www.ysfine.com/einstein/index.html" "Mozilla/5.0 (Windows NT 10.0; Win64; x64) AppleWebKit/537.36 (KHTML, like Gecko) Chrome/105.0.0.0 Safari/537.36 Edg/105.0.1343.27" "www.ysfine.com"
173.73.80.118 - - [09/Sep/2022:16:39:10 -0700] "GET /einstein/keigel77a.jpg HTTP/1.1" 200 59466 "https://www.ysfine.com/einstein/einkim.html" "Mozilla/5.0 (Windows NT 10.0; Win64; x64) AppleWebKit/537.36 (KHTML, like Gecko) Chrome/105.0.0.0 Safari/537.36 Edg/105.0.1343.27" "www.ysfine.com"
173.73.80.118 - - [09/Sep/2022:16:39:10 -0700] "GET /home/dwf55a.jpg HTTP/1.1" 200 54743 "https://www.ysfine.com/einstein/einkim.html" "Mozilla/5.0 (Windows NT 10.0; Win64; x64) AppleWebKit/537.36 (KHTML, like Gecko) Chrome/105.0.0.0 Safari/537.36 Edg/105.0.1343.27" "www.ysfine.com"
173.73.80.118 - - [09/Sep/2022:16:39:10 -0700] "GET /home/resonance33c.jpg HTTP/1.1" 200 36247 "https://www.ysfine.com/einstein/einkim.html" "Mozilla/5.0 (Windows NT 10.0; Win64; x64) AppleWebKit/537.36 (KHTML, like Gecko) Chrome/105.0.0.0 Safari/537.36 Edg/105.0.1343.27" "www.ysfine.com"
54.236.1.11 - - [09/Sep/2022:16:39:33 -0700] "GET /robots.txt HTTP/1.1" 404 88 "-" "Mozilla/5.0 (compatible; Pinterestbot/1.0; +http://www.pinterest.com/bot.html)" "ysfine.com"
54.236.1.11 - - [09/Sep/2022:16:39:33 -0700] "GET /world/france/louvre22.jpg HTTP/1.1" 200 90347 "-" "Mozilla/5.0 (compatible; Pinterestbot/1.0; +http://www.pinterest.com/bot.html)" "ysfine.com"
51.222.253.18 - - [09/Sep/2022:16:40:17 -0700] "GET /maga/three.html HTTP/1.1" 200 7358 "-" "Mozilla/5.0 (compatible; AhrefsBot/7.0; +http://ahrefs.com/robot/)" "ysfine.com"
51.222.253.1 - - [09/Sep/2022:16:40:19 -0700] "GET /maga/phys/sine33b.jpg HTTP/1.1" 200 41036 "-" "Mozilla/5.0 (compatible; AhrefsBot/7.0; +http://ahrefs.com/robot/)" "ysfine.com"
51.222.253.14 - - [09/Sep/2022:16:40:20 -0700] "GET /wigner/neum/fingers11b.jpg HTTP/1.1" 200 36014 "-" "Mozilla/5.0 (compatible; AhrefsBot/7.0; +http://ahrefs.com/robot/)" "ysfine.com"
51.222.253.16 - - [09/Sep/2022:16:40:20 -0700] "GET /maga/phil/warren11b.jpg HTTP/1.1" 200 34679 "-" "Mozilla/5.0 (compatible; AhrefsBot/7.0; +http://ahrefs.com/robot/)" "ysfine.com"
51.222.253.3 - - [09/Sep/2022:16:40:21 -0700] "GET /world/ital/uffizi21b.jpg HTTP/1.1" 200 64996 "-" "Mozilla/5.0 (compatible; AhrefsBot/7.0; +http://ahrefs.com/robot/)" "ysfine.com"
51.222.253.10 - - [09/Sep/2022:16:40:21 -0700] "GET /maga/phil/lincoln01b.jpg HTTP/1.1" 200 48329 "-" "Mozilla/5.0 (compatible; AhrefsBot/7.0; +http://ahrefs.com/robot/)" "ysfine.com"
51.222.253.11 - - [09/Sep/2022:16:40:21 -0700] "GET /world/france/metz51b.jpg HTTP/1.1" 200 49138 "-" "Mozilla/5.0 (compatible; AhrefsBot/7.0; +http://ahrefs.com/robot/)" "ysfine.com"
51.222.253.16 - - [09/Sep/2022:16:40:22 -0700] "GET /maga/phys/sakata01b.jpg HTTP/1.1" 200 37754 "-" "Mozilla/5.0 (compatible; AhrefsBot/7.0; +http://ahrefs.com/robot/)" "ysfine.com"
51.222.253.16 - - [09/Sep/2022:16:40:22 -0700] "GET /maga/phil/trinity01b.jpg HTTP/1.1" 200 47695 "-" "Mozilla/5.0 (compatible; AhrefsBot/7.0; +http://ahrefs.com/robot/)" "ysfine.com"
51.222.253.9 - - [09/Sep/2022:16:40:23 -0700] "GET /world/france/louvre11b.jpg HTTP/1.1" 200 40544 "-" "Mozilla/5.0 (compatible; AhrefsBot/7.0; +http://ahrefs.com/robot/)" "ysfine.com"
51.222.253.20 - - [09/Sep/2022:16:40:23 -0700] "GET /maga/phil/sunyatsen11b.jpg HTTP/1.1" 200 36690 "-" "Mozilla/5.0 (compatible; AhrefsBot/7.0; +http://ahrefs.com/robot/)" "ysfine.com"
51.222.253.15 - - [09/Sep/2022:16:40:23 -0700] "GET /maga/phys/standardmo11b.jpg HTTP/1.1" 200 52388 "-" "Mozilla/5.0 (compatible; AhrefsBot/7.0; +http://ahrefs.com/robot/)" "ysfine.com"
51.222.253.18 - - [09/Sep/2022:16:40:24 -0700] "GET /maga/phil/napoleon01b.jpg HTTP/1.1" 200 41896 "-" "Mozilla/5.0 (compatible; AhrefsBot/7.0; +http://ahrefs.com/robot/)" "ysfine.com"
51.222.253.6 - - [09/Sep/2022:16:40:24 -0700] "GET /maga/phys/yukafeyn2.jpg HTTP/1.1" 200 36709 "-" "Mozilla/5.0 (compatible; AhrefsBot/7.0; +http://ahrefs.com/robot/)" "ysfine.com"
51.222.253.16 - - [09/Sep/2022:16:40:25 -0700] "GET /maga/phil/threewise01b.jpg HTTP/1.1" 200 51219 "-" "Mozilla/5.0 (compatible; AhrefsBot/7.0; +http://ahrefs.com/robot/)" "ysfine.com"
173.73.80.118 - - [09/Sep/2022:16:41:05 -0700] "GET /favicon.ico HTTP/1.1" 404 88 "https://ysfine.com/ys11/" "Mozilla/5.0 (Windows NT 10.0; Win64; x64) AppleWebKit/537.36 (KHTML, like Gecko) Chrome/104.0.5112.102 Safari/537.36" "ysfine.com"
40.77.167.35 - - [09/Sep/2022:16:41:17 -0700] "GET /world/france/nicef07.jpg HTTP/1.1" 200 96371 "-" "Mozilla/5.0 AppleWebKit/537.36 (KHTML, like Gecko; compatible; bingbot/2.0; +http://www.bing.com/bingbot.htm) Chrome/103.0.5060.134 Safari/537.36" "www.ysfine.com"
40.77.167.28 - - [09/Sep/2022:16:41:54 -0700] "GET /world/germany/vienna01.jpg HTTP/1.1" 200 100269 "-" "Mozilla/5.0 (compatible; bingbot/2.0; +http://www.bing.com/bingbot.htm)" "ysfine.com"
70.127.211.243 - - [09/Sep/2022:16:43:21 -0700] "GET /maga/phil/conic01.jpg HTTP/1.1" 200 70533 "https://images.search.yahoo.com/" "Mozilla/5.0 (Macintosh; Intel Mac OS X 10.15; rv:104.0) Gecko/20100101 Firefox/104.0" "www.ysfine.com"
17.121.115.89 - - [09/Sep/2022:16:43:31 -0700] "GET /eink/mose.html HTTP/1.1" 200 14315 "-" "Mozilla/5.0 (Macintosh; Intel Mac OS X 10_15_5) AppleWebKit/605.1.15 (KHTML, like Gecko) Version/13.1.1 Safari/605.1.15 (Applebot/0.1; +http://www.apple.com/go/applebot)" "ysfine.com"
121.53.181.252 - - [09/Sep/2022:16:43:49 -0700] "GET /kowar/tanks.html HTTP/1.1" 200 8697 "-" "Mozilla/5.0 (Macintosh; Intel Mac OS X 10_15_6) AppleWebKit/537.36 (KHTML, like Gecko) Chrome/85.0.4183.83 Safari/537.36" "ysfine.com"
77.88.5.3 - - [09/Sep/2022:16:45:10 -0700] "GET /robots.txt HTTP/1.1" 404 73 "-" "Mozilla/5.0 (compatible; YandexBot/3.0; +http://yandex.com/bots)" "www.ysfine.com"
51.222.253.3 - - [09/Sep/2022:16:45:49 -0700] "GET /class54/class5470/total_data/sub_898.htm HTTP/1.1" 200 3499 "-" "Mozilla/5.0 (compatible; AhrefsBot/7.0; +http://ahrefs.com/robot/)" "www.ysfine.com"
40.64.105.247 - - [09/Sep/2022:16:45:53 -0700] "GET /princeton/rutgers01.jpg HTTP/1.1" 200 147821 "http://ysfine.com/princeton/rutgers01.jpg" "DuckDuckBot/1.1; (+http://duckduckgo.com/duckduckbot.html)" "ysfine.com"
35.202.154.194 - - [09/Sep/2022:16:46:14 -0700] "GET / HTTP/1.1" 200 5283 "-" "Mozilla/5.0 (X11; Linux x86_64) AppleWebKit/537.36 (KHTML, like Gecko) Chrome/107.0.0.0 Safari/537.36" "ysfine.com"
35.202.154.194 - - [09/Sep/2022:16:46:15 -0700] "GET /home/top21d.jpg HTTP/1.1" 200 74409 "https://ysfine.com/" "Mozilla/5.0 (X11; Linux x86_64) AppleWebKit/537.36 (KHTML, like Gecko) Chrome/107.0.0.0 Safari/537.36" "ysfine.com"
35.202.154.194 - - [09/Sep/2022:16:46:15 -0700] "GET /home/eink450.jpg HTTP/1.1" 200 66794 "https://ysfine.com/" "Mozilla/5.0 (X11; Linux x86_64) AppleWebKit/537.36 (KHTML, like Gecko) Chrome/107.0.0.0 Safari/537.36" "ysfine.com"
35.202.154.194 - - [09/Sep/2022:16:46:15 -0700] "GET /home/facu450.jpg HTTP/1.1" 200 74535 "https://ysfine.com/" "Mozilla/5.0 (X11; Linux x86_64) AppleWebKit/537.36 (KHTML, like Gecko) Chrome/107.0.0.0 Safari/537.36" "ysfine.com"
35.202.154.194 - - [09/Sep/2022:16:46:15 -0700] "GET /home/goodbad450.jpg HTTP/1.1" 200 32258 "https://ysfine.com/" "Mozilla/5.0 (X11; Linux x86_64) AppleWebKit/537.36 (KHTML, like Gecko) Chrome/107.0.0.0 Safari/537.36" "ysfine.com"
35.202.154.194 - - [09/Sep/2022:16:46:15 -0700] "GET /home/truck450.jpg HTTP/1.1" 200 42871 "https://ysfine.com/" "Mozilla/5.0 (X11; Linux x86_64) AppleWebKit/537.36 (KHTML, like Gecko) Chrome/107.0.0.0 Safari/537.36" "ysfine.com"
35.202.154.194 - - [09/Sep/2022:16:46:16 -0700] "GET /eink/ewk86f.jpg HTTP/1.1" 200 122173 "https://ysfine.com/" "Mozilla/5.0 (X11; Linux x86_64) AppleWebKit/537.36 (KHTML, like Gecko) Chrome/107.0.0.0 Safari/537.36" "ysfine.com"
35.202.154.194 - - [09/Sep/2022:16:46:16 -0700] "GET /home/washmo23d.jpg HTTP/1.1" 200 32142 "https://ysfine.com/" "Mozilla/5.0 (X11; Linux x86_64) AppleWebKit/537.36 (KHTML, like Gecko) Chrome/107.0.0.0 Safari/537.36" "ysfine.com"
35.202.154.194 - - [09/Sep/2022:16:46:16 -0700] "GET /home/eindc03d.jpg HTTP/1.1" 200 95860 "https://ysfine.com/" "Mozilla/5.0 (X11; Linux x86_64) AppleWebKit/537.36 (KHTML, like Gecko) Chrome/107.0.0.0 Safari/537.36" "ysfine.com"
35.202.154.194 - - [09/Sep/2022:16:46:16 -0700] "GET /home/1987pr22d.jpg HTTP/1.1" 200 66428 "https://ysfine.com/" "Mozilla/5.0 (X11; Linux x86_64) AppleWebKit/537.36 (KHTML, like Gecko) Chrome/107.0.0.0 Safari/537.36" "ysfine.com"
173.73.80.118 - - [09/Sep/2022:16:46:16 -0700] "GET /home/bio44 HTTP/1.1" 200 14525 "-" "Mozilla/5.0 (Windows NT 10.0; Win64; x64; rv:104.0) Gecko/20100101 Firefox/104.0" "ysfine.com"
35.202.154.194 - - [09/Sep/2022:16:46:16 -0700] "GET /home/taylor500.jpg HTTP/1.1" 200 79197 "https://ysfine.com/" "Mozilla/5.0 (X11; Linux x86_64) AppleWebKit/537.36 (KHTML, like Gecko) Chrome/107.0.0.0 Safari/537.36" "ysfine.com"
173.73.80.118 - - [09/Sep/2022:16:46:16 -0700] "GET /home/pgh/machinery22b.jpg HTTP/1.1" 200 36540 "https://ysfine.com/home/bio44" "Mozilla/5.0 (Windows NT 10.0; Win64; x64; rv:104.0) Gecko/20100101 Firefox/104.0" "ysfine.com"
35.202.154.194 - - [09/Sep/2022:16:46:16 -0700] "GET /home/eink54f.jpg HTTP/1.1" 200 96332 "https://ysfine.com/" "Mozilla/5.0 (X11; Linux x86_64) AppleWebKit/537.36 (KHTML, like Gecko) Chrome/107.0.0.0 Safari/537.36" "ysfine.com"
35.202.154.194 - - [09/Sep/2022:16:46:16 -0700] "GET /eink/einhaus33c.jpg HTTP/1.1" 200 23792 "https://ysfine.com/" "Mozilla/5.0 (X11; Linux x86_64) AppleWebKit/537.36 (KHTML, like Gecko) Chrome/107.0.0.0 Safari/537.36" "ysfine.com"
35.202.154.194 - - [09/Sep/2022:16:46:16 -0700] "GET /eink/einhaus11c.jpg HTTP/1.1" 200 42522 "https://ysfine.com/" "Mozilla/5.0 (X11; Linux x86_64) AppleWebKit/537.36 (KHTML, like Gecko) Chrome/107.0.0.0 Safari/537.36" "ysfine.com"
35.202.154.194 - - [09/Sep/2022:16:46:17 -0700] "GET /home/eward55f.jpg HTTP/1.1" 200 122802 "https://ysfine.com/" "Mozilla/5.0 (X11; Linux x86_64) AppleWebKit/537.36 (KHTML, like Gecko) Chrome/107.0.0.0 Safari/537.36" "ysfine.com"
35.202.154.194 - - [09/Sep/2022:16:46:18 -0700] "GET /favicon.ico HTTP/1.1" 404 88 "https://ysfine.com/" "Mozilla/5.0 (X11; Linux x86_64) AppleWebKit/537.36 (KHTML, like Gecko) Chrome/107.0.0.0 Safari/537.36" "ysfine.com"
103.131.71.55 - - [09/Sep/2022:16:46:59 -0700] "GET /robots.txt HTTP/1.1" 404 88 "-" "Mozilla/5.0 (compatible; coccocbot-web/1.0; +http://help.coccoc.com/searchengine)" "ysfine.com"
103.131.71.72 - - [09/Sep/2022:16:47:07 -0700] "GET / HTTP/1.1" 304 - "-" "Mozilla/5.0 (compatible; coccocbot-web/1.0; +http://help.coccoc.com/searchengine)" "ysfine.com"
51.222.253.4 - - [09/Sep/2022:16:48:18 -0700] "GET /class54/class5470/total_data/sub_8117.htm HTTP/1.1" 200 3499 "-" "Mozilla/5.0 (compatible; AhrefsBot/7.0; +http://ahrefs.com/robot/)" "www.ysfine.com"
40.77.167.35 - - [09/Sep/2022:16:49:27 -0700] "GET /home/wcartoon.html HTTP/1.1" 200 6127 "-" "Mozilla/5.0 (compatible; bingbot/2.0; +http://www.bing.com/bingbot.htm)" "www.ysfine.com"
40.77.167.27 - - [09/Sep/2022:16:49:47 -0700] "GET /people/sbt11c.jpg HTTP/1.1" 200 31479 "-" "Mozilla/5.0 (compatible; bingbot/2.0; +http://www.bing.com/bingbot.htm)" "ysfine.com"
51.222.253.5 - - [09/Sep/2022:16:50:46 -0700] "GET /class54/class5470/total_data/sub_268.htm HTTP/1.1" 200 3374 "-" "Mozilla/5.0 (compatible; AhrefsBot/7.0; +http://ahrefs.com/robot/)" "ysfine.com"
51.222.253.7 - - [09/Sep/2022:16:50:50 -0700] "GET /class54/class5470/total_data/photo_img/2-68.jpg HTTP/1.1" 200 205099 "-" "Mozilla/5.0 (compatible; AhrefsBot/7.0; +http://ahrefs.com/robot/)" "ysfine.com"
95.163.255.69 - - [09/Sep/2022:16:50:54 -0700] "GET /robots.txt HTTP/1.1" 404 73 "-" "Mozilla/5.0 (compatible; Linux x86_64; Mail.RU_Bot/2.0; +https://help.mail.ru/webmaster/indexing/robots)" "ysfine.com"
51.222.253.20 - - [09/Sep/2022:16:50:57 -0700] "GET /class54/class5470/total_data/refer_img/2-50_f.jpg HTTP/1.1" 200 38386 "-" "Mozilla/5.0 (compatible; AhrefsBot/7.0; +http://ahrefs.com/robot/)" "ysfine.com"
51.222.253.6 - - [09/Sep/2022:16:50:57 -0700] "GET /class54/class5470/total_data/refer_img/2-63_f.jpg HTTP/1.1" 200 26895 "-" "Mozilla/5.0 (compatible; AhrefsBot/7.0; +http://ahrefs.com/robot/)" "ysfine.com"
51.222.253.17 - - [09/Sep/2022:16:50:58 -0700] "GET /class54/class5470/total_data/refer_img/2-65_f.jpg HTTP/1.1" 200 27967 "-" "Mozilla/5.0 (compatible; AhrefsBot/7.0; +http://ahrefs.com/robot/)" "ysfine.com"
51.222.253.5 - - [09/Sep/2022:16:50:58 -0700] "GET /class54/class5470/total_data/refer_img/2-60_f.jpg HTTP/1.1" 200 25166 "-" "Mozilla/5.0 (compatible; AhrefsBot/7.0; +http://ahrefs.com/robot/)" "ysfine.com"
51.222.253.10 - - [09/Sep/2022:16:50:59 -0700] "GET /class54/class5470/total_data/refer_img/2-54_f.jpg HTTP/1.1" 200 24238 "-" "Mozilla/5.0 (compatible; AhrefsBot/7.0; +http://ahrefs.com/robot/)" "ysfine.com"
51.222.253.16 - - [09/Sep/2022:16:50:59 -0700] "GET /class54/class5470/total_data/refer_img/2-67_f.jpg HTTP/1.1" 200 26729 "-" "Mozilla/5.0 (compatible; AhrefsBot/7.0; +http://ahrefs.com/robot/)" "ysfine.com"
51.222.253.10 - - [09/Sep/2022:16:51:00 -0700] "GET /class54/class5470/total_data/refer_img/2-59_f.jpg HTTP/1.1" 200 25209 "-" "Mozilla/5.0 (compatible; AhrefsBot/7.0; +http://ahrefs.com/robot/)" "ysfine.com"
51.222.253.7 - - [09/Sep/2022:16:51:00 -0700] "GET /class54/class5470/total_data/refer_img/2-64_f.jpg HTTP/1.1" 200 39945 "-" "Mozilla/5.0 (compatible; AhrefsBot/7.0; +http://ahrefs.com/robot/)" "ysfine.com"
51.222.253.2 - - [09/Sep/2022:16:51:00 -0700] "GET /class54/class5470/total_data/refer_img/2-70_f.jpg HTTP/1.1" 200 41292 "-" "Mozilla/5.0 (compatible; AhrefsBot/7.0; +http://ahrefs.com/robot/)" "ysfine.com"
95.163.255.65 - - [09/Sep/2022:16:51:01 -0700] "GET /world/brit/cam09.jpg HTTP/1.1" 200 127934 "-" "Mozilla/5.0 (compatible; Linux x86_64; Mail.RU_Bot/2.0; +https://help.mail.ru/webmaster/indexing/robots)" "www.ysfine.com"
51.222.253.15 - - [09/Sep/2022:16:51:01 -0700] "GET /class54/class5470/total_data/refer_img/2-72_f.jpg HTTP/1.1" 200 20895 "-" "Mozilla/5.0 (compatible; AhrefsBot/7.0; +http://ahrefs.com/robot/)" "ysfine.com"
51.222.253.20 - - [09/Sep/2022:16:51:01 -0700] "GET /class54/class5470/total_data/refer_img/2-73_f.jpg HTTP/1.1" 200 20785 "-" "Mozilla/5.0 (compatible; AhrefsBot/7.0; +http://ahrefs.com/robot/)" "ysfine.com"
51.222.253.1 - - [09/Sep/2022:16:51:01 -0700] "GET /class54/class5470/total_data/refer_img/2-61_f.jpg HTTP/1.1" 200 23194 "-" "Mozilla/5.0 (compatible; AhrefsBot/7.0; +http://ahrefs.com/robot/)" "ysfine.com"
51.222.253.5 - - [09/Sep/2022:16:51:02 -0700] "GET /class54/class5470/total_data/refer_img/2-68_f.jpg HTTP/1.1" 200 26852 "-" "Mozilla/5.0 (compatible; AhrefsBot/7.0; +http://ahrefs.com/robot/)" "ysfine.com"
51.222.253.4 - - [09/Sep/2022:16:51:02 -0700] "GET /class54/class5470/total_data/refer_img/2-53_f.jpg HTTP/1.1" 200 24144 "-" "Mozilla/5.0 (compatible; AhrefsBot/7.0; +http://ahrefs.com/robot/)" "ysfine.com"
51.222.253.2 - - [09/Sep/2022:16:51:03 -0700] "GET /class54/class5470/total_data/refer_img/2-62_f.jpg HTTP/1.1" 200 29576 "-" "Mozilla/5.0 (compatible; AhrefsBot/7.0; +http://ahrefs.com/robot/)" "ysfine.com"
51.222.253.11 - - [09/Sep/2022:16:51:03 -0700] "GET /class54/class5470/total_data/refer_img/2-58_f.jpg HTTP/1.1" 200 24259 "-" "Mozilla/5.0 (compatible; AhrefsBot/7.0; +http://ahrefs.com/robot/)" "ysfine.com"
51.222.253.17 - - [09/Sep/2022:16:51:03 -0700] "GET /class54/class5470/total_data/refer_img/2-52_f.jpg HTTP/1.1" 200 24359 "-" "Mozilla/5.0 (compatible; AhrefsBot/7.0; +http://ahrefs.com/robot/)" "ysfine.com"
51.222.253.1 - - [09/Sep/2022:16:51:04 -0700] "GET /class54/class5470/total_data/refer_img/2-69_f.jpg HTTP/1.1" 200 29545 "-" "Mozilla/5.0 (compatible; AhrefsBot/7.0; +http://ahrefs.com/robot/)" "ysfine.com"
51.222.253.20 - - [09/Sep/2022:16:51:04 -0700] "GET /class54/class5470/total_data/refer_img/2-71_f.jpg HTTP/1.1" 200 34711 "-" "Mozilla/5.0 (compatible; AhrefsBot/7.0; +http://ahrefs.com/robot/)" "ysfine.com"
51.222.253.15 - - [09/Sep/2022:16:51:05 -0700] "GET /class54/class5470/total_data/img/sm03_off.gif HTTP/1.1" 200 429 "-" "Mozilla/5.0 (compatible; AhrefsBot/7.0; +http://ahrefs.com/robot/)" "ysfine.com"
51.222.253.19 - - [09/Sep/2022:16:51:05 -0700] "GET /class54/class5470/total_data/refer_img/2-56_f.jpg HTTP/1.1" 200 22123 "-" "Mozilla/5.0 (compatible; AhrefsBot/7.0; +http://ahrefs.com/robot/)" "ysfine.com"
51.222.253.14 - - [09/Sep/2022:16:51:05 -0700] "GET /class54/class5470/total_data/refer_img/2-55_f.jpg HTTP/1.1" 200 34404 "-" "Mozilla/5.0 (compatible; AhrefsBot/7.0; +http://ahrefs.com/robot/)" "ysfine.com"
51.222.253.19 - - [09/Sep/2022:16:51:06 -0700] "GET /class54/class5470/total_data/refer_img/2-51_f.jpg HTTP/1.1" 200 32169 "-" "Mozilla/5.0 (compatible; AhrefsBot/7.0; +http://ahrefs.com/robot/)" "ysfine.com"
51.222.253.2 - - [09/Sep/2022:16:51:06 -0700] "GET /class54/class5470/total_data/img/sm05_on.gif HTTP/1.1" 200 408 "-" "Mozilla/5.0 (compatible; AhrefsBot/7.0; +http://ahrefs.com/robot/)" "ysfine.com"
77.88.5.209 - - [09/Sep/2022:16:51:07 -0700] "GET /kowar/tanks/b36bomber11b.jpg HTTP/1.1" 304 - "-" "Mozilla/5.0 (compatible; YandexImages/3.0; +http://yandex.com/bots)" "www.ysfine.com"
51.222.253.16 - - [09/Sep/2022:16:51:07 -0700] "GET /class54/class5470/total_data/refer_img/2-57_f.jpg HTTP/1.1" 200 27550 "-" "Mozilla/5.0 (compatible; AhrefsBot/7.0; +http://ahrefs.com/robot/)" "ysfine.com"
51.222.253.13 - - [09/Sep/2022:16:51:07 -0700] "GET /class54/class5470/total_data/refer_img/2-66_f.jpg HTTP/1.1" 200 26031 "-" "Mozilla/5.0 (compatible; AhrefsBot/7.0; +http://ahrefs.com/robot/)" "ysfine.com"
17.121.113.223 - - [09/Sep/2022:16:52:24 -0700] "GET /home/hmtop.html HTTP/1.1" 200 447 "https://ysfine.com/home/index.html" "Mozilla/5.0 (Macintosh; Intel Mac OS X 10_15_5) AppleWebKit/605.1.15 (KHTML, like Gecko) Version/13.1.1 Safari/605.1.15 (Applebot/0.1; +http://www.apple.com/go/applebot)" "ysfine.com"
17.121.112.97 - - [09/Sep/2022:16:52:24 -0700] "GET /home/hmbot.html HTTP/1.1" 200 132 "https://ysfine.com/home/index.html" "Mozilla/5.0 (Macintosh; Intel Mac OS X 10_15_5) AppleWebKit/605.1.15 (KHTML, like Gecko) Version/13.1.1 Safari/605.1.15 (Applebot/0.1; +http://www.apple.com/go/applebot)" "ysfine.com"
17.121.112.97 - - [09/Sep/2022:16:52:24 -0700] "GET /home/hmrigh.html HTTP/1.1" 200 4212 "https://ysfine.com/home/hmbot.html" "Mozilla/5.0 (Macintosh; Intel Mac OS X 10_15_5) AppleWebKit/605.1.15 (KHTML, like Gecko) Version/13.1.1 Safari/605.1.15 (Applebot/0.1; +http://www.apple.com/go/applebot)" "ysfine.com"
114.119.128.143 - - [09/Sep/2022:16:52:24 -0700] "GET /world/france/pariso04.jpg HTTP/1.1" 200 109626 "https://ysfine.com/world/paris.html" "Mozilla/5.0 (Linux; Android 7.0;) AppleWebKit/537.36 (KHTML, like Gecko) Mobile Safari/537.36 (compatible; PetalBot;+https://webmaster.petalsearch.com/site/petalbot)" "ysfine.com"
17.121.113.223 - - [09/Sep/2022:16:52:25 -0700] "GET /home/hmleft.html HTTP/1.1" 200 853 "https://ysfine.com/home/hmbot.html" "Mozilla/5.0 (Macintosh; Intel Mac OS X 10_15_5) AppleWebKit/605.1.15 (KHTML, like Gecko) Version/13.1.1 Safari/605.1.15 (Applebot/0.1; +http://www.apple.com/go/applebot)" "ysfine.com"
103.131.71.70 - - [09/Sep/2022:16:52:27 -0700] "GET /dirac/dirfeyn.html HTTP/1.1" 200 6341 "-" "Mozilla/5.0 (compatible; coccocbot-web/1.0; +http://help.coccoc.com/searchengine)" "ysfine.com"
98.116.182.116 - - [09/Sep/2022:16:53:18 -0700] "GET /world/russ/kazanmap22.jpg HTTP/1.1" 200 129761 "https://freerepublic.com/" "Mozilla/5.0 (Linux; Android 9; SM-G950U) AppleWebKit/537.36 (KHTML, like Gecko) Chrome/104.0.0.0 Mobile Safari/537.36" "www.ysfine.com"
114.119.128.158 - - [09/Sep/2022:16:53:41 -0700] "GET /archives/proceedings/boston/perina.pdf HTTP/1.1" 200 253852 "https://ysfine.com/archives/proceedings/boston/perina.html" "Mozilla/5.0 (Linux; Android 7.0;) AppleWebKit/537.36 (KHTML, like Gecko) Mobile Safari/537.36 (compatible; PetalBot;+https://webmaster.petalsearch.com/site/petalbot)" "ysfine.com"
51.222.253.19 - - [09/Sep/2022:16:53:53 -0700] "GET /remote/wigner111/frame13.html HTTP/1.1" 200 987 "-" "Mozilla/5.0 (compatible; AhrefsBot/7.0; +http://ahrefs.com/robot/)" "www.ysfine.com"
173.73.80.118 - - [09/Sep/2022:16:53:55 -0700] "GET /home/bio44.html?fbclid=IwAR0ry_q5eWTCfg8IDIQqtu9ebjKeIWomKvsvyEq-Ivu7KKF9on7EiaF1-UI HTTP/1.1" 200 14525 "https://l.facebook.com/" "Mozilla/5.0 (Windows NT 10.0; Win64; x64) AppleWebKit/537.36 (KHTML, like Gecko) Chrome/105.0.0.0 Safari/537.36" "ysfine.com"
173.73.80.118 - - [09/Sep/2022:16:53:55 -0700] "GET /home/pgh/machinery22b.jpg HTTP/1.1" 200 23022 "https://ysfine.com/home/bio44.html?fbclid=IwAR0ry_q5eWTCfg8IDIQqtu9ebjKeIWomKvsvyEq-Ivu7KKF9on7EiaF1-UI" "Mozilla/5.0 (Windows NT 10.0; Win64; x64) AppleWebKit/537.36 (KHTML, like Gecko) Chrome/105.0.0.0 Safari/537.36" "ysfine.com"
51.222.253.2 - - [09/Sep/2022:16:53:56 -0700] "GET /remote/wigner111/kim-13b.jpg HTTP/1.1" 200 54052 "-" "Mozilla/5.0 (compatible; AhrefsBot/7.0; +http://ahrefs.com/robot/)" "www.ysfine.com"
173.73.80.118 - - [09/Sep/2022:16:54:16 -0700] "GET /home/pgh/machinery22.jpg HTTP/1.1" 200 140879 "https://ysfine.com/home/bio44.html?fbclid=IwAR0ry_q5eWTCfg8IDIQqtu9ebjKeIWomKvsvyEq-Ivu7KKF9on7EiaF1-UI" "Mozilla/5.0 (Windows NT 10.0; Win64; x64) AppleWebKit/537.36 (KHTML, like Gecko) Chrome/105.0.0.0 Safari/537.36" "ysfine.com"
185.184.157.90 - - [09/Sep/2022:16:54:22 -0700] "GET /style/shops.html HTTP/1.1" 200 2829 "-" "Mozilla/5.0 (compatible; linkdexbot/2.0; +http://www.linkdex.com/bots/)" "ysfine.com"
185.184.157.90 - - [09/Sep/2022:16:54:22 -0700] "GET /robots.txt HTTP/1.1" 404 88 "-" "Mozilla/5.0 (compatible; linkdexbot/2.0; +http://www.linkdex.com/bots/)" "ysfine.com"
185.184.157.90 - - [09/Sep/2022:16:54:22 -0700] "GET /robots.txt HTTP/1.1" 404 88 "-" "Mozilla/5.0 (compatible; linkdexbot/2.0; +http://www.linkdex.com/bots/)" "www.ysfine.com"
173.73.80.118 - - [09/Sep/2022:16:54:39 -0700] "GET /home/pgh/carnlibra02.jpg HTTP/1.1" 200 156354 "https://ysfine.com/home/bio44.html?fbclid=IwAR0ry_q5eWTCfg8IDIQqtu9ebjKeIWomKvsvyEq-Ivu7KKF9on7EiaF1-UI" "Mozilla/5.0 (Windows NT 10.0; Win64; x64) AppleWebKit/537.36 (KHTML, like Gecko) Chrome/105.0.0.0 Safari/537.36" "ysfine.com"
173.73.80.118 - - [09/Sep/2022:16:54:45 -0700] "GET /home/pgh/pittcath05.jpg HTTP/1.1" 200 183137 "https://ysfine.com/home/bio44.html?fbclid=IwAR0ry_q5eWTCfg8IDIQqtu9ebjKeIWomKvsvyEq-Ivu7KKF9on7EiaF1-UI" "Mozilla/5.0 (Windows NT 10.0; Win64; x64) AppleWebKit/537.36 (KHTML, like Gecko) Chrome/105.0.0.0 Safari/537.36" "ysfine.com"
173.73.80.118 - - [09/Sep/2022:16:55:06 -0700] "GET /home/pgh/highland03.jpg HTTP/1.1" 200 116000 "https://ysfine.com/home/bio44.html?fbclid=IwAR0ry_q5eWTCfg8IDIQqtu9ebjKeIWomKvsvyEq-Ivu7KKF9on7EiaF1-UI" "Mozilla/5.0 (Windows NT 10.0; Win64; x64) AppleWebKit/537.36 (KHTML, like Gecko) Chrome/105.0.0.0 Safari/537.36" "ysfine.com"
173.73.80.118 - - [09/Sep/2022:16:55:36 -0700] "GET /usca/pgh22.html HTTP/1.1" 200 11391 "https://ysfine.com/home/bio44.html?fbclid=IwAR0ry_q5eWTCfg8IDIQqtu9ebjKeIWomKvsvyEq-Ivu7KKF9on7EiaF1-UI" "Mozilla/5.0 (Windows NT 10.0; Win64; x64) AppleWebKit/537.36 (KHTML, like Gecko) Chrome/105.0.0.0 Safari/537.36" "ysfine.com"
173.73.80.118 - - [09/Sep/2022:16:55:36 -0700] "GET /usca/pitt/giants55d.jpg HTTP/1.1" 200 63693 "https://ysfine.com/usca/pgh22.html" "Mozilla/5.0 (Windows NT 10.0; Win64; x64) AppleWebKit/537.36 (KHTML, like Gecko) Chrome/105.0.0.0 Safari/537.36" "ysfine.com"
173.73.80.118 - - [09/Sep/2022:16:55:59 -0700] "GET /home/pgh/scotam.jpg HTTP/1.1" 200 152247 "https://ysfine.com/home/bio44.html?fbclid=IwAR0ry_q5eWTCfg8IDIQqtu9ebjKeIWomKvsvyEq-Ivu7KKF9on7EiaF1-UI" "Mozilla/5.0 (Windows NT 10.0; Win64; x64) AppleWebKit/537.36 (KHTML, like Gecko) Chrome/105.0.0.0 Safari/537.36" "ysfine.com"
173.73.80.118 - - [09/Sep/2022:16:56:10 -0700] "GET /einstein/index.html HTTP/1.1" 200 135 "https://ysfine.com/home/bio44.html?fbclid=IwAR0ry_q5eWTCfg8IDIQqtu9ebjKeIWomKvsvyEq-Ivu7KKF9on7EiaF1-UI" "Mozilla/5.0 (Windows NT 10.0; Win64; x64) AppleWebKit/537.36 (KHTML, like Gecko) Chrome/105.0.0.0 Safari/537.36" "ysfine.com"
173.73.80.118 - - [09/Sep/2022:16:56:10 -0700] "GET /einstein/eintop.html HTTP/1.1" 200 431 "https://ysfine.com/einstein/index.html" "Mozilla/5.0 (Windows NT 10.0; Win64; x64) AppleWebKit/537.36 (KHTML, like Gecko) Chrome/105.0.0.0 Safari/537.36" "ysfine.com"
173.73.80.118 - - [09/Sep/2022:16:56:10 -0700] "GET /einstein/einbot.html HTTP/1.1" 200 126 "https://ysfine.com/einstein/index.html" "Mozilla/5.0 (Windows NT 10.0; Win64; x64) AppleWebKit/537.36 (KHTML, like Gecko) Chrome/105.0.0.0 Safari/537.36" "ysfine.com"
173.73.80.118 - - [09/Sep/2022:16:56:10 -0700] "GET /einstein/einleft.html HTTP/1.1" 200 735 "https://ysfine.com/einstein/einbot.html" "Mozilla/5.0 (Windows NT 10.0; Win64; x64) AppleWebKit/537.36 (KHTML, like Gecko) Chrome/105.0.0.0 Safari/537.36" "ysfine.com"
173.73.80.118 - - [09/Sep/2022:16:56:10 -0700] "GET /einstein/einkim.html HTTP/1.1" 200 3731 "https://ysfine.com/einstein/einbot.html" "Mozilla/5.0 (Windows NT 10.0; Win64; x64) AppleWebKit/537.36 (KHTML, like Gecko) Chrome/105.0.0.0 Safari/537.36" "ysfine.com"
173.73.80.118 - - [09/Sep/2022:16:56:10 -0700] "GET /einstein/orren11c.jpg HTTP/1.1" 200 21314 "https://ysfine.com/einstein/einkim.html" "Mozilla/5.0 (Windows NT 10.0; Win64; x64) AppleWebKit/537.36 (KHTML, like Gecko) Chrome/105.0.0.0 Safari/537.36" "ysfine.com"
173.73.80.118 - - [09/Sep/2022:16:56:10 -0700] "GET /einstein/eins47c.jpg HTTP/1.1" 200 43054 "https://ysfine.com/einstein/einkim.html" "Mozilla/5.0 (Windows NT 10.0; Win64; x64) AppleWebKit/537.36 (KHTML, like Gecko) Chrome/105.0.0.0 Safari/537.36" "ysfine.com"
173.73.80.118 - - [09/Sep/2022:16:56:10 -0700] "GET /einstein/ysturner11c.jpg HTTP/1.1" 200 39604 "https://ysfine.com/einstein/einkim.html" "Mozilla/5.0 (Windows NT 10.0; Win64; x64) AppleWebKit/537.36 (KHTML, like Gecko) Chrome/105.0.0.0 Safari/537.36" "ysfine.com"
173.73.80.118 - - [09/Sep/2022:16:56:10 -0700] "GET /einstein/pdugard17a.jpg HTTP/1.1" 200 92931 "https://ysfine.com/einstein/einkim.html" "Mozilla/5.0 (Windows NT 10.0; Win64; x64) AppleWebKit/537.36 (KHTML, like Gecko) Chrome/105.0.0.0 Safari/537.36" "ysfine.com"
173.73.80.118 - - [09/Sep/2022:16:56:11 -0700] "GET /home/dwf55a.jpg HTTP/1.1" 200 54743 "https://ysfine.com/einstein/einkim.html" "Mozilla/5.0 (Windows NT 10.0; Win64; x64) AppleWebKit/537.36 (KHTML, like Gecko) Chrome/105.0.0.0 Safari/537.36" "ysfine.com"
173.73.80.118 - - [09/Sep/2022:16:56:11 -0700] "GET /einstein/eward33d.jpg HTTP/1.1" 200 61786 "https://ysfine.com/einstein/einkim.html" "Mozilla/5.0 (Windows NT 10.0; Win64; x64) AppleWebKit/537.36 (KHTML, like Gecko) Chrome/105.0.0.0 Safari/537.36" "ysfine.com"
173.73.80.118 - - [09/Sep/2022:16:56:11 -0700] "GET /einstein/keigel77a.jpg HTTP/1.1" 200 59466 "https://ysfine.com/einstein/einkim.html" "Mozilla/5.0 (Windows NT 10.0; Win64; x64) AppleWebKit/537.36 (KHTML, like Gecko) Chrome/105.0.0.0 Safari/537.36" "ysfine.com"
51.222.253.8 - - [09/Sep/2022:16:56:28 -0700] "GET /class54/class5470/total_data/sub_8107.htm HTTP/1.1" 200 3486 "-" "Mozilla/5.0 (compatible; AhrefsBot/7.0; +http://ahrefs.com/robot/)" "www.ysfine.com"
173.73.80.118 - - [09/Sep/2022:16:58:21 -0700] "GET /home/pgh/machinery22.jpg HTTP/1.1" 200 140879 "https://ysfine.com/home/bio44" "Mozilla/5.0 (Windows NT 10.0; Win64; x64; rv:104.0) Gecko/20100101 Firefox/104.0" "ysfine.com"
173.73.80.118 - - [09/Sep/2022:16:58:49 -0700] "GET /home/pgh/cmall04.jpg HTTP/1.1" 200 70991 "https://ysfine.com/home/bio44" "Mozilla/5.0 (Windows NT 10.0; Win64; x64; rv:104.0) Gecko/20100101 Firefox/104.0" "ysfine.com"
40.77.167.27 - - [09/Sep/2022:16:58:58 -0700] "GET /world/germany/salzmo11.jpg HTTP/1.1" 200 112174 "-" "Mozilla/5.0 (compatible; bingbot/2.0; +http://www.bing.com/bingbot.htm)" "www.ysfine.com"
40.77.167.27 - - [09/Sep/2022:16:58:59 -0700] "GET /saram/g021.jpg HTTP/1.1" 200 99036 "-" "Mozilla/5.0 (compatible; bingbot/2.0; +http://www.bing.com/bingbot.htm)" "www.ysfine.com"
173.73.80.118 - - [09/Sep/2022:16:59:14 -0700] "GET /home/pgh/carnlab11.pdf HTTP/1.1" 200 590392 "https://ysfine.com/home/bio44" "Mozilla/5.0 (Windows NT 10.0; Win64; x64; rv:104.0) Gecko/20100101 Firefox/104.0" "ysfine.com"
51.222.253.3 - - [09/Sep/2022:16:59:17 -0700] "GET /class54/class5470/total_data/sub_269.htm HTTP/1.1" 200 3374 "-" "Mozilla/5.0 (compatible; AhrefsBot/7.0; +http://ahrefs.com/robot/)" "ysfine.com"
173.73.80.118 - - [09/Sep/2022:17:01:34 -0700] "GET /princeton/prince.html HTTP/1.1" 200 2567 "https://ysfine.com/home/bio44" "Mozilla/5.0 (Windows NT 10.0; Win64; x64; rv:104.0) Gecko/20100101 Firefox/104.0" "ysfine.com"
173.73.80.118 - - [09/Sep/2022:17:01:34 -0700] "GET /wigner/wigkim11b.jpg HTTP/1.1" 200 38616 "https://ysfine.com/princeton/prince.html" "Mozilla/5.0 (Windows NT 10.0; Win64; x64; rv:104.0) Gecko/20100101 Firefox/104.0" "ysfine.com"
173.73.80.118 - - [09/Sep/2022:17:01:34 -0700] "GET /princeton/feyprince11b.jpg HTTP/1.1" 200 46226 "https://ysfine.com/princeton/prince.html" "Mozilla/5.0 (Windows NT 10.0; Win64; x64; rv:104.0) Gecko/20100101 Firefox/104.0" "ysfine.com"
51.222.253.9 - - [09/Sep/2022:17:01:47 -0700] "GET /class54/class5470/total_data/sub_8108.htm HTTP/1.1" 200 3487 "-" "Mozilla/5.0 (compatible; AhrefsBot/7.0; +http://ahrefs.com/robot/)" "www.ysfine.com"
51.222.253.13 - - [09/Sep/2022:17:04:10 -0700] "GET /class54/class5470/total_data/photo_img/2-56.jpg HTTP/1.1" 200 93813 "-" "Mozilla/5.0 (compatible; AhrefsBot/7.0; +http://ahrefs.com/robot/)" "ysfine.com"
190.190.42.99 - - [09/Sep/2022:17:05:31 -0700] "GET /eink/pwk19c.jpg HTTP/1.1" 200 57759 "https://ysfine.com/home/wigstu.html" "Mozilla/5.0 (X11; Ubuntu; Linux x86_64; rv:104.0) Gecko/20100101 Firefox/104.0" "ysfine.com"
190.190.42.99 - - [09/Sep/2022:17:05:31 -0700] "GET /home/taylor450.jpg HTTP/1.1" 200 68527 "https://ysfine.com/home/wigstu.html" "Mozilla/5.0 (X11; Ubuntu; Linux x86_64; rv:104.0) Gecko/20100101 Firefox/104.0" "ysfine.com"
190.190.42.99 - - [09/Sep/2022:17:05:31 -0700] "GET /wigner/mzero03c.jpg HTTP/1.1" 200 22641 "https://ysfine.com/home/wigstu.html" "Mozilla/5.0 (X11; Ubuntu; Linux x86_64; rv:104.0) Gecko/20100101 Firefox/104.0" "ysfine.com"
116.179.32.133 - - [09/Sep/2022:17:05:42 -0700] "GET /feynman/feyheg.html HTTP/1.1" 304 - "-" "Mozilla/5.0 (compatible; Baiduspider/2.0; +http://www.baidu.com/search/spider.html)" "www.ysfine.com"
40.77.167.27 - - [09/Sep/2022:17:05:48 -0700] "GET /kobak/kimjap11b.jpg HTTP/1.1" 200 63075 "-" "Mozilla/5.0 (compatible; bingbot/2.0; +http://www.bing.com/bingbot.htm)" "ysfine.com"
40.77.167.28 - - [09/Sep/2022:17:06:20 -0700] "GET /kobak/kimilsong11.jpg HTTP/1.1" 200 185542 "-" "Mozilla/5.0 (compatible; bingbot/2.0; +http://www.bing.com/bingbot.htm)" "ysfine.com"
51.222.253.17 - - [09/Sep/2022:17:06:36 -0700] "GET /class54/class5470/total_data/sub_8113.htm HTTP/1.1" 200 3499 "-" "Mozilla/5.0 (compatible; AhrefsBot/7.0; +http://ahrefs.com/robot/)" "www.ysfine.com"
190.190.42.99 - - [09/Sep/2022:17:08:45 -0700] "GET /home/hepth.html HTTP/1.1" 200 2544 "https://ysfine.com/home/hmleft.html" "Mozilla/5.0 (X11; Ubuntu; Linux x86_64; rv:104.0) Gecko/20100101 Firefox/104.0" "ysfine.com"
190.190.42.99 - - [09/Sep/2022:17:08:46 -0700] "GET /einstein/einbohr33c.jpg HTTP/1.1" 200 36410 "https://ysfine.com/home/hepth.html" "Mozilla/5.0 (X11; Ubuntu; Linux x86_64; rv:104.0) Gecko/20100101 Firefox/104.0" "ysfine.com"
190.190.42.99 - - [09/Sep/2022:17:08:46 -0700] "GET /feynman/ppic/feygell66c.jpg HTTP/1.1" 200 44985 "https://ysfine.com/home/hepth.html" "Mozilla/5.0 (X11; Ubuntu; Linux x86_64; rv:104.0) Gecko/20100101 Firefox/104.0" "ysfine.com"
190.190.42.99 - - [09/Sep/2022:17:08:46 -0700] "GET /home/neupol01c.jpg HTTP/1.1" 200 26605 "https://ysfine.com/home/hepth.html" "Mozilla/5.0 (X11; Ubuntu; Linux x86_64; rv:104.0) Gecko/20100101 Firefox/104.0" "ysfine.com"
190.190.42.99 - - [09/Sep/2022:17:08:46 -0700] "GET /eink/eink61c.jpg HTTP/1.1" 200 34119 "https://ysfine.com/home/hepth.html" "Mozilla/5.0 (X11; Ubuntu; Linux x86_64; rv:104.0) Gecko/20100101 Firefox/104.0" "ysfine.com"
190.190.42.99 - - [09/Sep/2022:17:08:46 -0700] "GET /feynman/ppic/parton01c.jpg HTTP/1.1" 200 40984 "https://ysfine.com/home/hepth.html" "Mozilla/5.0 (X11; Ubuntu; Linux x86_64; rv:104.0) Gecko/20100101 Firefox/104.0" "ysfine.com"
185.184.157.90 - - [09/Sep/2022:17:08:56 -0700] "GET /robots.txt HTTP/1.1" 404 88 "-" "Mozilla/5.0 (compatible; linkdexbot/2.0; +http://www.linkdex.com/bots/)" "ysfine.com"
185.184.157.90 - - [09/Sep/2022:17:08:56 -0700] "GET /robots.txt HTTP/1.1" 404 88 "-" "Mozilla/5.0 (compatible; linkdexbot/2.0; +http://www.linkdex.com/bots/)" "www.ysfine.com"
185.184.157.90 - - [09/Sep/2022:17:08:56 -0700] "GET /ys11/index.html HTTP/1.1" 200 3377 "-" "Mozilla/5.0 (compatible; linkdexbot/2.0; +http://www.linkdex.com/bots/)" "www.ysfine.com"
51.222.253.15 - - [09/Sep/2022:17:09:28 -0700] "GET /class54/class5470/total_data/sub_8100.htm HTTP/1.1" 200 3489 "-" "Mozilla/5.0 (compatible; AhrefsBot/7.0; +http://ahrefs.com/robot/)" "www.ysfine.com"
173.73.80.118 - - [09/Sep/2022:17:09:37 -0700] "GET /home/bio44 HTTP/1.1" 200 14526 "-" "Mozilla/5.0 (Windows NT 10.0; Win64; x64; rv:104.0) Gecko/20100101 Firefox/104.0" "ysfine.com"
173.73.80.118 - - [09/Sep/2022:17:09:38 -0700] "GET /princeton/yspr58b.jpg HTTP/1.1" 404 88 "https://ysfine.com/home/bio44" "Mozilla/5.0 (Windows NT 10.0; Win64; x64; rv:104.0) Gecko/20100101 Firefox/104.0" "ysfine.com"
173.73.80.118 - - [09/Sep/2022:17:09:42 -0700] "GET /princeton/yspr58b.jpg HTTP/1.1" 404 88 "https://ysfine.com/home/bio44" "Mozilla/5.0 (Windows NT 10.0; Win64; x64; rv:104.0) Gecko/20100101 Firefox/104.0" "ysfine.com"
190.190.42.99 - - [09/Sep/2022:17:10:14 -0700] "GET /home/cv/kimcv.pdf HTTP/1.1" 200 26932 "https://ysfine.com/home/hmleft.html" "Mozilla/5.0 (X11; Ubuntu; Linux x86_64; rv:104.0) Gecko/20100101 Firefox/104.0" "ysfine.com"
17.121.112.166 - - [09/Sep/2022:17:10:48 -0700] "GET /kobak/soraech.html HTTP/1.1" 200 16668 "-" "Mozilla/5.0 (Macintosh; Intel Mac OS X 10_15_5) AppleWebKit/605.1.15 (KHTML, like Gecko) Version/13.1.1 Safari/605.1.15 (Applebot/0.1; +http://www.apple.com/go/applebot)" "ysfine.com"
173.73.80.118 - - [09/Sep/2022:17:11:09 -0700] "GET /home/bio44 HTTP/1.1" 304 - "-" "Mozilla/5.0 (Windows NT 10.0; Win64; x64; rv:104.0) Gecko/20100101 Firefox/104.0" "ysfine.com"
157.55.39.146 - - [09/Sep/2022:17:11:18 -0700] "GET /wigner/second.jpg HTTP/1.1" 200 104478 "-" "Mozilla/5.0 (compatible; bingbot/2.0; +http://www.bing.com/bingbot.htm)" "ysfine.com"
51.222.253.4 - - [09/Sep/2022:17:12:15 -0700] "GET /class54/class5470/total_data/sub_257.htm HTTP/1.1" 200 3375 "-" "Mozilla/5.0 (compatible; AhrefsBot/7.0; +http://ahrefs.com/robot/)" "ysfine.com"
51.222.253.3 - - [09/Sep/2022:17:12:19 -0700] "GET /class54/class5470/total_data/photo_img/2-57.jpg HTTP/1.1" 200 121788 "-" "Mozilla/5.0 (compatible; AhrefsBot/7.0; +http://ahrefs.com/robot/)" "ysfine.com"
40.77.167.35 - - [09/Sep/2022:17:14:00 -0700] "GET /feynman/ptoday89.jpg HTTP/1.1" 200 101842 "-" "Mozilla/5.0 (compatible; bingbot/2.0; +http://www.bing.com/bingbot.htm)" "ysfine.com"
209.209.11.236 - - [09/Sep/2022:17:14:44 -0700] "GET /robots.txt HTTP/1.1" 404 73 "-" "Mozilla/5.0 (compatible; MJ12bot/v1.4.8; http://mj12bot.com/)" "ysfine.com"
173.73.80.118 - - [09/Sep/2022:17:14:45 -0700] "GET /home/bio44 HTTP/1.1" 200 14525 "-" "Mozilla/5.0 (Windows NT 10.0; Win64; x64; rv:104.0) Gecko/20100101 Firefox/104.0" "ysfine.com"
209.209.11.236 - - [09/Sep/2022:17:14:45 -0700] "GET //wisdom/wk08.html HTTP/1.1" 200 32569 "-" "Mozilla/5.0 (compatible; MJ12bot/v1.4.8; http://mj12bot.com/)" "ysfine.com"
209.209.11.236 - - [09/Sep/2022:17:14:47 -0700] "GET //wisdom/wk09.html HTTP/1.1" 200 28625 "-" "Mozilla/5.0 (compatible; MJ12bot/v1.4.8; http://mj12bot.com/)" "ysfine.com"
209.209.11.236 - - [09/Sep/2022:17:14:48 -0700] "GET //wisdom/wk10.html HTTP/1.1" 200 24659 "-" "Mozilla/5.0 (compatible; MJ12bot/v1.4.8; http://mj12bot.com/)" "ysfine.com"
209.209.11.236 - - [09/Sep/2022:17:14:50 -0700] "GET //wisdom/wk11.html HTTP/1.1" 200 30258 "-" "Mozilla/5.0 (compatible; MJ12bot/v1.4.8; http://mj12bot.com/)" "ysfine.com"
209.209.11.236 - - [09/Sep/2022:17:14:52 -0700] "GET //wisdom/wk12.html HTTP/1.1" 200 2781 "-" "Mozilla/5.0 (compatible; MJ12bot/v1.4.8; http://mj12bot.com/)" "ysfine.com"
192.99.37.124 - - [09/Sep/2022:17:14:53 -0700] "GET /robots.txt HTTP/1.1" 404 73 "-" "Mozilla/5.0 (compatible; MJ12bot/v1.4.8; http://mj12bot.com/)" "ysfine.com"
209.209.11.236 - - [09/Sep/2022:17:14:53 -0700] "GET //wisdom/wk94.html HTTP/1.1" 200 37056 "-" "Mozilla/5.0 (compatible; MJ12bot/v1.4.8; http://mj12bot.com/)" "ysfine.com"
209.209.11.236 - - [09/Sep/2022:17:14:55 -0700] "GET //wisdom/wk96.html HTTP/1.1" 200 68873 "-" "Mozilla/5.0 (compatible; MJ12bot/v1.4.8; http://mj12bot.com/)" "ysfine.com"
192.99.37.124 - - [09/Sep/2022:17:14:55 -0700] "GET /class54/class5480/Pictures/4.%C3%AA%C2%B8%C2%B0%C3%AB%C2%85%C2%90%C3%AC%C2%B4%C2%AC%C3%AC%C2%98%C2%81/%C3%AA%C2%B8%C2%B0%C3%AB%C2%85%C2%90%C3%AC%C2%B4%C2%AC%C3%AC%C2%98%C2%81%20(38).jpg HTTP/1.1" 200 10778737 "-" "Mozilla/5.0 (compatible; MJ12bot/v1.4.8; http://mj12bot.com/)" "ysfine.com"
51.222.253.1 - - [09/Sep/2022:17:14:55 -0700] "GET /princeton/sbt.html HTTP/1.1" 200 529 "-" "Mozilla/5.0 (compatible; AhrefsBot/7.0; +http://ahrefs.com/robot/)" "www.ysfine.com"
192.99.37.124 - - [09/Sep/2022:17:14:56 -0700] "GET /class54/class5480/Pictures/4.%C3%AA%C2%B8%C2%B0%C3%AB%C2%85%C2%90%C3%AC%C2%B4%C2%AC%C3%AC%C2%98%C2%81/%C3%AA%C2%B8%C2%B0%C3%AB%C2%85%C2%90%C3%AC%C2%B4%C2%AC%C3%AC%C2%98%C2%81%20(39).jpg HTTP/1.1" 200 9678684 "-" "Mozilla/5.0 (compatible; MJ12bot/v1.4.8; http://mj12bot.com/)" "ysfine.com"
209.209.11.236 - - [09/Sep/2022:17:14:56 -0700] "GET //wisdom/wk97.html HTTP/1.1" 200 46895 "-" "Mozilla/5.0 (compatible; MJ12bot/v1.4.8; http://mj12bot.com/)" "ysfine.com"
192.99.37.124 - - [09/Sep/2022:17:14:58 -0700] "GET /class54/class5480/Pictures/4.%C3%AA%C2%B8%C2%B0%C3%AB%C2%85%C2%90%C3%AC%C2%B4%C2%AC%C3%AC%C2%98%C2%81/%C3%AA%C2%B8%C2%B0%C3%AB%C2%85%C2%90%C3%AC%C2%B4%C2%AC%C3%AC%C2%98%C2%81%20(4).jpg HTTP/1.1" 200 10088508 "-" "Mozilla/5.0 (compatible; MJ12bot/v1.4.8; http://mj12bot.com/)" "ysfine.com"
209.209.11.236 - - [09/Sep/2022:17:14:58 -0700] "GET //wisdom/wk98.html HTTP/1.1" 200 71649 "-" "Mozilla/5.0 (compatible; MJ12bot/v1.4.8; http://mj12bot.com/)" "ysfine.com"
192.99.37.124 - - [09/Sep/2022:17:14:59 -0700] "GET /class54/class5480/Pictures/4.%C3%AA%C2%B8%C2%B0%C3%AB%C2%85%C2%90%C3%AC%C2%B4%C2%AC%C3%AC%C2%98%C2%81/%C3%AA%C2%B8%C2%B0%C3%AB%C2%85%C2%90%C3%AC%C2%B4%C2%AC%C3%AC%C2%98%C2%81%20(40).jpg HTTP/1.1" 200 9484451 "-" "Mozilla/5.0 (compatible; MJ12bot/v1.4.8; http://mj12bot.com/)" "ysfine.com"
209.209.11.236 - - [09/Sep/2022:17:15:00 -0700] "GET //wisdom/wk99.html HTTP/1.1" 200 77336 "-" "Mozilla/5.0 (compatible; MJ12bot/v1.4.8; http://mj12bot.com/)" "ysfine.com"
209.209.11.236 - - [09/Sep/2022:17:15:00 -0700] "GET /robots.txt HTTP/1.1" 404 73 "-" "Mozilla/5.0 (compatible; MJ12bot/v1.4.8; http://mj12bot.com/)" "ysfine.com"
209.209.11.236 - - [09/Sep/2022:17:15:04 -0700] "GET //wisdom/wkbot.html HTTP/1.1" 200 130 "-" "Mozilla/5.0 (compatible; MJ12bot/v1.4.8; http://mj12bot.com/)" "ysfine.com"
209.209.11.236 - - [09/Sep/2022:17:15:05 -0700] "GET //wisdom/wkbot.html HTTP/1.1" 200 130 "-" "Mozilla/5.0 (compatible; MJ12bot/v1.4.8; http://mj12bot.com/)" "ysfine.com"
209.209.11.236 - - [09/Sep/2022:17:15:07 -0700] "GET //wisdom/wkleft.html HTTP/1.1" 200 596 "-" "Mozilla/5.0 (compatible; MJ12bot/v1.4.8; http://mj12bot.com/)" "ysfine.com"
209.209.11.236 - - [09/Sep/2022:17:15:08 -0700] "GET //wisdom/wkrigh.html HTTP/1.1" 200 4130 "-" "Mozilla/5.0 (compatible; MJ12bot/v1.4.8; http://mj12bot.com/)" "ysfine.com"
209.209.11.236 - - [09/Sep/2022:17:15:09 -0700] "GET //wisdom/wkstorie.html HTTP/1.1" 200 954 "-" "Mozilla/5.0 (compatible; MJ12bot/v1.4.8; http://mj12bot.com/)" "ysfine.com"
40.77.167.33 - - [09/Sep/2022:17:15:11 -0700] "GET /world/baltic/kalin32.jpg HTTP/1.1" 200 120599 "-" "Mozilla/5.0 (compatible; bingbot/2.0; +http://www.bing.com/bingbot.htm)" "ysfine.com"
209.209.11.236 - - [09/Sep/2022:17:15:11 -0700] "GET //wisdom/wkwireless.html HTTP/1.1" 200 6236 "-" "Mozilla/5.0 (compatible; MJ12bot/v1.4.8; http://mj12bot.com/)" "ysfine.com"
173.73.80.118 - - [09/Sep/2022:17:15:12 -0700] "GET /princeton/campus.html HTTP/1.1" 200 15142 "https://ysfine.com/home/bio44" "Mozilla/5.0 (Windows NT 10.0; Win64; x64; rv:104.0) Gecko/20100101 Firefox/104.0" "ysfine.com"
173.73.80.118 - - [09/Sep/2022:17:15:12 -0700] "GET /princeton/withers01b.jpg HTTP/1.1" 200 53277 "https://ysfine.com/princeton/campus.html" "Mozilla/5.0 (Windows NT 10.0; Win64; x64; rv:104.0) Gecko/20100101 Firefox/104.0" "ysfine.com"
173.73.80.118 - - [09/Sep/2022:17:15:12 -0700] "GET /princeton/pumu11b.jpg HTTP/1.1" 200 46659 "https://ysfine.com/princeton/campus.html" "Mozilla/5.0 (Windows NT 10.0; Win64; x64; rv:104.0) Gecko/20100101 Firefox/104.0" "ysfine.com"
173.73.80.118 - - [09/Sep/2022:17:15:12 -0700] "GET /princeton/pstadium22b.jpg HTTP/1.1" 200 40166 "https://ysfine.com/princeton/campus.html" "Mozilla/5.0 (Windows NT 10.0; Win64; x64; rv:104.0) Gecko/20100101 Firefox/104.0" "ysfine.com"
173.73.80.118 - - [09/Sep/2022:17:15:12 -0700] "GET /princeton/cleve11b.jpg HTTP/1.1" 200 42431 "https://ysfine.com/princeton/campus.html" "Mozilla/5.0 (Windows NT 10.0; Win64; x64; rv:104.0) Gecko/20100101 Firefox/104.0" "ysfine.com"
173.73.80.118 - - [09/Sep/2022:17:15:12 -0700] "GET /princeton/gcollege21b.jpg HTTP/1.1" 200 50053 "https://ysfine.com/princeton/campus.html" "Mozilla/5.0 (Windows NT 10.0; Win64; x64; rv:104.0) Gecko/20100101 Firefox/104.0" "ysfine.com"
173.73.80.118 - - [09/Sep/2022:17:15:12 -0700] "GET /princeton/gcollege05b.jpg HTTP/1.1" 200 49944 "https://ysfine.com/princeton/campus.html" "Mozilla/5.0 (Windows NT 10.0; Win64; x64; rv:104.0) Gecko/20100101 Firefox/104.0" "ysfine.com"
173.73.80.118 - - [09/Sep/2022:17:15:12 -0700] "GET /princeton/sabat11b.jpg HTTP/1.1" 200 56760 "https://ysfine.com/princeton/campus.html" "Mozilla/5.0 (Windows NT 10.0; Win64; x64; rv:104.0) Gecko/20100101 Firefox/104.0" "ysfine.com"
173.73.80.118 - - [09/Sep/2022:17:15:12 -0700] "GET /princeton/blair11b.jpg HTTP/1.1" 200 46260 "https://ysfine.com/princeton/campus.html" "Mozilla/5.0 (Windows NT 10.0; Win64; x64; rv:104.0) Gecko/20100101 Firefox/104.0" "ysfine.com"
209.209.11.236 - - [09/Sep/2022:17:15:12 -0700] "GET //wisdom/yitol.html HTTP/1.1" 200 6261 "-" "Mozilla/5.0 (compatible; MJ12bot/v1.4.8; http://mj12bot.com/)" "ysfine.com"
173.73.80.118 - - [09/Sep/2022:17:15:12 -0700] "GET /einstein/einhouse11b.jpg HTTP/1.1" 200 42717 "https://ysfine.com/princeton/campus.html" "Mozilla/5.0 (Windows NT 10.0; Win64; x64; rv:104.0) Gecko/20100101 Firefox/104.0" "ysfine.com"
173.73.80.118 - - [09/Sep/2022:17:15:12 -0700] "GET /einstein/eincurie11b.jpg HTTP/1.1" 200 42944 "https://ysfine.com/princeton/campus.html" "Mozilla/5.0 (Windows NT 10.0; Win64; x64; rv:104.0) Gecko/20100101 Firefox/104.0" "ysfine.com"
173.73.80.118 - - [09/Sep/2022:17:15:12 -0700] "GET /princeton/pseminary11b.jpg HTTP/1.1" 200 53421 "https://ysfine.com/princeton/campus.html" "Mozilla/5.0 (Windows NT 10.0; Win64; x64; rv:104.0) Gecko/20100101 Firefox/104.0" "ysfine.com"
173.73.80.118 - - [09/Sep/2022:17:15:12 -0700] "GET /princeton/pgarden11b.jpg HTTP/1.1" 200 46683 "https://ysfine.com/princeton/campus.html" "Mozilla/5.0 (Windows NT 10.0; Win64; x64; rv:104.0) Gecko/20100101 Firefox/104.0" "ysfine.com"
173.73.80.118 - - [09/Sep/2022:17:15:12 -0700] "GET /princeton/mediter22b.jpg HTTP/1.1" 200 34241 "https://ysfine.com/princeton/campus.html" "Mozilla/5.0 (Windows NT 10.0; Win64; x64; rv:104.0) Gecko/20100101 Firefox/104.0" "ysfine.com"
173.73.80.118 - - [09/Sep/2022:17:15:12 -0700] "GET /world/russ/kazan035b.jpg HTTP/1.1" 200 41723 "https://ysfine.com/princeton/campus.html" "Mozilla/5.0 (Windows NT 10.0; Win64; x64; rv:104.0) Gecko/20100101 Firefox/104.0" "ysfine.com"
173.73.80.118 - - [09/Sep/2022:17:15:13 -0700] "GET /princeton/palmersq11b.jpg HTTP/1.1" 200 36231 "https://ysfine.com/princeton/campus.html" "Mozilla/5.0 (Windows NT 10.0; Win64; x64; rv:104.0) Gecko/20100101 Firefox/104.0" "ysfine.com"
173.73.80.118 - - [09/Sep/2022:17:15:13 -0700] "GET /princeton/ustore33b.jpg HTTP/1.1" 200 54240 "https://ysfine.com/princeton/campus.html" "Mozilla/5.0 (Windows NT 10.0; Win64; x64; rv:104.0) Gecko/20100101 Firefox/104.0" "ysfine.com"
173.73.80.118 - - [09/Sep/2022:17:15:13 -0700] "GET /princeton/hamilton11b.jpg HTTP/1.1" 200 55404 "https://ysfine.com/princeton/campus.html" "Mozilla/5.0 (Windows NT 10.0; Win64; x64; rv:104.0) Gecko/20100101 Firefox/104.0" "ysfine.com"
173.73.80.118 - - [09/Sep/2022:17:15:13 -0700] "GET /princeton/nassin05b.jpg HTTP/1.1" 200 45166 "https://ysfine.com/princeton/campus.html" "Mozilla/5.0 (Windows NT 10.0; Win64; x64; rv:104.0) Gecko/20100101 Firefox/104.0" "ysfine.com"
173.73.80.118 - - [09/Sep/2022:17:15:13 -0700] "GET /princeton/nassin08b.jpg HTTP/1.1" 200 55747 "https://ysfine.com/princeton/campus.html" "Mozilla/5.0 (Windows NT 10.0; Win64; x64; rv:104.0) Gecko/20100101 Firefox/104.0" "ysfine.com"
173.73.80.118 - - [09/Sep/2022:17:15:13 -0700] "GET /princeton/nassinf01b.jpg HTTP/1.1" 200 45562 "https://ysfine.com/princeton/campus.html" "Mozilla/5.0 (Windows NT 10.0; Win64; x64; rv:104.0) Gecko/20100101 Firefox/104.0" "ysfine.com"
173.73.80.118 - - [09/Sep/2022:17:15:13 -0700] "GET /princeton/brooke66b.jpg HTTP/1.1" 200 44674 "https://ysfine.com/princeton/campus.html" "Mozilla/5.0 (Windows NT 10.0; Win64; x64; rv:104.0) Gecko/20100101 Firefox/104.0" "ysfine.com"
